Server : Apache System : Linux server.mata-lashes.com 3.10.0-1160.90.1.el7.x86_64 #1 SMP Thu May 4 15:21:22 UTC 2023 x86_64 User : matalashes ( 1004) PHP Version : 8.1.29 Disable Function : NONE Directory : /home/matalashes/access-logs/ |
Upload File : |
74.7.227.179 - - [03/Nov/2025:03:14:48 +0000] "GET /?fileloc=//scripts/sysup&path=//scripts HTTP/1.1" 200 3790 "-" "Mozilla/5.0 AppleWebKit/537.36 (KHTML, like Gecko; compatible; GPTBot/1.2; +https://openai.com/gptbot)"
74.7.227.179 - - [03/Nov/2025:03:14:52 +0000] "GET /?fileloc=//scripts/upcp&path=//scripts HTTP/1.1" 200 38588 "-" "Mozilla/5.0 AppleWebKit/537.36 (KHTML, like Gecko; compatible; GPTBot/1.2; +https://openai.com/gptbot)"
74.7.227.179 - - [03/Nov/2025:03:15:22 +0000] "GET /?path=/home/matalashes/public_html/simulasikite.mata-lashes.com/node_modules/ckeditor4/plugins/embed/icons HTTP/1.1" 200 6360 "-" "Mozilla/5.0 AppleWebKit/537.36 (KHTML, like Gecko; compatible; GPTBot/1.2; +https://openai.com/gptbot)"
74.7.227.179 - - [03/Nov/2025:03:15:26 +0000] "GET /?path=/home/matalashes/public_html/simulasikite.mata-lashes.com/vendor/rector/rector/vendor/symplify/astral/src/NodeFinder HTTP/1.1" 200 5843 "-" "Mozilla/5.0 AppleWebKit/537.36 (KHTML, like Gecko; compatible; GPTBot/1.2; +https://openai.com/gptbot)"
74.7.227.179 - - [03/Nov/2025:03:15:49 +0000] "GET /?path=/home/matalashes/public_html/simulasikite.mata-lashes.com/vendor/rector/rector/rules/DeadCode/Rector/Expression HTTP/1.1" 200 6988 "-" "Mozilla/5.0 AppleWebKit/537.36 (KHTML, like Gecko; compatible; GPTBot/1.2; +https://openai.com/gptbot)"
74.7.227.179 - - [03/Nov/2025:03:15:54 +0000] "GET /?path=/home/matalashes/public_html/simulasikite.mata-lashes.com/node_modules/ckeditor4/plugins/embed/icons/hidpi HTTP/1.1" 200 5531 "-" "Mozilla/5.0 AppleWebKit/537.36 (KHTML, like Gecko; compatible; GPTBot/1.2; +https://openai.com/gptbot)"
74.7.227.179 - - [03/Nov/2025:03:16:04 +0000] "GET /?path=/home/matalashes/public_html/simulasikite.mata-lashes.com/vendor/phpoffice/phpspreadsheet/src/PhpSpreadsheet/Shared/OLE HTTP/1.1" 200 8057 "-" "Mozilla/5.0 AppleWebKit/537.36 (KHTML, like Gecko; compatible; GPTBot/1.2; +https://openai.com/gptbot)"
74.7.227.179 - - [03/Nov/2025:03:16:09 +0000] "GET /?path=/home/matalashes/public_html/simulasikite.mata-lashes.com/vendor/monolog/monolog/src/Monolog/Handler/FingersCrossed HTTP/1.1" 200 8386 "-" "Mozilla/5.0 AppleWebKit/537.36 (KHTML, like Gecko; compatible; GPTBot/1.2; +https://openai.com/gptbot)"
74.7.227.179 - - [03/Nov/2025:03:16:13 +0000] "GET /?path=/home/matalashes/public_html/simulasikite.mata-lashes.com/vendor/rector/rector/rules/Transform/NodeFactory HTTP/1.1" 200 6793 "-" "Mozilla/5.0 AppleWebKit/537.36 (KHTML, like Gecko; compatible; GPTBot/1.2; +https://openai.com/gptbot)"
74.7.227.179 - - [03/Nov/2025:03:16:16 +0000] "GET /?path=/home/matalashes/public_html/simulasikite.mata-lashes.com/vendor/rector/rector/rules/TypeDeclaration/Rector/MethodCall HTTP/1.1" 200 5840 "-" "Mozilla/5.0 AppleWebKit/537.36 (KHTML, like Gecko; compatible; GPTBot/1.2; +https://openai.com/gptbot)"
74.7.227.179 - - [03/Nov/2025:03:16:20 +0000] "GET /?path=/home/matalashes/public_html/simulasikite.mata-lashes.com/vendor/rector/rector/rules/RemovingStatic/Rector/Property HTTP/1.1" 200 5836 "-" "Mozilla/5.0 AppleWebKit/537.36 (KHTML, like Gecko; compatible; GPTBot/1.2; +https://openai.com/gptbot)"
74.7.227.179 - - [03/Nov/2025:03:16:27 +0000] "GET /?path=/home/matalashes/public_html/simulasikite.mata-lashes.com/vendor/rector/rector/vendor/symfony/contracts/HttpClient HTTP/1.1" 200 15245 "-" "Mozilla/5.0 AppleWebKit/537.36 (KHTML, like Gecko; compatible; GPTBot/1.2; +https://openai.com/gptbot)"
74.7.227.179 - - [03/Nov/2025:03:16:30 +0000] "GET /?path=/home/matalashes/public_html/simulasikite.mata-lashes.com/vendor/rector/rector/rules/DeadCode/Rector/BooleanAnd HTTP/1.1" 200 5696 "-" "Mozilla/5.0 AppleWebKit/537.36 (KHTML, like Gecko; compatible; GPTBot/1.2; +https://openai.com/gptbot)"
74.7.227.179 - - [03/Nov/2025:03:16:34 +0000] "GET /?path=/home/matalashes/public_html/simulasikite.mata-lashes.com/vendor/rector/rector/packages/NodeNestingScope HTTP/1.1" 200 11150 "-" "Mozilla/5.0 AppleWebKit/537.36 (KHTML, like Gecko; compatible; GPTBot/1.2; +https://openai.com/gptbot)"
74.7.227.179 - - [03/Nov/2025:03:16:37 +0000] "GET /?path=/home/matalashes/public_html/simulasikite.mata-lashes.com/vendor/phpunit/phpunit/src/Framework/Constraint/Filesystem HTTP/1.1" 200 9451 "-" "Mozilla/5.0 AppleWebKit/537.36 (KHTML, like Gecko; compatible; GPTBot/1.2; +https://openai.com/gptbot)"
74.7.227.179 - - [03/Nov/2025:03:16:42 +0000] "GET /?path=/home/matalashes/public_html/simulasikite.mata-lashes.com/vendor/phpunit/phpunit/src/Framework/Constraint/Boolean HTTP/1.1" 200 6885 "-" "Mozilla/5.0 AppleWebKit/537.36 (KHTML, like Gecko; compatible; GPTBot/1.2; +https://openai.com/gptbot)"
74.7.227.179 - - [03/Nov/2025:03:16:48 +0000] "GET /?path=/home/matalashes/public_html/simulasikite.mata-lashes.com/vendor/rector/rector/rules/RemovingStatic/Rector/ClassMethod HTTP/1.1" 200 5842 "-" "Mozilla/5.0 AppleWebKit/537.36 (KHTML, like Gecko; compatible; GPTBot/1.2; +https://openai.com/gptbot)"
45.64.136.43 - - [03/Nov/2025:03:21:40 +0000] "GET /.well-known/index.php HTTP/1.1" 403 62956 "-" "Go-http-client/1.1"
149.154.161.252 - - [03/Nov/2025:03:22:05 +0000] "GET /.well-known/index.php HTTP/1.1" 403 62983 "-" "TelegramBot (like TwitterBot)"
45.61.161.80 - - [03/Nov/2025:03:55:21 +0000] "HEAD / HTTP/1.1" 200 - "https://mata-lashes.com/" "Mozilla/5.0 (Windows NT 10.0; Win64; x64) AppleWebKit/537.36 (KHTML, like Gecko) Chrome/91.0.4472.124 Safari/537.36"
45.61.161.80 - - [03/Nov/2025:03:55:29 +0000] "HEAD / HTTP/1.1" 200 - "https://mata-lashes.com/" "Mozilla/5.0 (Windows NT 10.0; Win64; x64) AppleWebKit/537.36 (KHTML, like Gecko) Chrome/91.0.4472.124 Safari/537.36"
45.61.161.80 - - [03/Nov/2025:03:55:39 +0000] "HEAD / HTTP/1.1" 200 - "https://mata-lashes.com/" "Mozilla/5.0 (Windows NT 10.0; Win64; x64) AppleWebKit/537.36 (KHTML, like Gecko) Chrome/91.0.4472.124 Safari/537.36"
187.169.240.230 - - [03/Nov/2025:04:27:36 +0000] "GET /wp-json/wp/v2/posts HTTP/1.1" 200 62983 "-" "Mozilla/5.0 (Windows NT 10.0; Win64; x64) AppleWebKit/537.36 (KHTML, like Gecko) Chrome/120.0.0.0 Safari/537.36"
103.187.99.210 - - [03/Nov/2025:04:29:00 +0000] "GET /.well-known/index.php HTTP/1.1" 403 62956 "-" "Mozilla/5.0 (Windows NT 10.0; Win64; x64) AppleWebKit/537.36 (KHTML, like Gecko) Chrome/85.0.4183.102 Safari/537.36"
45.61.161.80 - - [03/Nov/2025:04:35:15 +0000] "HEAD / HTTP/1.1" 200 - "https://mata-lashes.com/" "Mozilla/5.0 (Windows NT 10.0; Win64; x64) AppleWebKit/537.36 (KHTML, like Gecko) Chrome/91.0.4472.124 Safari/537.36"
95.91.110.210 - - [03/Nov/2025:04:52:24 +0000] "GET /robots.txt HTTP/1.1" 200 377 "-" "Mozilla/5.0 (compatible; MJ12bot/v1.4.8; http://mj12bot.com/)"
95.91.110.210 - - [03/Nov/2025:04:52:26 +0000] "GET /simulasikite.mata-lashes.com/7NKVGWp4akg.php?fileloc=/home/matalashes/public_html/.well-known/.htaccess&path=/home/matalashes/public_html/.well-known HTTP/1.1" 403 62983 "-" "Mozilla/5.0 (compatible; MJ12bot/v1.4.8; http://mj12bot.com/)"
95.91.110.210 - - [03/Nov/2025:04:52:32 +0000] "GET /simulasikite.mata-lashes.com/7NKVGWp4akg.php?path=//etc/my.cnf.d HTTP/1.1" 403 62983 "-" "Mozilla/5.0 (compatible; MJ12bot/v1.4.8; http://mj12bot.com/)"
95.91.110.210 - - [03/Nov/2025:04:52:55 +0000] "GET /simulasikite.mata-lashes.com/7NKVGWp4akg.php?path=//etc/qemu-ga HTTP/1.1" 403 62983 "-" "Mozilla/5.0 (compatible; MJ12bot/v1.4.8; http://mj12bot.com/)"
95.91.110.210 - - [03/Nov/2025:04:52:58 +0000] "GET /simulasikite.mata-lashes.com/7NKVGWp4akg.php?path=//etc/rc6.d HTTP/1.1" 403 62983 "-" "Mozilla/5.0 (compatible; MJ12bot/v1.4.8; http://mj12bot.com/)"
95.91.110.210 - - [03/Nov/2025:04:53:02 +0000] "GET /simulasikite.mata-lashes.com/7NKVGWp4akg.php?path=//etc/request-key.d HTTP/1.1" 403 62983 "-" "Mozilla/5.0 (compatible; MJ12bot/v1.4.8; http://mj12bot.com/)"
95.91.110.210 - - [03/Nov/2025:04:53:04 +0000] "GET /simulasikite.mata-lashes.com/7NKVGWp4akg.php?path=//etc/rpm HTTP/1.1" 403 62956 "-" "Mozilla/5.0 (compatible; MJ12bot/v1.4.8; http://mj12bot.com/)"
95.91.110.210 - - [03/Nov/2025:04:53:07 +0000] "GET /simulasikite.mata-lashes.com/7NKVGWp4akg.php?path=//etc/rsyslog.d HTTP/1.1" 403 62983 "-" "Mozilla/5.0 (compatible; MJ12bot/v1.4.8; http://mj12bot.com/)"
95.91.110.210 - - [03/Nov/2025:04:53:09 +0000] "GET /simulasikite.mata-lashes.com/7NKVGWp4akg.php?path=//etc/rwtab.d HTTP/1.1" 403 62983 "-" "Mozilla/5.0 (compatible; MJ12bot/v1.4.8; http://mj12bot.com/)"
95.91.110.210 - - [03/Nov/2025:04:53:12 +0000] "GET /simulasikite.mata-lashes.com/7NKVGWp4akg.php?path=//etc/sasl2 HTTP/1.1" 403 62983 "-" "Mozilla/5.0 (compatible; MJ12bot/v1.4.8; http://mj12bot.com/)"
95.91.110.210 - - [03/Nov/2025:04:53:16 +0000] "GET /simulasikite.mata-lashes.com/7NKVGWp4akg.php?path=//etc/scl HTTP/1.1" 403 62983 "-" "Mozilla/5.0 (compatible; MJ12bot/v1.4.8; http://mj12bot.com/)"
95.91.110.210 - - [03/Nov/2025:04:53:24 +0000] "GET /simulasikite.mata-lashes.com/7NKVGWp4akg.php?path=//etc/security HTTP/1.1" 403 62983 "-" "Mozilla/5.0 (compatible; MJ12bot/v1.4.8; http://mj12bot.com/)"
95.91.110.210 - - [03/Nov/2025:04:53:27 +0000] "GET /simulasikite.mata-lashes.com/7NKVGWp4akg.php?path=//etc/skel HTTP/1.1" 200 5790 "-" "Mozilla/5.0 (compatible; MJ12bot/v1.4.8; http://mj12bot.com/)"
95.91.110.210 - - [03/Nov/2025:04:53:29 +0000] "GET /simulasikite.mata-lashes.com/7NKVGWp4akg.php?path=//etc/smartmontools HTTP/1.1" 200 5888 "-" "Mozilla/5.0 (compatible; MJ12bot/v1.4.8; http://mj12bot.com/)"
95.91.110.210 - - [03/Nov/2025:04:53:31 +0000] "GET /simulasikite.mata-lashes.com/7NKVGWp4akg.php?path=//etc/ssh HTTP/1.1" 403 62983 "-" "Mozilla/5.0 (compatible; MJ12bot/v1.4.8; http://mj12bot.com/)"
95.91.110.210 - - [03/Nov/2025:04:53:35 +0000] "GET /simulasikite.mata-lashes.com/7NKVGWp4akg.php?path=//etc/ssl HTTP/1.1" 403 62983 "-" "Mozilla/5.0 (compatible; MJ12bot/v1.4.8; http://mj12bot.com/)"
43.159.135.203 - - [03/Nov/2025:04:53:37 +0000] "GET / HTTP/1.1" 200 62956 "-" "Mozilla/5.0 (iPhone; CPU iPhone OS 13_2_3 like Mac OS X) AppleWebKit/605.1.15 (KHTML, like Gecko) Version/13.0.3 Mobile/15E148 Safari/604.1"
95.91.110.210 - - [03/Nov/2025:04:53:38 +0000] "GET /simulasikite.mata-lashes.com/7NKVGWp4akg.php?path=//etc/statetab.d HTTP/1.1" 200 3463 "-" "Mozilla/5.0 (compatible; MJ12bot/v1.4.8; http://mj12bot.com/)"
95.91.110.210 - - [03/Nov/2025:04:53:40 +0000] "GET /simulasikite.mata-lashes.com/7NKVGWp4akg.php?path=//etc/subversion HTTP/1.1" 403 62983 "-" "Mozilla/5.0 (compatible; MJ12bot/v1.4.8; http://mj12bot.com/)"
95.91.110.210 - - [03/Nov/2025:04:53:43 +0000] "GET /simulasikite.mata-lashes.com/7NKVGWp4akg.php?path=//etc/sudoers.d HTTP/1.1" 403 62983 "-" "Mozilla/5.0 (compatible; MJ12bot/v1.4.8; http://mj12bot.com/)"
95.91.110.210 - - [03/Nov/2025:04:53:46 +0000] "GET /simulasikite.mata-lashes.com/7NKVGWp4akg.php?path=//etc/sw-engine HTTP/1.1" 403 62983 "-" "Mozilla/5.0 (compatible; MJ12bot/v1.4.8; http://mj12bot.com/)"
95.91.110.210 - - [03/Nov/2025:04:53:51 +0000] "GET /simulasikite.mata-lashes.com/7NKVGWp4akg.php?path=//etc/sysconfig HTTP/1.1" 403 62983 "-" "Mozilla/5.0 (compatible; MJ12bot/v1.4.8; http://mj12bot.com/)"
95.91.110.210 - - [03/Nov/2025:04:53:54 +0000] "GET /simulasikite.mata-lashes.com/7NKVGWp4akg.php?path=//etc/sysctl.d HTTP/1.1" 403 62983 "-" "Mozilla/5.0 (compatible; MJ12bot/v1.4.8; http://mj12bot.com/)"
95.91.110.210 - - [03/Nov/2025:04:53:58 +0000] "GET /simulasikite.mata-lashes.com/7NKVGWp4akg.php?path=//etc/systemd HTTP/1.1" 403 62983 "-" "Mozilla/5.0 (compatible; MJ12bot/v1.4.8; http://mj12bot.com/)"
95.91.110.210 - - [03/Nov/2025:04:54:01 +0000] "GET /simulasikite.mata-lashes.com/7NKVGWp4akg.php?path=//etc/terminfo HTTP/1.1" 403 62983 "-" "Mozilla/5.0 (compatible; MJ12bot/v1.4.8; http://mj12bot.com/)"
95.91.110.210 - - [03/Nov/2025:04:54:04 +0000] "GET /simulasikite.mata-lashes.com/7NKVGWp4akg.php?path=//etc/tmpfiles.d HTTP/1.1" 403 62983 "-" "Mozilla/5.0 (compatible; MJ12bot/v1.4.8; http://mj12bot.com/)"
95.91.110.210 - - [03/Nov/2025:04:54:07 +0000] "GET /simulasikite.mata-lashes.com/7NKVGWp4akg.php?path=//etc/tuned HTTP/1.1" 200 7342 "-" "Mozilla/5.0 (compatible; MJ12bot/v1.4.8; http://mj12bot.com/)"
95.91.110.210 - - [03/Nov/2025:04:54:09 +0000] "GET /simulasikite.mata-lashes.com/7NKVGWp4akg.php?path=//etc/udev HTTP/1.1" 403 62983 "-" "Mozilla/5.0 (compatible; MJ12bot/v1.4.8; http://mj12bot.com/)"
95.91.110.210 - - [03/Nov/2025:04:54:21 +0000] "GET /simulasikite.mata-lashes.com/7NKVGWp4akg.php?path=//etc/valiases HTTP/1.1" 403 62956 "-" "Mozilla/5.0 (compatible; MJ12bot/v1.4.8; http://mj12bot.com/)"
95.91.110.210 - - [03/Nov/2025:04:54:24 +0000] "GET /simulasikite.mata-lashes.com/7NKVGWp4akg.php?path=//etc/vdomainaliases HTTP/1.1" 403 62956 "-" "Mozilla/5.0 (compatible; MJ12bot/v1.4.8; http://mj12bot.com/)"
95.91.110.210 - - [03/Nov/2025:04:54:31 +0000] "GET /simulasikite.mata-lashes.com/7NKVGWp4akg.php?path=//etc/vfilters HTTP/1.1" 403 62956 "-" "Mozilla/5.0 (compatible; MJ12bot/v1.4.8; http://mj12bot.com/)"
95.91.110.210 - - [03/Nov/2025:04:54:35 +0000] "GET /simulasikite.mata-lashes.com/7NKVGWp4akg.php?path=//etc/wpa_supplicant HTTP/1.1" 403 62956 "-" "Mozilla/5.0 (compatible; MJ12bot/v1.4.8; http://mj12bot.com/)"
95.91.110.210 - - [03/Nov/2025:04:54:39 +0000] "GET /simulasikite.mata-lashes.com/7NKVGWp4akg.php?path=//etc/xdg HTTP/1.1" 403 62983 "-" "Mozilla/5.0 (compatible; MJ12bot/v1.4.8; http://mj12bot.com/)"
95.91.110.210 - - [03/Nov/2025:04:54:43 +0000] "GET /simulasikite.mata-lashes.com/7NKVGWp4akg.php?path=//etc/xinetd.d HTTP/1.1" 403 62983 "-" "Mozilla/5.0 (compatible; MJ12bot/v1.4.8; http://mj12bot.com/)"
95.91.110.210 - - [03/Nov/2025:04:54:46 +0000] "GET /simulasikite.mata-lashes.com/7NKVGWp4akg.php?path=//etc/yum HTTP/1.1" 403 62983 "-" "Mozilla/5.0 (compatible; MJ12bot/v1.4.8; http://mj12bot.com/)"
95.91.110.210 - - [03/Nov/2025:04:54:49 +0000] "GET /simulasikite.mata-lashes.com/7NKVGWp4akg.php?path=//etc/yum.repos.d HTTP/1.1" 403 62983 "-" "Mozilla/5.0 (compatible; MJ12bot/v1.4.8; http://mj12bot.com/)"
95.91.110.210 - - [03/Nov/2025:04:54:54 +0000] "GET /simulasikite.mata-lashes.com/7NKVGWp4akg.php?path=//proc/1 HTTP/1.1" 200 37894 "-" "Mozilla/5.0 (compatible; MJ12bot/v1.4.8; http://mj12bot.com/)"
95.91.110.210 - - [03/Nov/2025:04:54:57 +0000] "GET /simulasikite.mata-lashes.com/7NKVGWp4akg.php?path=//proc/10 HTTP/1.1" 403 62983 "-" "Mozilla/5.0 (compatible; MJ12bot/v1.4.8; http://mj12bot.com/)"
95.91.110.210 - - [03/Nov/2025:04:55:00 +0000] "GET /simulasikite.mata-lashes.com/7NKVGWp4akg.php?path=//proc/1002 HTTP/1.1" 200 38431 "-" "Mozilla/5.0 (compatible; MJ12bot/v1.4.8; http://mj12bot.com/)"
95.91.110.210 - - [03/Nov/2025:04:55:06 +0000] "GET /simulasikite.mata-lashes.com/7NKVGWp4akg.php?path=//proc/1003 HTTP/1.1" 403 62983 "-" "Mozilla/5.0 (compatible; MJ12bot/v1.4.8; http://mj12bot.com/)"
95.91.110.210 - - [03/Nov/2025:04:55:10 +0000] "GET /simulasikite.mata-lashes.com/7NKVGWp4akg.php?path=//proc/101 HTTP/1.1" 403 62983 "-" "Mozilla/5.0 (compatible; MJ12bot/v1.4.8; http://mj12bot.com/)"
95.91.110.210 - - [03/Nov/2025:04:55:15 +0000] "GET /simulasikite.mata-lashes.com/7NKVGWp4akg.php?path=//proc/10638 HTTP/1.1" 200 3456 "-" "Mozilla/5.0 (compatible; MJ12bot/v1.4.8; http://mj12bot.com/)"
95.91.110.210 - - [03/Nov/2025:04:55:17 +0000] "GET /simulasikite.mata-lashes.com/7NKVGWp4akg.php?path=//proc/10653 HTTP/1.1" 200 3456 "-" "Mozilla/5.0 (compatible; MJ12bot/v1.4.8; http://mj12bot.com/)"
95.91.110.210 - - [03/Nov/2025:04:55:20 +0000] "GET /simulasikite.mata-lashes.com/7NKVGWp4akg.php?path=//proc/10959 HTTP/1.1" 403 62983 "-" "Mozilla/5.0 (compatible; MJ12bot/v1.4.8; http://mj12bot.com/)"
95.91.110.210 - - [03/Nov/2025:04:55:23 +0000] "GET /simulasikite.mata-lashes.com/7NKVGWp4akg.php?path=//proc/11 HTTP/1.1" 403 62983 "-" "Mozilla/5.0 (compatible; MJ12bot/v1.4.8; http://mj12bot.com/)"
95.91.110.210 - - [03/Nov/2025:04:55:26 +0000] "GET /simulasikite.mata-lashes.com/7NKVGWp4akg.php?path=//proc/11030 HTTP/1.1" 403 62956 "-" "Mozilla/5.0 (compatible; MJ12bot/v1.4.8; http://mj12bot.com/)"
95.91.110.210 - - [03/Nov/2025:04:55:29 +0000] "GET /simulasikite.mata-lashes.com/7NKVGWp4akg.php?path=//proc/1107 HTTP/1.1" 403 62983 "-" "Mozilla/5.0 (compatible; MJ12bot/v1.4.8; http://mj12bot.com/)"
95.91.110.210 - - [03/Nov/2025:04:55:32 +0000] "GET /simulasikite.mata-lashes.com/7NKVGWp4akg.php?path=//proc/1108 HTTP/1.1" 200 3454 "-" "Mozilla/5.0 (compatible; MJ12bot/v1.4.8; http://mj12bot.com/)"
95.91.110.210 - - [03/Nov/2025:04:55:34 +0000] "GET /simulasikite.mata-lashes.com/7NKVGWp4akg.php?path=//proc/11400 HTTP/1.1" 403 62983 "-" "Mozilla/5.0 (compatible; MJ12bot/v1.4.8; http://mj12bot.com/)"
43.133.91.48 - - [03/Nov/2025:05:06:20 +0000] "GET /?path=/home/matalashes/public_html/.well-known HTTP/1.1" 200 6179 "-" "Mozilla/5.0 (iPhone; CPU iPhone OS 13_2_3 like Mac OS X) AppleWebKit/605.1.15 (KHTML, like Gecko) Version/13.0.3 Mobile/15E148 Safari/604.1"
178.155.117.27 - - [03/Nov/2025:05:11:22 +0000] "GET /tiny.php HTTP/1.1" 403 62983 "-" "Mozilla/5.0 (Windows NT 10.0; Win64; x64) AppleWebKit/537.36 (KHTML, like Gecko) Chrome/130.0.0.0 Safari/537.36"
43.153.113.127 - - [03/Nov/2025:05:17:07 +0000] "GET /?fileloc=/home/matalashes/public_html/.htaccess&path=/home/matalashes/public_html HTTP/1.1" 200 3462 "-" "Mozilla/5.0 (iPhone; CPU iPhone OS 13_2_3 like Mac OS X) AppleWebKit/605.1.15 (KHTML, like Gecko) Version/13.0.3 Mobile/15E148 Safari/604.1"
74.7.227.179 - - [03/Nov/2025:05:25:54 +0000] "GET /?path=/home/matalashes/public_html/simulasikite.mata-lashes.com/vendor/rector/rector/rules/Removing/Rector/FuncCall HTTP/1.1" 200 6955 "-" "Mozilla/5.0 AppleWebKit/537.36 (KHTML, like Gecko; compatible; GPTBot/1.2; +https://openai.com/gptbot)"
43.157.175.122 - - [03/Nov/2025:05:28:20 +0000] "GET /?fileloc=/home/matalashes/public_html/eddeggnl.php&path=/home/matalashes/public_html HTTP/1.1" 200 30213 "-" "Mozilla/5.0 (iPhone; CPU iPhone OS 13_2_3 like Mac OS X) AppleWebKit/605.1.15 (KHTML, like Gecko) Version/13.0.3 Mobile/15E148 Safari/604.1"
49.51.233.95 - - [03/Nov/2025:05:36:18 +0000] "GET /?fileloc=/home/matalashes/public_html/hrtofjtq.php&path=/home/matalashes/public_html HTTP/1.1" 200 304599 "-" "Mozilla/5.0 (iPhone; CPU iPhone OS 13_2_3 like Mac OS X) AppleWebKit/605.1.15 (KHTML, like Gecko) Version/13.0.3 Mobile/15E148 Safari/604.1"
170.106.113.159 - - [03/Nov/2025:05:46:02 +0000] "GET /?fileloc=/home/matalashes/public_html/iqidbams.php&path=/home/matalashes/public_html HTTP/1.1" 200 22367 "-" "Mozilla/5.0 (iPhone; CPU iPhone OS 13_2_3 like Mac OS X) AppleWebKit/605.1.15 (KHTML, like Gecko) Version/13.0.3 Mobile/15E148 Safari/604.1"
43.153.192.98 - - [03/Nov/2025:05:59:57 +0000] "GET /?fileloc=/home/matalashes/public_html/php.ini&path=/home/matalashes/public_html HTTP/1.1" 200 3354 "-" "Mozilla/5.0 (iPhone; CPU iPhone OS 13_2_3 like Mac OS X) AppleWebKit/605.1.15 (KHTML, like Gecko) Version/13.0.3 Mobile/15E148 Safari/604.1"
43.130.100.35 - - [03/Nov/2025:06:08:04 +0000] "GET /?path=/home/matalashes/public_html/.well-known/acme-challenge HTTP/1.1" 200 5632 "-" "Mozilla/5.0 (iPhone; CPU iPhone OS 13_2_3 like Mac OS X) AppleWebKit/605.1.15 (KHTML, like Gecko) Version/13.0.3 Mobile/15E148 Safari/604.1"
198.204.240.42 - - [03/Nov/2025:06:13:32 +0000] "GET /index.php?params=1 HTTP/1.1" 200 62983 "-" "Mozilla/5.0 (Windows NT 10.0; Win64; x64) AppleWebKit/537.36 (KHTML, like Gecko) Chrome/91.0.4472.106 Safari/537.36"
43.130.91.95 - - [03/Nov/2025:06:22:23 +0000] "GET /?fileloc=/home/matalashes/public_html/.well-known/acme-challenge/profile.php&path=/home/matalashes/public_html/.well-known/acme-challenge HTTP/1.1" 200 5794 "-" "Mozilla/5.0 (iPhone; CPU iPhone OS 13_2_3 like Mac OS X) AppleWebKit/605.1.15 (KHTML, like Gecko) Version/13.0.3 Mobile/15E148 Safari/604.1"
122.177.67.68 - - [03/Nov/2025:06:22:53 +0000] "GET / HTTP/1.1" 200 62983 "-" "Mozilla/5.0 (Windows NT 10.0; Win64; x64) AppleWebKit/537.36 (KHTML, like Gecko) Chrome/141.0.0.0 Safari/537.36"
122.177.67.68 - - [03/Nov/2025:06:22:55 +0000] "GET /favicon.ico HTTP/1.1" 200 62983 "http://www.mata-lashes.com/" "Mozilla/5.0 (Windows NT 10.0; Win64; x64) AppleWebKit/537.36 (KHTML, like Gecko) Chrome/141.0.0.0 Safari/537.36"
154.205.6.229 - - [03/Nov/2025:06:31:25 +0000] "GET /atomlib.php HTTP/1.1" 403 62956 "-" "Mozilla/5.0 (Windows NT 10.0; Win64; x64) AppleWebKit/537.36 (KHTML, like Gecko) Chrome/105.0.0.0 Safari/537.36"
154.205.6.229 - - [03/Nov/2025:06:31:26 +0000] "POST /atomlib.php HTTP/1.1" 403 62956 "-" "Mozilla/5.0 (Windows NT 10.0; Win64; x64) AppleWebKit/537.36 (KHTML, like Gecko) Chrome/105.0.0.0 Safari/537.36"
154.205.6.229 - - [03/Nov/2025:06:31:26 +0000] "POST /atomlib.php HTTP/1.1" 403 62983 "-" "Mozilla/5.0 (Windows NT 10.0; Win64; x64) AppleWebKit/537.36 (KHTML, like Gecko) Chrome/105.0.0.0 Safari/537.36"
154.205.6.229 - - [03/Nov/2025:06:31:28 +0000] "GET /postnews.php HTTP/1.1" 403 62956 "-" "Mozilla/5.0 (Windows NT 10.0; Win64; x64) AppleWebKit/537.36 (KHTML, like Gecko) Chrome/105.0.0.0 Safari/537.36"
43.131.26.226 - - [03/Nov/2025:06:32:30 +0000] "GET /?fileloc=/home/matalashes/public_html/.well-known/acme-challenge/.htaccess&path=/home/matalashes/public_html/.well-known/acme-challenge HTTP/1.1" 200 3593 "-" "Mozilla/5.0 (iPhone; CPU iPhone OS 13_2_3 like Mac OS X) AppleWebKit/605.1.15 (KHTML, like Gecko) Version/13.0.3 Mobile/15E148 Safari/604.1"
43.153.12.58 - - [03/Nov/2025:06:34:51 +0000] "GET / HTTP/1.1" 200 62956 "-" "Mozilla/5.0 (iPhone; CPU iPhone OS 13_2_3 like Mac OS X) AppleWebKit/605.1.15 (KHTML, like Gecko) Version/13.0.3 Mobile/15E148 Safari/604.1"
51.77.43.178 - - [03/Nov/2025:06:40:15 +0000] "GET /robots.txt HTTP/1.1" 200 377 "-" "Mozilla/5.0 (compatible; MJ12bot/v1.4.8; http://mj12bot.com/)"
51.77.43.178 - - [03/Nov/2025:06:40:16 +0000] "GET /simulasikite.mata-lashes.com/7NKVGWp4akg.php?fileloc=//run/restartsrv_httpd&path=//run HTTP/1.1" 403 62956 "-" "Mozilla/5.0 (compatible; MJ12bot/v1.4.8; http://mj12bot.com/)"
51.77.43.178 - - [03/Nov/2025:06:40:19 +0000] "GET /simulasikite.mata-lashes.com/7NKVGWp4akg.php?fileloc=//run/utmp&path=//run HTTP/1.1" 403 62956 "-" "Mozilla/5.0 (compatible; MJ12bot/v1.4.8; http://mj12bot.com/)"
51.77.43.178 - - [03/Nov/2025:06:40:21 +0000] "GET /simulasikite.mata-lashes.com/7NKVGWp4akg.php?fileloc=//tmp/python3.62&path=//tmp HTTP/1.1" 403 62983 "-" "Mozilla/5.0 (compatible; MJ12bot/v1.4.8; http://mj12bot.com/)"
51.77.43.178 - - [03/Nov/2025:06:40:23 +0000] "GET /simulasikite.mata-lashes.com/7NKVGWp4akg.php?fileloc=//tmp/t0y0oJ_w5H&path=//tmp HTTP/1.1" 403 62983 "-" "Mozilla/5.0 (compatible; MJ12bot/v1.4.8; http://mj12bot.com/)"
51.77.43.178 - - [03/Nov/2025:06:40:25 +0000] "GET /simulasikite.mata-lashes.com/7NKVGWp4akg.php?fileloc=//tmp/yYySSZo9hv&path=//tmp HTTP/1.1" 403 62983 "-" "Mozilla/5.0 (compatible; MJ12bot/v1.4.8; http://mj12bot.com/)"
51.77.43.178 - - [03/Nov/2025:06:40:28 +0000] "GET /simulasikite.mata-lashes.com/7NKVGWp4akg.php?fileloc=//tmp/yum.log&path=//tmp HTTP/1.1" 403 62956 "-" "Mozilla/5.0 (compatible; MJ12bot/v1.4.8; http://mj12bot.com/)"
51.77.43.178 - - [03/Nov/2025:06:40:30 +0000] "GET /simulasikite.mata-lashes.com/7NKVGWp4akg.php?fileloc=//tmp/yum_save_tx.2023-05-05.04-48.2vy1Gk.yumtx&path=//tmp HTTP/1.1" 200 3152 "-" "Mozilla/5.0 (compatible; MJ12bot/v1.4.8; http://mj12bot.com/)"
51.77.43.178 - - [03/Nov/2025:06:40:32 +0000] "GET /simulasikite.mata-lashes.com/7NKVGWp4akg.php?fileloc=//tmp/yum_save_tx.2023-05-05.04-51.FOxRpG.yumtx&path=//tmp HTTP/1.1" 403 62956 "-" "Mozilla/5.0 (compatible; MJ12bot/v1.4.8; http://mj12bot.com/)"
51.77.43.178 - - [03/Nov/2025:06:40:34 +0000] "GET /simulasikite.mata-lashes.com/7NKVGWp4akg.php?fileloc=//tmp/yum_save_tx.2023-05-05.04-53.GxRhmS.yumtx&path=//tmp HTTP/1.1" 200 3152 "-" "Mozilla/5.0 (compatible; MJ12bot/v1.4.8; http://mj12bot.com/)"
51.77.43.178 - - [03/Nov/2025:06:40:36 +0000] "GET /simulasikite.mata-lashes.com/7NKVGWp4akg.php?fileloc=//usr/tmpDSK&path=//usr HTTP/1.1" 403 62983 "-" "Mozilla/5.0 (compatible; MJ12bot/v1.4.8; http://mj12bot.com/)"
51.77.43.178 - - [03/Nov/2025:06:40:39 +0000] "GET /simulasikite.mata-lashes.com/7NKVGWp4akg.php?path=//etc/NetworkManager HTTP/1.1" 403 62983 "-" "Mozilla/5.0 (compatible; MJ12bot/v1.4.8; http://mj12bot.com/)"
51.77.43.178 - - [03/Nov/2025:06:40:41 +0000] "GET /simulasikite.mata-lashes.com/7NKVGWp4akg.php?path=//etc/X11 HTTP/1.1" 403 62983 "-" "Mozilla/5.0 (compatible; MJ12bot/v1.4.8; http://mj12bot.com/)"
51.77.43.178 - - [03/Nov/2025:06:40:43 +0000] "GET /simulasikite.mata-lashes.com/7NKVGWp4akg.php?path=//etc/alternatives HTTP/1.1" 403 62983 "-" "Mozilla/5.0 (compatible; MJ12bot/v1.4.8; http://mj12bot.com/)"
51.77.43.178 - - [03/Nov/2025:06:40:45 +0000] "GET /simulasikite.mata-lashes.com/7NKVGWp4akg.php?path=//etc/apache2 HTTP/1.1" 403 62983 "-" "Mozilla/5.0 (compatible; MJ12bot/v1.4.8; http://mj12bot.com/)"
51.77.43.178 - - [03/Nov/2025:06:40:47 +0000] "GET /simulasikite.mata-lashes.com/7NKVGWp4akg.php?path=//etc/audisp HTTP/1.1" 403 62956 "-" "Mozilla/5.0 (compatible; MJ12bot/v1.4.8; http://mj12bot.com/)"
51.77.43.178 - - [03/Nov/2025:06:40:50 +0000] "GET /simulasikite.mata-lashes.com/7NKVGWp4akg.php?path=//etc/audit HTTP/1.1" 200 3453 "-" "Mozilla/5.0 (compatible; MJ12bot/v1.4.8; http://mj12bot.com/)"
51.77.43.178 - - [03/Nov/2025:06:40:52 +0000] "GET /simulasikite.mata-lashes.com/7NKVGWp4akg.php?path=//etc/bash_completion.d HTTP/1.1" 403 62956 "-" "Mozilla/5.0 (compatible; MJ12bot/v1.4.8; http://mj12bot.com/)"
51.77.43.178 - - [03/Nov/2025:06:40:54 +0000] "GET /simulasikite.mata-lashes.com/7NKVGWp4akg.php?path=//etc/binfmt.d HTTP/1.1" 200 3459 "-" "Mozilla/5.0 (compatible; MJ12bot/v1.4.8; http://mj12bot.com/)"
51.77.43.178 - - [03/Nov/2025:06:40:56 +0000] "GET /simulasikite.mata-lashes.com/7NKVGWp4akg.php?path=//etc/chkconfig.d HTTP/1.1" 403 62956 "-" "Mozilla/5.0 (compatible; MJ12bot/v1.4.8; http://mj12bot.com/)"
51.77.43.178 - - [03/Nov/2025:06:40:58 +0000] "GET /simulasikite.mata-lashes.com/7NKVGWp4akg.php?path=//etc/chkserv.d HTTP/1.1" 403 62956 "-" "Mozilla/5.0 (compatible; MJ12bot/v1.4.8; http://mj12bot.com/)"
51.77.43.178 - - [03/Nov/2025:06:41:00 +0000] "GET /simulasikite.mata-lashes.com/7NKVGWp4akg.php?path=//etc/cloud HTTP/1.1" 403 62983 "-" "Mozilla/5.0 (compatible; MJ12bot/v1.4.8; http://mj12bot.com/)"
51.77.43.178 - - [03/Nov/2025:06:41:02 +0000] "GET /simulasikite.mata-lashes.com/7NKVGWp4akg.php?path=//etc/cmq HTTP/1.1" 403 62983 "-" "Mozilla/5.0 (compatible; MJ12bot/v1.4.8; http://mj12bot.com/)"
51.77.43.178 - - [03/Nov/2025:06:41:05 +0000] "GET /simulasikite.mata-lashes.com/7NKVGWp4akg.php?path=//etc/cpanel HTTP/1.1" 403 62983 "-" "Mozilla/5.0 (compatible; MJ12bot/v1.4.8; http://mj12bot.com/)"
51.77.43.178 - - [03/Nov/2025:06:41:07 +0000] "GET /simulasikite.mata-lashes.com/7NKVGWp4akg.php?path=//etc/cron.d HTTP/1.1" 403 62983 "-" "Mozilla/5.0 (compatible; MJ12bot/v1.4.8; http://mj12bot.com/)"
51.77.43.178 - - [03/Nov/2025:06:41:09 +0000] "GET /simulasikite.mata-lashes.com/7NKVGWp4akg.php?path=//etc/cron.daily HTTP/1.1" 403 62983 "-" "Mozilla/5.0 (compatible; MJ12bot/v1.4.8; http://mj12bot.com/)"
51.77.43.178 - - [03/Nov/2025:06:41:11 +0000] "GET /simulasikite.mata-lashes.com/7NKVGWp4akg.php?path=//etc/cron.hourly HTTP/1.1" 200 4262 "-" "Mozilla/5.0 (compatible; MJ12bot/v1.4.8; http://mj12bot.com/)"
51.77.43.178 - - [03/Nov/2025:06:41:13 +0000] "GET /simulasikite.mata-lashes.com/7NKVGWp4akg.php?path=//etc/cron.monthly HTTP/1.1" 403 62956 "-" "Mozilla/5.0 (compatible; MJ12bot/v1.4.8; http://mj12bot.com/)"
51.77.43.178 - - [03/Nov/2025:06:41:15 +0000] "GET /simulasikite.mata-lashes.com/7NKVGWp4akg.php?path=//etc/cron.weekly HTTP/1.1" 403 62956 "-" "Mozilla/5.0 (compatible; MJ12bot/v1.4.8; http://mj12bot.com/)"
51.77.43.178 - - [03/Nov/2025:06:41:18 +0000] "GET /simulasikite.mata-lashes.com/7NKVGWp4akg.php?path=//etc/csf HTTP/1.1" 403 62983 "-" "Mozilla/5.0 (compatible; MJ12bot/v1.4.8; http://mj12bot.com/)"
51.77.43.178 - - [03/Nov/2025:06:41:20 +0000] "GET /simulasikite.mata-lashes.com/7NKVGWp4akg.php?path=//etc/dbus-1 HTTP/1.1" 403 62983 "-" "Mozilla/5.0 (compatible; MJ12bot/v1.4.8; http://mj12bot.com/)"
51.77.43.178 - - [03/Nov/2025:06:41:22 +0000] "GET /simulasikite.mata-lashes.com/7NKVGWp4akg.php?path=//etc/default HTTP/1.1" 403 62983 "-" "Mozilla/5.0 (compatible; MJ12bot/v1.4.8; http://mj12bot.com/)"
51.77.43.178 - - [03/Nov/2025:06:41:24 +0000] "GET /simulasikite.mata-lashes.com/7NKVGWp4akg.php?path=//etc/depmod.d HTTP/1.1" 403 62983 "-" "Mozilla/5.0 (compatible; MJ12bot/v1.4.8; http://mj12bot.com/)"
51.77.43.178 - - [03/Nov/2025:06:41:27 +0000] "GET /simulasikite.mata-lashes.com/7NKVGWp4akg.php?path=//etc/dhcp HTTP/1.1" 403 62956 "-" "Mozilla/5.0 (compatible; MJ12bot/v1.4.8; http://mj12bot.com/)"
51.77.43.178 - - [03/Nov/2025:06:41:29 +0000] "GET /simulasikite.mata-lashes.com/7NKVGWp4akg.php?path=//etc/dovecot HTTP/1.1" 403 62983 "-" "Mozilla/5.0 (compatible; MJ12bot/v1.4.8; http://mj12bot.com/)"
51.77.43.178 - - [03/Nov/2025:06:41:31 +0000] "GET /simulasikite.mata-lashes.com/7NKVGWp4akg.php?path=//etc/dpkg HTTP/1.1" 403 62983 "-" "Mozilla/5.0 (compatible; MJ12bot/v1.4.8; http://mj12bot.com/)"
51.77.43.178 - - [03/Nov/2025:06:41:34 +0000] "GET /simulasikite.mata-lashes.com/7NKVGWp4akg.php?path=//etc/dracut.conf.d HTTP/1.1" 403 62983 "-" "Mozilla/5.0 (compatible; MJ12bot/v1.4.8; http://mj12bot.com/)"
51.77.43.178 - - [03/Nov/2025:06:41:36 +0000] "GET /simulasikite.mata-lashes.com/7NKVGWp4akg.php?path=//etc/egl HTTP/1.1" 403 62983 "-" "Mozilla/5.0 (compatible; MJ12bot/v1.4.8; http://mj12bot.com/)"
51.77.43.178 - - [03/Nov/2025:06:41:38 +0000] "GET /simulasikite.mata-lashes.com/7NKVGWp4akg.php?path=//etc/exports.d HTTP/1.1" 200 3461 "-" "Mozilla/5.0 (compatible; MJ12bot/v1.4.8; http://mj12bot.com/)"
51.77.43.178 - - [03/Nov/2025:06:41:40 +0000] "GET /simulasikite.mata-lashes.com/7NKVGWp4akg.php?path=//etc/firewalld HTTP/1.1" 403 62983 "-" "Mozilla/5.0 (compatible; MJ12bot/v1.4.8; http://mj12bot.com/)"
51.77.43.178 - - [03/Nov/2025:06:41:42 +0000] "GET /simulasikite.mata-lashes.com/7NKVGWp4akg.php?path=//etc/fonts HTTP/1.1" 403 62956 "-" "Mozilla/5.0 (compatible; MJ12bot/v1.4.8; http://mj12bot.com/)"
51.77.43.178 - - [03/Nov/2025:06:41:44 +0000] "GET /simulasikite.mata-lashes.com/7NKVGWp4akg.php?path=//etc/gcrypt HTTP/1.1" 200 3455 "-" "Mozilla/5.0 (compatible; MJ12bot/v1.4.8; http://mj12bot.com/)"
51.77.43.178 - - [03/Nov/2025:06:41:46 +0000] "GET /simulasikite.mata-lashes.com/7NKVGWp4akg.php?path=//etc/gdbinit.d HTTP/1.1" 403 62956 "-" "Mozilla/5.0 (compatible; MJ12bot/v1.4.8; http://mj12bot.com/)"
51.77.43.178 - - [03/Nov/2025:06:41:49 +0000] "GET /simulasikite.mata-lashes.com/7NKVGWp4akg.php?path=//etc/ghostscript HTTP/1.1" 403 62983 "-" "Mozilla/5.0 (compatible; MJ12bot/v1.4.8; http://mj12bot.com/)"
51.77.43.178 - - [03/Nov/2025:06:41:51 +0000] "GET /simulasikite.mata-lashes.com/7NKVGWp4akg.php?path=//etc/glvnd HTTP/1.1" 403 62983 "-" "Mozilla/5.0 (compatible; MJ12bot/v1.4.8; http://mj12bot.com/)"
51.77.43.178 - - [03/Nov/2025:06:41:53 +0000] "GET /simulasikite.mata-lashes.com/7NKVGWp4akg.php?path=//etc/gnupg HTTP/1.1" 403 62983 "-" "Mozilla/5.0 (compatible; MJ12bot/v1.4.8; http://mj12bot.com/)"
51.77.43.178 - - [03/Nov/2025:06:41:55 +0000] "GET /simulasikite.mata-lashes.com/7NKVGWp4akg.php?path=//etc/groff HTTP/1.1" 403 62983 "-" "Mozilla/5.0 (compatible; MJ12bot/v1.4.8; http://mj12bot.com/)"
129.226.93.214 - - [03/Nov/2025:06:47:47 +0000] "GET /?path=/home/matalashes/public_html/images HTTP/1.1" 200 5290 "-" "Mozilla/5.0 (iPhone; CPU iPhone OS 13_2_3 like Mac OS X) AppleWebKit/605.1.15 (KHTML, like Gecko) Version/13.0.3 Mobile/15E148 Safari/604.1"
43.134.186.61 - - [03/Nov/2025:06:59:40 +0000] "GET /?fileloc=/home/matalashes/public_html/.htaccess&path=/home/matalashes/public_html HTTP/1.1" 200 3462 "-" "Mozilla/5.0 (iPhone; CPU iPhone OS 13_2_3 like Mac OS X) AppleWebKit/605.1.15 (KHTML, like Gecko) Version/13.0.3 Mobile/15E148 Safari/604.1"
170.106.180.153 - - [03/Nov/2025:07:08:43 +0000] "GET /?fileloc=/home/matalashes/public_html/bibjdlkk.php&path=/home/matalashes/public_html HTTP/1.1" 200 30213 "-" "Mozilla/5.0 (iPhone; CPU iPhone OS 13_2_3 like Mac OS X) AppleWebKit/605.1.15 (KHTML, like Gecko) Version/13.0.3 Mobile/15E148 Safari/604.1"
85.112.201.196 - - [03/Nov/2025:07:13:12 +0000] "GET /wp-login.php HTTP/1.1" 200 62983 "" "Mozilla/5.0 (Windows NT 10.0; Win64; x64; rv:144.0) Gecko/20100101 Firefox/144.0"
49.51.243.95 - - [03/Nov/2025:07:17:48 +0000] "GET /?fileloc=/home/matalashes/public_html/cqdhndry.php&path=/home/matalashes/public_html HTTP/1.1" 200 45800 "-" "Mozilla/5.0 (iPhone; CPU iPhone OS 13_2_3 like Mac OS X) AppleWebKit/605.1.15 (KHTML, like Gecko) Version/13.0.3 Mobile/15E148 Safari/604.1"
121.229.156.51 - - [03/Nov/2025:07:21:27 +0000] "GET / HTTP/1.1" 200 62983 "-" "Sogou web spider/4.0(+http://www.sogou.com/docs/help/webmasters.htm#07)"
43.166.224.244 - - [03/Nov/2025:07:30:16 +0000] "GET /?fileloc=/home/matalashes/public_html/hkobf.php&path=/home/matalashes/public_html HTTP/1.1" 200 35733 "-" "Mozilla/5.0 (iPhone; CPU iPhone OS 13_2_3 like Mac OS X) AppleWebKit/605.1.15 (KHTML, like Gecko) Version/13.0.3 Mobile/15E148 Safari/604.1"
43.166.226.57 - - [03/Nov/2025:07:38:48 +0000] "GET /?fileloc=/home/matalashes/public_html/mvpoltde.php&path=/home/matalashes/public_html HTTP/1.1" 200 22367 "-" "Mozilla/5.0 (iPhone; CPU iPhone OS 13_2_3 like Mac OS X) AppleWebKit/605.1.15 (KHTML, like Gecko) Version/13.0.3 Mobile/15E148 Safari/604.1"
43.173.173.24 - - [03/Nov/2025:07:39:02 +0000] "GET /data/lihathowtoorder HTTP/1.1" 200 62983 "-" "Mozilla/5.0 (Windows NT 6.1; Win64; x64) AppleWebKit/537.36 (KHTML, like Gecko) Chrome/126.0.6478.114 Safari/537.36"
74.7.227.179 - - [03/Nov/2025:07:44:53 +0000] "GET /?path=/home/matalashes/public_html/simulasikite.mata-lashes.com/vendor/rector/rector/vendor/tracy/tracy/src/Bridges HTTP/1.1" 200 6570 "-" "Mozilla/5.0 AppleWebKit/537.36 (KHTML, like Gecko; compatible; GPTBot/1.2; +https://openai.com/gptbot)"
74.7.227.179 - - [03/Nov/2025:07:44:59 +0000] "GET /?path=/home/matalashes/public_html/simulasikite.mata-lashes.com/vendor/rector/rector/vendor/tracy/tracy/src/Tracy/Logger HTTP/1.1" 200 8368 "-" "Mozilla/5.0 AppleWebKit/537.36 (KHTML, like Gecko; compatible; GPTBot/1.2; +https://openai.com/gptbot)"
74.7.227.179 - - [03/Nov/2025:07:45:03 +0000] "GET /?path=/home/matalashes/public_html/simulasikite.mata-lashes.com/vendor/rector/rector/vendor/phpstan/phpdoc-parser/src/Ast/Type HTTP/1.1" 200 21391 "-" "Mozilla/5.0 AppleWebKit/537.36 (KHTML, like Gecko; compatible; GPTBot/1.2; +https://openai.com/gptbot)"
74.7.227.179 - - [03/Nov/2025:07:45:08 +0000] "GET /?path=/home/matalashes/public_html/simulasikite.mata-lashes.com/vendor/rector/rector/vendor/symplify/smart-file-system/src/Json HTTP/1.1" 200 5887 "-" "Mozilla/5.0 AppleWebKit/537.36 (KHTML, like Gecko; compatible; GPTBot/1.2; +https://openai.com/gptbot)"
74.7.227.179 - - [03/Nov/2025:07:45:17 +0000] "GET /?path=/home/matalashes/public_html/simulasikite.mata-lashes.com/vendor/rector/rector/vendor/tracy/tracy/src/Bridges/Psr HTTP/1.1" 200 7256 "-" "Mozilla/5.0 AppleWebKit/537.36 (KHTML, like Gecko; compatible; GPTBot/1.2; +https://openai.com/gptbot)"
74.7.227.179 - - [03/Nov/2025:07:45:25 +0000] "GET /?path=/home/matalashes/public_html/simulasikite.mata-lashes.com/vendor/rector/rector/vendor/tracy/tracy/src/Bridges/Nette HTTP/1.1" 200 8412 "-" "Mozilla/5.0 AppleWebKit/537.36 (KHTML, like Gecko; compatible; GPTBot/1.2; +https://openai.com/gptbot)"
43.166.7.113 - - [03/Nov/2025:07:48:42 +0000] "GET /?path=/home/matalashes/public_html/images/images HTTP/1.1" 200 7255 "-" "Mozilla/5.0 (iPhone; CPU iPhone OS 13_2_3 like Mac OS X) AppleWebKit/605.1.15 (KHTML, like Gecko) Version/13.0.3 Mobile/15E148 Safari/604.1"
81.167.26.57 - - [03/Nov/2025:07:56:52 +0000] "GET /robots.txt HTTP/1.1" 200 377 "-" "Mozilla/5.0 (compatible; MJ12bot/v1.4.8; http://mj12bot.com/)"
81.167.26.57 - - [03/Nov/2025:07:56:53 +0000] "GET /?fileloc=/home/matalashes/public_html/bsclxlds.php&path=/home/matalashes/public_html HTTP/1.1" 200 22939 "-" "Mozilla/5.0 (compatible; MJ12bot/v1.4.8; http://mj12bot.com/)"
81.167.26.57 - - [03/Nov/2025:07:56:55 +0000] "GET /?fileloc=/home/matalashes/public_html/bwctehbu.php&path=/home/matalashes/public_html HTTP/1.1" 200 304528 "-" "Mozilla/5.0 (compatible; MJ12bot/v1.4.8; http://mj12bot.com/)"
81.167.26.57 - - [03/Nov/2025:07:56:58 +0000] "GET /?fileloc=/home/matalashes/public_html/click.php&path=/home/matalashes/public_html HTTP/1.1" 200 5194 "-" "Mozilla/5.0 (compatible; MJ12bot/v1.4.8; http://mj12bot.com/)"
81.167.26.57 - - [03/Nov/2025:07:57:00 +0000] "GET /?fileloc=/home/matalashes/public_html/cqdhndry.php&path=/home/matalashes/public_html HTTP/1.1" 200 45800 "-" "Mozilla/5.0 (compatible; MJ12bot/v1.4.8; http://mj12bot.com/)"
81.167.26.57 - - [03/Nov/2025:07:57:02 +0000] "GET /?fileloc=/home/matalashes/public_html/creqwuth.php&path=/home/matalashes/public_html HTTP/1.1" 200 22939 "-" "Mozilla/5.0 (compatible; MJ12bot/v1.4.8; http://mj12bot.com/)"
81.167.26.57 - - [03/Nov/2025:07:57:04 +0000] "GET /?fileloc=/home/matalashes/public_html/eddeggnl.php&path=/home/matalashes/public_html HTTP/1.1" 200 30213 "-" "Mozilla/5.0 (compatible; MJ12bot/v1.4.8; http://mj12bot.com/)"
81.167.26.57 - - [03/Nov/2025:07:57:06 +0000] "GET /?fileloc=/home/matalashes/public_html/eouzvizv.php&path=/home/matalashes/public_html HTTP/1.1" 200 45800 "-" "Mozilla/5.0 (compatible; MJ12bot/v1.4.8; http://mj12bot.com/)"
81.167.26.57 - - [03/Nov/2025:07:57:08 +0000] "GET /?fileloc=/home/matalashes/public_html/error_log&path=/home/matalashes/public_html HTTP/1.1" 200 4213 "-" "Mozilla/5.0 (compatible; MJ12bot/v1.4.8; http://mj12bot.com/)"
81.167.26.57 - - [03/Nov/2025:07:57:10 +0000] "GET /?fileloc=/home/matalashes/public_html/hkobf.php&path=/home/matalashes/public_html HTTP/1.1" 200 35733 "-" "Mozilla/5.0 (compatible; MJ12bot/v1.4.8; http://mj12bot.com/)"
81.167.26.57 - - [03/Nov/2025:07:57:12 +0000] "GET /?fileloc=/home/matalashes/public_html/hrtofjtq.php&path=/home/matalashes/public_html HTTP/1.1" 200 304599 "-" "Mozilla/5.0 (compatible; MJ12bot/v1.4.8; http://mj12bot.com/)"
81.167.26.57 - - [03/Nov/2025:07:57:15 +0000] "GET /?fileloc=/home/matalashes/public_html/index.php&path=/home/matalashes/public_html HTTP/1.1" 200 26840 "-" "Mozilla/5.0 (compatible; MJ12bot/v1.4.8; http://mj12bot.com/)"
81.167.26.57 - - [03/Nov/2025:07:57:17 +0000] "GET /?fileloc=/home/matalashes/public_html/index.php0&path=/home/matalashes/public_html HTTP/1.1" 200 26841 "-" "Mozilla/5.0 (compatible; MJ12bot/v1.4.8; http://mj12bot.com/)"
81.167.26.57 - - [03/Nov/2025:07:57:19 +0000] "GET /?fileloc=/home/matalashes/public_html/iqidbams.php&path=/home/matalashes/public_html HTTP/1.1" 200 22367 "-" "Mozilla/5.0 (compatible; MJ12bot/v1.4.8; http://mj12bot.com/)"
81.167.26.57 - - [03/Nov/2025:07:57:21 +0000] "GET /?fileloc=/home/matalashes/public_html/izvzfioq.php&path=/home/matalashes/public_html HTTP/1.1" 200 75814 "-" "Mozilla/5.0 (compatible; MJ12bot/v1.4.8; http://mj12bot.com/)"
81.167.26.57 - - [03/Nov/2025:07:57:23 +0000] "GET /?fileloc=/home/matalashes/public_html/kqlmwyjr.php&path=/home/matalashes/public_html HTTP/1.1" 200 304599 "-" "Mozilla/5.0 (compatible; MJ12bot/v1.4.8; http://mj12bot.com/)"
81.167.26.57 - - [03/Nov/2025:07:57:26 +0000] "GET /?fileloc=/home/matalashes/public_html/kzgdvwfo.php&path=/home/matalashes/public_html HTTP/1.1" 200 45800 "-" "Mozilla/5.0 (compatible; MJ12bot/v1.4.8; http://mj12bot.com/)"
81.167.26.57 - - [03/Nov/2025:07:57:28 +0000] "GET /?fileloc=/home/matalashes/public_html/license.txt&path=/home/matalashes/public_html HTTP/1.1" 200 23335 "-" "Mozilla/5.0 (compatible; MJ12bot/v1.4.8; http://mj12bot.com/)"
81.167.26.57 - - [03/Nov/2025:07:57:30 +0000] "GET /?fileloc=/home/matalashes/public_html/mhczf.php&path=/home/matalashes/public_html HTTP/1.1" 200 35733 "-" "Mozilla/5.0 (compatible; MJ12bot/v1.4.8; http://mj12bot.com/)"
81.167.26.57 - - [03/Nov/2025:07:57:32 +0000] "GET /?fileloc=/home/matalashes/public_html/mvkwsdhq.php&path=/home/matalashes/public_html HTTP/1.1" 200 75814 "-" "Mozilla/5.0 (compatible; MJ12bot/v1.4.8; http://mj12bot.com/)"
74.7.227.179 - - [03/Nov/2025:07:57:33 +0000] "GET /?path=/home/matalashes/public_html/simulasikite.mata-lashes.com/vendor/phpoffice/phpspreadsheet/src/PhpSpreadsheet/Shared/Escher HTTP/1.1" 200 9217 "-" "Mozilla/5.0 AppleWebKit/537.36 (KHTML, like Gecko; compatible; GPTBot/1.2; +https://openai.com/gptbot)"
81.167.26.57 - - [03/Nov/2025:07:57:34 +0000] "GET /?fileloc=/home/matalashes/public_html/mvpoltde.php&path=/home/matalashes/public_html HTTP/1.1" 200 22367 "-" "Mozilla/5.0 (compatible; MJ12bot/v1.4.8; http://mj12bot.com/)"
81.167.26.57 - - [03/Nov/2025:07:57:36 +0000] "GET /?fileloc=/home/matalashes/public_html/naaahjzm.php&path=/home/matalashes/public_html HTTP/1.1" 200 30213 "-" "Mozilla/5.0 (compatible; MJ12bot/v1.4.8; http://mj12bot.com/)"
81.167.26.57 - - [03/Nov/2025:07:57:38 +0000] "GET /?fileloc=/home/matalashes/public_html/nbiuqrsq.php&path=/home/matalashes/public_html HTTP/1.1" 200 30213 "-" "Mozilla/5.0 (compatible; MJ12bot/v1.4.8; http://mj12bot.com/)"
81.167.26.57 - - [03/Nov/2025:07:57:41 +0000] "GET /?fileloc=/home/matalashes/public_html/oswkk.php&path=/home/matalashes/public_html HTTP/1.1" 200 35733 "-" "Mozilla/5.0 (compatible; MJ12bot/v1.4.8; http://mj12bot.com/)"
74.7.227.179 - - [03/Nov/2025:07:57:41 +0000] "GET /?path=/home/matalashes/public_html/simulasikite.mata-lashes.com/vendor/doctrine/instantiator/src/Doctrine/Instantiator/Exception HTTP/1.1" 200 8440 "-" "Mozilla/5.0 AppleWebKit/537.36 (KHTML, like Gecko; compatible; GPTBot/1.2; +https://openai.com/gptbot)"
81.167.26.57 - - [03/Nov/2025:07:57:43 +0000] "GET /?fileloc=/home/matalashes/public_html/pages.php&path=/home/matalashes/public_html HTTP/1.1" 200 4922 "-" "Mozilla/5.0 (compatible; MJ12bot/v1.4.8; http://mj12bot.com/)"
81.167.26.57 - - [03/Nov/2025:07:57:45 +0000] "GET /?fileloc=/home/matalashes/public_html/robots.txt&path=/home/matalashes/public_html HTTP/1.1" 200 3629 "-" "Mozilla/5.0 (compatible; MJ12bot/v1.4.8; http://mj12bot.com/)"
81.167.26.57 - - [03/Nov/2025:07:57:47 +0000] "GET /?fileloc=/home/matalashes/public_html/trnswwwd.php&path=/home/matalashes/public_html HTTP/1.1" 200 22939 "-" "Mozilla/5.0 (compatible; MJ12bot/v1.4.8; http://mj12bot.com/)"
81.167.26.57 - - [03/Nov/2025:07:57:49 +0000] "GET /?fileloc=/home/matalashes/public_html/ttvdrnmz.php&path=/home/matalashes/public_html HTTP/1.1" 200 22367 "-" "Mozilla/5.0 (compatible; MJ12bot/v1.4.8; http://mj12bot.com/)"
81.167.26.57 - - [03/Nov/2025:07:57:51 +0000] "GET /?fileloc=/home/matalashes/public_html/ulfdlijs.php&path=/home/matalashes/public_html HTTP/1.1" 200 30213 "-" "Mozilla/5.0 (compatible; MJ12bot/v1.4.8; http://mj12bot.com/)"
81.167.26.57 - - [03/Nov/2025:07:57:53 +0000] "GET /?fileloc=/home/matalashes/public_html/uulginsw.php&path=/home/matalashes/public_html HTTP/1.1" 200 75814 "-" "Mozilla/5.0 (compatible; MJ12bot/v1.4.8; http://mj12bot.com/)"
74.7.227.179 - - [03/Nov/2025:07:57:54 +0000] "GET /?fileloc=//scripts/checklink&path=//scripts HTTP/1.1" 200 4650 "-" "Mozilla/5.0 AppleWebKit/537.36 (KHTML, like Gecko; compatible; GPTBot/1.2; +https://openai.com/gptbot)"
81.167.26.57 - - [03/Nov/2025:07:57:55 +0000] "GET /?fileloc=/home/matalashes/public_html/wp-settings.php&path=/home/matalashes/public_html HTTP/1.1" 200 36732 "-" "Mozilla/5.0 (compatible; MJ12bot/v1.4.8; http://mj12bot.com/)"
81.167.26.57 - - [03/Nov/2025:07:57:57 +0000] "GET /?fileloc=/home/matalashes/public_html/wp-trackback.php&path=/home/matalashes/public_html HTTP/1.1" 200 9256 "-" "Mozilla/5.0 (compatible; MJ12bot/v1.4.8; http://mj12bot.com/)"
81.167.26.57 - - [03/Nov/2025:07:57:59 +0000] "GET /?fileloc=/home/matalashes/public_html/xdwajogq.php&path=/home/matalashes/public_html HTTP/1.1" 200 304599 "-" "Mozilla/5.0 (compatible; MJ12bot/v1.4.8; http://mj12bot.com/)"
74.7.227.179 - - [03/Nov/2025:07:58:00 +0000] "GET /?fileloc=//scripts/ptycheck&path=//scripts HTTP/1.1" 200 3917 "-" "Mozilla/5.0 AppleWebKit/537.36 (KHTML, like Gecko; compatible; GPTBot/1.2; +https://openai.com/gptbot)"
81.167.26.57 - - [03/Nov/2025:07:58:02 +0000] "GET /?fileloc=/home/matalashes/public_html/yrnyx.php&path=/home/matalashes/public_html HTTP/1.1" 200 35733 "-" "Mozilla/5.0 (compatible; MJ12bot/v1.4.8; http://mj12bot.com/)"
81.167.26.57 - - [03/Nov/2025:07:58:04 +0000] "GET /?fileloc=/home/matalashes/public_html/zlhizonh.php&path=/home/matalashes/public_html HTTP/1.1" 200 45800 "-" "Mozilla/5.0 (compatible; MJ12bot/v1.4.8; http://mj12bot.com/)"
81.167.26.57 - - [03/Nov/2025:07:58:06 +0000] "GET /?path=/ HTTP/1.1" 200 21732 "-" "Mozilla/5.0 (compatible; MJ12bot/v1.4.8; http://mj12bot.com/)"
81.167.26.57 - - [03/Nov/2025:07:58:08 +0000] "GET /?path=/home HTTP/1.1" 200 3416 "-" "Mozilla/5.0 (compatible; MJ12bot/v1.4.8; http://mj12bot.com/)"
74.7.227.179 - - [03/Nov/2025:07:58:09 +0000] "GET /?fileloc=/home/matalashes/public_html/simulasikite.mata-lashes.com/vendor/doctrine/instantiator/src/Doctrine/Instantiator/Exception/UnexpectedValueException.php&path=/home/matalashes/public_html/simulasikite.mata-lashes.com/vendor/doctrine/instantiator/src/Doctrine/Instantiator/Exception HTTP/1.1" 200 6077 "-" "Mozilla/5.0 AppleWebKit/537.36 (KHTML, like Gecko; compatible; GPTBot/1.2; +https://openai.com/gptbot)"
81.167.26.57 - - [03/Nov/2025:07:58:10 +0000] "GET /?path=/home/matalashes HTTP/1.1" 200 29474 "-" "Mozilla/5.0 (compatible; MJ12bot/v1.4.8; http://mj12bot.com/)"
74.7.227.179 - - [03/Nov/2025:07:58:11 +0000] "GET /?fileloc=//scripts/xfertool&path=//scripts HTTP/1.1" 200 21450 "-" "Mozilla/5.0 AppleWebKit/537.36 (KHTML, like Gecko; compatible; GPTBot/1.2; +https://openai.com/gptbot)"
81.167.26.57 - - [03/Nov/2025:07:58:12 +0000] "GET /?path=/home/matalashes/public_html HTTP/1.1" 200 62983 "-" "Mozilla/5.0 (compatible; MJ12bot/v1.4.8; http://mj12bot.com/)"
81.167.26.57 - - [03/Nov/2025:07:58:14 +0000] "GET /?path=/home/matalashes/public_html/.tmb HTTP/1.1" 200 3586 "-" "Mozilla/5.0 (compatible; MJ12bot/v1.4.8; http://mj12bot.com/)"
74.7.227.179 - - [03/Nov/2025:07:58:15 +0000] "GET /?fileloc=//scripts/ftpupdate&path=//scripts HTTP/1.1" 200 3401 "-" "Mozilla/5.0 AppleWebKit/537.36 (KHTML, like Gecko; compatible; GPTBot/1.2; +https://openai.com/gptbot)"
81.167.26.57 - - [03/Nov/2025:07:58:16 +0000] "GET /?path=/home/matalashes/public_html/.well-known HTTP/1.1" 200 6179 "-" "Mozilla/5.0 (compatible; MJ12bot/v1.4.8; http://mj12bot.com/)"
81.167.26.57 - - [03/Nov/2025:07:58:18 +0000] "GET /?path=/home/matalashes/public_html/8de22 HTTP/1.1" 200 4455 "-" "Mozilla/5.0 (compatible; MJ12bot/v1.4.8; http://mj12bot.com/)"
81.167.26.57 - - [03/Nov/2025:07:58:20 +0000] "GET /?path=/home/matalashes/public_html/b18fd0 HTTP/1.1" 200 4491 "-" "Mozilla/5.0 (compatible; MJ12bot/v1.4.8; http://mj12bot.com/)"
81.167.26.57 - - [03/Nov/2025:07:58:22 +0000] "GET /?path=/home/matalashes/public_html/simulasikite.mata-lashes.com HTTP/1.1" 200 68396 "-" "Mozilla/5.0 (compatible; MJ12bot/v1.4.8; http://mj12bot.com/)"
74.7.227.179 - - [03/Nov/2025:07:58:23 +0000] "GET /?fileloc=//scripts/pkgacct&path=//scripts HTTP/1.1" 200 104614 "-" "Mozilla/5.0 AppleWebKit/537.36 (KHTML, like Gecko; compatible; GPTBot/1.2; +https://openai.com/gptbot)"
81.167.26.57 - - [03/Nov/2025:07:58:24 +0000] "GET /?path=/home/matalashes/public_html/wp-admin HTTP/1.1" 200 112293 "-" "Mozilla/5.0 (compatible; MJ12bot/v1.4.8; http://mj12bot.com/)"
81.167.26.57 - - [03/Nov/2025:07:58:26 +0000] "GET /?path=/home/matalashes/public_html/wp-includes HTTP/1.1" 200 283137 "-" "Mozilla/5.0 (compatible; MJ12bot/v1.4.8; http://mj12bot.com/)"
81.167.26.57 - - [03/Nov/2025:07:58:28 +0000] "GET /robots.txt HTTP/1.1" 200 377 "-" "Mozilla/5.0 (compatible; MJ12bot/v1.4.8; http://mj12bot.com/)"
81.167.26.57 - - [03/Nov/2025:07:58:30 +0000] "GET /?fileloc=/home/matalashes/public_html/.htaccess&path=/home/matalashes/public_html HTTP/1.1" 200 3462 "-" "Mozilla/5.0 (compatible; MJ12bot/v1.4.8; http://mj12bot.com/)"
74.7.227.179 - - [03/Nov/2025:07:58:30 +0000] "GET /?fileloc=//scripts/perlmods&path=//scripts HTTP/1.1" 200 4447 "-" "Mozilla/5.0 AppleWebKit/537.36 (KHTML, like Gecko; compatible; GPTBot/1.2; +https://openai.com/gptbot)"
81.167.26.57 - - [03/Nov/2025:07:58:32 +0000] "GET /?fileloc=/home/matalashes/public_html/bibjdlkk.php&path=/home/matalashes/public_html HTTP/1.1" 200 30213 "-" "Mozilla/5.0 (compatible; MJ12bot/v1.4.8; http://mj12bot.com/)"
74.7.227.179 - - [03/Nov/2025:07:58:33 +0000] "GET /?fileloc=//scripts/securetmp&path=//scripts HTTP/1.1" 200 21758 "-" "Mozilla/5.0 AppleWebKit/537.36 (KHTML, like Gecko; compatible; GPTBot/1.2; +https://openai.com/gptbot)"
81.167.26.57 - - [03/Nov/2025:07:58:34 +0000] "GET /?fileloc=/home/matalashes/public_html/bsclxlds.php&path=/home/matalashes/public_html HTTP/1.1" 200 22939 "-" "Mozilla/5.0 (compatible; MJ12bot/v1.4.8; http://mj12bot.com/)"
81.167.26.57 - - [03/Nov/2025:07:58:36 +0000] "GET /?fileloc=/home/matalashes/public_html/bwctehbu.php&path=/home/matalashes/public_html HTTP/1.1" 200 304528 "-" "Mozilla/5.0 (compatible; MJ12bot/v1.4.8; http://mj12bot.com/)"
74.7.227.179 - - [03/Nov/2025:07:58:38 +0000] "GET /?fileloc=//scripts/hackcheck&path=//scripts HTTP/1.1" 200 6698 "-" "Mozilla/5.0 AppleWebKit/537.36 (KHTML, like Gecko; compatible; GPTBot/1.2; +https://openai.com/gptbot)"
81.167.26.57 - - [03/Nov/2025:07:58:38 +0000] "GET /?fileloc=/home/matalashes/public_html/click.php&path=/home/matalashes/public_html HTTP/1.1" 200 5194 "-" "Mozilla/5.0 (compatible; MJ12bot/v1.4.8; http://mj12bot.com/)"
