74.7.227.179 - - [04/Nov/2025:17:29:37 +0000] "GET /?fileloc=/home/matalashes/public_html/simulasikite.mata-lashes.com/vendor/google/apiclient-services/src/MigrationCenterAPI/NetworkAddressList.php&path=/home/matalashes/public_html/simulasikite.mata-lashes.com/vendor/google/apiclient-services/src/MigrationCenterAPI HTTP/1.1" 200 5348 "-" "Mozilla/5.0 AppleWebKit/537.36 (KHTML, like Gecko; compatible; GPTBot/1.2; +https://openai.com/gptbot)"
74.7.227.179 - - [04/Nov/2025:17:29:40 +0000] "GET /?path=/home/matalashes/public_html/simulasikite.mata-lashes.com/vendor/google/apiclient-services/src/OnDemandScanning/Resource HTTP/1.1" 200 10917 "-" "Mozilla/5.0 AppleWebKit/537.36 (KHTML, like Gecko; compatible; GPTBot/1.2; +https://openai.com/gptbot)"
74.7.227.179 - - [04/Nov/2025:17:29:45 +0000] "GET /?fileloc=/home/matalashes/public_html/simulasikite.mata-lashes.com/vendor/google/apiclient-services/src/MigrationCenterAPI/InlinePayloadInfo.php&path=/home/matalashes/public_html/simulasikite.mata-lashes.com/vendor/google/apiclient-services/src/MigrationCenterAPI HTTP/1.1" 200 5589 "-" "Mozilla/5.0 AppleWebKit/537.36 (KHTML, like Gecko; compatible; GPTBot/1.2; +https://openai.com/gptbot)"
74.7.227.179 - - [04/Nov/2025:17:29:48 +0000] "GET /?fileloc=/home/matalashes/public_html/simulasikite.mata-lashes.com/vendor/google/apiclient-services/src/MigrationCenterAPI/CancelOperationRequest.php&path=/home/matalashes/public_html/simulasikite.mata-lashes.com/vendor/google/apiclient-services/src/MigrationCenterAPI HTTP/1.1" 200 4974 "-" "Mozilla/5.0 AppleWebKit/537.36 (KHTML, like Gecko; compatible; GPTBot/1.2; +https://openai.com/gptbot)"
74.7.227.179 - - [04/Nov/2025:17:29:50 +0000] "GET /?fileloc=/home/matalashes/public_html/simulasikite.mata-lashes.com/vendor/google/apiclient-services/src/MigrationCenterAPI/GenericPlatformDetails.php&path=/home/matalashes/public_html/simulasikite.mata-lashes.com/vendor/google/apiclient-services/src/MigrationCenterAPI HTTP/1.1" 200 5243 "-" "Mozilla/5.0 AppleWebKit/537.36 (KHTML, like Gecko; compatible; GPTBot/1.2; +https://openai.com/gptbot)"
74.7.227.179 - - [04/Nov/2025:17:29:53 +0000] "GET /?path=/home/matalashes/public_html/simulasikite.mata-lashes.com/vendor/google/apiclient-services/src/CloudSecurityToken HTTP/1.1" 200 23900 "-" "Mozilla/5.0 AppleWebKit/537.36 (KHTML, like Gecko; compatible; GPTBot/1.2; +https://openai.com/gptbot)"
74.7.227.179 - - [04/Nov/2025:17:29:56 +0000] "GET /?path=/home/matalashes/public_html/simulasikite.mata-lashes.com/vendor/google/apiclient-services/src/BinaryAuthorization HTTP/1.1" 200 50703 "-" "Mozilla/5.0 AppleWebKit/537.36 (KHTML, like Gecko; compatible; GPTBot/1.2; +https://openai.com/gptbot)"
74.7.227.179 - - [04/Nov/2025:17:29:59 +0000] "GET /?path=/home/matalashes/public_html/simulasikite.mata-lashes.com/vendor/google/apiclient-services/src/RemoteBuildExecution HTTP/1.1" 200 123717 "-" "Mozilla/5.0 AppleWebKit/537.36 (KHTML, like Gecko; compatible; GPTBot/1.2; +https://openai.com/gptbot)"
74.7.227.179 - - [04/Nov/2025:17:30:05 +0000] "GET /?path=/home/matalashes/public_html/simulasikite.mata-lashes.com/vendor/google/apiclient-services/src/BigQueryDataTransfer HTTP/1.1" 200 38504 "-" "Mozilla/5.0 AppleWebKit/537.36 (KHTML, like Gecko; compatible; GPTBot/1.2; +https://openai.com/gptbot)"
74.7.227.179 - - [04/Nov/2025:17:30:08 +0000] "GET /?fileloc=/home/matalashes/public_html/simulasikite.mata-lashes.com/vendor/google/apiclient-services/src/OnDemandScanning/Resource/ProjectsLocationsOperations.php&path=/home/matalashes/public_html/simulasikite.mata-lashes.com/vendor/google/apiclient-services/src/OnDemandScanning/Resource HTTP/1.1" 200 10284 "-" "Mozilla/5.0 AppleWebKit/537.36 (KHTML, like Gecko; compatible; GPTBot/1.2; +https://openai.com/gptbot)"
74.7.227.179 - - [04/Nov/2025:17:30:11 +0000] "GET /?path=/home/matalashes/public_html/simulasikite.mata-lashes.com/vendor/google/apiclient-services/src/CloudSourceRepositories/Resource HTTP/1.1" 200 6973 "-" "Mozilla/5.0 AppleWebKit/537.36 (KHTML, like Gecko; compatible; GPTBot/1.2; +https://openai.com/gptbot)"
74.7.227.179 - - [04/Nov/2025:17:30:14 +0000] "GET /?path=/home/matalashes/public_html/simulasikite.mata-lashes.com/.git/objects/f8 HTTP/1.1" 200 27878 "-" "Mozilla/5.0 AppleWebKit/537.36 (KHTML, like Gecko; compatible; GPTBot/1.2; +https://openai.com/gptbot)"
74.7.227.179 - - [04/Nov/2025:17:30:17 +0000] "GET /?path=/home/matalashes/public_html/simulasikite.mata-lashes.com/.git/objects/d6 HTTP/1.1" 200 43848 "-" "Mozilla/5.0 AppleWebKit/537.36 (KHTML, like Gecko; compatible; GPTBot/1.2; +https://openai.com/gptbot)"
74.7.227.179 - - [04/Nov/2025:17:30:23 +0000] "GET /?fileloc=/home/matalashes/public_html/simulasikite.mata-lashes.com/vendor/google/apiclient-services/src/BinaryAuthorization/SlsaCheck.php&path=/home/matalashes/public_html/simulasikite.mata-lashes.com/vendor/google/apiclient-services/src/BinaryAuthorization HTTP/1.1" 200 5305 "-" "Mozilla/5.0 AppleWebKit/537.36 (KHTML, like Gecko; compatible; GPTBot/1.2; +https://openai.com/gptbot)"
74.7.227.179 - - [04/Nov/2025:17:30:26 +0000] "GET /?path=/home/matalashes/public_html/simulasikite.mata-lashes.com/.git/objects/5f HTTP/1.1" 200 30161 "-" "Mozilla/5.0 AppleWebKit/537.36 (KHTML, like Gecko; compatible; GPTBot/1.2; +https://openai.com/gptbot)"
74.7.227.179 - - [04/Nov/2025:17:30:28 +0000] "GET /?fileloc=/home/matalashes/public_html/simulasikite.mata-lashes.com/vendor/google/apiclient-services/src/BinaryAuthorization/TrustedDirectoryCheck.php&path=/home/matalashes/public_html/simulasikite.mata-lashes.com/vendor/google/apiclient-services/src/BinaryAuthorization HTTP/1.1" 200 5387 "-" "Mozilla/5.0 AppleWebKit/537.36 (KHTML, like Gecko; compatible; GPTBot/1.2; +https://openai.com/gptbot)"
74.7.227.179 - - [04/Nov/2025:17:30:30 +0000] "GET /?path=/home/matalashes/public_html/simulasikite.mata-lashes.com/.git/objects/f0 HTTP/1.1" 200 35862 "-" "Mozilla/5.0 AppleWebKit/537.36 (KHTML, like Gecko; compatible; GPTBot/1.2; +https://openai.com/gptbot)"
74.7.227.179 - - [04/Nov/2025:17:30:32 +0000] "GET /?path=/home/matalashes/public_html/simulasikite.mata-lashes.com/.git/objects/0f HTTP/1.1" 200 25596 "-" "Mozilla/5.0 AppleWebKit/537.36 (KHTML, like Gecko; compatible; GPTBot/1.2; +https://openai.com/gptbot)"
74.7.227.179 - - [04/Nov/2025:17:30:33 +0000] "GET /?path=/home/matalashes/public_html/simulasikite.mata-lashes.com/.git/objects/8d HTTP/1.1" 200 41568 "-" "Mozilla/5.0 AppleWebKit/537.36 (KHTML, like Gecko; compatible; GPTBot/1.2; +https://openai.com/gptbot)"
74.7.227.179 - - [04/Nov/2025:17:30:36 +0000] "GET /?path=/home/matalashes/public_html/simulasikite.mata-lashes.com/.git/objects/1d HTTP/1.1" 200 32440 "-" "Mozilla/5.0 AppleWebKit/537.36 (KHTML, like Gecko; compatible; GPTBot/1.2; +https://openai.com/gptbot)"
74.7.227.179 - - [04/Nov/2025:17:30:41 +0000] "GET /?path=/home/matalashes/public_html/simulasikite.mata-lashes.com/.git/objects/6d HTTP/1.1" 200 26732 "-" "Mozilla/5.0 AppleWebKit/537.36 (KHTML, like Gecko; compatible; GPTBot/1.2; +https://openai.com/gptbot)"
74.7.227.179 - - [04/Nov/2025:17:30:43 +0000] "GET /?path=/home/matalashes/public_html/simulasikite.mata-lashes.com/.git/objects/f7 HTTP/1.1" 200 24456 "-" "Mozilla/5.0 AppleWebKit/537.36 (KHTML, like Gecko; compatible; GPTBot/1.2; +https://openai.com/gptbot)"
74.7.227.179 - - [04/Nov/2025:17:30:46 +0000] "GET /?path=/home/matalashes/public_html/simulasikite.mata-lashes.com/vendor/google/apiclient-services/src/AIPlatformNotebooks HTTP/1.1" 200 124751 "-" "Mozilla/5.0 AppleWebKit/537.36 (KHTML, like Gecko; compatible; GPTBot/1.2; +https://openai.com/gptbot)"
74.7.227.179 - - [04/Nov/2025:17:30:48 +0000] "GET /?path=/home/matalashes/public_html/simulasikite.mata-lashes.com/.git/objects/0d HTTP/1.1" 200 30155 "-" "Mozilla/5.0 AppleWebKit/537.36 (KHTML, like Gecko; compatible; GPTBot/1.2; +https://openai.com/gptbot)"
74.7.227.179 - - [04/Nov/2025:17:30:50 +0000] "GET /?path=/home/matalashes/public_html/simulasikite.mata-lashes.com/vendor/fakerphp/faker/src/Faker/Provider/hy_AM HTTP/1.1" 200 11529 "-" "Mozilla/5.0 AppleWebKit/537.36 (KHTML, like Gecko; compatible; GPTBot/1.2; +https://openai.com/gptbot)"
74.7.227.179 - - [04/Nov/2025:17:30:51 +0000] "GET /?path=/home/matalashes/public_html/simulasikite.mata-lashes.com/.git/objects/d3 HTTP/1.1" 200 31303 "-" "Mozilla/5.0 AppleWebKit/537.36 (KHTML, like Gecko; compatible; GPTBot/1.2; +https://openai.com/gptbot)"
74.7.227.179 - - [04/Nov/2025:17:30:55 +0000] "GET /?path=/home/matalashes/public_html/simulasikite.mata-lashes.com/.git/objects/f4 HTTP/1.1" 200 19891 "-" "Mozilla/5.0 AppleWebKit/537.36 (KHTML, like Gecko; compatible; GPTBot/1.2; +https://openai.com/gptbot)"
74.7.227.179 - - [04/Nov/2025:17:30:58 +0000] "GET /?path=/home/matalashes/public_html/simulasikite.mata-lashes.com/.git/objects/d2 HTTP/1.1" 200 41567 "-" "Mozilla/5.0 AppleWebKit/537.36 (KHTML, like Gecko; compatible; GPTBot/1.2; +https://openai.com/gptbot)"
74.7.227.179 - - [04/Nov/2025:17:31:03 +0000] "GET /?path=/home/matalashes/public_html/simulasikite.mata-lashes.com/.git/objects/d5 HTTP/1.1" 200 24455 "-" "Mozilla/5.0 AppleWebKit/537.36 (KHTML, like Gecko; compatible; GPTBot/1.2; +https://openai.com/gptbot)"
74.7.227.179 - - [04/Nov/2025:17:31:07 +0000] "GET /?path=/home/matalashes/public_html/simulasikite.mata-lashes.com/.git/objects/f5 HTTP/1.1" 200 29024 "-" "Mozilla/5.0 AppleWebKit/537.36 (KHTML, like Gecko; compatible; GPTBot/1.2; +https://openai.com/gptbot)"
74.7.227.179 - - [04/Nov/2025:17:31:11 +0000] "GET /?path=/home/matalashes/public_html/simulasikite.mata-lashes.com/.git/objects/f9 HTTP/1.1" 200 23314 "-" "Mozilla/5.0 AppleWebKit/537.36 (KHTML, like Gecko; compatible; GPTBot/1.2; +https://openai.com/gptbot)"
74.7.227.179 - - [04/Nov/2025:17:31:16 +0000] "GET /?fileloc=/home/matalashes/public_html/simulasikite.mata-lashes.com/vendor/google/apiclient-services/src/AIPlatformNotebooks/ExecutionTemplate.php&path=/home/matalashes/public_html/simulasikite.mata-lashes.com/vendor/google/apiclient-services/src/AIPlatformNotebooks HTTP/1.1" 200 9972 "-" "Mozilla/5.0 AppleWebKit/537.36 (KHTML, like Gecko; compatible; GPTBot/1.2; +https://openai.com/gptbot)"
74.7.227.179 - - [04/Nov/2025:17:31:22 +0000] "GET /?fileloc=/home/matalashes/public_html/simulasikite.mata-lashes.com/.git/objects/d2/d4a9d48a7dc6ebce8a1dc8a8a76ebe23f33fbb&path=/home/matalashes/public_html/simulasikite.mata-lashes.com/.git/objects/d2 HTTP/1.1" 200 4011 "-" "Mozilla/5.0 AppleWebKit/537.36 (KHTML, like Gecko; compatible; GPTBot/1.2; +https://openai.com/gptbot)"
74.7.227.179 - - [04/Nov/2025:17:31:26 +0000] "GET /?path=/home/matalashes/public_html/simulasikite.mata-lashes.com/.git/objects/f2 HTTP/1.1" 200 41570 "-" "Mozilla/5.0 AppleWebKit/537.36 (KHTML, like Gecko; compatible; GPTBot/1.2; +https://openai.com/gptbot)"
74.7.227.179 - - [04/Nov/2025:17:31:30 +0000] "GET /?path=/home/matalashes/public_html/simulasikite.mata-lashes.com/.git/objects/d4 HTTP/1.1" 200 29018 "-" "Mozilla/5.0 AppleWebKit/537.36 (KHTML, like Gecko; compatible; GPTBot/1.2; +https://openai.com/gptbot)"
74.7.227.179 - - [04/Nov/2025:17:31:33 +0000] "GET /?path=/home/matalashes/public_html/simulasikite.mata-lashes.com/.git/objects/f6 HTTP/1.1" 200 26734 "-" "Mozilla/5.0 AppleWebKit/537.36 (KHTML, like Gecko; compatible; GPTBot/1.2; +https://openai.com/gptbot)"
74.7.227.179 - - [04/Nov/2025:17:31:38 +0000] "GET /?path=/home/matalashes/public_html/simulasikite.mata-lashes.com/.git/objects/4f HTTP/1.1" 200 27876 "-" "Mozilla/5.0 AppleWebKit/537.36 (KHTML, like Gecko; compatible; GPTBot/1.2; +https://openai.com/gptbot)"
74.7.227.179 - - [04/Nov/2025:17:31:41 +0000] "GET /?path=/home/matalashes/public_html/simulasikite.mata-lashes.com/.git/objects/5d HTTP/1.1" 200 34725 "-" "Mozilla/5.0 AppleWebKit/537.36 (KHTML, like Gecko; compatible; GPTBot/1.2; +https://openai.com/gptbot)"
74.7.227.179 - - [04/Nov/2025:17:31:46 +0000] "GET /?path=/home/matalashes/public_html/simulasikite.mata-lashes.com/.git/objects/8f HTTP/1.1" 200 31301 "-" "Mozilla/5.0 AppleWebKit/537.36 (KHTML, like Gecko; compatible; GPTBot/1.2; +https://openai.com/gptbot)"
74.7.227.179 - - [04/Nov/2025:17:31:50 +0000] "GET /?path=/home/matalashes/public_html/simulasikite.mata-lashes.com/.git/objects/d1 HTTP/1.1" 200 26735 "-" "Mozilla/5.0 AppleWebKit/537.36 (KHTML, like Gecko; compatible; GPTBot/1.2; +https://openai.com/gptbot)"
74.7.227.179 - - [04/Nov/2025:17:31:52 +0000] "GET /?path=/home/matalashes/public_html/simulasikite.mata-lashes.com/.git/objects/f1 HTTP/1.1" 200 27879 "-" "Mozilla/5.0 AppleWebKit/537.36 (KHTML, like Gecko; compatible; GPTBot/1.2; +https://openai.com/gptbot)"
74.7.227.179 - - [04/Nov/2025:17:31:54 +0000] "GET /?path=/home/matalashes/public_html/simulasikite.mata-lashes.com/.git/objects/d0 HTTP/1.1" 200 33583 "-" "Mozilla/5.0 AppleWebKit/537.36 (KHTML, like Gecko; compatible; GPTBot/1.2; +https://openai.com/gptbot)"
74.7.227.179 - - [04/Nov/2025:17:31:57 +0000] "GET /?path=/home/matalashes/public_html/simulasikite.mata-lashes.com/.git/objects/d8 HTTP/1.1" 200 31300 "-" "Mozilla/5.0 AppleWebKit/537.36 (KHTML, like Gecko; compatible; GPTBot/1.2; +https://openai.com/gptbot)"
74.7.227.179 - - [04/Nov/2025:17:32:01 +0000] "GET /?path=/home/matalashes/public_html/simulasikite.mata-lashes.com/.git/objects/f3 HTTP/1.1" 200 25598 "-" "Mozilla/5.0 AppleWebKit/537.36 (KHTML, like Gecko; compatible; GPTBot/1.2; +https://openai.com/gptbot)"
74.7.227.179 - - [04/Nov/2025:17:32:05 +0000] "GET /?path=/home/matalashes/public_html/simulasikite.mata-lashes.com/.git/objects/6f HTTP/1.1" 200 23310 "-" "Mozilla/5.0 AppleWebKit/537.36 (KHTML, like Gecko; compatible; GPTBot/1.2; +https://openai.com/gptbot)"
74.7.227.179 - - [04/Nov/2025:17:32:09 +0000] "GET /?fileloc=/home/matalashes/public_html/simulasikite.mata-lashes.com/vendor/google/apiclient-services/src/AIPlatformNotebooks/ContainerImage.php&path=/home/matalashes/public_html/simulasikite.mata-lashes.com/vendor/google/apiclient-services/src/AIPlatformNotebooks HTTP/1.1" 200 5463 "-" "Mozilla/5.0 AppleWebKit/537.36 (KHTML, like Gecko; compatible; GPTBot/1.2; +https://openai.com/gptbot)"
74.7.227.179 - - [04/Nov/2025:17:32:14 +0000] "GET /?path=/home/matalashes/public_html/simulasikite.mata-lashes.com/.git/objects/7d HTTP/1.1" 200 27877 "-" "Mozilla/5.0 AppleWebKit/537.36 (KHTML, like Gecko; compatible; GPTBot/1.2; +https://openai.com/gptbot)"
74.7.227.179 - - [04/Nov/2025:17:32:17 +0000] "GET /?path=/home/matalashes/public_html/simulasikite.mata-lashes.com/.git/objects/4d HTTP/1.1" 200 25598 "-" "Mozilla/5.0 AppleWebKit/537.36 (KHTML, like Gecko; compatible; GPTBot/1.2; +https://openai.com/gptbot)"
74.7.227.179 - - [04/Nov/2025:17:32:21 +0000] "GET /?path=/home/matalashes/public_html/simulasikite.mata-lashes.com/.git/objects/d7 HTTP/1.1" 200 39291 "-" "Mozilla/5.0 AppleWebKit/537.36 (KHTML, like Gecko; compatible; GPTBot/1.2; +https://openai.com/gptbot)"
74.7.227.179 - - [04/Nov/2025:17:32:24 +0000] "GET /?path=/home/matalashes/public_html/simulasikite.mata-lashes.com/.git/objects/2f HTTP/1.1" 200 34723 "-" "Mozilla/5.0 AppleWebKit/537.36 (KHTML, like Gecko; compatible; GPTBot/1.2; +https://openai.com/gptbot)"
74.7.227.179 - - [04/Nov/2025:17:32:28 +0000] "GET /?path=/home/matalashes/public_html/simulasikite.mata-lashes.com/.git/objects/3f HTTP/1.1" 200 31299 "-" "Mozilla/5.0 AppleWebKit/537.36 (KHTML, like Gecko; compatible; GPTBot/1.2; +https://openai.com/gptbot)"
74.7.227.179 - - [04/Nov/2025:17:32:32 +0000] "GET /?path=/home/matalashes/public_html/simulasikite.mata-lashes.com/.git/objects/1f HTTP/1.1" 200 31302 "-" "Mozilla/5.0 AppleWebKit/537.36 (KHTML, like Gecko; compatible; GPTBot/1.2; +https://openai.com/gptbot)"
74.7.227.179 - - [04/Nov/2025:17:32:36 +0000] "GET /?path=/home/matalashes/public_html/simulasikite.mata-lashes.com/.git/objects/7f HTTP/1.1" 200 23314 "-" "Mozilla/5.0 AppleWebKit/537.36 (KHTML, like Gecko; compatible; GPTBot/1.2; +https://openai.com/gptbot)"
74.7.227.179 - - [04/Nov/2025:17:32:40 +0000] "GET /?path=/home/matalashes/public_html/simulasikite.mata-lashes.com/vendor/rector/rector/src/Contract/Rector HTTP/1.1" 200 10417 "-" "Mozilla/5.0 AppleWebKit/537.36 (KHTML, like Gecko; compatible; GPTBot/1.2; +https://openai.com/gptbot)"
74.7.227.179 - - [04/Nov/2025:17:32:43 +0000] "GET /?path=/home/matalashes/public_html/simulasikite.mata-lashes.com/vendor/rector/rector/src/PhpParser HTTP/1.1" 200 15498 "-" "Mozilla/5.0 AppleWebKit/537.36 (KHTML, like Gecko; compatible; GPTBot/1.2; +https://openai.com/gptbot)"
74.7.227.179 - - [04/Nov/2025:17:32:44 +0000] "GET /?path=/home/matalashes/public_html/simulasikite.mata-lashes.com/vendor/rector/rector/src/Validation HTTP/1.1" 200 8733 "-" "Mozilla/5.0 AppleWebKit/537.36 (KHTML, like Gecko; compatible; GPTBot/1.2; +https://openai.com/gptbot)"
74.7.227.179 - - [04/Nov/2025:17:32:46 +0000] "GET /?path=/home/matalashes/public_html/simulasikite.mata-lashes.com/vendor/rector/rector/src/Console/Command HTTP/1.1" 200 10226 "-" "Mozilla/5.0 AppleWebKit/537.36 (KHTML, like Gecko; compatible; GPTBot/1.2; +https://openai.com/gptbot)"
74.7.227.179 - - [04/Nov/2025:17:32:48 +0000] "GET /?path=/home/matalashes/public_html/simulasikite.mata-lashes.com/vendor/rector/rector/rules/Strict/Rector HTTP/1.1" 200 9502 "-" "Mozilla/5.0 AppleWebKit/537.36 (KHTML, like Gecko; compatible; GPTBot/1.2; +https://openai.com/gptbot)"
74.7.227.179 - - [04/Nov/2025:17:32:50 +0000] "GET /?path=/home/matalashes/public_html/simulasikite.mata-lashes.com/.git/objects/d9 HTTP/1.1" 200 32439 "-" "Mozilla/5.0 AppleWebKit/537.36 (KHTML, like Gecko; compatible; GPTBot/1.2; +https://openai.com/gptbot)"
74.7.227.179 - - [04/Nov/2025:17:32:53 +0000] "GET /?path=/home/matalashes/public_html/simulasikite.mata-lashes.com/vendor/monolog/monolog/src/Monolog HTTP/1.1" 200 18251 "-" "Mozilla/5.0 AppleWebKit/537.36 (KHTML, like Gecko; compatible; GPTBot/1.2; +https://openai.com/gptbot)"
74.7.227.179 - - [04/Nov/2025:17:32:55 +0000] "GET /?path=/home/matalashes/public_html/simulasikite.mata-lashes.com/vendor/rector/rector/src/Application HTTP/1.1" 200 10713 "-" "Mozilla/5.0 AppleWebKit/537.36 (KHTML, like Gecko; compatible; GPTBot/1.2; +https://openai.com/gptbot)"
74.7.227.179 - - [04/Nov/2025:17:32:57 +0000] "GET /?path=/home/matalashes/public_html/simulasikite.mata-lashes.com/vendor/rector/rector/rules/Generics HTTP/1.1" 200 6125 "-" "Mozilla/5.0 AppleWebKit/537.36 (KHTML, like Gecko; compatible; GPTBot/1.2; +https://openai.com/gptbot)"
74.7.227.179 - - [04/Nov/2025:17:32:58 +0000] "GET /?path=/home/matalashes/public_html/simulasikite.mata-lashes.com/.git/objects/9f HTTP/1.1" 200 27875 "-" "Mozilla/5.0 AppleWebKit/537.36 (KHTML, like Gecko; compatible; GPTBot/1.2; +https://openai.com/gptbot)"
74.7.227.179 - - [04/Nov/2025:17:33:00 +0000] "GET /?path=/home/matalashes/public_html/simulasikite.mata-lashes.com/vendor/rector/rector/src/PhpParser/Parser HTTP/1.1" 200 7868 "-" "Mozilla/5.0 AppleWebKit/537.36 (KHTML, like Gecko; compatible; GPTBot/1.2; +https://openai.com/gptbot)"
74.7.227.179 - - [04/Nov/2025:17:33:04 +0000] "GET /?path=/home/matalashes/public_html/simulasikite.mata-lashes.com/vendor/rector/rector/rules/Composer HTTP/1.1" 200 9059 "-" "Mozilla/5.0 AppleWebKit/537.36 (KHTML, like Gecko; compatible; GPTBot/1.2; +https://openai.com/gptbot)"
74.7.227.179 - - [04/Nov/2025:17:33:48 +0000] "GET /?path=/home/matalashes/public_html/simulasikite.mata-lashes.com/vendor/rector/rector/packages/Set HTTP/1.1" 200 6120 "-" "Mozilla/5.0 AppleWebKit/537.36 (KHTML, like Gecko; compatible; GPTBot/1.2; +https://openai.com/gptbot)"
74.7.227.179 - - [04/Nov/2025:17:33:53 +0000] "GET /?path=/home/matalashes/public_html/simulasikite.mata-lashes.com/vendor/rector/rector/rules/Naming HTTP/1.1" 200 22481 "-" "Mozilla/5.0 AppleWebKit/537.36 (KHTML, like Gecko; compatible; GPTBot/1.2; +https://openai.com/gptbot)"
74.7.227.179 - - [04/Nov/2025:17:34:04 +0000] "GET /?path=/home/matalashes/public_html/simulasikite.mata-lashes.com/vendor/monolog/monolog/src/Monolog/Test HTTP/1.1" 200 5449 "-" "Mozilla/5.0 AppleWebKit/537.36 (KHTML, like Gecko; compatible; GPTBot/1.2; +https://openai.com/gptbot)"
74.7.227.179 - - [04/Nov/2025:17:34:11 +0000] "GET /?path=/home/matalashes/public_html/simulasikite.mata-lashes.com/vendor/phpunit/phpunit/src/Runner HTTP/1.1" 200 19889 "-" "Mozilla/5.0 AppleWebKit/537.36 (KHTML, like Gecko; compatible; GPTBot/1.2; +https://openai.com/gptbot)"
74.7.227.179 - - [04/Nov/2025:17:34:18 +0000] "GET /?path=/home/matalashes/public_html/simulasikite.mata-lashes.com/vendor/google/apiclient-services/src/BigQueryReservation/Resource HTTP/1.1" 200 11062 "-" "Mozilla/5.0 AppleWebKit/537.36 (KHTML, like Gecko; compatible; GPTBot/1.2; +https://openai.com/gptbot)"
74.7.227.179 - - [04/Nov/2025:17:34:22 +0000] "GET /?path=/home/matalashes/public_html/simulasikite.mata-lashes.com/vendor/google/apiclient-services/src/CertificateAuthorityService HTTP/1.1" 200 92389 "-" "Mozilla/5.0 AppleWebKit/537.36 (KHTML, like Gecko; compatible; GPTBot/1.2; +https://openai.com/gptbot)"
74.7.227.179 - - [04/Nov/2025:17:34:27 +0000] "GET /?path=/home/matalashes/public_html/simulasikite.mata-lashes.com/vendor/google/apiclient-services/src/PolicyTroubleshooter/Resource HTTP/1.1" 200 5633 "-" "Mozilla/5.0 AppleWebKit/537.36 (KHTML, like Gecko; compatible; GPTBot/1.2; +https://openai.com/gptbot)"
74.7.227.179 - - [04/Nov/2025:17:34:31 +0000] "GET /?path=/home/matalashes/public_html/simulasikite.mata-lashes.com/vendor/google/apiclient-services/src/AccessContextManager/Resource HTTP/1.1" 200 14949 "-" "Mozilla/5.0 AppleWebKit/537.36 (KHTML, like Gecko; compatible; GPTBot/1.2; +https://openai.com/gptbot)"
74.7.227.179 - - [04/Nov/2025:17:34:34 +0000] "GET /?path=/home/matalashes/public_html/simulasikite.mata-lashes.com/vendor/google/apiclient-services/src/Playdeveloperreporting/Resource HTTP/1.1" 200 21416 "-" "Mozilla/5.0 AppleWebKit/537.36 (KHTML, like Gecko; compatible; GPTBot/1.2; +https://openai.com/gptbot)"
74.7.227.179 - - [04/Nov/2025:17:34:37 +0000] "GET /?path=/home/matalashes/public_html/simulasikite.mata-lashes.com/vendor/google/apiclient-services/src/Advisorynotifications/Resource HTTP/1.1" 200 12327 "-" "Mozilla/5.0 AppleWebKit/537.36 (KHTML, like Gecko; compatible; GPTBot/1.2; +https://openai.com/gptbot)"
74.7.227.179 - - [04/Nov/2025:17:34:40 +0000] "GET /?fileloc=/home/matalashes/public_html/simulasikite.mata-lashes.com/vendor/google/apiclient-services/src/BigQueryReservation/Resource/Projects.php&path=/home/matalashes/public_html/simulasikite.mata-lashes.com/vendor/google/apiclient-services/src/BigQueryReservation/Resource HTTP/1.1" 200 5368 "-" "Mozilla/5.0 AppleWebKit/537.36 (KHTML, like Gecko; compatible; GPTBot/1.2; +https://openai.com/gptbot)"
74.7.227.179 - - [04/Nov/2025:17:34:43 +0000] "GET /?path=/home/matalashes/public_html/simulasikite.mata-lashes.com/vendor/google/apiclient-services/src/BusinessProfilePerformance HTTP/1.1" 200 20973 "-" "Mozilla/5.0 AppleWebKit/537.36 (KHTML, like Gecko; compatible; GPTBot/1.2; +https://openai.com/gptbot)"
74.7.227.179 - - [04/Nov/2025:17:34:48 +0000] "GET /?path=/home/matalashes/public_html/simulasikite.mata-lashes.com/vendor/google/apiclient-services/src/CertificateAuthorityService/Resource HTTP/1.1" 200 16964 "-" "Mozilla/5.0 AppleWebKit/537.36 (KHTML, like Gecko; compatible; GPTBot/1.2; +https://openai.com/gptbot)"
74.7.227.179 - - [04/Nov/2025:17:34:52 +0000] "GET /?path=/home/matalashes/public_html/simulasikite.mata-lashes.com/vendor/google/apiclient-services/src/CloudTalentSolution/Resource HTTP/1.1" 200 12219 "-" "Mozilla/5.0 AppleWebKit/537.36 (KHTML, like Gecko; compatible; GPTBot/1.2; +https://openai.com/gptbot)"
74.7.227.179 - - [04/Nov/2025:17:34:56 +0000] "GET /?path=/home/matalashes/public_html/simulasikite.mata-lashes.com/vendor/google/apiclient-services/src/Networkconnectivity/Resource HTTP/1.1" 200 25166 "-" "Mozilla/5.0 AppleWebKit/537.36 (KHTML, like Gecko; compatible; GPTBot/1.2; +https://openai.com/gptbot)"
74.7.227.179 - - [04/Nov/2025:17:35:00 +0000] "GET /?path=/home/matalashes/public_html/simulasikite.mata-lashes.com/vendor/google/apiclient-services/src/SmartDeviceManagement/Resource HTTP/1.1" 200 9652 "-" "Mozilla/5.0 AppleWebKit/537.36 (KHTML, like Gecko; compatible; GPTBot/1.2; +https://openai.com/gptbot)"
74.7.227.179 - - [04/Nov/2025:17:35:05 +0000] "GET /?path=/home/matalashes/public_html/simulasikite.mata-lashes.com/vendor/google/apiclient-services/src/DatabaseMigrationService/Resource HTTP/1.1" 200 15368 "-" "Mozilla/5.0 AppleWebKit/537.36 (KHTML, like Gecko; compatible; GPTBot/1.2; +https://openai.com/gptbot)"
74.7.227.179 - - [04/Nov/2025:17:35:11 +0000] "GET /?path=/home/matalashes/public_html/simulasikite.mata-lashes.com/vendor/google/apiclient-services/src/PaymentsResellerSubscription HTTP/1.1" 200 63084 "-" "Mozilla/5.0 AppleWebKit/537.36 (KHTML, like Gecko; compatible; GPTBot/1.2; +https://openai.com/gptbot)"
74.7.227.179 - - [04/Nov/2025:17:35:14 +0000] "GET /?path=/home/matalashes/public_html/simulasikite.mata-lashes.com/vendor/google/apiclient-services/src/FirebaseCloudMessaging/Resource HTTP/1.1" 200 6975 "-" "Mozilla/5.0 AppleWebKit/537.36 (KHTML, like Gecko; compatible; GPTBot/1.2; +https://openai.com/gptbot)"
74.7.227.179 - - [04/Nov/2025:17:35:18 +0000] "GET /?path=/home/matalashes/public_html/simulasikite.mata-lashes.com/vendor/google/apiclient-services/src/RapidMigrationAssessment/Resource HTTP/1.1" 200 11085 "-" "Mozilla/5.0 AppleWebKit/537.36 (KHTML, like Gecko; compatible; GPTBot/1.2; +https://openai.com/gptbot)"
74.7.227.179 - - [04/Nov/2025:17:35:22 +0000] "GET /?path=/home/matalashes/public_html/simulasikite.mata-lashes.com/vendor/google/apiclient-services/src/BusinessProfilePerformance/Resource HTTP/1.1" 200 9871 "-" "Mozilla/5.0 AppleWebKit/537.36 (KHTML, like Gecko; compatible; GPTBot/1.2; +https://openai.com/gptbot)"
74.7.227.179 - - [04/Nov/2025:17:35:25 +0000] "GET /?path=/home/matalashes/public_html/simulasikite.mata-lashes.com/vendor/google/apiclient-services/src/TrafficDirectorService/Resource HTTP/1.1" 200 5670 "-" "Mozilla/5.0 AppleWebKit/537.36 (KHTML, like Gecko; compatible; GPTBot/1.2; +https://openai.com/gptbot)"
74.7.227.179 - - [04/Nov/2025:17:35:29 +0000] "GET /?path=/home/matalashes/public_html/simulasikite.mata-lashes.com/vendor/google/apiclient-services/src/ServerlessVPCAccess/Resource HTTP/1.1" 200 9626 "-" "Mozilla/5.0 AppleWebKit/537.36 (KHTML, like Gecko; compatible; GPTBot/1.2; +https://openai.com/gptbot)"
74.7.227.179 - - [04/Nov/2025:17:35:35 +0000] "GET /?path=/home/matalashes/public_html/simulasikite.mata-lashes.com/vendor/google/apiclient-services/src/CloudNaturalLanguage/Resource HTTP/1.1" 200 5656 "-" "Mozilla/5.0 AppleWebKit/537.36 (KHTML, like Gecko; compatible; GPTBot/1.2; +https://openai.com/gptbot)"
74.7.227.179 - - [04/Nov/2025:17:35:38 +0000] "GET /?path=/home/matalashes/public_html/simulasikite.mata-lashes.com/vendor/google/apiclient-services/src/RemoteBuildExecution/Resource HTTP/1.1" 200 10711 "-" "Mozilla/5.0 AppleWebKit/537.36 (KHTML, like Gecko; compatible; GPTBot/1.2; +https://openai.com/gptbot)"
74.7.227.179 - - [04/Nov/2025:17:35:40 +0000] "GET /?path=/home/matalashes/public_html/simulasikite.mata-lashes.com/vendor/google/apiclient-services/src/CloudVideoIntelligence/Resource HTTP/1.1" 200 14941 "-" "Mozilla/5.0 AppleWebKit/537.36 (KHTML, like Gecko; compatible; GPTBot/1.2; +https://openai.com/gptbot)"
74.7.227.179 - - [04/Nov/2025:17:35:43 +0000] "GET /?path=/home/matalashes/public_html/simulasikite.mata-lashes.com/vendor/google/apiclient-services/src/FirebaseAppDistribution/Resource HTTP/1.1" 200 14933 "-" "Mozilla/5.0 AppleWebKit/537.36 (KHTML, like Gecko; compatible; GPTBot/1.2; +https://openai.com/gptbot)"
74.7.227.179 - - [04/Nov/2025:17:35:46 +0000] "GET /?path=/home/matalashes/public_html/simulasikite.mata-lashes.com/vendor/google/apiclient-services/src/MyBusinessAccountManagement HTTP/1.1" 200 23545 "-" "Mozilla/5.0 AppleWebKit/537.36 (KHTML, like Gecko; compatible; GPTBot/1.2; +https://openai.com/gptbot)"
74.7.227.179 - - [04/Nov/2025:17:35:51 +0000] "GET /?path=/home/matalashes/public_html/simulasikite.mata-lashes.com/vendor/google/apiclient-services/src/AndroidProvisioningPartner HTTP/1.1" 200 61722 "-" "Mozilla/5.0 AppleWebKit/537.36 (KHTML, like Gecko; compatible; GPTBot/1.2; +https://openai.com/gptbot)"
74.7.227.179 - - [04/Nov/2025:17:35:57 +0000] "GET /?path=/home/matalashes/public_html/simulasikite.mata-lashes.com/vendor/google/apiclient-services/src/ServiceConsumerManagement HTTP/1.1" 200 140365 "-" "Mozilla/5.0 AppleWebKit/537.36 (KHTML, like Gecko; compatible; GPTBot/1.2; +https://openai.com/gptbot)"
74.7.227.179 - - [04/Nov/2025:17:36:01 +0000] "GET /?path=/home/matalashes/public_html/simulasikite.mata-lashes.com/vendor/symfony/console/DependencyInjection HTTP/1.1" 200 5301 "-" "Mozilla/5.0 AppleWebKit/537.36 (KHTML, like Gecko; compatible; GPTBot/1.2; +https://openai.com/gptbot)"
74.7.227.179 - - [04/Nov/2025:17:36:05 +0000] "GET /?path=/home/matalashes/public_html/simulasikite.mata-lashes.com/vendor/rector/rector/vendor/rector/rector-nette/packages/NeonParser/Services HTTP/1.1" 200 6118 "-" "Mozilla/5.0 AppleWebKit/537.36 (KHTML, like Gecko; compatible; GPTBot/1.2; +https://openai.com/gptbot)"
74.7.227.179 - - [04/Nov/2025:17:36:09 +0000] "GET /?path=/home/matalashes/public_html/simulasikite.mata-lashes.com/__MACOSX/public/assets/theme/admin/texteditor/ckeditor/samples/old/htmlwriter HTTP/1.1" 200 6245 "-" "Mozilla/5.0 AppleWebKit/537.36 (KHTML, like Gecko; compatible; GPTBot/1.2; +https://openai.com/gptbot)"
74.7.227.179 - - [04/Nov/2025:17:36:13 +0000] "GET /?path=/home/matalashes/public_html/simulasikite.mata-lashes.com/vendor/guzzlehttp/guzzle/src/Handler HTTP/1.1" 200 14671 "-" "Mozilla/5.0 AppleWebKit/537.36 (KHTML, like Gecko; compatible; GPTBot/1.2; +https://openai.com/gptbot)"
74.7.227.179 - - [04/Nov/2025:17:36:16 +0000] "GET /?fileloc=/home/matalashes/public_html/simulasikite.mata-lashes.com/vendor/google/apiclient-services/src/ServiceConsumerManagement/SystemParameter.php&path=/home/matalashes/public_html/simulasikite.mata-lashes.com/vendor/google/apiclient-services/src/ServiceConsumerManagement HTTP/1.1" 200 5835 "-" "Mozilla/5.0 AppleWebKit/537.36 (KHTML, like Gecko; compatible; GPTBot/1.2; +https://openai.com/gptbot)"
74.7.227.179 - - [04/Nov/2025:17:36:21 +0000] "GET /?path=/home/matalashes/public_html/simulasikite.mata-lashes.com/vendor/google/apiclient-services/src/AndroidProvisioningPartner/Resource HTTP/1.1" 200 17600 "-" "Mozilla/5.0 AppleWebKit/537.36 (KHTML, like Gecko; compatible; GPTBot/1.2; +https://openai.com/gptbot)"
74.7.227.179 - - [04/Nov/2025:17:36:25 +0000] "GET /?path=/home/matalashes/public_html/simulasikite.mata-lashes.com/vendor/google/apiclient-services/src/ServiceConsumerManagement/Resource HTTP/1.1" 200 8321 "-" "Mozilla/5.0 AppleWebKit/537.36 (KHTML, like Gecko; compatible; GPTBot/1.2; +https://openai.com/gptbot)"
74.7.227.179 - - [04/Nov/2025:17:36:28 +0000] "GET /?path=/home/matalashes/public_html/simulasikite.mata-lashes.com/vendor/dompdf/dompdf/src/Exception HTTP/1.1" 200 5325 "-" "Mozilla/5.0 AppleWebKit/537.36 (KHTML, like Gecko; compatible; GPTBot/1.2; +https://openai.com/gptbot)"
74.7.227.179 - - [04/Nov/2025:17:36:31 +0000] "GET /?path=/home/matalashes/public_html/simulasikite.mata-lashes.com/vendor/guzzlehttp/guzzle/src/Cookie HTTP/1.1" 200 9996 "-" "Mozilla/5.0 AppleWebKit/537.36 (KHTML, like Gecko; compatible; GPTBot/1.2; +https://openai.com/gptbot)"
74.7.227.179 - - [04/Nov/2025:17:36:36 +0000] "GET /?path=/home/matalashes/public_html/simulasikite.mata-lashes.com/vendor/rector/rector/src/Reporting HTTP/1.1" 200 5373 "-" "Mozilla/5.0 AppleWebKit/537.36 (KHTML, like Gecko; compatible; GPTBot/1.2; +https://openai.com/gptbot)"
74.7.227.179 - - [04/Nov/2025:17:36:40 +0000] "GET /?path=/home/matalashes/public_html/simulasikite.mata-lashes.com/vendor/rector/rector/src/Exclusion HTTP/1.1" 200 5332 "-" "Mozilla/5.0 AppleWebKit/537.36 (KHTML, like Gecko; compatible; GPTBot/1.2; +https://openai.com/gptbot)"
74.7.227.179 - - [04/Nov/2025:17:36:44 +0000] "GET /?path=/home/matalashes/public_html/simulasikite.mata-lashes.com/vendor/rector/rector/rules/Arguments HTTP/1.1" 200 9339 "-" "Mozilla/5.0 AppleWebKit/537.36 (KHTML, like Gecko; compatible; GPTBot/1.2; +https://openai.com/gptbot)"
74.7.227.179 - - [04/Nov/2025:17:36:48 +0000] "GET /?path=/home/matalashes/public_html/simulasikite.mata-lashes.com/vendor/rector/rector/rules/Renaming HTTP/1.1" 200 9091 "-" "Mozilla/5.0 AppleWebKit/537.36 (KHTML, like Gecko; compatible; GPTBot/1.2; +https://openai.com/gptbot)"
74.7.227.179 - - [04/Nov/2025:17:36:51 +0000] "GET /?path=/home/matalashes/public_html/simulasikite.mata-lashes.com/vendor/rector/rector/rules/Visibility HTTP/1.1" 200 6141 "-" "Mozilla/5.0 AppleWebKit/537.36 (KHTML, like Gecko; compatible; GPTBot/1.2; +https://openai.com/gptbot)"
74.7.227.179 - - [04/Nov/2025:17:36:56 +0000] "GET /?path=/home/matalashes/public_html/simulasikite.mata-lashes.com/vendor/rector/rector/rules/DeadCode HTTP/1.1" 200 19652 "-" "Mozilla/5.0 AppleWebKit/537.36 (KHTML, like Gecko; compatible; GPTBot/1.2; +https://openai.com/gptbot)"
74.7.227.179 - - [04/Nov/2025:17:36:59 +0000] "GET /?path=/home/matalashes/public_html/simulasikite.mata-lashes.com/vendor/rector/rector/src/FileSystem HTTP/1.1" 200 7667 "-" "Mozilla/5.0 AppleWebKit/537.36 (KHTML, like Gecko; compatible; GPTBot/1.2; +https://openai.com/gptbot)"
74.7.227.179 - - [04/Nov/2025:17:37:03 +0000] "GET /?path=/home/matalashes/public_html/simulasikite.mata-lashes.com/vendor/rector/rector/src/Exception HTTP/1.1" 200 11677 "-" "Mozilla/5.0 AppleWebKit/537.36 (KHTML, like Gecko; compatible; GPTBot/1.2; +https://openai.com/gptbot)"
74.7.227.179 - - [04/Nov/2025:17:37:06 +0000] "GET /?path=/home/matalashes/public_html/simulasikite.mata-lashes.com/vendor/rector/rector/src/Reflection HTTP/1.1" 200 5347 "-" "Mozilla/5.0 AppleWebKit/537.36 (KHTML, like Gecko; compatible; GPTBot/1.2; +https://openai.com/gptbot)"
74.7.227.179 - - [04/Nov/2025:17:37:10 +0000] "GET /?path=/home/matalashes/public_html/simulasikite.mata-lashes.com/vendor/rector/rector/rules/Transform HTTP/1.1" 200 10117 "-" "Mozilla/5.0 AppleWebKit/537.36 (KHTML, like Gecko; compatible; GPTBot/1.2; +https://openai.com/gptbot)"
74.7.227.179 - - [04/Nov/2025:17:37:16 +0000] "GET /?path=/home/matalashes/public_html/simulasikite.mata-lashes.com/vendor/rector/rector/vendor/rector/rector-nette/src/FormControlTypeResolver HTTP/1.1" 200 21686 "-" "Mozilla/5.0 AppleWebKit/537.36 (KHTML, like Gecko; compatible; GPTBot/1.2; +https://openai.com/gptbot)"
74.7.227.179 - - [04/Nov/2025:17:37:19 +0000] "GET /?path=/home/matalashes/public_html/simulasikite.mata-lashes.com/node_modules/ckeditor4/lang HTTP/1.1" 200 81173 "-" "Mozilla/5.0 AppleWebKit/537.36 (KHTML, like Gecko; compatible; GPTBot/1.2; +https://openai.com/gptbot)"
144.76.32.187 - - [04/Nov/2025:17:37:40 +0000] "GET /robots.txt HTTP/1.1" 200 377 "-" "Mozilla/5.0 (compatible; BLEXBot/1.0; +https://help.seranking.com/en/blex-crawler)"
144.76.32.187 - - [04/Nov/2025:17:37:40 +0000] "GET /?path=/bin HTTP/1.1" 200 1025947 "-" "Mozilla/5.0 (compatible; BLEXBot/1.0; +https://help.seranking.com/en/blex-crawler)"
74.7.227.179 - - [04/Nov/2025:17:37:43 +0000] "GET /?fileloc=/home/matalashes/public_html/simulasikite.mata-lashes.com/node_modules/ckeditor4/lang/en-gb.js&path=/home/matalashes/public_html/simulasikite.mata-lashes.com/node_modules/ckeditor4/lang HTTP/1.1" 200 24238 "-" "Mozilla/5.0 AppleWebKit/537.36 (KHTML, like Gecko; compatible; GPTBot/1.2; +https://openai.com/gptbot)"
74.7.227.179 - - [04/Nov/2025:17:37:52 +0000] "GET /?fileloc=/home/matalashes/public_html/simulasikite.mata-lashes.com/node_modules/ckeditor4/lang/is.js&path=/home/matalashes/public_html/simulasikite.mata-lashes.com/node_modules/ckeditor4/lang HTTP/1.1" 200 24660 "-" "Mozilla/5.0 AppleWebKit/537.36 (KHTML, like Gecko; compatible; GPTBot/1.2; +https://openai.com/gptbot)"
144.76.32.187 - - [04/Nov/2025:17:38:54 +0000] "GET /?path=/dev HTTP/1.1" 200 16280 "-" "Mozilla/5.0 (compatible; BLEXBot/1.0; +https://help.seranking.com/en/blex-crawler)"
144.76.32.187 - - [04/Nov/2025:17:38:59 +0000] "GET /?path=/etc HTTP/1.1" 200 246643 "-" "Mozilla/5.0 (compatible; BLEXBot/1.0; +https://help.seranking.com/en/blex-crawler)"
144.76.32.187 - - [04/Nov/2025:17:39:17 +0000] "GET /?path=/lib HTTP/1.1" 200 26748 "-" "Mozilla/5.0 (compatible; BLEXBot/1.0; +https://help.seranking.com/en/blex-crawler)"
144.76.32.187 - - [04/Nov/2025:17:39:28 +0000] "GET /?path=/mnt HTTP/1.1" 200 3414 "-" "Mozilla/5.0 (compatible; BLEXBot/1.0; +https://help.seranking.com/en/blex-crawler)"
144.76.32.187 - - [04/Nov/2025:17:39:34 +0000] "GET /?path=/opt HTTP/1.1" 200 5422 "-" "Mozilla/5.0 (compatible; BLEXBot/1.0; +https://help.seranking.com/en/blex-crawler)"
144.76.32.187 - - [04/Nov/2025:17:39:46 +0000] "GET /?path=/run HTTP/1.1" 200 63245 "-" "Mozilla/5.0 (compatible; BLEXBot/1.0; +https://help.seranking.com/en/blex-crawler)"
74.7.227.179 - - [04/Nov/2025:17:39:57 +0000] "GET /?path=/home/matalashes/public_html/simulasikite.mata-lashes.com/vendor/rector/rector/vendor/rector/rector-symfony/src/Rector/Property HTTP/1.1" 200 6174 "-" "Mozilla/5.0 AppleWebKit/537.36 (KHTML, like Gecko; compatible; GPTBot/1.2; +https://openai.com/gptbot)"
74.7.227.179 - - [04/Nov/2025:17:40:01 +0000] "GET /?path=/home/matalashes/public_html/simulasikite.mata-lashes.com/node_modules/ckeditor4/plugins HTTP/1.1" 200 80671 "-" "Mozilla/5.0 AppleWebKit/537.36 (KHTML, like Gecko; compatible; GPTBot/1.2; +https://openai.com/gptbot)"
144.76.32.187 - - [04/Nov/2025:17:40:03 +0000] "GET /?path=/srv HTTP/1.1" 200 3414 "-" "Mozilla/5.0 (compatible; BLEXBot/1.0; +https://help.seranking.com/en/blex-crawler)"
74.7.227.179 - - [04/Nov/2025:17:40:05 +0000] "GET /?path=/home/matalashes/public_html/simulasikite.mata-lashes.com/vendor/rector/rector/vendor/symplify/astral/config/config HTTP/1.1" 200 9492 "-" "Mozilla/5.0 AppleWebKit/537.36 (KHTML, like Gecko; compatible; GPTBot/1.2; +https://openai.com/gptbot)"
144.76.32.187 - - [04/Nov/2025:17:40:08 +0000] "GET /?path=/sys HTTP/1.1" 200 10826 "-" "Mozilla/5.0 (compatible; BLEXBot/1.0; +https://help.seranking.com/en/blex-crawler)"
74.7.227.179 - - [04/Nov/2025:17:40:08 +0000] "GET /?path=/home/matalashes/public_html/simulasikite.mata-lashes.com/vendor/rector/rector/vendor/symfony/polyfill-ctype HTTP/1.1" 200 11509 "-" "Mozilla/5.0 AppleWebKit/537.36 (KHTML, like Gecko; compatible; GPTBot/1.2; +https://openai.com/gptbot)"
144.76.32.187 - - [04/Nov/2025:17:40:20 +0000] "GET /?path=/tmp HTTP/1.1" 200 33746 "-" "Mozilla/5.0 (compatible; BLEXBot/1.0; +https://help.seranking.com/en/blex-crawler)"
74.7.227.179 - - [04/Nov/2025:17:40:29 +0000] "GET /?path=/home/matalashes/public_html/simulasikite.mata-lashes.com/node_modules/ckeditor4/plugins/selectall HTTP/1.1" 200 7205 "-" "Mozilla/5.0 AppleWebKit/537.36 (KHTML, like Gecko; compatible; GPTBot/1.2; +https://openai.com/gptbot)"
74.7.227.179 - - [04/Nov/2025:17:40:32 +0000] "GET /?path=/home/matalashes/public_html/simulasikite.mata-lashes.com/node_modules/ckeditor4/plugins/templates HTTP/1.1" 200 10391 "-" "Mozilla/5.0 AppleWebKit/537.36 (KHTML, like Gecko; compatible; GPTBot/1.2; +https://openai.com/gptbot)"
144.76.32.187 - - [04/Nov/2025:17:40:36 +0000] "GET /?path=/usr HTTP/1.1" 200 12238 "-" "Mozilla/5.0 (compatible; BLEXBot/1.0; +https://help.seranking.com/en/blex-crawler)"
74.7.227.179 - - [04/Nov/2025:17:40:36 +0000] "GET /?path=/home/matalashes/public_html/simulasikite.mata-lashes.com/node_modules/ckeditor4/plugins/imagebase HTTP/1.1" 200 7209 "-" "Mozilla/5.0 AppleWebKit/537.36 (KHTML, like Gecko; compatible; GPTBot/1.2; +https://openai.com/gptbot)"
74.7.227.179 - - [04/Nov/2025:17:40:40 +0000] "GET /?path=/home/matalashes/public_html/simulasikite.mata-lashes.com/node_modules/ckeditor4/plugins/liststyle HTTP/1.1" 200 7213 "-" "Mozilla/5.0 AppleWebKit/537.36 (KHTML, like Gecko; compatible; GPTBot/1.2; +https://openai.com/gptbot)"
144.76.32.187 - - [04/Nov/2025:17:40:42 +0000] "GET /?path=/var HTTP/1.1" 200 19603 "-" "Mozilla/5.0 (compatible; BLEXBot/1.0; +https://help.seranking.com/en/blex-crawler)"
74.7.227.179 - - [04/Nov/2025:17:40:45 +0000] "GET /?path=/home/matalashes/public_html/simulasikite.mata-lashes.com/node_modules/ckeditor4/plugins/mentions HTTP/1.1" 200 5241 "-" "Mozilla/5.0 AppleWebKit/537.36 (KHTML, like Gecko; compatible; GPTBot/1.2; +https://openai.com/gptbot)"
74.7.227.179 - - [04/Nov/2025:17:40:51 +0000] "GET /?path=/home/matalashes/public_html/simulasikite.mata-lashes.com/node_modules/ckeditor4/plugins/pastetools HTTP/1.1" 200 5085 "-" "Mozilla/5.0 AppleWebKit/537.36 (KHTML, like Gecko; compatible; GPTBot/1.2; +https://openai.com/gptbot)"
144.76.32.187 - - [04/Nov/2025:17:40:53 +0000] "GET /?path=/boot HTTP/1.1" 200 26720 "-" "Mozilla/5.0 (compatible; BLEXBot/1.0; +https://help.seranking.com/en/blex-crawler)"
74.7.227.179 - - [04/Nov/2025:17:40:55 +0000] "GET /?path=/home/matalashes/public_html/simulasikite.mata-lashes.com/node_modules/ckeditor4/plugins/selectall/lang HTTP/1.1" 200 85253 "-" "Mozilla/5.0 AppleWebKit/537.36 (KHTML, like Gecko; compatible; GPTBot/1.2; +https://openai.com/gptbot)"
74.7.227.179 - - [04/Nov/2025:17:40:58 +0000] "GET /?path=/home/matalashes/public_html/simulasikite.mata-lashes.com/node_modules/ckeditor4/plugins/templates/dialogs HTTP/1.1" 200 6626 "-" "Mozilla/5.0 AppleWebKit/537.36 (KHTML, like Gecko; compatible; GPTBot/1.2; +https://openai.com/gptbot)"
74.7.227.179 - - [04/Nov/2025:17:41:02 +0000] "GET /?path=/home/matalashes/public_html/simulasikite.mata-lashes.com/node_modules/ckeditor4/plugins/selectall/icons HTTP/1.1" 200 6417 "-" "Mozilla/5.0 AppleWebKit/537.36 (KHTML, like Gecko; compatible; GPTBot/1.2; +https://openai.com/gptbot)"
144.76.32.187 - - [04/Nov/2025:17:41:05 +0000] "GET /?path=/proc HTTP/1.1" 200 158960 "-" "Mozilla/5.0 (compatible; BLEXBot/1.0; +https://help.seranking.com/en/blex-crawler)"
74.7.227.179 - - [04/Nov/2025:17:41:06 +0000] "GET /?path=/home/matalashes/public_html/simulasikite.mata-lashes.com/node_modules/ckeditor4/plugins/templates/icons HTTP/1.1" 200 7625 "-" "Mozilla/5.0 AppleWebKit/537.36 (KHTML, like Gecko; compatible; GPTBot/1.2; +https://openai.com/gptbot)"
74.7.227.179 - - [04/Nov/2025:17:41:10 +0000] "GET /?path=/home/matalashes/public_html/simulasikite.mata-lashes.com/node_modules/ckeditor4/plugins/liststyle/dialogs HTTP/1.1" 200 5426 "-" "Mozilla/5.0 AppleWebKit/537.36 (KHTML, like Gecko; compatible; GPTBot/1.2; +https://openai.com/gptbot)"
74.7.227.179 - - [04/Nov/2025:17:41:13 +0000] "GET /?path=/home/matalashes/public_html/simulasikite.mata-lashes.com/node_modules/ckeditor4/plugins/tabletools HTTP/1.1" 200 5089 "-" "Mozilla/5.0 AppleWebKit/537.36 (KHTML, like Gecko; compatible; GPTBot/1.2; +https://openai.com/gptbot)"
144.76.32.187 - - [04/Nov/2025:17:41:17 +0000] "GET /?path=/root HTTP/1.1" 200 3416 "-" "Mozilla/5.0 (compatible; BLEXBot/1.0; +https://help.seranking.com/en/blex-crawler)"
74.7.227.179 - - [04/Nov/2025:17:41:18 +0000] "GET /?path=/home/matalashes/public_html/simulasikite.mata-lashes.com/node_modules/ckeditor4/plugins/autocomplete HTTP/1.1" 200 6256 "-" "Mozilla/5.0 AppleWebKit/537.36 (KHTML, like Gecko; compatible; GPTBot/1.2; +https://openai.com/gptbot)"
74.7.227.179 - - [04/Nov/2025:17:41:23 +0000] "GET /?path=/home/matalashes/public_html/simulasikite.mata-lashes.com/node_modules/ckeditor4/plugins/selectall/icons/hidpi HTTP/1.1" 200 5579 "-" "Mozilla/5.0 AppleWebKit/537.36 (KHTML, like Gecko; compatible; GPTBot/1.2; +https://openai.com/gptbot)"
74.7.227.179 - - [04/Nov/2025:17:41:25 +0000] "GET /?path=/home/matalashes/public_html/simulasikite.mata-lashes.com/node_modules/ckeditor4/plugins/templates/icons/hidpi HTTP/1.1" 200 6811 "-" "Mozilla/5.0 AppleWebKit/537.36 (KHTML, like Gecko; compatible; GPTBot/1.2; +https://openai.com/gptbot)"
144.76.32.187 - - [04/Nov/2025:17:41:26 +0000] "GET /?path=/sbin HTTP/1.1" 200 360959 "-" "Mozilla/5.0 (compatible; BLEXBot/1.0; +https://help.seranking.com/en/blex-crawler)"
74.7.227.179 - - [04/Nov/2025:17:41:27 +0000] "GET /?path=/home/matalashes/public_html/simulasikite.mata-lashes.com/node_modules/ckeditor4/plugins/sharedspace HTTP/1.1" 200 5259 "-" "Mozilla/5.0 AppleWebKit/537.36 (KHTML, like Gecko; compatible; GPTBot/1.2; +https://openai.com/gptbot)"
74.7.227.179 - - [04/Nov/2025:17:41:29 +0000] "GET /?path=/home/matalashes/public_html/simulasikite.mata-lashes.com/node_modules/ckeditor4/plugins/tabletools/dialogs HTTP/1.1" 200 5433 "-" "Mozilla/5.0 AppleWebKit/537.36 (KHTML, like Gecko; compatible; GPTBot/1.2; +https://openai.com/gptbot)"
74.7.227.179 - - [04/Nov/2025:17:41:31 +0000] "GET /?path=/home/matalashes/public_html/simulasikite.mata-lashes.com/node_modules/ckeditor4/plugins/imagebase/styles HTTP/1.1" 200 5424 "-" "Mozilla/5.0 AppleWebKit/537.36 (KHTML, like Gecko; compatible; GPTBot/1.2; +https://openai.com/gptbot)"
74.7.227.179 - - [04/Nov/2025:17:41:34 +0000] "GET /?path=/home/matalashes/public_html/simulasikite.mata-lashes.com/node_modules/ckeditor4/plugins/templates/lang HTTP/1.1" 200 85251 "-" "Mozilla/5.0 AppleWebKit/537.36 (KHTML, like Gecko; compatible; GPTBot/1.2; +https://openai.com/gptbot)"
144.76.32.187 - - [04/Nov/2025:17:41:36 +0000] "GET /?path=/lib64 HTTP/1.1" 200 932877 "-" "Mozilla/5.0 (compatible; BLEXBot/1.0; +https://help.seranking.com/en/blex-crawler)"
74.7.227.179 - - [04/Nov/2025:17:41:43 +0000] "GET /?path=/home/matalashes/public_html/simulasikite.mata-lashes.com/node_modules/ckeditor4/plugins/autocomplete/skins HTTP/1.1" 200 5431 "-" "Mozilla/5.0 AppleWebKit/537.36 (KHTML, like Gecko; compatible; GPTBot/1.2; +https://openai.com/gptbot)"
74.7.227.179 - - [04/Nov/2025:17:41:46 +0000] "GET /?path=/home/matalashes/public_html/simulasikite.mata-lashes.com/vendor/rector/rector/src/Console/Output HTTP/1.1" 200 6702 "-" "Mozilla/5.0 AppleWebKit/537.36 (KHTML, like Gecko; compatible; GPTBot/1.2; +https://openai.com/gptbot)"
74.7.227.179 - - [04/Nov/2025:17:41:48 +0000] "GET /?path=/home/matalashes/public_html/simulasikite.mata-lashes.com/node_modules/ckeditor4/plugins/embedsemantic HTTP/1.1" 200 6264 "-" "Mozilla/5.0 AppleWebKit/537.36 (KHTML, like Gecko; compatible; GPTBot/1.2; +https://openai.com/gptbot)"
74.7.227.179 - - [04/Nov/2025:17:41:51 +0000] "GET /?path=/home/matalashes/public_html/simulasikite.mata-lashes.com/node_modules/ckeditor4/plugins/tableselection HTTP/1.1" 200 5105 "-" "Mozilla/5.0 AppleWebKit/537.36 (KHTML, like Gecko; compatible; GPTBot/1.2; +https://openai.com/gptbot)"
74.7.227.179 - - [04/Nov/2025:17:41:54 +0000] "GET /?path=/home/matalashes/public_html/simulasikite.mata-lashes.com/node_modules/ckeditor4/plugins/about HTTP/1.1" 200 5064 "-" "Mozilla/5.0 AppleWebKit/537.36 (KHTML, like Gecko; compatible; GPTBot/1.2; +https://openai.com/gptbot)"
74.7.227.179 - - [04/Nov/2025:17:41:59 +0000] "GET /?path=/home/matalashes/public_html/simulasikite.mata-lashes.com/node_modules/ckeditor4/plugins/scayt HTTP/1.1" 200 8320 "-" "Mozilla/5.0 AppleWebKit/537.36 (KHTML, like Gecko; compatible; GPTBot/1.2; +https://openai.com/gptbot)"
74.7.227.179 - - [04/Nov/2025:17:42:02 +0000] "GET /?path=/home/matalashes/public_html/simulasikite.mata-lashes.com/node_modules/ckeditor4/plugins/dialog HTTP/1.1" 200 6245 "-" "Mozilla/5.0 AppleWebKit/537.36 (KHTML, like Gecko; compatible; GPTBot/1.2; +https://openai.com/gptbot)"
74.7.227.179 - - [04/Nov/2025:17:42:07 +0000] "GET /?path=/home/matalashes/public_html/simulasikite.mata-lashes.com/node_modules/ckeditor4/plugins/bidi HTTP/1.1" 200 7145 "-" "Mozilla/5.0 AppleWebKit/537.36 (KHTML, like Gecko; compatible; GPTBot/1.2; +https://openai.com/gptbot)"
74.7.227.179 - - [04/Nov/2025:17:42:10 +0000] "GET /?path=/home/matalashes/public_html/simulasikite.mata-lashes.com/node_modules/ckeditor4/plugins/tableselection/styles HTTP/1.1" 200 5479 "-" "Mozilla/5.0 AppleWebKit/537.36 (KHTML, like Gecko; compatible; GPTBot/1.2; +https://openai.com/gptbot)"
74.7.227.179 - - [04/Nov/2025:17:42:13 +0000] "GET /?path=/home/matalashes/public_html/simulasikite.mata-lashes.com/node_modules/ckeditor4/plugins/div HTTP/1.1" 200 8104 "-" "Mozilla/5.0 AppleWebKit/537.36 (KHTML, like Gecko; compatible; GPTBot/1.2; +https://openai.com/gptbot)"
74.7.227.179 - - [04/Nov/2025:17:42:15 +0000] "GET /?path=/home/matalashes/public_html/simulasikite.mata-lashes.com/node_modules/ckeditor4/plugins/embedsemantic/icons HTTP/1.1" 200 6472 "-" "Mozilla/5.0 AppleWebKit/537.36 (KHTML, like Gecko; compatible; GPTBot/1.2; +https://openai.com/gptbot)"
74.7.227.179 - - [04/Nov/2025:17:42:20 +0000] "GET /?path=/home/matalashes/public_html/simulasikite.mata-lashes.com/node_modules/ckeditor4/plugins/bbcode HTTP/1.1" 200 5229 "-" "Mozilla/5.0 AppleWebKit/537.36 (KHTML, like Gecko; compatible; GPTBot/1.2; +https://openai.com/gptbot)"
74.7.227.179 - - [04/Nov/2025:17:42:24 +0000] "GET /?path=/home/matalashes/public_html/simulasikite.mata-lashes.com/node_modules/ckeditor4/plugins/save HTTP/1.1" 200 7145 "-" "Mozilla/5.0 AppleWebKit/537.36 (KHTML, like Gecko; compatible; GPTBot/1.2; +https://openai.com/gptbot)"
74.7.227.179 - - [04/Nov/2025:17:42:28 +0000] "GET /?path=/home/matalashes/public_html/simulasikite.mata-lashes.com/node_modules/ckeditor4/plugins/emoji HTTP/1.1" 200 10242 "-" "Mozilla/5.0 AppleWebKit/537.36 (KHTML, like Gecko; compatible; GPTBot/1.2; +https://openai.com/gptbot)"
74.7.227.179 - - [04/Nov/2025:17:42:31 +0000] "GET /?path=/home/matalashes/public_html/simulasikite.mata-lashes.com/node_modules/ckeditor4/plugins/bidi/lang HTTP/1.1" 200 83833 "-" "Mozilla/5.0 AppleWebKit/537.36 (KHTML, like Gecko; compatible; GPTBot/1.2; +https://openai.com/gptbot)"
