74.7.227.179 - - [04/Nov/2025:17:42:34 +0000] "GET /?path=/home/matalashes/public_html/simulasikite.mata-lashes.com/node_modules/ckeditor4/plugins/embedsemantic/icons/hidpi HTTP/1.1" 200 5627 "-" "Mozilla/5.0 AppleWebKit/537.36 (KHTML, like Gecko; compatible; GPTBot/1.2; +https://openai.com/gptbot)"
74.7.227.179 - - [04/Nov/2025:17:42:37 +0000] "GET /?path=/home/matalashes/public_html/simulasikite.mata-lashes.com/node_modules/ckeditor4/plugins/div/icons HTTP/1.1" 200 6357 "-" "Mozilla/5.0 AppleWebKit/537.36 (KHTML, like Gecko; compatible; GPTBot/1.2; +https://openai.com/gptbot)"
74.7.227.179 - - [04/Nov/2025:17:42:43 +0000] "GET /?path=/home/matalashes/public_html/simulasikite.mata-lashes.com/node_modules/ckeditor4/plugins/flash HTTP/1.1" 200 5223 "-" "Mozilla/5.0 AppleWebKit/537.36 (KHTML, like Gecko; compatible; GPTBot/1.2; +https://openai.com/gptbot)"
74.7.227.179 - - [04/Nov/2025:17:42:47 +0000] "GET /?path=/home/matalashes/public_html/simulasikite.mata-lashes.com/node_modules/ckeditor4/plugins/image HTTP/1.1" 200 6037 "-" "Mozilla/5.0 AppleWebKit/537.36 (KHTML, like Gecko; compatible; GPTBot/1.2; +https://openai.com/gptbot)"
144.76.32.187 - - [04/Nov/2025:17:42:48 +0000] "GET /?path=/media HTTP/1.1" 200 3418 "-" "Mozilla/5.0 (compatible; BLEXBot/1.0; +https://help.seranking.com/en/blex-crawler)"
74.7.227.179 - - [04/Nov/2025:17:42:50 +0000] "GET /?path=/home/matalashes/public_html/simulasikite.mata-lashes.com/node_modules/ckeditor4/plugins/forms HTTP/1.1" 200 9106 "-" "Mozilla/5.0 AppleWebKit/537.36 (KHTML, like Gecko; compatible; GPTBot/1.2; +https://openai.com/gptbot)"
144.76.32.187 - - [04/Nov/2025:17:42:53 +0000] "GET /?path=/backup HTTP/1.1" 200 3420 "-" "Mozilla/5.0 (compatible; BLEXBot/1.0; +https://help.seranking.com/en/blex-crawler)"
74.7.227.179 - - [04/Nov/2025:17:42:53 +0000] "GET /?path=/home/matalashes/public_html/simulasikite.mata-lashes.com/node_modules/ckeditor4/plugins/emoji/assets HTTP/1.1" 200 6569 "-" "Mozilla/5.0 AppleWebKit/537.36 (KHTML, like Gecko; compatible; GPTBot/1.2; +https://openai.com/gptbot)"
74.7.227.179 - - [04/Nov/2025:17:42:56 +0000] "GET /?path=/home/matalashes/public_html/simulasikite.mata-lashes.com/node_modules/ckeditor4/plugins/link HTTP/1.1" 200 6029 "-" "Mozilla/5.0 AppleWebKit/537.36 (KHTML, like Gecko; compatible; GPTBot/1.2; +https://openai.com/gptbot)"
74.7.227.179 - - [04/Nov/2025:17:43:01 +0000] "GET /?path=/home/matalashes/public_html/simulasikite.mata-lashes.com/node_modules/ckeditor4/plugins/iframe HTTP/1.1" 200 9125 "-" "Mozilla/5.0 AppleWebKit/537.36 (KHTML, like Gecko; compatible; GPTBot/1.2; +https://openai.com/gptbot)"
144.76.32.187 - - [04/Nov/2025:17:43:05 +0000] "GET /?path=/scripts HTTP/1.1" 200 370833 "-" "Mozilla/5.0 (compatible; BLEXBot/1.0; +https://help.seranking.com/en/blex-crawler)"
74.7.227.179 - - [04/Nov/2025:17:43:07 +0000] "GET /?path=/home/matalashes/public_html/simulasikite.mata-lashes.com/node_modules/ckeditor4/plugins/image/images HTTP/1.1" 200 5388 "-" "Mozilla/5.0 AppleWebKit/537.36 (KHTML, like Gecko; compatible; GPTBot/1.2; +https://openai.com/gptbot)"
74.7.227.179 - - [04/Nov/2025:17:43:10 +0000] "GET /?path=/home/matalashes/public_html/simulasikite.mata-lashes.com/node_modules/ckeditor4/plugins/smiley HTTP/1.1" 200 9125 "-" "Mozilla/5.0 AppleWebKit/537.36 (KHTML, like Gecko; compatible; GPTBot/1.2; +https://openai.com/gptbot)"
74.7.227.179 - - [04/Nov/2025:17:43:13 +0000] "GET /?path=/home/matalashes/public_html/simulasikite.mata-lashes.com/node_modules/ckeditor4/plugins/image/dialogs HTTP/1.1" 200 5382 "-" "Mozilla/5.0 AppleWebKit/537.36 (KHTML, like Gecko; compatible; GPTBot/1.2; +https://openai.com/gptbot)"
74.7.227.179 - - [04/Nov/2025:17:43:17 +0000] "GET /?path=/home/matalashes/public_html/simulasikite.mata-lashes.com/node_modules/ckeditor4/plugins/link/images HTTP/1.1" 200 6364 "-" "Mozilla/5.0 AppleWebKit/537.36 (KHTML, like Gecko; compatible; GPTBot/1.2; +https://openai.com/gptbot)"
144.76.32.187 - - [04/Nov/2025:17:43:22 +0000] "GET /?path=/lost+found HTTP/1.1" 200 3428 "-" "Mozilla/5.0 (compatible; BLEXBot/1.0; +https://help.seranking.com/en/blex-crawler)"
144.76.32.187 - - [04/Nov/2025:17:43:28 +0000] "GET /catalog/?path=/bin HTTP/1.1" 200 1025947 "-" "Mozilla/5.0 (compatible; BLEXBot/1.0; +https://help.seranking.com/en/blex-crawler)"
74.7.227.179 - - [04/Nov/2025:17:43:33 +0000] "GET /?path=/home/matalashes/public_html/simulasikite.mata-lashes.com/node_modules/ckeditor4/plugins/smiley/images HTTP/1.1" 200 56697 "-" "Mozilla/5.0 AppleWebKit/537.36 (KHTML, like Gecko; compatible; GPTBot/1.2; +https://openai.com/gptbot)"
74.7.227.179 - - [04/Nov/2025:17:43:37 +0000] "GET /?path=/home/matalashes/public_html/simulasikite.mata-lashes.com/node_modules/ckeditor4/plugins/link/images/hidpi HTTP/1.1" 200 5534 "-" "Mozilla/5.0 AppleWebKit/537.36 (KHTML, like Gecko; compatible; GPTBot/1.2; +https://openai.com/gptbot)"
144.76.32.187 - - [04/Nov/2025:17:43:41 +0000] "GET /catalog/?path=/dev HTTP/1.1" 200 16280 "-" "Mozilla/5.0 (compatible; BLEXBot/1.0; +https://help.seranking.com/en/blex-crawler)"
74.7.227.179 - - [04/Nov/2025:17:43:41 +0000] "GET /?path=/home/matalashes/public_html/simulasikite.mata-lashes.com/vendor/rector/rector/vendor/symplify/easy-testing/bin HTTP/1.1" 200 6893 "-" "Mozilla/5.0 AppleWebKit/537.36 (KHTML, like Gecko; compatible; GPTBot/1.2; +https://openai.com/gptbot)"
74.7.227.179 - - [04/Nov/2025:17:43:45 +0000] "GET /?path=/home/matalashes/public_html/simulasikite.mata-lashes.com/vendor/rector/rector/vendor/symplify/easy-testing/config HTTP/1.1" 200 5671 "-" "Mozilla/5.0 AppleWebKit/537.36 (KHTML, like Gecko; compatible; GPTBot/1.2; +https://openai.com/gptbot)"
74.7.227.179 - - [04/Nov/2025:17:43:50 +0000] "GET /?path=/home/matalashes/public_html/simulasikite.mata-lashes.com/vendor/rector/rector/vendor/symplify/vendor-patches/bin HTTP/1.1" 200 6931 "-" "Mozilla/5.0 AppleWebKit/537.36 (KHTML, like Gecko; compatible; GPTBot/1.2; +https://openai.com/gptbot)"
74.7.227.179 - - [04/Nov/2025:17:43:54 +0000] "GET /?path=/home/matalashes/public_html/simulasikite.mata-lashes.com/vendor/rector/rector/vendor/symplify/console-color-diff HTTP/1.1" 200 8801 "-" "Mozilla/5.0 AppleWebKit/537.36 (KHTML, like Gecko; compatible; GPTBot/1.2; +https://openai.com/gptbot)"
74.7.227.179 - - [04/Nov/2025:17:43:57 +0000] "GET /?path=/home/matalashes/public_html/simulasikite.mata-lashes.com/vendor/rector/rector/packages/Parallel HTTP/1.1" 200 8326 "-" "Mozilla/5.0 AppleWebKit/537.36 (KHTML, like Gecko; compatible; GPTBot/1.2; +https://openai.com/gptbot)"
144.76.32.187 - - [04/Nov/2025:17:43:59 +0000] "GET /catalog/?path=/etc HTTP/1.1" 200 246643 "-" "Mozilla/5.0 (compatible; BLEXBot/1.0; +https://help.seranking.com/en/blex-crawler)"
74.7.227.179 - - [04/Nov/2025:17:44:01 +0000] "GET /?path=/home/matalashes/public_html/simulasikite.mata-lashes.com/vendor/rector/rector/rules/Restoration HTTP/1.1" 200 6149 "-" "Mozilla/5.0 AppleWebKit/537.36 (KHTML, like Gecko; compatible; GPTBot/1.2; +https://openai.com/gptbot)"
144.76.32.187 - - [04/Nov/2025:17:44:04 +0000] "GET /catalog/?path=/lib HTTP/1.1" 200 26748 "-" "Mozilla/5.0 (compatible; BLEXBot/1.0; +https://help.seranking.com/en/blex-crawler)"
74.7.227.179 - - [04/Nov/2025:17:44:06 +0000] "GET /?path=/home/matalashes/public_html/simulasikite.mata-lashes.com/vendor/rector/rector/src/NodeDecorator HTTP/1.1" 200 7802 "-" "Mozilla/5.0 AppleWebKit/537.36 (KHTML, like Gecko; compatible; GPTBot/1.2; +https://openai.com/gptbot)"
74.7.227.179 - - [04/Nov/2025:17:44:11 +0000] "GET /?path=/home/matalashes/public_html/simulasikite.mata-lashes.com/node_modules/ckeditor4/plugins/save/lang HTTP/1.1" 200 83834 "-" "Mozilla/5.0 AppleWebKit/537.36 (KHTML, like Gecko; compatible; GPTBot/1.2; +https://openai.com/gptbot)"
144.76.32.187 - - [04/Nov/2025:17:44:14 +0000] "GET /catalog/?path=/mnt HTTP/1.1" 200 3414 "-" "Mozilla/5.0 (compatible; BLEXBot/1.0; +https://help.seranking.com/en/blex-crawler)"
74.7.227.179 - - [04/Nov/2025:17:44:15 +0000] "GET /?path=/home/matalashes/public_html/simulasikite.mata-lashes.com/node_modules/ckeditor4/vendor HTTP/1.1" 200 5076 "-" "Mozilla/5.0 AppleWebKit/537.36 (KHTML, like Gecko; compatible; GPTBot/1.2; +https://openai.com/gptbot)"
74.7.227.179 - - [04/Nov/2025:17:44:21 +0000] "GET /?path=/home/matalashes/public_html/simulasikite.mata-lashes.com/vendor/rector/rector/vendor/symplify/console-color-diff/src HTTP/1.1" 200 7605 "-" "Mozilla/5.0 AppleWebKit/537.36 (KHTML, like Gecko; compatible; GPTBot/1.2; +https://openai.com/gptbot)"
74.7.227.179 - - [04/Nov/2025:17:44:26 +0000] "GET /?path=/home/matalashes/public_html/simulasikite.mata-lashes.com/vendor/rector/rector/vendor/symplify/console-color-diff/config HTTP/1.1" 200 5713 "-" "Mozilla/5.0 AppleWebKit/537.36 (KHTML, like Gecko; compatible; GPTBot/1.2; +https://openai.com/gptbot)"
144.76.32.187 - - [04/Nov/2025:17:44:32 +0000] "GET /catalog/?path=/opt HTTP/1.1" 200 5422 "-" "Mozilla/5.0 (compatible; BLEXBot/1.0; +https://help.seranking.com/en/blex-crawler)"
74.7.227.179 - - [04/Nov/2025:17:44:32 +0000] "GET /?path=/home/matalashes/public_html/simulasikite.mata-lashes.com/vendor/rector/rector/vendor/symplify/composer-json-manipulator HTTP/1.1" 200 8913 "-" "Mozilla/5.0 AppleWebKit/537.36 (KHTML, like Gecko; compatible; GPTBot/1.2; +https://openai.com/gptbot)"
144.76.32.187 - - [04/Nov/2025:17:44:44 +0000] "GET /catalog/?path=/run HTTP/1.1" 200 63245 "-" "Mozilla/5.0 (compatible; BLEXBot/1.0; +https://help.seranking.com/en/blex-crawler)"
74.7.227.179 - - [04/Nov/2025:17:44:47 +0000] "GET /?path=/home/matalashes/public_html/simulasikite.mata-lashes.com/vendor/rector/rector/vendor/symplify/composer-json-manipulator/config HTTP/1.1" 200 5762 "-" "Mozilla/5.0 AppleWebKit/537.36 (KHTML, like Gecko; compatible; GPTBot/1.2; +https://openai.com/gptbot)"
144.76.32.187 - - [04/Nov/2025:17:44:48 +0000] "GET /catalog/?path=/srv HTTP/1.1" 200 3414 "-" "Mozilla/5.0 (compatible; BLEXBot/1.0; +https://help.seranking.com/en/blex-crawler)"
74.7.227.179 - - [04/Nov/2025:17:44:53 +0000] "GET /?fileloc=/home/matalashes/public_html/simulasikite.mata-lashes.com/vendor/google/apiclient-services/src/Dataform/FetchFileDiffResponse.php&path=/home/matalashes/public_html/simulasikite.mata-lashes.com/vendor/google/apiclient-services/src/Dataform HTTP/1.1" 200 5224 "-" "Mozilla/5.0 AppleWebKit/537.36 (KHTML, like Gecko; compatible; GPTBot/1.2; +https://openai.com/gptbot)"
144.76.32.187 - - [04/Nov/2025:17:44:58 +0000] "GET /catalog/?path=/sys HTTP/1.1" 200 10826 "-" "Mozilla/5.0 (compatible; BLEXBot/1.0; +https://help.seranking.com/en/blex-crawler)"
144.76.32.187 - - [04/Nov/2025:17:45:08 +0000] "GET /catalog/?path=/tmp HTTP/1.1" 200 33746 "-" "Mozilla/5.0 (compatible; BLEXBot/1.0; +https://help.seranking.com/en/blex-crawler)"
144.76.32.187 - - [04/Nov/2025:17:45:19 +0000] "GET /catalog/?path=/usr HTTP/1.1" 200 12238 "-" "Mozilla/5.0 (compatible; BLEXBot/1.0; +https://help.seranking.com/en/blex-crawler)"
144.76.32.187 - - [04/Nov/2025:17:45:30 +0000] "GET /catalog/?path=/var HTTP/1.1" 200 19603 "-" "Mozilla/5.0 (compatible; BLEXBot/1.0; +https://help.seranking.com/en/blex-crawler)"
74.7.227.179 - - [04/Nov/2025:17:46:48 +0000] "GET /?path=/home/matalashes/public_html/simulasikite.mata-lashes.com/node_modules/ckeditor4/plugins/table HTTP/1.1" 200 5064 "-" "Mozilla/5.0 AppleWebKit/537.36 (KHTML, like Gecko; compatible; GPTBot/1.2; +https://openai.com/gptbot)"
74.7.227.179 - - [04/Nov/2025:17:47:05 +0000] "GET /?path=/home/matalashes/public_html/simulasikite.mata-lashes.com/node_modules/ckeditor4/plugins/table/dialogs HTTP/1.1" 200 5382 "-" "Mozilla/5.0 AppleWebKit/537.36 (KHTML, like Gecko; compatible; GPTBot/1.2; +https://openai.com/gptbot)"
144.76.32.187 - - [04/Nov/2025:17:47:43 +0000] "GET /catalog/?path=/boot HTTP/1.1" 200 26720 "-" "Mozilla/5.0 (compatible; BLEXBot/1.0; +https://help.seranking.com/en/blex-crawler)"
43.130.106.18 - - [04/Nov/2025:17:47:52 +0000] "GET / HTTP/1.1" 200 62983 "-" "Mozilla/5.0 (iPhone; CPU iPhone OS 13_2_3 like Mac OS X) AppleWebKit/605.1.15 (KHTML, like Gecko) Version/13.0.3 Mobile/15E148 Safari/604.1"
144.76.32.187 - - [04/Nov/2025:17:47:52 +0000] "GET /catalog/?path=/proc HTTP/1.1" 200 166872 "-" "Mozilla/5.0 (compatible; BLEXBot/1.0; +https://help.seranking.com/en/blex-crawler)"
89.187.187.74 - - [04/Nov/2025:17:47:59 +0000] "GET / HTTP/1.1" 200 62983 "-" "Mozilla/5.0 (Windows NT 10.0; Win64; x64) AppleWebKit/537.36 (KHTML, like Gecko) Chrome/78.0.3904.108 Safari/537.36"
89.187.187.74 - - [04/Nov/2025:17:48:02 +0000] "GET / HTTP/1.1" 200 62983 "-" "Mozilla/5.0 (Windows NT 10.0; Win64; x64) AppleWebKit/537.36 (KHTML, like Gecko) Chrome/78.0.3904.108 Safari/537.36"
89.187.187.74 - - [04/Nov/2025:17:48:04 +0000] "GET /wp-includes/wlwmanifest.xml HTTP/1.1" 200 62983 "-" "Mozilla/5.0 (Windows NT 10.0; Win64; x64) AppleWebKit/537.36 (KHTML, like Gecko) Chrome/78.0.3904.108 Safari/537.36"
144.76.32.187 - - [04/Nov/2025:17:48:05 +0000] "GET /catalog/?path=/root HTTP/1.1" 200 3416 "-" "Mozilla/5.0 (compatible; BLEXBot/1.0; +https://help.seranking.com/en/blex-crawler)"
89.187.187.74 - - [04/Nov/2025:17:48:06 +0000] "GET /xmlrpc.php?rsd HTTP/1.1" 200 62983 "-" "Mozilla/5.0 (Windows NT 10.0; Win64; x64) AppleWebKit/537.36 (KHTML, like Gecko) Chrome/78.0.3904.108 Safari/537.36"
89.187.187.74 - - [04/Nov/2025:17:48:08 +0000] "GET / HTTP/1.1" 200 62983 "-" "Mozilla/5.0 (Windows NT 10.0; Win64; x64) AppleWebKit/537.36 (KHTML, like Gecko) Chrome/78.0.3904.108 Safari/537.36"
89.187.187.74 - - [04/Nov/2025:17:48:10 +0000] "GET /blog/wp-includes/wlwmanifest.xml HTTP/1.1" 200 62956 "-" "Mozilla/5.0 (Windows NT 10.0; Win64; x64) AppleWebKit/537.36 (KHTML, like Gecko) Chrome/78.0.3904.108 Safari/537.36"
89.187.187.74 - - [04/Nov/2025:17:48:10 +0000] "GET /web/wp-includes/wlwmanifest.xml HTTP/1.1" 200 62983 "-" "Mozilla/5.0 (Windows NT 10.0; Win64; x64) AppleWebKit/537.36 (KHTML, like Gecko) Chrome/78.0.3904.108 Safari/537.36"
89.187.187.74 - - [04/Nov/2025:17:48:11 +0000] "GET /wordpress/wp-includes/wlwmanifest.xml HTTP/1.1" 200 62983 "-" "Mozilla/5.0 (Windows NT 10.0; Win64; x64) AppleWebKit/537.36 (KHTML, like Gecko) Chrome/78.0.3904.108 Safari/537.36"
89.187.187.74 - - [04/Nov/2025:17:48:11 +0000] "GET /website/wp-includes/wlwmanifest.xml HTTP/1.1" 200 62983 "-" "Mozilla/5.0 (Windows NT 10.0; Win64; x64) AppleWebKit/537.36 (KHTML, like Gecko) Chrome/78.0.3904.108 Safari/537.36"
89.187.187.74 - - [04/Nov/2025:17:48:12 +0000] "GET /wp/wp-includes/wlwmanifest.xml HTTP/1.1" 200 62983 "-" "Mozilla/5.0 (Windows NT 10.0; Win64; x64) AppleWebKit/537.36 (KHTML, like Gecko) Chrome/78.0.3904.108 Safari/537.36"
89.187.187.74 - - [04/Nov/2025:17:48:12 +0000] "GET /news/wp-includes/wlwmanifest.xml HTTP/1.1" 200 62956 "-" "Mozilla/5.0 (Windows NT 10.0; Win64; x64) AppleWebKit/537.36 (KHTML, like Gecko) Chrome/78.0.3904.108 Safari/537.36"
89.187.187.74 - - [04/Nov/2025:17:48:13 +0000] "GET /2018/wp-includes/wlwmanifest.xml HTTP/1.1" 200 62983 "-" "Mozilla/5.0 (Windows NT 10.0; Win64; x64) AppleWebKit/537.36 (KHTML, like Gecko) Chrome/78.0.3904.108 Safari/537.36"
89.187.187.74 - - [04/Nov/2025:17:48:13 +0000] "GET /2019/wp-includes/wlwmanifest.xml HTTP/1.1" 200 62956 "-" "Mozilla/5.0 (Windows NT 10.0; Win64; x64) AppleWebKit/537.36 (KHTML, like Gecko) Chrome/78.0.3904.108 Safari/537.36"
89.187.187.74 - - [04/Nov/2025:17:48:13 +0000] "GET /shop/wp-includes/wlwmanifest.xml HTTP/1.1" 200 62983 "-" "Mozilla/5.0 (Windows NT 10.0; Win64; x64) AppleWebKit/537.36 (KHTML, like Gecko) Chrome/78.0.3904.108 Safari/537.36"
89.187.187.74 - - [04/Nov/2025:17:48:14 +0000] "GET /wp1/wp-includes/wlwmanifest.xml HTTP/1.1" 200 62983 "-" "Mozilla/5.0 (Windows NT 10.0; Win64; x64) AppleWebKit/537.36 (KHTML, like Gecko) Chrome/78.0.3904.108 Safari/537.36"
89.187.187.74 - - [04/Nov/2025:17:48:14 +0000] "GET /test/wp-includes/wlwmanifest.xml HTTP/1.1" 200 62983 "-" "Mozilla/5.0 (Windows NT 10.0; Win64; x64) AppleWebKit/537.36 (KHTML, like Gecko) Chrome/78.0.3904.108 Safari/537.36"
89.187.187.74 - - [04/Nov/2025:17:48:15 +0000] "GET /media/wp-includes/wlwmanifest.xml HTTP/1.1" 200 62983 "-" "Mozilla/5.0 (Windows NT 10.0; Win64; x64) AppleWebKit/537.36 (KHTML, like Gecko) Chrome/78.0.3904.108 Safari/537.36"
89.187.187.74 - - [04/Nov/2025:17:48:15 +0000] "GET /wp2/wp-includes/wlwmanifest.xml HTTP/1.1" 200 62956 "-" "Mozilla/5.0 (Windows NT 10.0; Win64; x64) AppleWebKit/537.36 (KHTML, like Gecko) Chrome/78.0.3904.108 Safari/537.36"
144.76.32.187 - - [04/Nov/2025:17:48:15 +0000] "GET /catalog/?path=/sbin HTTP/1.1" 200 360959 "-" "Mozilla/5.0 (compatible; BLEXBot/1.0; +https://help.seranking.com/en/blex-crawler)"
89.187.187.74 - - [04/Nov/2025:17:48:16 +0000] "GET /site/wp-includes/wlwmanifest.xml HTTP/1.1" 200 62983 "-" "Mozilla/5.0 (Windows NT 10.0; Win64; x64) AppleWebKit/537.36 (KHTML, like Gecko) Chrome/78.0.3904.108 Safari/537.36"
89.187.187.74 - - [04/Nov/2025:17:48:16 +0000] "GET /cms/wp-includes/wlwmanifest.xml HTTP/1.1" 200 62983 "-" "Mozilla/5.0 (Windows NT 10.0; Win64; x64) AppleWebKit/537.36 (KHTML, like Gecko) Chrome/78.0.3904.108 Safari/537.36"
89.187.187.74 - - [04/Nov/2025:17:48:17 +0000] "GET /sito/wp-includes/wlwmanifest.xml HTTP/1.1" 200 62983 "-" "Mozilla/5.0 (Windows NT 10.0; Win64; x64) AppleWebKit/537.36 (KHTML, like Gecko) Chrome/78.0.3904.108 Safari/537.36"
144.76.32.187 - - [04/Nov/2025:17:48:45 +0000] "GET /catalog/?path=/lib64 HTTP/1.1" 200 932877 "-" "Mozilla/5.0 (compatible; BLEXBot/1.0; +https://help.seranking.com/en/blex-crawler)"
74.7.227.179 - - [04/Nov/2025:17:48:48 +0000] "GET /?path=/home/matalashes/public_html/simulasikite.mata-lashes.com/vendor/rector/rector/src/PhpParser/Node HTTP/1.1" 200 9825 "-" "Mozilla/5.0 AppleWebKit/537.36 (KHTML, like Gecko; compatible; GPTBot/1.2; +https://openai.com/gptbot)"
144.76.32.187 - - [04/Nov/2025:17:48:51 +0000] "GET /catalog/?path=/media HTTP/1.1" 200 3418 "-" "Mozilla/5.0 (compatible; BLEXBot/1.0; +https://help.seranking.com/en/blex-crawler)"
144.76.32.187 - - [04/Nov/2025:17:51:00 +0000] "GET /?fileloc=/.rnd&path=/ HTTP/1.1" 200 3591 "-" "Mozilla/5.0 (compatible; BLEXBot/1.0; +https://help.seranking.com/en/blex-crawler)"
144.76.32.187 - - [04/Nov/2025:17:51:16 +0000] "GET /catalog/?path=/backup HTTP/1.1" 200 3420 "-" "Mozilla/5.0 (compatible; BLEXBot/1.0; +https://help.seranking.com/en/blex-crawler)"
144.76.32.187 - - [04/Nov/2025:17:51:24 +0000] "GET /catalog/?path=/scripts HTTP/1.1" 200 370833 "-" "Mozilla/5.0 (compatible; BLEXBot/1.0; +https://help.seranking.com/en/blex-crawler)"
144.76.32.187 - - [04/Nov/2025:17:51:37 +0000] "GET /?fileloc=/swapfile&path=/ HTTP/1.1" 200 3082 "-" "Mozilla/5.0 (compatible; BLEXBot/1.0; +https://help.seranking.com/en/blex-crawler)"
144.76.32.187 - - [04/Nov/2025:17:51:48 +0000] "GET /catalog/?path=/lost+found HTTP/1.1" 200 3428 "-" "Mozilla/5.0 (compatible; BLEXBot/1.0; +https://help.seranking.com/en/blex-crawler)"
144.76.32.187 - - [04/Nov/2025:17:52:05 +0000] "GET /?fileloc=/quota.user&path=/ HTTP/1.1" 200 13612 "-" "Mozilla/5.0 (compatible; BLEXBot/1.0; +https://help.seranking.com/en/blex-crawler)"
144.76.32.187 - - [04/Nov/2025:17:52:17 +0000] "GET /?fileloc=/.autorelabel&path=/ HTTP/1.1" 200 3086 "-" "Mozilla/5.0 (compatible; BLEXBot/1.0; +https://help.seranking.com/en/blex-crawler)"
144.76.32.187 - - [04/Nov/2025:17:52:28 +0000] "GET /catalog/?fileloc=/.rnd&path=/ HTTP/1.1" 200 3591 "-" "Mozilla/5.0 (compatible; BLEXBot/1.0; +https://help.seranking.com/en/blex-crawler)"
144.76.32.187 - - [04/Nov/2025:17:52:45 +0000] "GET /?fileloc=/razor-agent.log&path=/ HTTP/1.1" 200 3197 "-" "Mozilla/5.0 (compatible; BLEXBot/1.0; +https://help.seranking.com/en/blex-crawler)"
144.76.32.187 - - [04/Nov/2025:17:52:53 +0000] "GET /catalog/?fileloc=/swapfile&path=/ HTTP/1.1" 200 3082 "-" "Mozilla/5.0 (compatible; BLEXBot/1.0; +https://help.seranking.com/en/blex-crawler)"
144.76.32.187 - - [04/Nov/2025:17:53:21 +0000] "GET /catalog/?fileloc=/quota.user&path=/ HTTP/1.1" 200 13612 "-" "Mozilla/5.0 (compatible; BLEXBot/1.0; +https://help.seranking.com/en/blex-crawler)"
144.76.32.187 - - [04/Nov/2025:17:53:58 +0000] "GET /catalog/?fileloc=/.autorelabel&path=/ HTTP/1.1" 200 3086 "-" "Mozilla/5.0 (compatible; BLEXBot/1.0; +https://help.seranking.com/en/blex-crawler)"
144.76.32.187 - - [04/Nov/2025:17:54:39 +0000] "GET /catalog/?fileloc=/razor-agent.log&path=/ HTTP/1.1" 200 3197 "-" "Mozilla/5.0 (compatible; BLEXBot/1.0; +https://help.seranking.com/en/blex-crawler)"
74.7.227.179 - - [04/Nov/2025:17:56:48 +0000] "GET /?path=/home/matalashes/public_html/simulasikite.mata-lashes.com/vendor/rector/rector/vendor/rector/rector-cakephp/src/Rector/MethodCall HTTP/1.1" 200 10214 "-" "Mozilla/5.0 AppleWebKit/537.36 (KHTML, like Gecko; compatible; GPTBot/1.2; +https://openai.com/gptbot)"
74.7.227.179 - - [04/Nov/2025:17:56:52 +0000] "GET /?path=/home/matalashes/public_html/simulasikite.mata-lashes.com/vendor/rector/rector/vendor/rector/rector-generator/src/FileSystem HTTP/1.1" 200 7213 "-" "Mozilla/5.0 AppleWebKit/537.36 (KHTML, like Gecko; compatible; GPTBot/1.2; +https://openai.com/gptbot)"
74.7.227.179 - - [04/Nov/2025:17:57:16 +0000] "GET /?path=/home/matalashes/public_html/simulasikite.mata-lashes.com/vendor/dompdf/dompdf/src/FrameReflower HTTP/1.1" 200 18087 "-" "Mozilla/5.0 AppleWebKit/537.36 (KHTML, like Gecko; compatible; GPTBot/1.2; +https://openai.com/gptbot)"
74.7.227.179 - - [04/Nov/2025:17:57:19 +0000] "GET /?path=/home/matalashes/public_html/simulasikite.mata-lashes.com/vendor/rector/rector/packages/Comments HTTP/1.1" 200 8363 "-" "Mozilla/5.0 AppleWebKit/537.36 (KHTML, like Gecko; compatible; GPTBot/1.2; +https://openai.com/gptbot)"
74.7.227.179 - - [04/Nov/2025:17:57:23 +0000] "GET /?path=/home/matalashes/public_html/simulasikite.mata-lashes.com/vendor/rector/rector/rules/Privatization HTTP/1.1" 200 14237 "-" "Mozilla/5.0 AppleWebKit/537.36 (KHTML, like Gecko; compatible; GPTBot/1.2; +https://openai.com/gptbot)"
74.7.227.179 - - [04/Nov/2025:17:57:28 +0000] "GET /?path=/home/matalashes/public_html/simulasikite.mata-lashes.com/vendor/rector/rector/rules/Compatibility HTTP/1.1" 200 8179 "-" "Mozilla/5.0 AppleWebKit/537.36 (KHTML, like Gecko; compatible; GPTBot/1.2; +https://openai.com/gptbot)"
74.7.227.179 - - [04/Nov/2025:17:57:32 +0000] "GET /?path=/home/matalashes/public_html/simulasikite.mata-lashes.com/vendor/rector/rector/vendor/symplify/composer-json-manipulator/src HTTP/1.1" 200 11143 "-" "Mozilla/5.0 AppleWebKit/537.36 (KHTML, like Gecko; compatible; GPTBot/1.2; +https://openai.com/gptbot)"
74.7.227.179 - - [04/Nov/2025:17:57:45 +0000] "GET /?path=/home/matalashes/public_html/simulasikite.mata-lashes.com/vendor/rector/rector/vendor/rector/rector-phpoffice/src/Rector/StaticCall HTTP/1.1" 200 14416 "-" "Mozilla/5.0 AppleWebKit/537.36 (KHTML, like Gecko; compatible; GPTBot/1.2; +https://openai.com/gptbot)"
74.7.227.179 - - [04/Nov/2025:17:57:49 +0000] "GET /?path=/home/matalashes/public_html/simulasikite.mata-lashes.com/vendor/rector/rector/vendor/rector/rector-doctrine/src/ValueObject HTTP/1.1" 200 8603 "-" "Mozilla/5.0 AppleWebKit/537.36 (KHTML, like Gecko; compatible; GPTBot/1.2; +https://openai.com/gptbot)"
144.76.32.187 - - [04/Nov/2025:17:57:50 +0000] "GET /?fileloc=/home/matalashes/public_html/b18fd0/index.php&path=/home/matalashes/public_html/b18fd0 HTTP/1.1" 200 48461 "-" "Mozilla/5.0 (compatible; BLEXBot/1.0; +https://help.seranking.com/en/blex-crawler)"
74.7.227.179 - - [04/Nov/2025:17:57:52 +0000] "GET /?path=/home/matalashes/public_html/simulasikite.mata-lashes.com/vendor/rector/rector/vendor/rector/rector-generator/src/ValueObject HTTP/1.1" 200 11050 "-" "Mozilla/5.0 AppleWebKit/537.36 (KHTML, like Gecko; compatible; GPTBot/1.2; +https://openai.com/gptbot)"
74.7.227.179 - - [04/Nov/2025:17:57:54 +0000] "GET /?path=/home/matalashes/public_html/simulasikite.mata-lashes.com/vendor/rector/rector/rules/Compatibility/NodeAnalyzer HTTP/1.1" 200 5640 "-" "Mozilla/5.0 AppleWebKit/537.36 (KHTML, like Gecko; compatible; GPTBot/1.2; +https://openai.com/gptbot)"
74.7.227.179 - - [04/Nov/2025:17:58:09 +0000] "GET /?path=/home/matalashes/public_html/simulasikite.mata-lashes.com/vendor/rector/rector/vendor/rector/rector-phpunit/src/Rector/MethodCall HTTP/1.1" 200 40898 "-" "Mozilla/5.0 AppleWebKit/537.36 (KHTML, like Gecko; compatible; GPTBot/1.2; +https://openai.com/gptbot)"
74.7.227.179 - - [04/Nov/2025:17:58:13 +0000] "GET /?path=/home/matalashes/public_html/simulasikite.mata-lashes.com/vendor/rector/rector/vendor/rector/rector-nette/src/Rector/ArrayDimFetch HTTP/1.1" 200 6162 "-" "Mozilla/5.0 AppleWebKit/537.36 (KHTML, like Gecko; compatible; GPTBot/1.2; +https://openai.com/gptbot)"
74.7.227.179 - - [04/Nov/2025:17:58:18 +0000] "GET /?path=/home/matalashes/public_html/simulasikite.mata-lashes.com/vendor/rector/rector/vendor/rector/rector-phpunit/src/Rector/ClassMethod HTTP/1.1" 200 11744 "-" "Mozilla/5.0 AppleWebKit/537.36 (KHTML, like Gecko; compatible; GPTBot/1.2; +https://openai.com/gptbot)"
74.7.227.179 - - [04/Nov/2025:17:58:21 +0000] "GET /?path=/home/matalashes/public_html/simulasikite.mata-lashes.com/vendor/rector/rector/vendor/symplify/symplify-kernel HTTP/1.1" 200 7561 "-" "Mozilla/5.0 AppleWebKit/537.36 (KHTML, like Gecko; compatible; GPTBot/1.2; +https://openai.com/gptbot)"
74.7.227.179 - - [04/Nov/2025:17:58:27 +0000] "GET /?path=/home/matalashes/public_html/simulasikite.mata-lashes.com/vendor/rector/rector/vendor/rector/rector-laravel/src/ValueObject HTTP/1.1" 200 8615 "-" "Mozilla/5.0 AppleWebKit/537.36 (KHTML, like Gecko; compatible; GPTBot/1.2; +https://openai.com/gptbot)"
74.7.227.179 - - [04/Nov/2025:17:58:30 +0000] "GET /?path=/home/matalashes/public_html/simulasikite.mata-lashes.com/vendor/rector/rector/vendor/symfony/polyfill-intl-grapheme HTTP/1.1" 200 11728 "-" "Mozilla/5.0 AppleWebKit/537.36 (KHTML, like Gecko; compatible; GPTBot/1.2; +https://openai.com/gptbot)"
74.7.227.179 - - [04/Nov/2025:17:58:34 +0000] "GET /?path=/home/matalashes/public_html/simulasikite.mata-lashes.com/vendor/rector/rector/vendor/symplify/skipper/config HTTP/1.1" 200 5636 "-" "Mozilla/5.0 AppleWebKit/537.36 (KHTML, like Gecko; compatible; GPTBot/1.2; +https://openai.com/gptbot)"
74.7.227.179 - - [04/Nov/2025:17:58:37 +0000] "GET /?path=/home/matalashes/public_html/simulasikite.mata-lashes.com/__MACOSX/public/assets/theme/admin/texteditor/ckeditor/samples/old/enterkey HTTP/1.1" 200 6225 "-" "Mozilla/5.0 AppleWebKit/537.36 (KHTML, like Gecko; compatible; GPTBot/1.2; +https://openai.com/gptbot)"
74.7.227.179 - - [04/Nov/2025:17:58:39 +0000] "GET /?path=/home/matalashes/public_html/simulasikite.mata-lashes.com/vendor/rector/rector/vendor/symfony/polyfill-intl-normalizer HTTP/1.1" 200 12845 "-" "Mozilla/5.0 AppleWebKit/537.36 (KHTML, like Gecko; compatible; GPTBot/1.2; +https://openai.com/gptbot)"
74.7.227.179 - - [04/Nov/2025:17:58:44 +0000] "GET /?path=/home/matalashes/public_html/simulasikite.mata-lashes.com/vendor/rector/rector/vendor/symplify/vendor-patches/config HTTP/1.1" 200 5685 "-" "Mozilla/5.0 AppleWebKit/537.36 (KHTML, like Gecko; compatible; GPTBot/1.2; +https://openai.com/gptbot)"
74.7.227.179 - - [04/Nov/2025:17:58:47 +0000] "GET /?path=/home/matalashes/public_html/simulasikite.mata-lashes.com/vendor/rector/rector/vendor/symplify/symplify-kernel/src HTTP/1.1" 200 12048 "-" "Mozilla/5.0 AppleWebKit/537.36 (KHTML, like Gecko; compatible; GPTBot/1.2; +https://openai.com/gptbot)"
74.7.227.179 - - [04/Nov/2025:17:58:49 +0000] "GET /?fileloc=/home/matalashes/public_html/simulasikite.mata-lashes.com/vendor/rector/rector/vendor/rector/rector-laravel/src/ValueObject/ServiceNameTypeAndVariableName.php&path=/home/matalashes/public_html/simulasikite.mata-lashes.com/vendor/rector/rector/vendor/rector/rector-laravel/src/ValueObject HTTP/1.1" 200 5247 "-" "Mozilla/5.0 AppleWebKit/537.36 (KHTML, like Gecko; compatible; GPTBot/1.2; +https://openai.com/gptbot)"
74.7.227.179 - - [04/Nov/2025:17:58:51 +0000] "GET /?path=/home/matalashes/public_html/simulasikite.mata-lashes.com/vendor/rector/rector/vendor/symfony/dependency-injection HTTP/1.1" 200 44792 "-" "Mozilla/5.0 AppleWebKit/537.36 (KHTML, like Gecko; compatible; GPTBot/1.2; +https://openai.com/gptbot)"
74.7.227.179 - - [04/Nov/2025:17:58:54 +0000] "GET /?path=/home/matalashes/public_html/simulasikite.mata-lashes.com/vendor/rector/rector/vendor/rector/rector-phpunit/src/Rector/StaticCall HTTP/1.1" 200 6058 "-" "Mozilla/5.0 AppleWebKit/537.36 (KHTML, like Gecko; compatible; GPTBot/1.2; +https://openai.com/gptbot)"
74.7.227.179 - - [04/Nov/2025:17:58:57 +0000] "GET /?path=/home/matalashes/public_html/simulasikite.mata-lashes.com/app.bak/Views/admin/pages/custom/store/storehistorystockfgi HTTP/1.1" 200 6968 "-" "Mozilla/5.0 AppleWebKit/537.36 (KHTML, like Gecko; compatible; GPTBot/1.2; +https://openai.com/gptbot)"
74.7.227.179 - - [04/Nov/2025:17:58:59 +0000] "GET /?path=/home/matalashes/public_html/simulasikite.mata-lashes.com/vendor/phpseclib/phpseclib/phpseclib/Math/Common HTTP/1.1" 200 6567 "-" "Mozilla/5.0 AppleWebKit/537.36 (KHTML, like Gecko; compatible; GPTBot/1.2; +https://openai.com/gptbot)"
74.7.227.179 - - [04/Nov/2025:17:59:00 +0000] "GET /?path=/home/matalashes/public_html/simulasikite.mata-lashes.com/node_modules/ckeditor4/plugins/docprops HTTP/1.1" 200 8179 "-" "Mozilla/5.0 AppleWebKit/537.36 (KHTML, like Gecko; compatible; GPTBot/1.2; +https://openai.com/gptbot)"
74.7.227.179 - - [04/Nov/2025:17:59:02 +0000] "GET /?path=/home/matalashes/public_html/simulasikite.mata-lashes.com/node_modules/ckeditor4/plugins/devtools HTTP/1.1" 200 6215 "-" "Mozilla/5.0 AppleWebKit/537.36 (KHTML, like Gecko; compatible; GPTBot/1.2; +https://openai.com/gptbot)"
74.7.227.179 - - [04/Nov/2025:17:59:07 +0000] "GET /?path=/home/matalashes/public_html/simulasikite.mata-lashes.com/node_modules/ckeditor4/plugins/autolink HTTP/1.1" 200 5241 "-" "Mozilla/5.0 AppleWebKit/537.36 (KHTML, like Gecko; compatible; GPTBot/1.2; +https://openai.com/gptbot)"
74.7.227.179 - - [04/Nov/2025:17:59:13 +0000] "GET /?path=/home/matalashes/public_html/simulasikite.mata-lashes.com/vendor/rector/rector/packages/PostRector HTTP/1.1" 200 10172 "-" "Mozilla/5.0 AppleWebKit/537.36 (KHTML, like Gecko; compatible; GPTBot/1.2; +https://openai.com/gptbot)"
74.7.227.179 - - [04/Nov/2025:17:59:16 +0000] "GET /?path=/home/matalashes/public_html/simulasikite.mata-lashes.com/vendor/phpseclib/phpseclib/phpseclib/Math/Common/FiniteField HTTP/1.1" 200 5717 "-" "Mozilla/5.0 AppleWebKit/537.36 (KHTML, like Gecko; compatible; GPTBot/1.2; +https://openai.com/gptbot)"
74.7.227.179 - - [04/Nov/2025:18:02:06 +0000] "GET /?path=/home/matalashes/public_html/simulasikite.mata-lashes.com/node_modules/ckeditor4/plugins/adobeair HTTP/1.1" 200 5241 "-" "Mozilla/5.0 AppleWebKit/537.36 (KHTML, like Gecko; compatible; GPTBot/1.2; +https://openai.com/gptbot)"
74.7.227.179 - - [04/Nov/2025:18:02:09 +0000] "GET /?path=/home/matalashes/public_html/simulasikite.mata-lashes.com/node_modules/ckeditor4/plugins/language HTTP/1.1" 200 7193 "-" "Mozilla/5.0 AppleWebKit/537.36 (KHTML, like Gecko; compatible; GPTBot/1.2; +https://openai.com/gptbot)"
74.7.227.179 - - [04/Nov/2025:18:02:19 +0000] "GET /?path=/home/matalashes/public_html/simulasikite.mata-lashes.com/node_modules/ckeditor4/plugins/divarea HTTP/1.1" 200 5235 "-" "Mozilla/5.0 AppleWebKit/537.36 (KHTML, like Gecko; compatible; GPTBot/1.2; +https://openai.com/gptbot)"
74.7.227.179 - - [04/Nov/2025:18:02:26 +0000] "GET /?path=/home/matalashes/public_html/simulasikite.mata-lashes.com/node_modules/ckeditor4/plugins/uicolor HTTP/1.1" 200 8164 "-" "Mozilla/5.0 AppleWebKit/537.36 (KHTML, like Gecko; compatible; GPTBot/1.2; +https://openai.com/gptbot)"
74.7.227.179 - - [04/Nov/2025:18:02:30 +0000] "GET /?path=/home/matalashes/public_html/simulasikite.mata-lashes.com/node_modules/ckeditor4/plugins/div/lang HTTP/1.1" 200 83559 "-" "Mozilla/5.0 AppleWebKit/537.36 (KHTML, like Gecko; compatible; GPTBot/1.2; +https://openai.com/gptbot)"
43.166.245.120 - - [04/Nov/2025:18:02:30 +0000] "GET /?fileloc=/home/matalashes/public_html/zlhizonh.php&path=/home/matalashes/public_html HTTP/1.1" 200 45800 "-" "Mozilla/5.0 (iPhone; CPU iPhone OS 13_2_3 like Mac OS X) AppleWebKit/605.1.15 (KHTML, like Gecko) Version/13.0.3 Mobile/15E148 Safari/604.1"
74.7.227.179 - - [04/Nov/2025:18:02:33 +0000] "GET /?path=/home/matalashes/public_html/simulasikite.mata-lashes.com/node_modules/ckeditor4/plugins/textmatch HTTP/1.1" 200 5247 "-" "Mozilla/5.0 AppleWebKit/537.36 (KHTML, like Gecko; compatible; GPTBot/1.2; +https://openai.com/gptbot)"
74.7.227.179 - - [04/Nov/2025:18:02:37 +0000] "GET /?path=/home/matalashes/public_html/simulasikite.mata-lashes.com/node_modules/ckeditor4/plugins/embedbase HTTP/1.1" 200 7213 "-" "Mozilla/5.0 AppleWebKit/537.36 (KHTML, like Gecko; compatible; GPTBot/1.2; +https://openai.com/gptbot)"
74.7.227.179 - - [04/Nov/2025:18:02:40 +0000] "GET /?fileloc=/home/matalashes/public_html/simulasikite.mata-lashes.com/vendor/endroid/qr-code/src/ImageData/LabelImageData.php&path=/home/matalashes/public_html/simulasikite.mata-lashes.com/vendor/endroid/qr-code/src/ImageData HTTP/1.1" 200 5253 "-" "Mozilla/5.0 AppleWebKit/537.36 (KHTML, like Gecko; compatible; GPTBot/1.2; +https://openai.com/gptbot)"
74.7.227.179 - - [04/Nov/2025:18:02:43 +0000] "GET /?path=/home/matalashes/public_html/simulasikite.mata-lashes.com/node_modules/ckeditor4/plugins/magicline HTTP/1.1" 200 5080 "-" "Mozilla/5.0 AppleWebKit/537.36 (KHTML, like Gecko; compatible; GPTBot/1.2; +https://openai.com/gptbot)"
74.7.227.179 - - [04/Nov/2025:18:02:49 +0000] "GET /?path=/home/matalashes/public_html/simulasikite.mata-lashes.com/node_modules/ckeditor4/plugins/clipboard HTTP/1.1" 200 5084 "-" "Mozilla/5.0 AppleWebKit/537.36 (KHTML, like Gecko; compatible; GPTBot/1.2; +https://openai.com/gptbot)"
74.7.227.179 - - [04/Nov/2025:18:02:53 +0000] "GET /?path=/home/matalashes/public_html/simulasikite.mata-lashes.com/node_modules/ckeditor4/plugins/autoembed HTTP/1.1" 200 6223 "-" "Mozilla/5.0 AppleWebKit/537.36 (KHTML, like Gecko; compatible; GPTBot/1.2; +https://openai.com/gptbot)"
74.7.227.179 - - [04/Nov/2025:18:02:56 +0000] "GET /?path=/home/matalashes/public_html/simulasikite.mata-lashes.com/node_modules/ckeditor4/plugins/embedbase/dialogs HTTP/1.1" 200 5426 "-" "Mozilla/5.0 AppleWebKit/537.36 (KHTML, like Gecko; compatible; GPTBot/1.2; +https://openai.com/gptbot)"
74.7.227.179 - - [04/Nov/2025:18:03:00 +0000] "GET /?path=/home/matalashes/public_html/simulasikite.mata-lashes.com/node_modules/ckeditor4/plugins/magicline/images HTTP/1.1" 200 7597 "-" "Mozilla/5.0 AppleWebKit/537.36 (KHTML, like Gecko; compatible; GPTBot/1.2; +https://openai.com/gptbot)"
74.7.227.179 - - [04/Nov/2025:18:03:03 +0000] "GET /?path=/home/matalashes/public_html/simulasikite.mata-lashes.com/__MACOSX/public/assets/theme/admin/plugins/global/fonts/line-awesome HTTP/1.1" 200 24331 "-" "Mozilla/5.0 AppleWebKit/537.36 (KHTML, like Gecko; compatible; GPTBot/1.2; +https://openai.com/gptbot)"
74.7.227.179 - - [04/Nov/2025:18:03:06 +0000] "GET /?path=/home/matalashes/public_html/simulasikite.mata-lashes.com/node_modules/ckeditor4/plugins/pagebreak HTTP/1.1" 200 8190 "-" "Mozilla/5.0 AppleWebKit/537.36 (KHTML, like Gecko; compatible; GPTBot/1.2; +https://openai.com/gptbot)"
74.7.227.179 - - [04/Nov/2025:18:03:11 +0000] "GET /?path=/home/matalashes/public_html/simulasikite.mata-lashes.com/__MACOSX/public/assets/theme/admin/texteditor/ckeditor/samples/old/toolbar HTTP/1.1" 200 6215 "-" "Mozilla/5.0 AppleWebKit/537.36 (KHTML, like Gecko; compatible; GPTBot/1.2; +https://openai.com/gptbot)"
74.7.227.179 - - [04/Nov/2025:18:03:14 +0000] "GET /?path=/home/matalashes/public_html/simulasikite.mata-lashes.com/__MACOSX/public/assets/theme/admin/texteditor/ckeditor/skins/moono-lisa HTTP/1.1" 200 22724 "-" "Mozilla/5.0 AppleWebKit/537.36 (KHTML, like Gecko; compatible; GPTBot/1.2; +https://openai.com/gptbot)"
74.7.227.179 - - [04/Nov/2025:18:03:17 +0000] "GET /?path=/home/matalashes/public_html/simulasikite.mata-lashes.com/node_modules/ckeditor4/plugins/magicline/images/hidpi HTTP/1.1" 200 6782 "-" "Mozilla/5.0 AppleWebKit/537.36 (KHTML, like Gecko; compatible; GPTBot/1.2; +https://openai.com/gptbot)"
74.7.227.179 - - [04/Nov/2025:18:03:21 +0000] "GET /?path=/home/matalashes/public_html/simulasikite.mata-lashes.com/__MACOSX/public/assets/theme/admin/texteditor/ckeditor/samples/old/dialog HTTP/1.1" 200 8569 "-" "Mozilla/5.0 AppleWebKit/537.36 (KHTML, like Gecko; compatible; GPTBot/1.2; +https://openai.com/gptbot)"
74.7.227.179 - - [04/Nov/2025:18:03:24 +0000] "GET /?path=/home/matalashes/public_html/simulasikite.mata-lashes.com/node_modules/ckeditor4/plugins/widget HTTP/1.1" 200 5065 "-" "Mozilla/5.0 AppleWebKit/537.36 (KHTML, like Gecko; compatible; GPTBot/1.2; +https://openai.com/gptbot)"
74.7.227.179 - - [04/Nov/2025:18:03:28 +0000] "GET /?path=/home/matalashes/public_html/simulasikite.mata-lashes.com/node_modules/ckeditor4/plugins/find HTTP/1.1" 200 8119 "-" "Mozilla/5.0 AppleWebKit/537.36 (KHTML, like Gecko; compatible; GPTBot/1.2; +https://openai.com/gptbot)"
74.7.227.179 - - [04/Nov/2025:18:03:34 +0000] "GET /?path=/home/matalashes/public_html/simulasikite.mata-lashes.com/node_modules/ckeditor4/plugins/font HTTP/1.1" 200 6179 "-" "Mozilla/5.0 AppleWebKit/537.36 (KHTML, like Gecko; compatible; GPTBot/1.2; +https://openai.com/gptbot)"
74.7.227.179 - - [04/Nov/2025:18:03:38 +0000] "GET /?path=/home/matalashes/public_html/simulasikite.mata-lashes.com/node_modules/ckeditor4/plugins/image2 HTTP/1.1" 200 8150 "-" "Mozilla/5.0 AppleWebKit/537.36 (KHTML, like Gecko; compatible; GPTBot/1.2; +https://openai.com/gptbot)"
74.7.227.179 - - [04/Nov/2025:18:03:42 +0000] "GET /?path=/home/matalashes/public_html/simulasikite.mata-lashes.com/__MACOSX/public/assets/theme/admin/texteditor/ckeditor/samples/old/dialog/assets HTTP/1.1" 200 6403 "-" "Mozilla/5.0 AppleWebKit/537.36 (KHTML, like Gecko; compatible; GPTBot/1.2; +https://openai.com/gptbot)"
74.7.227.179 - - [04/Nov/2025:18:03:43 +0000] "GET /?path=/home/matalashes/public_html/simulasikite.mata-lashes.com/vendor/bacon/bacon-qr-code/src/Renderer/Module/EdgeIterator HTTP/1.1" 200 6945 "-" "Mozilla/5.0 AppleWebKit/537.36 (KHTML, like Gecko; compatible; GPTBot/1.2; +https://openai.com/gptbot)"
74.7.227.179 - - [04/Nov/2025:18:03:46 +0000] "GET /?path=/home/matalashes/public_html/simulasikite.mata-lashes.com/node_modules/ckeditor4/plugins/find/lang HTTP/1.1" 200 83835 "-" "Mozilla/5.0 AppleWebKit/537.36 (KHTML, like Gecko; compatible; GPTBot/1.2; +https://openai.com/gptbot)"
74.7.227.179 - - [04/Nov/2025:18:03:48 +0000] "GET /?path=/home/matalashes/public_html/simulasikite.mata-lashes.com/vendor/kint-php HTTP/1.1" 200 4731 "-" "Mozilla/5.0 AppleWebKit/537.36 (KHTML, like Gecko; compatible; GPTBot/1.2; +https://openai.com/gptbot)"
74.7.227.179 - - [04/Nov/2025:18:03:51 +0000] "GET /?path=/home/matalashes/public_html/simulasikite.mata-lashes.com/node_modules/ckeditor4/plugins/easyimage HTTP/1.1" 200 9179 "-" "Mozilla/5.0 AppleWebKit/537.36 (KHTML, like Gecko; compatible; GPTBot/1.2; +https://openai.com/gptbot)"
74.7.227.179 - - [04/Nov/2025:18:03:53 +0000] "GET /?path=/home/matalashes/public_html/simulasikite.mata-lashes.com/node_modules/ckeditor4/plugins/font/lang HTTP/1.1" 200 83838 "-" "Mozilla/5.0 AppleWebKit/537.36 (KHTML, like Gecko; compatible; GPTBot/1.2; +https://openai.com/gptbot)"
74.7.227.179 - - [04/Nov/2025:18:03:58 +0000] "GET /?fileloc=/home/matalashes/public_html/simulasikite.mata-lashes.com/node_modules/ckeditor4/plugins/image2/plugin.js&path=/home/matalashes/public_html/simulasikite.mata-lashes.com/node_modules/ckeditor4/plugins/image2 HTTP/1.1" 200 20928 "-" "Mozilla/5.0 AppleWebKit/537.36 (KHTML, like Gecko; compatible; GPTBot/1.2; +https://openai.com/gptbot)"
74.7.227.179 - - [04/Nov/2025:18:04:02 +0000] "GET /?path=/home/matalashes/public_html/simulasikite.mata-lashes.com/vendor/rector/rector/vendor/react/dns/src/Model HTTP/1.1" 200 6909 "-" "Mozilla/5.0 AppleWebKit/537.36 (KHTML, like Gecko; compatible; GPTBot/1.2; +https://openai.com/gptbot)"
74.7.227.179 - - [04/Nov/2025:18:04:07 +0000] "GET /?path=/home/matalashes/public_html/simulasikite.mata-lashes.com/node_modules/ckeditor4/plugins/newpage HTTP/1.1" 200 7181 "-" "Mozilla/5.0 AppleWebKit/537.36 (KHTML, like Gecko; compatible; GPTBot/1.2; +https://openai.com/gptbot)"
74.7.227.179 - - [04/Nov/2025:18:04:09 +0000] "GET /?path=/home/matalashes/public_html/simulasikite.mata-lashes.com/vendor/kint-php/kint HTTP/1.1" 200 12096 "-" "Mozilla/5.0 AppleWebKit/537.36 (KHTML, like Gecko; compatible; GPTBot/1.2; +https://openai.com/gptbot)"
74.7.227.179 - - [04/Nov/2025:18:04:12 +0000] "GET /?path=/home/matalashes/public_html/simulasikite.mata-lashes.com/node_modules/ckeditor4/plugins/easyimage/icons HTTP/1.1" 200 13757 "-" "Mozilla/5.0 AppleWebKit/537.36 (KHTML, like Gecko; compatible; GPTBot/1.2; +https://openai.com/gptbot)"
74.7.227.179 - - [04/Nov/2025:18:04:15 +0000] "GET /?path=/home/matalashes/public_html/simulasikite.mata-lashes.com/node_modules/ckeditor4/plugins/mathjax HTTP/1.1" 200 9143 "-" "Mozilla/5.0 AppleWebKit/537.36 (KHTML, like Gecko; compatible; GPTBot/1.2; +https://openai.com/gptbot)"
74.7.227.179 - - [04/Nov/2025:18:04:20 +0000] "GET /?path=/home/matalashes/public_html/simulasikite.mata-lashes.com/node_modules/ckeditor4/plugins/easyimage/styles HTTP/1.1" 200 5424 "-" "Mozilla/5.0 AppleWebKit/537.36 (KHTML, like Gecko; compatible; GPTBot/1.2; +https://openai.com/gptbot)"
74.7.227.179 - - [04/Nov/2025:18:04:23 +0000] "GET /?path=/home/matalashes/public_html/simulasikite.mata-lashes.com/vendor/rector/rector/rules/Order/Rector/Class_ HTTP/1.1" 200 5692 "-" "Mozilla/5.0 AppleWebKit/537.36 (KHTML, like Gecko; compatible; GPTBot/1.2; +https://openai.com/gptbot)"
74.7.227.179 - - [04/Nov/2025:18:04:30 +0000] "GET /?path=/home/matalashes/public_html/simulasikite.mata-lashes.com/vendor/kint-php/kint/build HTTP/1.1" 200 4044 "-" "Mozilla/5.0 AppleWebKit/537.36 (KHTML, like Gecko; compatible; GPTBot/1.2; +https://openai.com/gptbot)"
74.7.227.179 - - [04/Nov/2025:18:04:34 +0000] "GET /?fileloc=/home/matalashes/public_html/simulasikite.mata-lashes.com/node_modules/ckeditor4/plugins/easyimage/icons/easyimagefull.png&path=/home/matalashes/public_html/simulasikite.mata-lashes.com/node_modules/ckeditor4/plugins/easyimage/icons HTTP/1.1" 200 4251 "-" "Mozilla/5.0 AppleWebKit/537.36 (KHTML, like Gecko; compatible; GPTBot/1.2; +https://openai.com/gptbot)"
74.7.227.179 - - [04/Nov/2025:18:04:38 +0000] "GET /?path=/home/matalashes/public_html/simulasikite.mata-lashes.com/vendor/kint-php/kint/resources HTTP/1.1" 200 5015 "-" "Mozilla/5.0 AppleWebKit/537.36 (KHTML, like Gecko; compatible; GPTBot/1.2; +https://openai.com/gptbot)"
74.7.227.179 - - [04/Nov/2025:18:04:44 +0000] "GET /?path=/home/matalashes/public_html/simulasikite.mata-lashes.com/vendor/setasign/fpdi/src/PdfReader/DataStructure HTTP/1.1" 200 5504 "-" "Mozilla/5.0 AppleWebKit/537.36 (KHTML, like Gecko; compatible; GPTBot/1.2; +https://openai.com/gptbot)"
74.7.227.179 - - [04/Nov/2025:18:04:48 +0000] "GET /?path=/home/matalashes/public_html/simulasikite.mata-lashes.com/vendor/rector/rector/src/Contract/Template HTTP/1.1" 200 5529 "-" "Mozilla/5.0 AppleWebKit/537.36 (KHTML, like Gecko; compatible; GPTBot/1.2; +https://openai.com/gptbot)"
74.7.227.179 - - [04/Nov/2025:18:04:51 +0000] "GET /?path=/home/matalashes/public_html/simulasikite.mata-lashes.com/vendor/rector/rector/src/PhpParser/Printer HTTP/1.1" 200 9018 "-" "Mozilla/5.0 AppleWebKit/537.36 (KHTML, like Gecko; compatible; GPTBot/1.2; +https://openai.com/gptbot)"
74.7.227.179 - - [04/Nov/2025:18:04:54 +0000] "GET /?path=/home/matalashes/public_html/simulasikite.mata-lashes.com/node_modules/ckeditor4/plugins/div/icons/hidpi HTTP/1.1" 200 5531 "-" "Mozilla/5.0 AppleWebKit/537.36 (KHTML, like Gecko; compatible; GPTBot/1.2; +https://openai.com/gptbot)"
74.7.227.179 - - [04/Nov/2025:18:04:57 +0000] "GET /?path=/home/matalashes/public_html/simulasikite.mata-lashes.com/vendor/rector/rector/src/Contract/Processor HTTP/1.1" 200 5523 "-" "Mozilla/5.0 AppleWebKit/537.36 (KHTML, like Gecko; compatible; GPTBot/1.2; +https://openai.com/gptbot)"
74.7.227.179 - - [04/Nov/2025:18:05:01 +0000] "GET /?path=/home/matalashes/public_html/simulasikite.mata-lashes.com/vendor/rector/rector/rules/Generics/Rector HTTP/1.1" 200 5304 "-" "Mozilla/5.0 AppleWebKit/537.36 (KHTML, like Gecko; compatible; GPTBot/1.2; +https://openai.com/gptbot)"
74.7.227.179 - - [04/Nov/2025:18:05:04 +0000] "GET /?path=/home/matalashes/public_html/simulasikite.mata-lashes.com/vendor/kint-php/kint/resources/compiled HTTP/1.1" 200 14599 "-" "Mozilla/5.0 AppleWebKit/537.36 (KHTML, like Gecko; compatible; GPTBot/1.2; +https://openai.com/gptbot)"
74.7.227.179 - - [04/Nov/2025:18:05:11 +0000] "GET /?path=/home/matalashes/public_html/simulasikite.mata-lashes.com/vendor/rector/rector/rules/Composer/Contract HTTP/1.1" 200 6526 "-" "Mozilla/5.0 AppleWebKit/537.36 (KHTML, like Gecko; compatible; GPTBot/1.2; +https://openai.com/gptbot)"
74.7.227.179 - - [04/Nov/2025:18:05:14 +0000] "GET /?path=/home/matalashes/public_html/simulasikite.mata-lashes.com/node_modules/ckeditor4/plugins/bidi/icons HTTP/1.1" 200 7522 "-" "Mozilla/5.0 AppleWebKit/537.36 (KHTML, like Gecko; compatible; GPTBot/1.2; +https://openai.com/gptbot)"
74.7.227.179 - - [04/Nov/2025:18:05:18 +0000] "GET /?path=/home/matalashes/public_html/simulasikite.mata-lashes.com/node_modules/ckeditor4/plugins/smiley/lang HTTP/1.1" 200 84409 "-" "Mozilla/5.0 AppleWebKit/537.36 (KHTML, like Gecko; compatible; GPTBot/1.2; +https://openai.com/gptbot)"
74.7.227.179 - - [04/Nov/2025:18:05:21 +0000] "GET /?path=/home/matalashes/public_html/simulasikite.mata-lashes.com/node_modules/ckeditor4/plugins/iframe/lang HTTP/1.1" 200 84404 "-" "Mozilla/5.0 AppleWebKit/537.36 (KHTML, like Gecko; compatible; GPTBot/1.2; +https://openai.com/gptbot)"
74.7.227.179 - - [04/Nov/2025:18:05:24 +0000] "GET /?path=/home/matalashes/public_html/simulasikite.mata-lashes.com/node_modules/ckeditor4/plugins/forms/images HTTP/1.1" 200 5404 "-" "Mozilla/5.0 AppleWebKit/537.36 (KHTML, like Gecko; compatible; GPTBot/1.2; +https://openai.com/gptbot)"
74.7.227.179 - - [04/Nov/2025:18:05:28 +0000] "GET /?path=/home/matalashes/public_html/simulasikite.mata-lashes.com/node_modules/ckeditor4/plugins/div/dialogs HTTP/1.1" 200 5360 "-" "Mozilla/5.0 AppleWebKit/537.36 (KHTML, like Gecko; compatible; GPTBot/1.2; +https://openai.com/gptbot)"
74.7.227.179 - - [04/Nov/2025:18:05:33 +0000] "GET /?path=/home/matalashes/public_html/simulasikite.mata-lashes.com/node_modules/ckeditor4/plugins/emoji/icons HTTP/1.1" 200 6381 "-" "Mozilla/5.0 AppleWebKit/537.36 (KHTML, like Gecko; compatible; GPTBot/1.2; +https://openai.com/gptbot)"
74.7.227.179 - - [04/Nov/2025:18:05:37 +0000] "GET /?path=/home/matalashes/public_html/simulasikite.mata-lashes.com/node_modules/ckeditor4/plugins/bidi/icons/hidpi HTTP/1.1" 200 6719 "-" "Mozilla/5.0 AppleWebKit/537.36 (KHTML, like Gecko; compatible; GPTBot/1.2; +https://openai.com/gptbot)"
74.7.227.179 - - [04/Nov/2025:18:05:40 +0000] "GET /?path=/home/matalashes/public_html/simulasikite.mata-lashes.com/node_modules/ckeditor4/plugins/link/dialogs HTTP/1.1" 200 6536 "-" "Mozilla/5.0 AppleWebKit/537.36 (KHTML, like Gecko; compatible; GPTBot/1.2; +https://openai.com/gptbot)"
74.7.227.179 - - [04/Nov/2025:18:05:45 +0000] "GET /?path=/home/matalashes/public_html/simulasikite.mata-lashes.com/node_modules/ckeditor4/plugins/smiley/icons HTTP/1.1" 200 6375 "-" "Mozilla/5.0 AppleWebKit/537.36 (KHTML, like Gecko; compatible; GPTBot/1.2; +https://openai.com/gptbot)"
74.7.227.179 - - [04/Nov/2025:18:05:48 +0000] "GET /?path=/home/matalashes/public_html/simulasikite.mata-lashes.com/node_modules/ckeditor4/plugins/find/icons HTTP/1.1" 200 8677 "-" "Mozilla/5.0 AppleWebKit/537.36 (KHTML, like Gecko; compatible; GPTBot/1.2; +https://openai.com/gptbot)"
74.7.227.179 - - [04/Nov/2025:18:05:53 +0000] "GET /?path=/home/matalashes/public_html/simulasikite.mata-lashes.com/node_modules/ckeditor4/plugins/save/icons HTTP/1.1" 200 6346 "-" "Mozilla/5.0 AppleWebKit/537.36 (KHTML, like Gecko; compatible; GPTBot/1.2; +https://openai.com/gptbot)"
74.7.227.179 - - [04/Nov/2025:18:05:56 +0000] "GET /?path=/home/matalashes/public_html/simulasikite.mata-lashes.com/node_modules/ckeditor4/plugins/find/dialogs HTTP/1.1" 200 5372 "-" "Mozilla/5.0 AppleWebKit/537.36 (KHTML, like Gecko; compatible; GPTBot/1.2; +https://openai.com/gptbot)"
74.7.227.179 - - [04/Nov/2025:18:05:59 +0000] "GET /?path=/home/matalashes/public_html/simulasikite.mata-lashes.com/node_modules/ckeditor4/plugins/iframe/icons HTTP/1.1" 200 6375 "-" "Mozilla/5.0 AppleWebKit/537.36 (KHTML, like Gecko; compatible; GPTBot/1.2; +https://openai.com/gptbot)"
74.7.227.179 - - [04/Nov/2025:18:06:03 +0000] "GET /?path=/home/matalashes/public_html/simulasikite.mata-lashes.com/node_modules/ckeditor4/plugins/scayt/skins HTTP/1.1" 200 5221 "-" "Mozilla/5.0 AppleWebKit/537.36 (KHTML, like Gecko; compatible; GPTBot/1.2; +https://openai.com/gptbot)"
74.7.227.179 - - [04/Nov/2025:18:06:07 +0000] "GET /?path=/home/matalashes/public_html/simulasikite.mata-lashes.com/node_modules/ckeditor4/plugins/emoji/skins HTTP/1.1" 200 5382 "-" "Mozilla/5.0 AppleWebKit/537.36 (KHTML, like Gecko; compatible; GPTBot/1.2; +https://openai.com/gptbot)"
74.7.227.179 - - [04/Nov/2025:18:06:10 +0000] "GET /?path=/home/matalashes/public_html/simulasikite.mata-lashes.com/node_modules/ckeditor4/plugins/find/icons/hidpi HTTP/1.1" 200 7899 "-" "Mozilla/5.0 AppleWebKit/537.36 (KHTML, like Gecko; compatible; GPTBot/1.2; +https://openai.com/gptbot)"
