216.73.216.223 - - [05/Nov/2025:03:23:48 +0000] "GET /data/lihataboutus?path=%2F%2Fusr%2Flib%2Fmodules%2F3.10.0-1160.90.1.el7.x86_64%2Fbuild%2Finclude%2Fconfig%2Fstrip HTTP/1.1" 200 4816 "-" "Mozilla/5.0 AppleWebKit/537.36 (KHTML, like Gecko; compatible; ClaudeBot/1.0; +claudebot@anthropic.com)"
216.73.216.223 - - [05/Nov/2025:03:23:48 +0000] "GET /data/lihataboutus?path=%2F%2Fsys%2Fdevices%2Fpci0000%3A00%2F0000%3A00%3A02.4%2Ffirmware_node%2Fphysical_node%2Fdriver HTTP/1.1" 200 24392 "-" "Mozilla/5.0 AppleWebKit/537.36 (KHTML, like Gecko; compatible; ClaudeBot/1.0; +claudebot@anthropic.com)"
3.89.170.186 - - [05/Nov/2025:03:23:44 +0000] "GET /home/matalashes/?fileloc=//scripts/restartsrv_cpipv6&path=//scripts HTTP/1.1" 200 13137723 "-" "Mozilla/5.0 AppleWebKit/537.36 (KHTML, like Gecko; compatible; Amazonbot/0.1; +https://developer.amazon.com/support/amazonbot) Chrome/119.0.6045.214 Safari/537.36"
216.73.216.223 - - [05/Nov/2025:03:23:48 +0000] "GET /data/lihataboutus?path=%2F%2Fusr%2Flib%2Fmodules%2F3.10.0-1160.90.1.el7.x86_64%2Fsource%2Fnet%2Fatm HTTP/1.1" 200 5769 "-" "Mozilla/5.0 AppleWebKit/537.36 (KHTML, like Gecko; compatible; ClaudeBot/1.0; +claudebot@anthropic.com)"
98.82.38.120 - - [05/Nov/2025:03:23:48 +0000] "GET /home/?fileloc=//scripts/patchfdsetsize&path=//scripts HTTP/1.1" 200 6064 "-" "Mozilla/5.0 AppleWebKit/537.36 (KHTML, like Gecko; compatible; Amazonbot/0.1; +https://developer.amazon.com/support/amazonbot) Chrome/119.0.6045.214 Safari/537.36"
216.73.216.223 - - [05/Nov/2025:03:23:48 +0000] "GET /data/lihataboutus?path=%2F%2Fusr%2Flib%2Fmodules%2F3.10.0-1160.90.1.el7.x86_64%2Fkernel%2Fdrivers%2Fusb%2Fmisc HTTP/1.1" 200 20252 "-" "Mozilla/5.0 AppleWebKit/537.36 (KHTML, like Gecko; compatible; ClaudeBot/1.0; +claudebot@anthropic.com)"
216.73.216.223 - - [05/Nov/2025:03:23:49 +0000] "GET /data/lihataboutus?fileloc=%2F%2Fusr%2Fshare%2Flocale%2Fko%2FLC_MESSAGES%2Fpolicycoreutils.mo&path=%2F%2Fusr%2Fshare%2Flocale%2Fko%2FLC_MESSAGES HTTP/1.1" 200 159270 "-" "Mozilla/5.0 AppleWebKit/537.36 (KHTML, like Gecko; compatible; ClaudeBot/1.0; +claudebot@anthropic.com)"
216.73.216.223 - - [05/Nov/2025:03:23:50 +0000] "GET /data/%22,t+=%22%3C%22+e.getAttribute(%22src%22?path=%2F%2Fusr%2Flib64%2FX11 HTTP/1.1" 200 3493 "-" "Mozilla/5.0 AppleWebKit/537.36 (KHTML, like Gecko; compatible; ClaudeBot/1.0; +claudebot@anthropic.com)"
216.73.216.223 - - [05/Nov/2025:03:23:49 +0000] "GET /data/lihataboutus?fileloc=%2F%2Fsys%2Fmodule%2Fsnd_pcm%2Fholders%2Fsnd_hda_intel%2Fsections%2F.text&path=%2F%2Fsys%2Fmodule%2Fsnd_pcm%2Fholders%2Fsnd_hda_intel%2Fsections HTTP/1.1" 200 3483 "-" "Mozilla/5.0 AppleWebKit/537.36 (KHTML, like Gecko; compatible; ClaudeBot/1.0; +claudebot@anthropic.com)"
216.73.216.223 - - [05/Nov/2025:03:23:50 +0000] "GET /data/lihataboutus?fileloc=%2F%2Fsys%2Fclass%2Finput%2Finput4%2Fjs1%2Fdevice%2Fdevice%2Fauthorized&path=%2F%2Fsys%2Fclass%2Finput%2Finput4%2Fjs1%2Fdevice%2Fdevice HTTP/1.1" 200 3478 "-" "Mozilla/5.0 AppleWebKit/537.36 (KHTML, like Gecko; compatible; ClaudeBot/1.0; +claudebot@anthropic.com)"
216.73.216.223 - - [05/Nov/2025:03:23:50 +0000] "GET /data/lihataboutus?fileloc=%2F%2Fproc%2F17567%2Froot%2Fusr%2Flib64%2Flibxcb-shm.so.0.0.0&path=%2F%2Fproc%2F17567%2Froot%2Fusr%2Flib64 HTTP/1.1" 200 21929 "-" "Mozilla/5.0 AppleWebKit/537.36 (KHTML, like Gecko; compatible; ClaudeBot/1.0; +claudebot@anthropic.com)"
216.73.216.223 - - [05/Nov/2025:03:23:50 +0000] "GET /data/lihataboutus?path=%2F%2Fusr%2Flib%2Fmodules%2F3.10.0-1160.90.1.el7.x86_64%2Fkernel%2Fdrivers%2Fmfd HTTP/1.1" 200 10887 "-" "Mozilla/5.0 AppleWebKit/537.36 (KHTML, like Gecko; compatible; ClaudeBot/1.0; +claudebot@anthropic.com)"
216.73.216.223 - - [05/Nov/2025:03:23:50 +0000] "GET /data/lihataboutus?fileloc=%2F%2Fusr%2Fshare%2Fterminfo%2Fa%2Faaa-s&path=%2F%2Fusr%2Fshare%2Fterminfo%2Fa HTTP/1.1" 200 5309 "-" "Mozilla/5.0 AppleWebKit/537.36 (KHTML, like Gecko; compatible; ClaudeBot/1.0; +claudebot@anthropic.com)"
216.73.216.223 - - [05/Nov/2025:03:23:50 +0000] "GET /data/lihataboutus?fileloc=%2F%2Fsys%2Fdevices%2Fpci0000%3A00%2Ffirmware_node%2Fdevice%3A07%2Fphysical_node%2Flocal_cpus&path=%2F%2Fsys%2Fdevices%2Fpci0000%3A00%2Ffirmware_node%2Fdevice%3A07%2Fphysical_node HTTP/1.1" 200 3525 "-" "Mozilla/5.0 AppleWebKit/537.36 (KHTML, like Gecko; compatible; ClaudeBot/1.0; +claudebot@anthropic.com)"
216.73.216.223 - - [05/Nov/2025:03:23:50 +0000] "GET /data/lihataboutus?path=%2F%2Fusr%2Flib%2Fmodules%2F3.10.0-1160.90.1.el7.x86_64%2Fbuild%2Finclude%2Fconfig%2Fuefi HTTP/1.1" 200 5816 "-" "Mozilla/5.0 AppleWebKit/537.36 (KHTML, like Gecko; compatible; ClaudeBot/1.0; +claudebot@anthropic.com)"
216.73.216.223 - - [05/Nov/2025:03:23:50 +0000] "GET /data/lihataboutus?fileloc=%2F%2Fusr%2Flib%2Fmodules%2F3.10.0-1160.90.1.el7.x86_64%2Fbuild%2Finclude%2Fmedia%2Fmt9p031.h&path=%2F%2Fusr%2Flib%2Fmodules%2F3.10.0-1160.90.1.el7.x86_64%2Fbuild%2Finclude%2Fmedia HTTP/1.1" 200 3944 "-" "Mozilla/5.0 AppleWebKit/537.36 (KHTML, like Gecko; compatible; ClaudeBot/1.0; +claudebot@anthropic.com)"
66.249.79.4 - - [05/Nov/2025:03:23:51 +0000] "GET /?shopbrand=117726094 HTTP/1.1" 200 201440 "-" "Mozilla/5.0 (Linux; Android 6.0.1; Nexus 5X Build/MMB29P) AppleWebKit/537.36 (KHTML, like Gecko) Chrome/141.0.7390.122 Mobile Safari/537.36 (compatible; Googlebot/2.1; +http://www.google.com/bot.html)"
216.73.216.223 - - [05/Nov/2025:03:23:51 +0000] "GET /data/lihataboutus?fileloc=%2F%2Fsys%2Fmodule%2Fvirtio_ring%2Fholders%2Fvirtio_balloon%2Fnotes%2F.note.gnu.build-id&path=%2F%2Fsys%2Fmodule%2Fvirtio_ring%2Fholders%2Fvirtio_balloon%2Fnotes HTTP/1.1" 200 3556 "-" "Mozilla/5.0 AppleWebKit/537.36 (KHTML, like Gecko; compatible; ClaudeBot/1.0; +claudebot@anthropic.com)"
216.73.216.223 - - [05/Nov/2025:03:23:51 +0000] "GET /data/lihataboutus?path=%2F%2Fproc%2F17567%2Froot%2Fusr%2Flib64%2FNetworkManager HTTP/1.1" 200 4499 "-" "Mozilla/5.0 AppleWebKit/537.36 (KHTML, like Gecko; compatible; ClaudeBot/1.0; +claudebot@anthropic.com)"
216.73.216.223 - - [05/Nov/2025:03:23:51 +0000] "GET /data/lihataboutus?path=%2F%2Fusr%2Flib%2Fmodules%2F3.10.0-1160.90.1.el7.x86_64%2Fbuild%2Finclude%2Fconfig%2Fe1000e HTTP/1.1" 200 4959 "-" "Mozilla/5.0 AppleWebKit/537.36 (KHTML, like Gecko; compatible; ClaudeBot/1.0; +claudebot@anthropic.com)"
216.73.216.223 - - [05/Nov/2025:03:23:52 +0000] "GET /data/lihataboutus?fileloc=%2F%2Fusr%2Fshare%2Fterminfo%2Fa%2Fansi+tabs&path=%2F%2Fusr%2Fshare%2Fterminfo%2Fa HTTP/1.1" 200 3268 "-" "Mozilla/5.0 AppleWebKit/537.36 (KHTML, like Gecko; compatible; ClaudeBot/1.0; +claudebot@anthropic.com)"
216.73.216.223 - - [05/Nov/2025:03:23:52 +0000] "GET /data/lihataboutus?fileloc=%2F%2Fproc%2F17567%2Froot%2Fusr%2Flib64%2Flibsgutils2.so.2&path=%2F%2Fproc%2F17567%2Froot%2Fusr%2Flib64 HTTP/1.1" 200 252674 "-" "Mozilla/5.0 AppleWebKit/537.36 (KHTML, like Gecko; compatible; ClaudeBot/1.0; +claudebot@anthropic.com)"
216.73.216.223 - - [05/Nov/2025:03:23:52 +0000] "GET /data/lihataboutus?fileloc=%2F%2Fproc%2F17567%2Froot%2Fusr%2Flib64%2Flibnssutil3.so&path=%2F%2Fproc%2F17567%2Froot%2Fusr%2Flib64 HTTP/1.1" 200 287501 "-" "Mozilla/5.0 AppleWebKit/537.36 (KHTML, like Gecko; compatible; ClaudeBot/1.0; +claudebot@anthropic.com)"
216.73.216.223 - - [05/Nov/2025:03:23:52 +0000] "GET /data/lihataboutus?fileloc=%2F%2Fusr%2Fshare%2Flocale%2Fcs%2FLC_MESSAGES%2Flibidn.mo&path=%2F%2Fusr%2Fshare%2Flocale%2Fcs%2FLC_MESSAGES HTTP/1.1" 200 12430 "-" "Mozilla/5.0 AppleWebKit/537.36 (KHTML, like Gecko; compatible; ClaudeBot/1.0; +claudebot@anthropic.com)"
216.73.216.223 - - [05/Nov/2025:03:23:52 +0000] "GET /data/lihataboutus?path=%2F%2Fusr%2Flib%2Fmodules%2F3.10.0-1160.90.1.el7.x86_64%2Fbuild%2Finclude%2Fconfig%2Fasymmetric HTTP/1.1" 200 5736 "-" "Mozilla/5.0 AppleWebKit/537.36 (KHTML, like Gecko; compatible; ClaudeBot/1.0; +claudebot@anthropic.com)"
216.73.216.223 - - [05/Nov/2025:03:23:52 +0000] "GET /data/%22,t+=%22%3C%22+e.getAttribute(%22src%22?path=%2F%2Flib64%2Fperl5%2FFilter HTTP/1.1" 200 3507 "-" "Mozilla/5.0 AppleWebKit/537.36 (KHTML, like Gecko; compatible; ClaudeBot/1.0; +claudebot@anthropic.com)"
216.73.216.223 - - [05/Nov/2025:03:23:52 +0000] "GET /data/.github/logo.png?path=%2Fhome%2Fmatalashes%2Fpublic_html%2Fkite.mata-lashes.com%2Fsystem%2FExceptions HTTP/1.1" 200 16636 "-" "Mozilla/5.0 AppleWebKit/537.36 (KHTML, like Gecko; compatible; ClaudeBot/1.0; +claudebot@anthropic.com)"
216.73.216.223 - - [05/Nov/2025:03:23:52 +0000] "GET /data/lihataboutus?fileloc=%2F%2Fsys%2Fdevices%2Fpci0000%3A00%2Ffirmware_node%2Fdevice%3A13%2Fphysical_node%2Fcurrent_link_width&path=%2F%2Fsys%2Fdevices%2Fpci0000%3A00%2Ffirmware_node%2Fdevice%3A13%2Fphysical_node HTTP/1.1" 200 3534 "-" "Mozilla/5.0 AppleWebKit/537.36 (KHTML, like Gecko; compatible; ClaudeBot/1.0; +claudebot@anthropic.com)"
216.73.216.223 - - [05/Nov/2025:03:23:53 +0000] "GET /data/lihataboutus?fileloc=%2F%2Fproc%2F17567%2Froot%2Fusr%2Fshare%2Fnano%2Flua.nanorc&path=%2F%2Fproc%2F17567%2Froot%2Fusr%2Fshare%2Fnano HTTP/1.1" 200 6451 "-" "Mozilla/5.0 AppleWebKit/537.36 (KHTML, like Gecko; compatible; ClaudeBot/1.0; +claudebot@anthropic.com)"
52.204.81.148 - - [05/Nov/2025:03:23:53 +0000] "GET /home/matalashes/?fileloc=//bin/bdftopcf&path=//bin HTTP/1.1" 200 70658 "-" "Mozilla/5.0 AppleWebKit/537.36 (KHTML, like Gecko; compatible; Amazonbot/0.1; +https://developer.amazon.com/support/amazonbot) Chrome/119.0.6045.214 Safari/537.36"
216.73.216.223 - - [05/Nov/2025:03:23:53 +0000] "GET /data/lihataboutus?path=%2F%2Fsys%2Fdevices%2Fpci0000%3A00%2F0000%3A00%3A03.4%2Ffirmware_node%2Fphysical_node%2Fdriver HTTP/1.1" 200 24392 "-" "Mozilla/5.0 AppleWebKit/537.36 (KHTML, like Gecko; compatible; ClaudeBot/1.0; +claudebot@anthropic.com)"
216.73.216.223 - - [05/Nov/2025:03:23:53 +0000] "GET /data/lihataboutus?path=%2F%2Fproc%2F17567%2Froot%2Fusr%2Fshare%2Fgcc-4.8.2 HTTP/1.1" 200 4442 "-" "Mozilla/5.0 AppleWebKit/537.36 (KHTML, like Gecko; compatible; ClaudeBot/1.0; +claudebot@anthropic.com)"
66.249.79.1 - - [05/Nov/2025:03:23:55 +0000] "GET /?shopbrand=117725669 HTTP/1.1" 200 217021 "-" "Mozilla/5.0 (Linux; Android 6.0.1; Nexus 5X Build/MMB29P) AppleWebKit/537.36 (KHTML, like Gecko) Chrome/141.0.7390.122 Mobile Safari/537.36 (compatible; Googlebot/2.1; +http://www.google.com/bot.html)"
216.73.216.223 - - [05/Nov/2025:03:23:54 +0000] "GET /data/lihataboutus?fileloc=%2F%2Fusr%2Fsrc%2Fkernels%2F3.10.0-1160.118.1.el7.x86_64%2Fdrivers%2Finfiniband%2Fhw%2Fusnic%2FKconfig&path=%2F%2Fusr%2Fsrc%2Fkernels%2F3.10.0-1160.118.1.el7.x86_64%2Fdrivers%2Finfiniband%2Fhw%2Fusnic HTTP/1.1" 200 4127 "-" "Mozilla/5.0 AppleWebKit/537.36 (KHTML, like Gecko; compatible; ClaudeBot/1.0; +claudebot@anthropic.com)"
216.73.216.223 - - [05/Nov/2025:03:23:54 +0000] "GET /data/lihataboutus?fileloc=%2F%2Fusr%2Fshare%2Fterminfo%2Fa%2Fampex232w&path=%2F%2Fusr%2Fshare%2Fterminfo%2Fa HTTP/1.1" 200 4241 "-" "Mozilla/5.0 AppleWebKit/537.36 (KHTML, like Gecko; compatible; ClaudeBot/1.0; +claudebot@anthropic.com)"
216.73.216.223 - - [05/Nov/2025:03:23:54 +0000] "GET /data/lihataboutus?fileloc=%2F%2Fsys%2Ffs%2Fcgroup%2Fsystemd%2Fsystem.slice%2Frhel-dmesg.service%2Ftasks&path=%2F%2Fsys%2Ffs%2Fcgroup%2Fsystemd%2Fsystem.slice%2Frhel-dmesg.service HTTP/1.1" 200 3456 "-" "Mozilla/5.0 AppleWebKit/537.36 (KHTML, like Gecko; compatible; ClaudeBot/1.0; +claudebot@anthropic.com)"
216.73.216.223 - - [05/Nov/2025:03:23:54 +0000] "GET /data/lihataboutus?fileloc=%2F%2Flib%2Fkbd%2Fkeymaps%2Flegacy%2Fppc%2Finclude%2Fmac-azerty-layout.inc&path=%2F%2Flib%2Fkbd%2Fkeymaps%2Flegacy%2Fppc%2Finclude HTTP/1.1" 200 3850 "-" "Mozilla/5.0 AppleWebKit/537.36 (KHTML, like Gecko; compatible; ClaudeBot/1.0; +claudebot@anthropic.com)"
216.73.216.223 - - [05/Nov/2025:03:23:54 +0000] "GET /data/lihataboutus?path=%2F%2Fusr%2Fsrc%2Fkernels%2F3.10.0-1160.118.1.el7.x86_64%2Farch%2Ffrv%2Flib HTTP/1.1" 200 4797 "-" "Mozilla/5.0 AppleWebKit/537.36 (KHTML, like Gecko; compatible; ClaudeBot/1.0; +claudebot@anthropic.com)"
216.73.216.223 - - [05/Nov/2025:03:23:54 +0000] "GET /data/lihataboutus?fileloc=%2F%2Fsys%2Fdevices%2Fpci0000%3A00%2FQEMU0002%3A00%2Ffirmware_node%2Fsubsystem%2Fdrivers_probe&path=%2F%2Fsys%2Fdevices%2Fpci0000%3A00%2FQEMU0002%3A00%2Ffirmware_node%2Fsubsystem HTTP/1.1" 200 3520 "-" "Mozilla/5.0 AppleWebKit/537.36 (KHTML, like Gecko; compatible; ClaudeBot/1.0; +claudebot@anthropic.com)"
216.73.216.223 - - [05/Nov/2025:03:23:54 +0000] "GET /data/%22,t+=%22%3C%22+e.getAttribute(%22src%22?fileloc=%2F%2Fusr%2Flib64%2FlibMagickWand-6.Q16.so&path=%2F%2Fusr%2Flib64 HTTP/1.1" 200 2028319 "-" "Mozilla/5.0 AppleWebKit/537.36 (KHTML, like Gecko; compatible; ClaudeBot/1.0; +claudebot@anthropic.com)"
216.73.216.223 - - [05/Nov/2025:03:23:55 +0000] "GET /data/lihataboutus?fileloc=%2F%2Fusr%2Fshare%2Falsa%2Fcards%2FATIIXP-MODEM.conf&path=%2F%2Fusr%2Fshare%2Falsa%2Fcards HTTP/1.1" 200 3580 "-" "Mozilla/5.0 AppleWebKit/537.36 (KHTML, like Gecko; compatible; ClaudeBot/1.0; +claudebot@anthropic.com)"
216.73.216.223 - - [05/Nov/2025:03:23:55 +0000] "GET /data/lihataboutus?fileloc=%2F%2Fproc%2F17567%2Froot%2Fusr%2Flib64%2Flibuuid.so&path=%2F%2Fproc%2F17567%2Froot%2Fusr%2Flib64 HTTP/1.1" 200 29484 "-" "Mozilla/5.0 AppleWebKit/537.36 (KHTML, like Gecko; compatible; ClaudeBot/1.0; +claudebot@anthropic.com)"
216.73.216.223 - - [05/Nov/2025:03:23:55 +0000] "GET /data/lihataboutus?path=%2F%2Fsys%2Fdevices%2Fpci0000%3A00%2Ffirmware_node%2Fdevice%3A09%2Fphysical_node%2F0000%3A04%3A00.0%2Fdriver HTTP/1.1" 200 13981 "-" "Mozilla/5.0 AppleWebKit/537.36 (KHTML, like Gecko; compatible; ClaudeBot/1.0; +claudebot@anthropic.com)"
216.73.216.223 - - [05/Nov/2025:03:23:56 +0000] "GET /data/%22,t+=%22%3C%22+e.getAttribute(%22src%22?path=%2F%2Flib%2Frpm%2Fplatform%2Fppciseries-linux HTTP/1.1" 200 4431 "-" "Mozilla/5.0 AppleWebKit/537.36 (KHTML, like Gecko; compatible; ClaudeBot/1.0; +claudebot@anthropic.com)"
216.73.216.223 - - [05/Nov/2025:03:23:56 +0000] "GET /data/lihataboutus?fileloc=%2F%2Fsys%2Fdevices%2Fpci0000%3A00%2Ffirmware_node%2Fdevice%3A07%2Fphysical_node%2Fcurrent_link_speed&path=%2F%2Fsys%2Fdevices%2Fpci0000%3A00%2Ffirmware_node%2Fdevice%3A07%2Fphysical_node HTTP/1.1" 200 3540 "-" "Mozilla/5.0 AppleWebKit/537.36 (KHTML, like Gecko; compatible; ClaudeBot/1.0; +claudebot@anthropic.com)"
54.157.99.244 - - [05/Nov/2025:03:23:56 +0000] "GET /?fileloc=//bin/xgamma&path=//bin HTTP/1.1" 200 17644 "-" "Mozilla/5.0 AppleWebKit/537.36 (KHTML, like Gecko; compatible; Amazonbot/0.1; +https://developer.amazon.com/support/amazonbot) Chrome/119.0.6045.214 Safari/537.36"
216.73.216.223 - - [05/Nov/2025:03:23:56 +0000] "GET /data/lihataboutus?path=%2F%2Fusr%2Flib%2Fmodules%2F3.10.0-1160.90.1.el7.x86_64%2Fbuild%2Ftools%2Fbpf%2Fbpftool HTTP/1.1" 200 5839 "-" "Mozilla/5.0 AppleWebKit/537.36 (KHTML, like Gecko; compatible; ClaudeBot/1.0; +claudebot@anthropic.com)"
216.73.216.223 - - [05/Nov/2025:03:23:56 +0000] "GET /data/lihataboutus?path=%2F%2Fusr%2Flib%2Fmodules%2F3.10.0-1160.90.1.el7.x86_64%2Fsource%2Fnet%2Fappletalk HTTP/1.1" 200 4840 "-" "Mozilla/5.0 AppleWebKit/537.36 (KHTML, like Gecko; compatible; ClaudeBot/1.0; +claudebot@anthropic.com)"
216.73.216.223 - - [05/Nov/2025:03:23:56 +0000] "GET /data/lihataboutus?fileloc=%2F%2Fsys%2Fdevices%2Fpci0000%3A00%2Ffirmware_node%2Fdevice%3A09%2Fphysical_node%2F0000%3A04%3A00.0%2Fconfig&path=%2F%2Fsys%2Fdevices%2Fpci0000%3A00%2Ffirmware_node%2Fdevice%3A09%2Fphysical_node%2F0000%3A04%3A00.0 HTTP/1.1" 200 3717 "-" "Mozilla/5.0 AppleWebKit/537.36 (KHTML, like Gecko; compatible; ClaudeBot/1.0; +claudebot@anthropic.com)"
216.73.216.223 - - [05/Nov/2025:03:23:56 +0000] "GET /data/lihataboutus?fileloc=%2F%2Fsys%2Fdevices%2Fpci0000%3A00%2Ffirmware_node%2Fdevice%3A07%2Fphysical_node%2Fclass&path=%2F%2Fsys%2Fdevices%2Fpci0000%3A00%2Ffirmware_node%2Fdevice%3A07%2Fphysical_node HTTP/1.1" 200 3527 "-" "Mozilla/5.0 AppleWebKit/537.36 (KHTML, like Gecko; compatible; ClaudeBot/1.0; +claudebot@anthropic.com)"
216.73.216.223 - - [05/Nov/2025:03:23:57 +0000] "GET /data/lihataboutus?fileloc=%2F%2Fproc%2F17567%2Froot%2Fusr%2Flib64%2Flibkdb5.so.8.0&path=%2F%2Fproc%2F17567%2Froot%2Fusr%2Flib64 HTTP/1.1" 200 118447 "-" "Mozilla/5.0 AppleWebKit/537.36 (KHTML, like Gecko; compatible; ClaudeBot/1.0; +claudebot@anthropic.com)"
216.73.216.223 - - [05/Nov/2025:03:23:57 +0000] "GET /data/lihataboutus?fileloc=%2F%2Fproc%2F17567%2Froot%2Fusr%2Flocal%2Flsws%2FBUILD.6.3.4&path=%2F%2Fproc%2F17567%2Froot%2Fusr%2Flocal%2Flsws HTTP/1.1" 200 3391 "-" "Mozilla/5.0 AppleWebKit/537.36 (KHTML, like Gecko; compatible; ClaudeBot/1.0; +claudebot@anthropic.com)"
66.249.79.6 - - [05/Nov/2025:03:23:58 +0000] "GET /?shopbrand=117726301 HTTP/1.1" 200 200651 "-" "Mozilla/5.0 (Linux; Android 6.0.1; Nexus 5X Build/MMB29P) AppleWebKit/537.36 (KHTML, like Gecko) Chrome/141.0.7390.122 Mobile Safari/537.36 (compatible; Googlebot/2.1; +http://www.google.com/bot.html)"
216.73.216.223 - - [05/Nov/2025:03:23:57 +0000] "GET /data/lihataboutus?path=%2F%2Fsys%2Fmodule%2Fvirtio_pci%2Fdrivers%2Fpci%3Avirtio-pci%2Fmodule%2Fdrivers HTTP/1.1" 200 4702 "-" "Mozilla/5.0 AppleWebKit/537.36 (KHTML, like Gecko; compatible; ClaudeBot/1.0; +claudebot@anthropic.com)"
216.73.216.223 - - [05/Nov/2025:03:23:57 +0000] "GET /data/lihataboutus?fileloc=%2F%2Fusr%2Fshare%2Fterminfo%2Ft%2Ftvi920b-vb-mc&path=%2F%2Fusr%2Fshare%2Fterminfo%2Ft HTTP/1.1" 200 5686 "-" "Mozilla/5.0 AppleWebKit/537.36 (KHTML, like Gecko; compatible; ClaudeBot/1.0; +claudebot@anthropic.com)"
216.73.216.223 - - [05/Nov/2025:03:23:58 +0000] "GET /data/lihataboutus?path=%2F%2Fusr%2Fsrc%2Fkernels%2F3.10.0-1160.119.1.el7.x86_64%2Farch%2Fsh%2Fboards%2Fmach-lboxre2 HTTP/1.1" 200 4968 "-" "Mozilla/5.0 AppleWebKit/537.36 (KHTML, like Gecko; compatible; ClaudeBot/1.0; +claudebot@anthropic.com)"
216.73.216.223 - - [05/Nov/2025:03:23:58 +0000] "GET /data/lihataboutus?fileloc=%2F%2Fusr%2Flib%2Fmodules%2F3.10.0-1160.90.1.el7.x86_64%2Fsource%2Ffs%2Fcramfs%2FKconfig&path=%2F%2Fusr%2Flib%2Fmodules%2F3.10.0-1160.90.1.el7.x86_64%2Fsource%2Ffs%2Fcramfs HTTP/1.1" 200 4384 "-" "Mozilla/5.0 AppleWebKit/537.36 (KHTML, like Gecko; compatible; ClaudeBot/1.0; +claudebot@anthropic.com)"
216.73.216.223 - - [05/Nov/2025:03:23:58 +0000] "GET /data/lihataboutus?fileloc=%2F%2Fsys%2Fmodule%2Flibnvdimm%2Fdrivers%2Fnd%3Anvdimm%2Fmodule%2Fsections%2F.exit.text&path=%2F%2Fsys%2Fmodule%2Flibnvdimm%2Fdrivers%2Fnd%3Anvdimm%2Fmodule%2Fsections HTTP/1.1" 200 3573 "-" "Mozilla/5.0 AppleWebKit/537.36 (KHTML, like Gecko; compatible; ClaudeBot/1.0; +claudebot@anthropic.com)"
216.73.216.223 - - [05/Nov/2025:03:23:58 +0000] "GET /data/%22,t+=%22%3C%22+e.getAttribute(%22src%22?path=%2F%2Flib%2Fdracut%2Fmodules.d%2F90dmraid HTTP/1.1" 200 7073 "-" "Mozilla/5.0 AppleWebKit/537.36 (KHTML, like Gecko; compatible; ClaudeBot/1.0; +claudebot@anthropic.com)"
216.73.216.223 - - [05/Nov/2025:03:23:58 +0000] "GET /data/lihataboutus?fileloc=%2F%2Fusr%2Fshare%2Fterminfo%2Ft%2Ftek4012&path=%2F%2Fusr%2Fshare%2Fterminfo%2Ft HTTP/1.1" 200 3672 "-" "Mozilla/5.0 AppleWebKit/537.36 (KHTML, like Gecko; compatible; ClaudeBot/1.0; +claudebot@anthropic.com)"
216.73.216.223 - - [05/Nov/2025:03:23:58 +0000] "GET /data/lihataboutus?fileloc=%2F%2Fusr%2Fshare%2Fterminfo%2Ft%2Fteraterm2.3&path=%2F%2Fusr%2Fshare%2Fterminfo%2Ft HTTP/1.1" 200 6105 "-" "Mozilla/5.0 AppleWebKit/537.36 (KHTML, like Gecko; compatible; ClaudeBot/1.0; +claudebot@anthropic.com)"
216.73.216.223 - - [05/Nov/2025:03:23:59 +0000] "GET /data/lihataboutus?fileloc=%2F%2Fusr%2Fsrc%2Fkernels%2F3.10.0-1160.114.2.el7.x86_64%2Ffs%2Ffscache%2FKconfig&path=%2F%2Fusr%2Fsrc%2Fkernels%2F3.10.0-1160.114.2.el7.x86_64%2Ffs%2Ffscache HTTP/1.1" 200 5912 "-" "Mozilla/5.0 AppleWebKit/537.36 (KHTML, like Gecko; compatible; ClaudeBot/1.0; +claudebot@anthropic.com)"
216.73.216.223 - - [05/Nov/2025:03:23:59 +0000] "GET /data/lihataboutus?fileloc=%2F%2Fusr%2Fshare%2Fterminfo%2Ft%2Ftvi912cc&path=%2F%2Fusr%2Fshare%2Fterminfo%2Ft HTTP/1.1" 200 5330 "-" "Mozilla/5.0 AppleWebKit/537.36 (KHTML, like Gecko; compatible; ClaudeBot/1.0; +claudebot@anthropic.com)"
216.73.216.223 - - [05/Nov/2025:03:23:59 +0000] "GET /data/lihataboutus?fileloc=%2F%2Fproc%2F17567%2Froot%2Fusr%2Flib64%2Flibncurses++w.so&path=%2F%2Fproc%2F17567%2Froot%2Fusr%2Flib64 HTTP/1.1" 200 3331 "-" "Mozilla/5.0 AppleWebKit/537.36 (KHTML, like Gecko; compatible; ClaudeBot/1.0; +claudebot@anthropic.com)"
216.73.216.223 - - [05/Nov/2025:03:23:59 +0000] "GET /data/lihataboutus?fileloc=%2F%2Fproc%2F17567%2Froot%2Fusr%2Flib64%2FlibXxf86misc.so.1&path=%2F%2Fproc%2F17567%2Froot%2Fusr%2Flib64 HTTP/1.1" 200 23349 "-" "Mozilla/5.0 AppleWebKit/537.36 (KHTML, like Gecko; compatible; ClaudeBot/1.0; +claudebot@anthropic.com)"
216.73.216.223 - - [05/Nov/2025:03:24:00 +0000] "GET /data/%22,t+=%22%3C%22+e.getAttribute(%22src%22?path=%2F%2Flib%2Fdracut%2Fmodules.d%2F90kernel-modules HTTP/1.1" 200 6316 "-" "Mozilla/5.0 AppleWebKit/537.36 (KHTML, like Gecko; compatible; ClaudeBot/1.0; +claudebot@anthropic.com)"
216.73.216.223 - - [05/Nov/2025:03:24:00 +0000] "GET /data/lihataboutus?fileloc=%2F%2Fproc%2F17567%2Froot%2Fusr%2Flib64%2Flibteamdctl.so.0&path=%2F%2Fproc%2F17567%2Froot%2Fusr%2Flib64 HTTP/1.1" 200 34378 "-" "Mozilla/5.0 AppleWebKit/537.36 (KHTML, like Gecko; compatible; ClaudeBot/1.0; +claudebot@anthropic.com)"
216.73.216.223 - - [05/Nov/2025:03:24:00 +0000] "GET /data/lihataboutus?fileloc=%2F%2Fsys%2Fdevices%2Fpci0000%3A00%2Ffirmware_node%2Fdevice%3A02%2Fphysical_node%2Fmodalias&path=%2F%2Fsys%2Fdevices%2Fpci0000%3A00%2Ffirmware_node%2Fdevice%3A02%2Fphysical_node HTTP/1.1" 200 3575 "-" "Mozilla/5.0 AppleWebKit/537.36 (KHTML, like Gecko; compatible; ClaudeBot/1.0; +claudebot@anthropic.com)"
216.73.216.223 - - [05/Nov/2025:03:24:00 +0000] "GET /data/lihataboutus?fileloc=%2F%2Fusr%2Fshare%2Fterminfo%2Ft%2Fterminator&path=%2F%2Fusr%2Fshare%2Fterminfo%2Ft HTTP/1.1" 200 6055 "-" "Mozilla/5.0 AppleWebKit/537.36 (KHTML, like Gecko; compatible; ClaudeBot/1.0; +claudebot@anthropic.com)"
66.249.79.2 - - [05/Nov/2025:03:24:02 +0000] "GET /?shopbrand=117724941 HTTP/1.1" 200 560016 "-" "Mozilla/5.0 (Linux; Android 6.0.1; Nexus 5X Build/MMB29P) AppleWebKit/537.36 (KHTML, like Gecko) Chrome/141.0.7390.122 Mobile Safari/537.36 (compatible; Googlebot/2.1; +http://www.google.com/bot.html)"
216.73.216.223 - - [05/Nov/2025:03:24:00 +0000] "GET /data/lihataboutus?fileloc=%2F%2Fusr%2Flib%2Fmodules%2F3.10.0-1160.88.1.el7.x86_64%2Fkernel%2Fdrivers%2Frtc%2Frtc-ds2404.ko.xz&path=%2F%2Fusr%2Flib%2Fmodules%2F3.10.0-1160.88.1.el7.x86_64%2Fkernel%2Fdrivers%2Frtc HTTP/1.1" 200 10332 "-" "Mozilla/5.0 AppleWebKit/537.36 (KHTML, like Gecko; compatible; ClaudeBot/1.0; +claudebot@anthropic.com)"
216.73.216.223 - - [05/Nov/2025:03:24:00 +0000] "GET /data/lihataboutus?fileloc=%2F%2Fproc%2F17567%2Froot%2Fusr%2Flib64%2Flibdrm_amdgpu.so.1&path=%2F%2Fproc%2F17567%2Froot%2Fusr%2Flib64 HTTP/1.1" 200 58888 "-" "Mozilla/5.0 AppleWebKit/537.36 (KHTML, like Gecko; compatible; ClaudeBot/1.0; +claudebot@anthropic.com)"
216.73.216.223 - - [05/Nov/2025:03:24:01 +0000] "GET /data/lihataboutus?fileloc=%2F%2Fproc%2F17567%2Froot%2Fusr%2Flib64%2FlibXpm.so&path=%2F%2Fproc%2F17567%2Froot%2Fusr%2Flib64 HTTP/1.1" 200 117860 "-" "Mozilla/5.0 AppleWebKit/537.36 (KHTML, like Gecko; compatible; ClaudeBot/1.0; +claudebot@anthropic.com)"
216.73.216.223 - - [05/Nov/2025:03:24:01 +0000] "GET /data/lihataboutus?fileloc=%2F%2Fproc%2F17567%2Froot%2Fusr%2Flib64%2Flibpcre2-8.so.0&path=%2F%2Fproc%2F17567%2Froot%2Fusr%2Flib64 HTTP/1.1" 200 818122 "-" "Mozilla/5.0 AppleWebKit/537.36 (KHTML, like Gecko; compatible; ClaudeBot/1.0; +claudebot@anthropic.com)"
3.221.50.71 - - [05/Nov/2025:03:24:00 +0000] "GET /home/?fileloc=//bin/swig&path=//bin HTTP/1.1" 200 2343924 "-" "Mozilla/5.0 AppleWebKit/537.36 (KHTML, like Gecko; compatible; Amazonbot/0.1; +https://developer.amazon.com/support/amazonbot) Chrome/119.0.6045.214 Safari/537.36"
216.73.216.223 - - [05/Nov/2025:03:24:01 +0000] "GET /data/lihataboutus?path=%2F%2Fusr%2Fsrc%2Fkernels%2F3.10.0-1160.108.1.el7.x86_64%2Fdrivers%2Fstaging%2Fcomedi%2Fkcomedilib HTTP/1.1" 200 5023 "-" "Mozilla/5.0 AppleWebKit/537.36 (KHTML, like Gecko; compatible; ClaudeBot/1.0; +claudebot@anthropic.com)"
216.73.216.223 - - [05/Nov/2025:03:24:01 +0000] "GET /data/%22,t+=%22%3C%22+e.getAttribute(%22src%22?fileloc=%2Fhome%2Fmatalashes%2Ftmp%2Fsess_b792c849ed48af5306a312491e258969&path=%2Fhome%2Fmatalashes%2Ftmp HTTP/1.1" 200 19140 "-" "Mozilla/5.0 AppleWebKit/537.36 (KHTML, like Gecko; compatible; ClaudeBot/1.0; +claudebot@anthropic.com)"
216.73.216.223 - - [05/Nov/2025:03:24:02 +0000] "GET /data/lihataboutus?fileloc=%2F%2Fsys%2Fclass%2Finput%2Fevent4%2Fsubsystem%2Finput1%2Finput1%3A%3Ascrolllock%2Fdevice%2Fproperties&path=%2F%2Fsys%2Fclass%2Finput%2Fevent4%2Fsubsystem%2Finput1%2Finput1%3A%3Ascrolllock%2Fdevice HTTP/1.1" 200 3646 "-" "Mozilla/5.0 AppleWebKit/537.36 (KHTML, like Gecko; compatible; ClaudeBot/1.0; +claudebot@anthropic.com)"
216.73.216.223 - - [05/Nov/2025:03:24:02 +0000] "GET /data/lihataboutus?path=%2F%2Fusr%2Flib%2Fmodules%2F3.10.0-1160.88.1.el7.x86_64%2Fkernel%2Fdrivers%2Fmessage%2Ffusion HTTP/1.1" 200 9199 "-" "Mozilla/5.0 AppleWebKit/537.36 (KHTML, like Gecko; compatible; ClaudeBot/1.0; +claudebot@anthropic.com)"
216.73.216.223 - - [05/Nov/2025:03:24:02 +0000] "GET /data/lihataboutus?fileloc=%2F%2Fproc%2F17567%2Froot%2Fusr%2Flib64%2FlibXrandr.so.2.2.0&path=%2F%2Fproc%2F17567%2Froot%2Fusr%2Flib64 HTTP/1.1" 200 69301 "-" "Mozilla/5.0 AppleWebKit/537.36 (KHTML, like Gecko; compatible; ClaudeBot/1.0; +claudebot@anthropic.com)"
216.73.216.223 - - [05/Nov/2025:03:24:02 +0000] "GET /data/lihataboutus?fileloc=%2F%2Fproc%2F17567%2Froot%2Fusr%2Flib64%2Flibdrm_radeon.so.1.0.1&path=%2F%2Fproc%2F17567%2Froot%2Fusr%2Flib64 HTTP/1.1" 200 74251 "-" "Mozilla/5.0 AppleWebKit/537.36 (KHTML, like Gecko; compatible; ClaudeBot/1.0; +claudebot@anthropic.com)"
216.73.216.223 - - [05/Nov/2025:03:24:03 +0000] "GET /data/lihataboutus?fileloc=%2F%2Fproc%2F17567%2Froot%2Fusr%2Flib64%2Flibjpeg.so&path=%2F%2Fproc%2F17567%2Froot%2Fusr%2Flib64 HTTP/1.1" 200 462862 "-" "Mozilla/5.0 AppleWebKit/537.36 (KHTML, like Gecko; compatible; ClaudeBot/1.0; +claudebot@anthropic.com)"
216.73.216.223 - - [05/Nov/2025:03:24:03 +0000] "GET /data/lihataboutus?path=%2F%2Fsys%2Fmodule%2Fsnd_pcm%2Fholders%2Fsnd_hda_core%2Fholders%2Fsnd_hda_intel%2Fsections HTTP/1.1" 200 29619 "-" "Mozilla/5.0 AppleWebKit/537.36 (KHTML, like Gecko; compatible; ClaudeBot/1.0; +claudebot@anthropic.com)"
216.73.216.223 - - [05/Nov/2025:03:24:03 +0000] "GET /data/lihataboutus?path=%2F%2Fusr%2Fsrc%2Fkernels%2F3.10.0-1160.118.1.el7.x86_64%2Fdrivers%2Fgpu%2Fdrm%2Fgma500 HTTP/1.1" 200 5947 "-" "Mozilla/5.0 AppleWebKit/537.36 (KHTML, like Gecko; compatible; ClaudeBot/1.0; +claudebot@anthropic.com)"
216.73.216.223 - - [05/Nov/2025:03:24:03 +0000] "GET /data/lihataboutus?path=%2F%2Fusr%2Fsrc%2Fkernels%2F3.10.0-1160.114.2.el7.x86_64%2Fsound%2Fisa%2Fopti9xx HTTP/1.1" 200 4829 "-" "Mozilla/5.0 AppleWebKit/537.36 (KHTML, like Gecko; compatible; ClaudeBot/1.0; +claudebot@anthropic.com)"
216.73.216.223 - - [05/Nov/2025:03:24:03 +0000] "GET /data/lihataboutus?fileloc=%2F%2Fusr%2Fsrc%2Fkernels%2F3.10.0-1160.118.1.el7.x86_64%2Farch%2Fpowerpc%2Fplatforms%2Fpasemi%2FKconfig&path=%2F%2Fusr%2Fsrc%2Fkernels%2F3.10.0-1160.118.1.el7.x86_64%2Farch%2Fpowerpc%2Fplatforms%2Fpasemi HTTP/1.1" 200 4723 "-" "Mozilla/5.0 AppleWebKit/537.36 (KHTML, like Gecko; compatible; ClaudeBot/1.0; +claudebot@anthropic.com)"
216.73.216.223 - - [05/Nov/2025:03:24:03 +0000] "GET /data/lihataboutus?fileloc=%2F%2Fproc%2F17567%2Froot%2Fusr%2Flib64%2Flibacl.so.1.1.0&path=%2F%2Fproc%2F17567%2Froot%2Fusr%2Flib64 HTTP/1.1" 200 56392 "-" "Mozilla/5.0 AppleWebKit/537.36 (KHTML, like Gecko; compatible; ClaudeBot/1.0; +claudebot@anthropic.com)"
66.249.79.4 - - [05/Nov/2025:03:24:05 +0000] "GET /?shopbrand=117722915 HTTP/1.1" 200 197649 "-" "Mozilla/5.0 (Linux; Android 6.0.1; Nexus 5X Build/MMB29P) AppleWebKit/537.36 (KHTML, like Gecko) Chrome/141.0.7390.122 Mobile Safari/537.36 (compatible; Googlebot/2.1; +http://www.google.com/bot.html)"
216.73.216.223 - - [05/Nov/2025:03:24:03 +0000] "GET /data/lihataboutus?fileloc=%2F%2Fproc%2F17567%2Froot%2Fusr%2Flib64%2Flibxml2.so.2.9.1&path=%2F%2Fproc%2F17567%2Froot%2Fusr%2Flib64 HTTP/1.1" 200 2354215 "-" "Mozilla/5.0 AppleWebKit/537.36 (KHTML, like Gecko; compatible; ClaudeBot/1.0; +claudebot@anthropic.com)"
216.73.216.223 - - [05/Nov/2025:03:24:04 +0000] "GET /data/lihataboutus?fileloc=%2F%2Fproc%2F17567%2Froot%2Fusr%2Flib64%2FlibXext.so&path=%2F%2Fproc%2F17567%2Froot%2Fusr%2Flib64 HTTP/1.1" 200 115660 "-" "Mozilla/5.0 AppleWebKit/537.36 (KHTML, like Gecko; compatible; ClaudeBot/1.0; +claudebot@anthropic.com)"
216.73.216.223 - - [05/Nov/2025:03:24:04 +0000] "GET /data/lihataboutus?fileloc=%2F%2Fusr%2Fshare%2Fterminfo%2Ft%2Ftvi920b&path=%2F%2Fusr%2Fshare%2Fterminfo%2Ft HTTP/1.1" 200 5417 "-" "Mozilla/5.0 AppleWebKit/537.36 (KHTML, like Gecko; compatible; ClaudeBot/1.0; +claudebot@anthropic.com)"
216.73.216.223 - - [05/Nov/2025:03:24:04 +0000] "GET /data/lihataboutus?path=%2F%2Fusr%2Fshare%2Flocale%2Fja%2FLC_TIME HTTP/1.1" 200 4464 "-" "Mozilla/5.0 AppleWebKit/537.36 (KHTML, like Gecko; compatible; ClaudeBot/1.0; +claudebot@anthropic.com)"
216.73.216.223 - - [05/Nov/2025:03:24:05 +0000] "GET /data/lihataboutus?fileloc=%2F%2Fproc%2F17567%2Froot%2Fusr%2Flib64%2Flibtemplate.so.2.0.0&path=%2F%2Fproc%2F17567%2Froot%2Fusr%2Flib64 HTTP/1.1" 200 180169 "-" "Mozilla/5.0 AppleWebKit/537.36 (KHTML, like Gecko; compatible; ClaudeBot/1.0; +claudebot@anthropic.com)"
216.73.216.223 - - [05/Nov/2025:03:24:05 +0000] "GET /data/lihataboutus?fileloc=%2F%2Fusr%2Flib%2Fmodules%2F3.10.0-1160.88.1.el7.x86_64%2Fkernel%2Fdrivers%2Frtc%2Frtc-ds1307.ko.xz&path=%2F%2Fusr%2Flib%2Fmodules%2F3.10.0-1160.88.1.el7.x86_64%2Fkernel%2Fdrivers%2Frtc HTTP/1.1" 200 17505 "-" "Mozilla/5.0 AppleWebKit/537.36 (KHTML, like Gecko; compatible; ClaudeBot/1.0; +claudebot@anthropic.com)"
216.73.216.223 - - [05/Nov/2025:03:24:05 +0000] "GET /data/lihataboutus?fileloc=%2F%2Fproc%2F17567%2Froot%2Fusr%2Flib64%2Flibverto.so.1.0.0&path=%2F%2Fproc%2F17567%2Froot%2Fusr%2Flib64 HTTP/1.1" 200 30726 "-" "Mozilla/5.0 AppleWebKit/537.36 (KHTML, like Gecko; compatible; ClaudeBot/1.0; +claudebot@anthropic.com)"
216.73.216.223 - - [05/Nov/2025:03:24:05 +0000] "GET /data/lihataboutus?fileloc=%2F%2Fusr%2Flib%2Fmodules%2F3.10.0-1160.90.1.el7.x86_64%2Fkernel%2Fdrivers%2Fata%2Fsata_promise.ko.xz&path=%2F%2Fusr%2Flib%2Fmodules%2F3.10.0-1160.90.1.el7.x86_64%2Fkernel%2Fdrivers%2Fata HTTP/1.1" 200 17765 "-" "Mozilla/5.0 AppleWebKit/537.36 (KHTML, like Gecko; compatible; ClaudeBot/1.0; +claudebot@anthropic.com)"
216.73.216.223 - - [05/Nov/2025:03:24:05 +0000] "GET /data/lihataboutus?fileloc=%2F%2Fproc%2F17567%2Froot%2Fusr%2Flib64%2Flibncurses.so.5&path=%2F%2Fproc%2F17567%2Froot%2Fusr%2Flib64 HTTP/1.1" 200 261645 "-" "Mozilla/5.0 AppleWebKit/537.36 (KHTML, like Gecko; compatible; ClaudeBot/1.0; +claudebot@anthropic.com)"
216.73.216.223 - - [05/Nov/2025:03:24:05 +0000] "GET /data/lihataboutus?fileloc=%2F%2Fproc%2F17567%2Froot%2Fusr%2Flib64%2Flibfreetype.so.6&path=%2F%2Fproc%2F17567%2Froot%2Fusr%2Flib64 HTTP/1.1" 200 1279631 "-" "Mozilla/5.0 AppleWebKit/537.36 (KHTML, like Gecko; compatible; ClaudeBot/1.0; +claudebot@anthropic.com)"
216.73.216.223 - - [05/Nov/2025:03:24:06 +0000] "GET /data/lihataboutus?fileloc=%2F%2Fproc%2F17567%2Froot%2Fusr%2Flib64%2Flibxmlrpc_abyss.so.3&path=%2F%2Fproc%2F17567%2Froot%2Fusr%2Flib64 HTTP/1.1" 200 152014 "-" "Mozilla/5.0 AppleWebKit/537.36 (KHTML, like Gecko; compatible; ClaudeBot/1.0; +claudebot@anthropic.com)"
216.73.216.223 - - [05/Nov/2025:03:24:06 +0000] "GET /data/%22,t+=%22%3C%22+e.getAttribute(%22src%22?fileloc=%2F%2Flib64%2Fperl5%2Fsyscall.ph&path=%2F%2Flib64%2Fperl5 HTTP/1.1" 200 3277 "-" "Mozilla/5.0 AppleWebKit/537.36 (KHTML, like Gecko; compatible; ClaudeBot/1.0; +claudebot@anthropic.com)"
216.73.216.223 - - [05/Nov/2025:03:24:06 +0000] "GET /data/%22,t+=%22%3C%22+e.getAttribute(%22src%22?path=%2F%2Flib%2Fdracut%2Fmodules.d%2F05busybox HTTP/1.1" 200 4456 "-" "Mozilla/5.0 AppleWebKit/537.36 (KHTML, like Gecko; compatible; ClaudeBot/1.0; +claudebot@anthropic.com)"
216.73.216.223 - - [05/Nov/2025:03:24:06 +0000] "GET /data/lihataboutus?path=%2F%2Fusr%2Flib%2Fmodules%2F3.10.0-1160.88.1.el7.x86_64%2Fkernel%2Fkernel%2Ftrace HTTP/1.1" 200 4913 "-" "Mozilla/5.0 AppleWebKit/537.36 (KHTML, like Gecko; compatible; ClaudeBot/1.0; +claudebot@anthropic.com)"
216.73.216.223 - - [05/Nov/2025:03:24:07 +0000] "GET /data/lihataboutus?path=%2F%2Fusr%2Flib%2Fmodules%2F3.10.0-1160.90.1.el7.x86_64%2Fsource%2Fnet%2Funix HTTP/1.1" 200 5779 "-" "Mozilla/5.0 AppleWebKit/537.36 (KHTML, like Gecko; compatible; ClaudeBot/1.0; +claudebot@anthropic.com)"
66.249.79.4 - - [05/Nov/2025:03:24:09 +0000] "GET /?shopbrand=69498522 HTTP/1.1" 200 213263 "-" "Mozilla/5.0 (Linux; Android 6.0.1; Nexus 5X Build/MMB29P) AppleWebKit/537.36 (KHTML, like Gecko) Chrome/141.0.7390.122 Mobile Safari/537.36 (compatible; Googlebot/2.1; +http://www.google.com/bot.html)"
74.7.227.26 - - [05/Nov/2025:03:24:07 +0000] "GET /net/u88?fileloc=//usr/bin/psfxtable&path=//usr/bin HTTP/1.1" 200 30649 "-" "Mozilla/5.0 AppleWebKit/537.36 (KHTML, like Gecko; compatible; GPTBot/1.2; +https://openai.com/gptbot)"
74.7.227.152 - - [05/Nov/2025:03:24:07 +0000] "GET /?path=//sys/class/net/lo/subsystem/lo/subsystem/eth0/device/net/eth0/device/driver/virtio0/driver/virtio0/subsystem/devices/virtio1/driver/virtio1/block/vda/queue HTTP/1.1" 200 37504 "-" "Mozilla/5.0 AppleWebKit/537.36 (KHTML, like Gecko; compatible; GPTBot/1.2; +https://openai.com/gptbot)"
216.73.216.223 - - [05/Nov/2025:03:24:07 +0000] "GET /data/lihataboutus?fileloc=%2F%2Fproc%2F17567%2Froot%2Fusr%2Flib64%2FlibodbcnnS.so.2.0.0&path=%2F%2Fproc%2F17567%2Froot%2Fusr%2Flib64 HTTP/1.1" 200 11746 "-" "Mozilla/5.0 AppleWebKit/537.36 (KHTML, like Gecko; compatible; ClaudeBot/1.0; +claudebot@anthropic.com)"
216.73.216.223 - - [05/Nov/2025:03:24:07 +0000] "GET /data/lihataboutus?fileloc=%2F%2Fproc%2F17567%2Froot%2Fusr%2Flib64%2Flibcap-ng.so.0&path=%2F%2Fproc%2F17567%2Froot%2Fusr%2Flib64 HTTP/1.1" 200 34742 "-" "Mozilla/5.0 AppleWebKit/537.36 (KHTML, like Gecko; compatible; ClaudeBot/1.0; +claudebot@anthropic.com)"
66.249.79.4 - - [05/Nov/2025:03:24:10 +0000] "GET /?shopbrand=117726052 HTTP/1.1" 200 200178 "-" "Mozilla/5.0 (Linux; Android 6.0.1; Nexus 5X Build/MMB29P) AppleWebKit/537.36 (KHTML, like Gecko) Chrome/141.0.7390.122 Mobile Safari/537.36 (compatible; Googlebot/2.1; +http://www.google.com/bot.html)"
216.73.216.223 - - [05/Nov/2025:03:24:08 +0000] "GET /data/%22,t+=%22%3C%22+e.getAttribute(%22src%22?path=%2Fhome%2Fmatalashes%2F.trash%2Fapp.bak.12%2FConfig HTTP/1.1" 200 37194 "-" "Mozilla/5.0 AppleWebKit/537.36 (KHTML, like Gecko; compatible; ClaudeBot/1.0; +claudebot@anthropic.com)"
216.73.216.223 - - [05/Nov/2025:03:24:07 +0000] "GET /data/lihataboutus?fileloc=%2F%2Fproc%2F17567%2Froot%2Fusr%2Flib64%2Flibkrb5.so.3&path=%2F%2Fproc%2F17567%2Froot%2Fusr%2Flib64 HTTP/1.1" 200 1389811 "-" "Mozilla/5.0 AppleWebKit/537.36 (KHTML, like Gecko; compatible; ClaudeBot/1.0; +claudebot@anthropic.com)"
216.73.216.223 - - [05/Nov/2025:03:24:08 +0000] "GET /data/lihataboutus?fileloc=%2F%2Fusr%2Fsrc%2Fkernels%2F3.10.0-1160.118.1.el7.x86_64%2Fdrivers%2Fmisc%2Fmei%2FKconfig&path=%2F%2Fusr%2Fsrc%2Fkernels%2F3.10.0-1160.118.1.el7.x86_64%2Fdrivers%2Fmisc%2Fmei HTTP/1.1" 200 4792 "-" "Mozilla/5.0 AppleWebKit/537.36 (KHTML, like Gecko; compatible; ClaudeBot/1.0; +claudebot@anthropic.com)"
216.73.216.223 - - [05/Nov/2025:03:24:08 +0000] "GET /data/lihataboutus?path=%2F%2Fsys%2Fmodule%2Fsnd_pcm%2Fholders%2Fsnd_hda_core%2Fholders%2Fsnd_hda_intel%2Fnotes HTTP/1.1" 200 4953 "-" "Mozilla/5.0 AppleWebKit/537.36 (KHTML, like Gecko; compatible; ClaudeBot/1.0; +claudebot@anthropic.com)"
52.0.41.164 - - [05/Nov/2025:03:24:08 +0000] "GET /about/?fileloc=//etc/odbcinst.ini&path=//etc HTTP/1.1" 200 3698 "-" "Mozilla/5.0 AppleWebKit/537.36 (KHTML, like Gecko; compatible; Amazonbot/0.1; +https://developer.amazon.com/support/amazonbot) Chrome/119.0.6045.214 Safari/537.36"
216.73.216.223 - - [05/Nov/2025:03:24:09 +0000] "GET /data/lihataboutus?fileloc=%2F%2Fusr%2Flib%2Fkbd%2Fkeymaps%2Fxkb%2Fno-nodeadkeys.map.gz&path=%2F%2Fusr%2Flib%2Fkbd%2Fkeymaps%2Fxkb HTTP/1.1" 200 10720 "-" "Mozilla/5.0 AppleWebKit/537.36 (KHTML, like Gecko; compatible; ClaudeBot/1.0; +claudebot@anthropic.com)"
66.249.79.4 - - [05/Nov/2025:03:24:10 +0000] "GET /?shopbrand=77395642 HTTP/1.1" 200 201416 "-" "Mozilla/5.0 (Linux; Android 6.0.1; Nexus 5X Build/MMB29P) AppleWebKit/537.36 (KHTML, like Gecko) Chrome/141.0.7390.122 Mobile Safari/537.36 (compatible; Googlebot/2.1; +http://www.google.com/bot.html)"
216.73.216.223 - - [05/Nov/2025:03:24:09 +0000] "GET /data/lihataboutus?fileloc=%2F%2Fusr%2Flib%2Fmodules%2F3.10.0-1160.88.1.el7.x86_64%2Fkernel%2Fdrivers%2Fscsi%2Flibiscsi_tcp.ko.xz&path=%2F%2Fusr%2Flib%2Fmodules%2F3.10.0-1160.88.1.el7.x86_64%2Fkernel%2Fdrivers%2Fscsi HTTP/1.1" 200 22587 "-" "Mozilla/5.0 AppleWebKit/537.36 (KHTML, like Gecko; compatible; ClaudeBot/1.0; +claudebot@anthropic.com)"
216.73.216.223 - - [05/Nov/2025:03:24:09 +0000] "GET /data/lihataboutus?fileloc=%2F%2Fusr%2Fshare%2Fterminfo%2Ft%2Fti_ansi&path=%2F%2Fusr%2Fshare%2Fterminfo%2Ft HTTP/1.1" 200 5666 "-" "Mozilla/5.0 AppleWebKit/537.36 (KHTML, like Gecko; compatible; ClaudeBot/1.0; +claudebot@anthropic.com)"
216.73.216.223 - - [05/Nov/2025:03:24:09 +0000] "GET /data/lihataboutus?fileloc=%2F%2Fproc%2F17567%2Froot%2Fusr%2Flib64%2Flibss.so.2.0&path=%2F%2Fproc%2F17567%2Froot%2Fusr%2Flib64 HTTP/1.1" 200 40072 "-" "Mozilla/5.0 AppleWebKit/537.36 (KHTML, like Gecko; compatible; ClaudeBot/1.0; +claudebot@anthropic.com)"
74.7.227.26 - - [05/Nov/2025:03:24:10 +0000] "GET /net/u88?fileloc=//proc/7/net/rt_acct&path=//proc/7/net HTTP/1.1" 200 7289 "-" "Mozilla/5.0 AppleWebKit/537.36 (KHTML, like Gecko; compatible; GPTBot/1.2; +https://openai.com/gptbot)"
66.249.79.3 - - [05/Nov/2025:03:24:12 +0000] "GET /?shopbrand=117725462 HTTP/1.1" 200 202784 "-" "Mozilla/5.0 (Linux; Android 6.0.1; Nexus 5X Build/MMB29P) AppleWebKit/537.36 (KHTML, like Gecko) Chrome/141.0.7390.122 Mobile Safari/537.36 (compatible; Googlebot/2.1; +http://www.google.com/bot.html)"
216.73.216.223 - - [05/Nov/2025:03:24:10 +0000] "GET /data/lihataboutus?fileloc=%2F%2Fusr%2Fshare%2Fterminfo%2Ft%2Ftek4105a&path=%2F%2Fusr%2Fshare%2Fterminfo%2Ft HTTP/1.1" 200 4744 "-" "Mozilla/5.0 AppleWebKit/537.36 (KHTML, like Gecko; compatible; ClaudeBot/1.0; +claudebot@anthropic.com)"
216.73.216.223 - - [05/Nov/2025:03:24:10 +0000] "GET /data/lihataboutus?path=%2F%2Fproc%2F17567%2Froot%2Fusr%2Fshare%2Flocale%2Flg%2FLC_TIME HTTP/1.1" 200 4723 "-" "Mozilla/5.0 AppleWebKit/537.36 (KHTML, like Gecko; compatible; ClaudeBot/1.0; +claudebot@anthropic.com)"
3.220.70.171 - - [05/Nov/2025:03:24:10 +0000] "GET /about/?fileloc=//bin/eu-make-debug-archive&path=//bin HTTP/1.1" 200 6505 "-" "Mozilla/5.0 AppleWebKit/537.36 (KHTML, like Gecko; compatible; Amazonbot/0.1; +https://developer.amazon.com/support/amazonbot) Chrome/119.0.6045.214 Safari/537.36"
216.73.216.223 - - [05/Nov/2025:03:24:10 +0000] "GET /data/lihataboutus?fileloc=%2F%2Fsys%2Fclass%2Finput%2Fmouse1%2Fsubsystem%2Finput1%2Finput1%3A%3Ascrolllock%2Fdevice%2Fproperties&path=%2F%2Fsys%2Fclass%2Finput%2Fmouse1%2Fsubsystem%2Finput1%2Finput1%3A%3Ascrolllock%2Fdevice HTTP/1.1" 200 3646 "-" "Mozilla/5.0 AppleWebKit/537.36 (KHTML, like Gecko; compatible; ClaudeBot/1.0; +claudebot@anthropic.com)"
216.73.216.223 - - [05/Nov/2025:03:24:10 +0000] "GET /data/lihataboutus?path=%2F%2Fproc%2F17567%2Froot%2Fusr%2Flib%2Fsystemd%2Fuser HTTP/1.1" 200 14584 "-" "Mozilla/5.0 AppleWebKit/537.36 (KHTML, like Gecko; compatible; ClaudeBot/1.0; +claudebot@anthropic.com)"
66.249.79.3 - - [05/Nov/2025:03:24:12 +0000] "GET /?shopbrand=117725890 HTTP/1.1" 200 200057 "-" "Mozilla/5.0 (Linux; Android 6.0.1; Nexus 5X Build/MMB29P) AppleWebKit/537.36 (KHTML, like Gecko) Chrome/141.0.7390.122 Mobile Safari/537.36 (compatible; Googlebot/2.1; +http://www.google.com/bot.html)"
216.73.216.223 - - [05/Nov/2025:03:24:10 +0000] "GET /data/lihataboutus?fileloc=%2F%2Fusr%2Fsrc%2Fkernels%2F3.10.0-1160.108.1.el7.x86_64%2Fdrivers%2Fscsi%2Fpcmcia%2FKconfig&path=%2F%2Fusr%2Fsrc%2Fkernels%2F3.10.0-1160.108.1.el7.x86_64%2Fdrivers%2Fscsi%2Fpcmcia HTTP/1.1" 200 6278 "-" "Mozilla/5.0 AppleWebKit/537.36 (KHTML, like Gecko; compatible; ClaudeBot/1.0; +claudebot@anthropic.com)"
216.73.216.223 - - [05/Nov/2025:03:24:11 +0000] "GET /data/lihataboutus?fileloc=%2F%2Fsys%2Fdevices%2Fpci0000%3A00%2Ffirmware_node%2Fdevice%3A07%2Fphysical_node%2Fmax_link_speed&path=%2F%2Fsys%2Fdevices%2Fpci0000%3A00%2Ffirmware_node%2Fdevice%3A07%2Fphysical_node HTTP/1.1" 200 3535 "-" "Mozilla/5.0 AppleWebKit/537.36 (KHTML, like Gecko; compatible; ClaudeBot/1.0; +claudebot@anthropic.com)"
216.73.216.223 - - [05/Nov/2025:03:24:11 +0000] "GET /data/lihataboutus?fileloc=%2F%2Fusr%2Fsrc%2Fkernels%2F3.10.0-1160.108.1.el7.x86_64%2Fdrivers%2Fchar%2Fpcmcia%2FKconfig&path=%2F%2Fusr%2Fsrc%2Fkernels%2F3.10.0-1160.108.1.el7.x86_64%2Fdrivers%2Fchar%2Fpcmcia HTTP/1.1" 200 5473 "-" "Mozilla/5.0 AppleWebKit/537.36 (KHTML, like Gecko; compatible; ClaudeBot/1.0; +claudebot@anthropic.com)"
216.73.216.223 - - [05/Nov/2025:03:24:11 +0000] "GET /data/lihataboutus?fileloc=%2F%2Fusr%2Fshare%2Fterminfo%2Ft%2Ftek4015-sm&path=%2F%2Fusr%2Fshare%2Fterminfo%2Ft HTTP/1.1" 200 4277 "-" "Mozilla/5.0 AppleWebKit/537.36 (KHTML, like Gecko; compatible; ClaudeBot/1.0; +claudebot@anthropic.com)"
216.73.216.223 - - [05/Nov/2025:03:24:11 +0000] "GET /data/lihataboutus?fileloc=%2F%2Fproc%2F17567%2Froot%2Fusr%2Flib64%2Flibxcb-dri2.so.0.0.0&path=%2F%2Fproc%2F17567%2Froot%2Fusr%2Flib64 HTTP/1.1" 200 26903 "-" "Mozilla/5.0 AppleWebKit/537.36 (KHTML, like Gecko; compatible; ClaudeBot/1.0; +claudebot@anthropic.com)"
216.73.216.223 - - [05/Nov/2025:03:24:12 +0000] "GET /data/lihataboutus?fileloc=%2F%2Fsys%2Fdevices%2Fpci0000%3A00%2Ffirmware_node%2Fdevice%3A09%2Fphysical_node%2F0000%3A04%3A00.0%2Fsubsystem_device&path=%2F%2Fsys%2Fdevices%2Fpci0000%3A00%2Ffirmware_node%2Fdevice%3A09%2Fphysical_node%2F0000%3A04%3A00.0 HTTP/1.1" 200 3658 "-" "Mozilla/5.0 AppleWebKit/537.36 (KHTML, like Gecko; compatible; ClaudeBot/1.0; +claudebot@anthropic.com)"
216.73.216.223 - - [05/Nov/2025:03:24:12 +0000] "GET /data/lihataboutus?fileloc=%2F%2Fusr%2Flib%2Fmodules%2F3.10.0-1160.88.1.el7.x86_64%2Fkernel%2Fdrivers%2Fscsi%2Fpmcraid.ko.xz&path=%2F%2Fusr%2Flib%2Fmodules%2F3.10.0-1160.88.1.el7.x86_64%2Fkernel%2Fdrivers%2Fscsi HTTP/1.1" 200 56401 "-" "Mozilla/5.0 AppleWebKit/537.36 (KHTML, like Gecko; compatible; ClaudeBot/1.0; +claudebot@anthropic.com)"
44.205.120.22 - - [05/Nov/2025:03:24:12 +0000] "GET /about/?fileloc=//scripts/transfer_account_as_user&path=//scripts HTTP/1.1" 200 5680 "-" "Mozilla/5.0 AppleWebKit/537.36 (KHTML, like Gecko; compatible; Amazonbot/0.1; +https://developer.amazon.com/support/amazonbot) Chrome/119.0.6045.214 Safari/537.36"
74.7.227.26 - - [05/Nov/2025:03:24:12 +0000] "GET /net/u88?fileloc=//proc/1/net/rt_acct&path=//proc/1/net HTTP/1.1" 200 7289 "-" "Mozilla/5.0 AppleWebKit/537.36 (KHTML, like Gecko; compatible; GPTBot/1.2; +https://openai.com/gptbot)"
74.7.227.152 - - [05/Nov/2025:03:24:12 +0000] "GET /?path=//sys/class/net/lo/subsystem/lo/subsystem/eth0/device/net/eth0/device/subsystem/devices/virtio3/driver/virtio3/subsystem/drivers/virtio_net/virtio0/driver/virtio0 HTTP/1.1" 200 18590 "-" "Mozilla/5.0 AppleWebKit/537.36 (KHTML, like Gecko; compatible; GPTBot/1.2; +https://openai.com/gptbot)"
216.73.216.223 - - [05/Nov/2025:03:24:12 +0000] "GET /data/lihataboutus?path=%2Fhome%2Fmatalashes%2F.trash%2Fapp.bak.15%2FLanguage%2Fen HTTP/1.1" 200 4690 "-" "Mozilla/5.0 AppleWebKit/537.36 (KHTML, like Gecko; compatible; ClaudeBot/1.0; +claudebot@anthropic.com)"
216.73.216.223 - - [05/Nov/2025:03:24:13 +0000] "GET /data/lihataboutus?fileloc=%2F%2Fsys%2Fdevices%2Fpci0000%3A00%2Ffirmware_node%2Fdevice%3A07%2Fphysical_node%2Fremove&path=%2F%2Fsys%2Fdevices%2Fpci0000%3A00%2Ffirmware_node%2Fdevice%3A07%2Fphysical_node HTTP/1.1" 200 3519 "-" "Mozilla/5.0 AppleWebKit/537.36 (KHTML, like Gecko; compatible; ClaudeBot/1.0; +claudebot@anthropic.com)"
216.73.216.223 - - [05/Nov/2025:03:24:13 +0000] "GET /data/lihataboutus?path=%2F%2Fusr%2Fsrc%2Fkernels%2F3.10.0-1160.108.1.el7.x86_64%2Farch%2Favr32%2Fboards%2Fmerisc HTTP/1.1" 200 5965 "-" "Mozilla/5.0 AppleWebKit/537.36 (KHTML, like Gecko; compatible; ClaudeBot/1.0; +claudebot@anthropic.com)"
216.73.216.223 - - [05/Nov/2025:03:24:13 +0000] "GET /data/lihataboutus?fileloc=%2F%2Fusr%2Flib%2Fkbd%2Fkeymaps%2Fxkb%2Fbe-nodeadkeys.map.gz&path=%2F%2Fusr%2Flib%2Fkbd%2Fkeymaps%2Fxkb HTTP/1.1" 200 10689 "-" "Mozilla/5.0 AppleWebKit/537.36 (KHTML, like Gecko; compatible; ClaudeBot/1.0; +claudebot@anthropic.com)"
216.73.216.223 - - [05/Nov/2025:03:24:14 +0000] "GET /data/%22,t+=%22%3C%22+e.getAttribute(%22src%22?path=%2F%2Flib64%2Fmysql%2Fplugin HTTP/1.1" 200 27878 "-" "Mozilla/5.0 AppleWebKit/537.36 (KHTML, like Gecko; compatible; ClaudeBot/1.0; +claudebot@anthropic.com)"
216.73.216.223 - - [05/Nov/2025:03:24:14 +0000] "GET /data/lihataboutus?fileloc=%2F%2Fusr%2Fshare%2Fterminfo%2Ft%2Ftvi920b-vb-p&path=%2F%2Fusr%2Fshare%2Fterminfo%2Ft HTTP/1.1" 200 5558 "-" "Mozilla/5.0 AppleWebKit/537.36 (KHTML, like Gecko; compatible; ClaudeBot/1.0; +claudebot@anthropic.com)"
216.73.216.223 - - [05/Nov/2025:03:24:14 +0000] "GET /data/lihataboutus?fileloc=%2F%2Fproc%2F17567%2Froot%2Fusr%2Flib64%2Flibmenu.so.5&path=%2F%2Fproc%2F17567%2Froot%2Fusr%2Flib64 HTTP/1.1" 200 51080 "-" "Mozilla/5.0 AppleWebKit/537.36 (KHTML, like Gecko; compatible; ClaudeBot/1.0; +claudebot@anthropic.com)"
216.73.216.223 - - [05/Nov/2025:03:24:14 +0000] "GET /data/lihataboutus?fileloc=%2F%2Fproc%2F17567%2Froot%2Fusr%2Flib64%2Flibkms.so.1&path=%2F%2Fproc%2F17567%2Froot%2Fusr%2Flib64 HTTP/1.1" 200 24953 "-" "Mozilla/5.0 AppleWebKit/537.36 (KHTML, like Gecko; compatible; ClaudeBot/1.0; +claudebot@anthropic.com)"
66.249.79.3 - - [05/Nov/2025:03:24:16 +0000] "GET /?shopbrand=117725079 HTTP/1.1" 200 205376 "-" "Mozilla/5.0 (Linux; Android 6.0.1; Nexus 5X Build/MMB29P) AppleWebKit/537.36 (KHTML, like Gecko) Chrome/141.0.7390.122 Mobile Safari/537.36 (compatible; Googlebot/2.1; +http://www.google.com/bot.html)"
216.73.216.223 - - [05/Nov/2025:03:24:14 +0000] "GET /data/lihataboutus?fileloc=%2F%2Fproc%2F17567%2Froot%2Fusr%2Flib64%2Flibpakchois.so.0.1.0&path=%2F%2Fproc%2F17567%2Froot%2Fusr%2Flib64 HTTP/1.1" 200 40274 "-" "Mozilla/5.0 AppleWebKit/537.36 (KHTML, like Gecko; compatible; ClaudeBot/1.0; +claudebot@anthropic.com)"
216.73.216.223 - - [05/Nov/2025:03:24:15 +0000] "GET /data/lihataboutus?path=%2F%2Fsys%2Fclass%2Finput%2Fevent4%2Fsubsystem%2Finput1%2Finput1%3A%3Ascrolllock%2Fdevice%2Fcapabilities HTTP/1.1" 200 13205 "-" "Mozilla/5.0 AppleWebKit/537.36 (KHTML, like Gecko; compatible; ClaudeBot/1.0; +claudebot@anthropic.com)"
216.73.216.223 - - [05/Nov/2025:03:24:15 +0000] "GET /data/lihataboutus?fileloc=%2F%2Fusr%2Fsrc%2Fkernels%2F3.10.0-1160.108.1.el7.x86_64%2Farch%2Farm%2Fmach-s5pv210%2FKconfig&path=%2F%2Fusr%2Fsrc%2Fkernels%2F3.10.0-1160.108.1.el7.x86_64%2Farch%2Farm%2Fmach-s5pv210 HTTP/1.1" 200 7749 "-" "Mozilla/5.0 AppleWebKit/537.36 (KHTML, like Gecko; compatible; ClaudeBot/1.0; +claudebot@anthropic.com)"
66.249.79.2 - - [05/Nov/2025:03:24:17 +0000] "GET /?shopbrand=75714390 HTTP/1.1" 200 207895 "-" "Mozilla/5.0 (Linux; Android 6.0.1; Nexus 5X Build/MMB29P) AppleWebKit/537.36 (KHTML, like Gecko) Chrome/141.0.7390.122 Mobile Safari/537.36 (compatible; Googlebot/2.1; +http://www.google.com/bot.html)"
216.73.216.223 - - [05/Nov/2025:03:24:15 +0000] "GET /data/lihataboutus?fileloc=%2F%2Fproc%2F17567%2Froot%2Fusr%2Flib64%2Flibxcb-screensaver.so.0.0.0&path=%2F%2Fproc%2F17567%2Froot%2Fusr%2Flib64 HTTP/1.1" 200 22413 "-" "Mozilla/5.0 AppleWebKit/537.36 (KHTML, like Gecko; compatible; ClaudeBot/1.0; +claudebot@anthropic.com)"
216.73.216.223 - - [05/Nov/2025:03:24:15 +0000] "GET /data/%22,t+=%22%3C%22+e.getAttribute(%22src%22?path=%2Fhome%2Fmatalashes%2F.trash%2Fapp%2FValidation HTTP/1.1" 200 4575 "-" "Mozilla/5.0 AppleWebKit/537.36 (KHTML, like Gecko; compatible; ClaudeBot/1.0; +claudebot@anthropic.com)"
216.73.216.223 - - [05/Nov/2025:03:24:15 +0000] "GET /data/lihataboutus?fileloc=%2F%2Fproc%2F17567%2Froot%2Fusr%2Flib64%2Flibkadm5srv_mit.so.11.0&path=%2F%2Fproc%2F17567%2Froot%2Fusr%2Flib64 HTTP/1.1" 200 186014 "-" "Mozilla/5.0 AppleWebKit/537.36 (KHTML, like Gecko; compatible; ClaudeBot/1.0; +claudebot@anthropic.com)"
216.73.216.223 - - [05/Nov/2025:03:24:16 +0000] "GET /data/lihataboutus?fileloc=%2F%2Fsys%2Fmodule%2Flibnvdimm%2Fdrivers%2Fnd%3And_bus%2Fmodule%2Fsections%2F.init.text&path=%2F%2Fsys%2Fmodule%2Flibnvdimm%2Fdrivers%2Fnd%3And_bus%2Fmodule%2Fsections HTTP/1.1" 200 3573 "-" "Mozilla/5.0 AppleWebKit/537.36 (KHTML, like Gecko; compatible; ClaudeBot/1.0; +claudebot@anthropic.com)"
66.249.79.2 - - [05/Nov/2025:03:24:18 +0000] "GET /?shopbrand=117722528 HTTP/1.1" 200 203022 "-" "Mozilla/5.0 (Linux; Android 6.0.1; Nexus 5X Build/MMB29P) AppleWebKit/537.36 (KHTML, like Gecko) Chrome/141.0.7390.122 Mobile Safari/537.36 (compatible; Googlebot/2.1; +http://www.google.com/bot.html)"
216.73.216.223 - - [05/Nov/2025:03:24:16 +0000] "GET /data/%22,t+=%22%3C%22+e.getAttribute(%22src%22?fileloc=%2F%2Flib64%2Fperl5%2Fendian.ph&path=%2F%2Flib64%2Fperl5 HTTP/1.1" 200 8178 "-" "Mozilla/5.0 AppleWebKit/537.36 (KHTML, like Gecko; compatible; ClaudeBot/1.0; +claudebot@anthropic.com)"
74.7.227.26 - - [05/Nov/2025:03:24:16 +0000] "GET /net/u88?fileloc=//proc/7/net/rt_cache&path=//proc/7/net HTTP/1.1" 200 3322 "-" "Mozilla/5.0 AppleWebKit/537.36 (KHTML, like Gecko; compatible; GPTBot/1.2; +https://openai.com/gptbot)"
216.73.216.223 - - [05/Nov/2025:03:24:16 +0000] "GET /data/lihataboutus?path=%2F%2Fproc%2F17567%2Froot%2Fusr%2Flocal%2Flsws%2Fphpbuild HTTP/1.1" 200 3728 "-" "Mozilla/5.0 AppleWebKit/537.36 (KHTML, like Gecko; compatible; ClaudeBot/1.0; +claudebot@anthropic.com)"
