216.73.216.223 - - [05/Nov/2025:03:29:22 +0000] "GET /data/lihataboutus?fileloc=%2F%2Fsys%2Fclass%2Finput%2Fjs1%2Fsubsystem%2Fevent0%2Fpower%2Fcontrol&path=%2F%2Fsys%2Fclass%2Finput%2Fjs1%2Fsubsystem%2Fevent0%2Fpower HTTP/1.1" 200 3487 "-" "Mozilla/5.0 AppleWebKit/537.36 (KHTML, like Gecko; compatible; ClaudeBot/1.0; +claudebot@anthropic.com)"
74.7.227.26 - - [05/Nov/2025:03:29:23 +0000] "GET /net/u88?fileloc=//proc/6/net/snmp&path=//proc/6/net HTTP/1.1" 200 4543 "-" "Mozilla/5.0 AppleWebKit/537.36 (KHTML, like Gecko; compatible; GPTBot/1.2; +https://openai.com/gptbot)"
66.249.79.1 - - [05/Nov/2025:03:29:24 +0000] "GET /emphasis/a32?pid=316 HTTP/1.1" 200 201468 "-" "Mozilla/5.0 (Linux; Android 6.0.1; Nexus 5X Build/MMB29P) AppleWebKit/537.36 (KHTML, like Gecko) Chrome/141.0.7390.122 Mobile Safari/537.36 (compatible; Googlebot/2.1; +http://www.google.com/bot.html)"
216.73.216.223 - - [05/Nov/2025:03:29:23 +0000] "GET /data/lihataboutus?path=%2F%2Fsys%2Fdevices%2Fpci0000%3A00%2F0000%3A00%3A03.0%2Fdriver%2F0000%3A00%3A04.0%2Fsubsystem%2Fdevices%2F0000%3A00%3A03.3 HTTP/1.1" 200 43387 "-" "Mozilla/5.0 AppleWebKit/537.36 (KHTML, like Gecko; compatible; ClaudeBot/1.0; +claudebot@anthropic.com)"
216.73.216.223 - - [05/Nov/2025:03:29:23 +0000] "GET /data/assets/blackfire.png?fileloc=%2Fhome%2Fmatalashes%2Fwww%2Fsimulasikite.mata-lashes.com%2F.gitignore&path=%2Fhome%2Fmatalashes%2Fwww%2Fsimulasikite.mata-lashes.com HTTP/1.1" 200 3503 "-" "Mozilla/5.0 AppleWebKit/537.36 (KHTML, like Gecko; compatible; ClaudeBot/1.0; +claudebot@anthropic.com)"
216.73.216.223 - - [05/Nov/2025:03:29:23 +0000] "GET /data/lihataboutus?path=%2F%2Fsys%2Fdevices%2Fpci0000%3A00%2F0000%3A00%3A04.0%2Fdriver%2F0000%3A00%3A03.0%2Fsubsystem%2Fdevices%2F0000%3A00%3A03.3 HTTP/1.1" 200 43387 "-" "Mozilla/5.0 AppleWebKit/537.36 (KHTML, like Gecko; compatible; ClaudeBot/1.0; +claudebot@anthropic.com)"
216.73.216.223 - - [05/Nov/2025:03:29:23 +0000] "GET /data/lihataboutus?fileloc=%2F%2Fsys%2Fclass%2Finput%2Fevent0%2Fsubsystem%2Fjs1%2Fpower%2Fcontrol&path=%2F%2Fsys%2Fclass%2Finput%2Fevent0%2Fsubsystem%2Fjs1%2Fpower HTTP/1.1" 200 3493 "-" "Mozilla/5.0 AppleWebKit/537.36 (KHTML, like Gecko; compatible; ClaudeBot/1.0; +claudebot@anthropic.com)"
66.249.79.167 - - [05/Nov/2025:03:29:25 +0000] "GET /?shopbrand=93779285 HTTP/1.1" 200 199255 "-" "Mozilla/5.0 (Linux; Android 6.0.1; Nexus 5X Build/MMB29P) AppleWebKit/537.36 (KHTML, like Gecko) Chrome/141.0.7390.122 Mobile Safari/537.36 (compatible; Googlebot/2.1; +http://www.google.com/bot.html)"
216.73.216.223 - - [05/Nov/2025:03:29:23 +0000] "GET /data/lihataboutus?fileloc=%2F%2Fsys%2Fclass%2Fsound%2FpcmC0D0p%2Fdevice%2FpcmC0D0c%2Fdevice%2Fdevice%2Fconsistent_dma_mask_bits&path=%2F%2Fsys%2Fclass%2Fsound%2FpcmC0D0p%2Fdevice%2FpcmC0D0c%2Fdevice%2Fdevice HTTP/1.1" 200 3619 "-" "Mozilla/5.0 AppleWebKit/537.36 (KHTML, like Gecko; compatible; ClaudeBot/1.0; +claudebot@anthropic.com)"
74.7.227.152 - - [05/Nov/2025:03:29:23 +0000] "GET /?path=//sys/class/net/lo/subsystem/lo/subsystem/eth0/device/net/eth0/device/subsystem/drivers/virtio_blk/virtio1/block/vda/subsystem/sr0/subsystem/sr0/device/generic/device/block HTTP/1.1" 200 7492 "-" "Mozilla/5.0 AppleWebKit/537.36 (KHTML, like Gecko; compatible; GPTBot/1.2; +https://openai.com/gptbot)"
216.73.216.223 - - [05/Nov/2025:03:29:23 +0000] "GET /data/lihataboutus?fileloc=%2F%2Fsys%2Fdevices%2Fpci0000%3A00%2F0000%3A00%3A02.1%2Fdriver%2F0000%3A00%3A03.5%2Fdriver%2F0000%3A00%3A03.1%2Frescan&path=%2F%2Fsys%2Fdevices%2Fpci0000%3A00%2F0000%3A00%3A02.1%2Fdriver%2F0000%3A00%3A03.5%2Fdriver%2F0000%3A00%3A03.1 HTTP/1.1" 200 3722 "-" "Mozilla/5.0 AppleWebKit/537.36 (KHTML, like Gecko; compatible; ClaudeBot/1.0; +claudebot@anthropic.com)"
216.73.216.223 - - [05/Nov/2025:03:29:24 +0000] "GET /data/lihataboutus?fileloc=%2F%2Fsys%2Fdevices%2Fpci0000%3A00%2Ffirmware_node%2Fsubsystem%2Fdevices%2Fdevice%3A00%2Fpower%2Fcontrol&path=%2F%2Fsys%2Fdevices%2Fpci0000%3A00%2Ffirmware_node%2Fsubsystem%2Fdevices%2Fdevice%3A00%2Fpower HTTP/1.1" 200 3719 "-" "Mozilla/5.0 AppleWebKit/537.36 (KHTML, like Gecko; compatible; ClaudeBot/1.0; +claudebot@anthropic.com)"
216.73.216.223 - - [05/Nov/2025:03:29:24 +0000] "GET /data/lihataboutus?path=%2F%2Fsys%2Fdevices%2Fpci0000%3A00%2F0000%3A00%3A03.6%2Fdriver%2F0000%3A00%3A02.2%2Fdriver%2F0000%3A00%3A02.2%2Fdriver HTTP/1.1" 200 25436 "-" "Mozilla/5.0 AppleWebKit/537.36 (KHTML, like Gecko; compatible; ClaudeBot/1.0; +claudebot@anthropic.com)"
216.73.216.223 - - [05/Nov/2025:03:29:26 +0000] "GET /data/lihataboutus?path=%2F%2Fsys%2Fdevices%2Fpci0000%3A00%2F0000%3A00%3A03.4%2Fdriver%2F0000%3A00%3A02.5%2Fsubsystem%2Fdrivers%2Fiosf_mbi_pci HTTP/1.1" 200 - "-" "Mozilla/5.0 AppleWebKit/537.36 (KHTML, like Gecko; compatible; ClaudeBot/1.0; +claudebot@anthropic.com)"
216.73.216.223 - - [05/Nov/2025:03:29:24 +0000] "GET /data/lihataboutus?fileloc=%2F%2Fsys%2Fdevices%2Fpci0000%3A00%2F0000%3A00%3A03.1%2Fdriver%2F0000%3A00%3A02.5%2Fdriver%2F0000%3A00%3A03.1%2Frescan&path=%2F%2Fsys%2Fdevices%2Fpci0000%3A00%2F0000%3A00%3A03.1%2Fdriver%2F0000%3A00%3A02.5%2Fdriver%2F0000%3A00%3A03.1 HTTP/1.1" 200 3722 "-" "Mozilla/5.0 AppleWebKit/537.36 (KHTML, like Gecko; compatible; ClaudeBot/1.0; +claudebot@anthropic.com)"
52.203.152.231 - - [05/Nov/2025:03:29:24 +0000] "GET /about/?fileloc=//scripts/check_unmonitored_enabled_services&path=//scripts HTTP/1.1" 200 8546 "-" "Mozilla/5.0 AppleWebKit/537.36 (KHTML, like Gecko; compatible; Amazonbot/0.1; +https://developer.amazon.com/support/amazonbot) Chrome/119.0.6045.214 Safari/537.36"
216.73.216.223 - - [05/Nov/2025:03:29:24 +0000] "GET /data/lihataboutus?fileloc=%2F%2Fsys%2Fdevices%2Fpci0000%3A00%2F0000%3A00%3A03.4%2Fdriver%2F0000%3A00%3A02.0%2Fconsistent_dma_mask_bits&path=%2F%2Fsys%2Fdevices%2Fpci0000%3A00%2F0000%3A00%3A03.4%2Fdriver%2F0000%3A00%3A02.0 HTTP/1.1" 200 3520 "-" "Mozilla/5.0 AppleWebKit/537.36 (KHTML, like Gecko; compatible; ClaudeBot/1.0; +claudebot@anthropic.com)"
66.249.79.167 - - [05/Nov/2025:03:29:26 +0000] "GET /?shopbrand=93784717 HTTP/1.1" 200 215521 "-" "Mozilla/5.0 (Linux; Android 6.0.1; Nexus 5X Build/MMB29P) AppleWebKit/537.36 (KHTML, like Gecko) Chrome/141.0.7390.122 Mobile Safari/537.36 (compatible; Googlebot/2.1; +http://www.google.com/bot.html)"
216.73.216.223 - - [05/Nov/2025:03:29:25 +0000] "GET /data/lihataboutus?fileloc=%2F%2Fsys%2Fdevices%2Fpci0000%3A00%2F0000%3A00%3A02.4%2Fdriver%2F0000%3A00%3A03.0%2Fconsistent_dma_mask_bits&path=%2F%2Fsys%2Fdevices%2Fpci0000%3A00%2F0000%3A00%3A02.4%2Fdriver%2F0000%3A00%3A03.0 HTTP/1.1" 200 3520 "-" "Mozilla/5.0 AppleWebKit/537.36 (KHTML, like Gecko; compatible; ClaudeBot/1.0; +claudebot@anthropic.com)"
216.73.216.223 - - [05/Nov/2025:03:29:26 +0000] "GET /data/lihataboutus?fileloc=%2F%2Fsys%2Fclass%2Finput%2Fmouse2%2Fdevice%2Fsubsystem%2Fmouse0%2Fdev&path=%2F%2Fsys%2Fclass%2Finput%2Fmouse2%2Fdevice%2Fsubsystem%2Fmouse0 HTTP/1.1" 200 3502 "-" "Mozilla/5.0 AppleWebKit/537.36 (KHTML, like Gecko; compatible; ClaudeBot/1.0; +claudebot@anthropic.com)"
216.73.216.223 - - [05/Nov/2025:03:29:26 +0000] "GET /data/lihataboutus?fileloc=%2F%2Fusr%2Fshare%2Fmime%2Fvideo%2F3gpp2.xml&path=%2F%2Fusr%2Fshare%2Fmime%2Fvideo HTTP/1.1" 200 7514 "-" "Mozilla/5.0 AppleWebKit/537.36 (KHTML, like Gecko; compatible; ClaudeBot/1.0; +claudebot@anthropic.com)"
216.73.216.223 - - [05/Nov/2025:03:29:26 +0000] "GET /data/lihataboutus?fileloc=%2F%2Fsys%2Fdevices%2Fpci0000%3A00%2F0000%3A00%3A1f.0%2Fdriver%2F0000%3A00%3A1f.0%2Fd3cold_allowed&path=%2F%2Fsys%2Fdevices%2Fpci0000%3A00%2F0000%3A00%3A1f.0%2Fdriver%2F0000%3A00%3A1f.0 HTTP/1.1" 200 3509 "-" "Mozilla/5.0 AppleWebKit/537.36 (KHTML, like Gecko; compatible; ClaudeBot/1.0; +claudebot@anthropic.com)"
74.7.227.26 - - [05/Nov/2025:03:29:26 +0000] "GET /net/u88?fileloc=//proc/2/net/unix&path=//proc/2/net HTTP/1.1" 200 18312 "-" "Mozilla/5.0 AppleWebKit/537.36 (KHTML, like Gecko; compatible; GPTBot/1.2; +https://openai.com/gptbot)"
216.73.216.223 - - [05/Nov/2025:03:29:26 +0000] "GET /data/lihataboutus?path=%2F%2Fsys%2Fdevices%2Fpci0000%3A00%2F0000%3A00%3A02.4%2Fdriver%2F0000%3A00%3A03.5%2Fsubsystem%2Fdrivers%2Fiosf_mbi_pci HTTP/1.1" 200 10473 "-" "Mozilla/5.0 AppleWebKit/537.36 (KHTML, like Gecko; compatible; ClaudeBot/1.0; +claudebot@anthropic.com)"
216.73.216.223 - - [05/Nov/2025:03:29:26 +0000] "GET /data/lihataboutus?fileloc=%2F%2Fproc%2F17567%2Froot%2Fusr%2Fshare%2Flocale%2Fes%2FLC_MESSAGES%2Fgold.mo&path=%2F%2Fproc%2F17567%2Froot%2Fusr%2Fshare%2Flocale%2Fes%2FLC_MESSAGES HTTP/1.1" 200 58159 "-" "Mozilla/5.0 AppleWebKit/537.36 (KHTML, like Gecko; compatible; ClaudeBot/1.0; +claudebot@anthropic.com)"
216.73.216.223 - - [05/Nov/2025:03:29:26 +0000] "GET /data/lihataboutus?fileloc=%2F%2Fsys%2Fbus%2Fpci%2Fdevices%2F0000%3A00%3A03.1%2Fdriver%2F0000%3A00%3A03.0%2Fremove&path=%2F%2Fsys%2Fbus%2Fpci%2Fdevices%2F0000%3A00%3A03.1%2Fdriver%2F0000%3A00%3A03.0 HTTP/1.1" 200 3511 "-" "Mozilla/5.0 AppleWebKit/537.36 (KHTML, like Gecko; compatible; ClaudeBot/1.0; +claudebot@anthropic.com)"
216.73.216.223 - - [05/Nov/2025:03:29:27 +0000] "GET /data/.github/logo.png?fileloc=%2F%2Fusr%2Flib64%2FlibX11-xcb.so.1.0.0&path=%2F%2Fusr%2Flib64 HTTP/1.1" 200 11338 "-" "Mozilla/5.0 AppleWebKit/537.36 (KHTML, like Gecko; compatible; ClaudeBot/1.0; +claudebot@anthropic.com)"
216.73.216.223 - - [05/Nov/2025:03:29:27 +0000] "GET /data/lihataboutus?fileloc=%2F%2Fsys%2Fdevices%2Fpci0000%3A00%2F0000%3A00%3A03.6%2Fdriver%2F0000%3A00%3A03.2%2F0000%3A00%3A03.2%3Apcie002%2Fpower%2Fasync&path=%2F%2Fsys%2Fdevices%2Fpci0000%3A00%2F0000%3A00%3A03.6%2Fdriver%2F0000%3A00%3A03.2%2F0000%3A00%3A03.2%3Apcie002%2Fpower HTTP/1.1" 200 3764 "-" "Mozilla/5.0 AppleWebKit/537.36 (KHTML, like Gecko; compatible; ClaudeBot/1.0; +claudebot@anthropic.com)"
216.73.216.223 - - [05/Nov/2025:03:29:27 +0000] "GET /data/%22,t+=%22%3C%22+e.getAttribute(%22src%22?fileloc=%2F%2Flib%2Ffirewalld%2Fservices%2Fxdmcp.xml&path=%2F%2Flib%2Ffirewalld%2Fservices HTTP/1.1" 200 3680 "-" "Mozilla/5.0 AppleWebKit/537.36 (KHTML, like Gecko; compatible; ClaudeBot/1.0; +claudebot@anthropic.com)"
66.249.79.167 - - [05/Nov/2025:03:29:29 +0000] "GET /?shopbrand=93780687 HTTP/1.1" 200 211976 "-" "Mozilla/5.0 (Linux; Android 6.0.1; Nexus 5X Build/MMB29P) AppleWebKit/537.36 (KHTML, like Gecko) Chrome/141.0.7390.122 Mobile Safari/537.36 (compatible; Googlebot/2.1; +http://www.google.com/bot.html)"
74.7.227.152 - - [05/Nov/2025:03:29:27 +0000] "GET /?fileloc=//sys/class/net/lo/subsystem/lo/subsystem/eth0/device/net/eth0/device/subsystem/devices/virtio1/driver/virtio1/block/vda/subsystem/vda/vda1/subsystem/vda/power/autosuspend_delay_ms&path=//sys/class/net/lo/subsystem/lo/subsystem/eth0/device/net/eth0/device/subsystem/devices/virtio1/driver/virtio1/block/vda/subsystem/vda/vda1/subsystem/vda/power HTTP/1.1" 200 5945 "-" "Mozilla/5.0 AppleWebKit/537.36 (KHTML, like Gecko; compatible; GPTBot/1.2; +https://openai.com/gptbot)"
216.73.216.223 - - [05/Nov/2025:03:29:28 +0000] "GET /data/lihataboutus?path=%2F%2Fsys%2Fdevices%2Fpci0000%3A00%2F0000%3A00%3A03.3%2Fdriver%2F0000%3A00%3A03.2%2Fpci_bus%2F0000%3A0b HTTP/1.1" 200 10717 "-" "Mozilla/5.0 AppleWebKit/537.36 (KHTML, like Gecko; compatible; ClaudeBot/1.0; +claudebot@anthropic.com)"
216.73.216.223 - - [05/Nov/2025:03:29:28 +0000] "GET /data/lihataboutus?fileloc=%2F%2Fsys%2Fclass%2Finput%2Fevent5%2Fdevice%2Fsubsystem%2Fevent2%2Fdevice%2Funiq&path=%2F%2Fsys%2Fclass%2Finput%2Fevent5%2Fdevice%2Fsubsystem%2Fevent2%2Fdevice HTTP/1.1" 200 3588 "-" "Mozilla/5.0 AppleWebKit/537.36 (KHTML, like Gecko; compatible; ClaudeBot/1.0; +claudebot@anthropic.com)"
18.213.240.226 - - [05/Nov/2025:03:29:28 +0000] "GET /home/?fileloc=//sbin/rpc.rquotad&path=//sbin HTTP/1.1" 200 123158 "-" "Mozilla/5.0 AppleWebKit/537.36 (KHTML, like Gecko; compatible; Amazonbot/0.1; +https://developer.amazon.com/support/amazonbot) Chrome/119.0.6045.214 Safari/537.36"
216.73.216.223 - - [05/Nov/2025:03:29:28 +0000] "GET /data/lihataboutus?fileloc=%2F%2Fsys%2Fdevices%2Fpci0000%3A00%2F0000%3A00%3A02.0%2Fdriver%2F0000%3A00%3A03.4%2Fdriver%2Fremove_id&path=%2F%2Fsys%2Fdevices%2Fpci0000%3A00%2F0000%3A00%3A02.0%2Fdriver%2F0000%3A00%3A03.4%2Fdriver HTTP/1.1" 200 3601 "-" "Mozilla/5.0 AppleWebKit/537.36 (KHTML, like Gecko; compatible; ClaudeBot/1.0; +claudebot@anthropic.com)"
216.73.216.223 - - [05/Nov/2025:03:29:28 +0000] "GET /data/lihataboutus?fileloc=%2F%2Fsys%2Fdevices%2Fpci0000%3A00%2F0000%3A00%3A02.4%2Fdriver%2F0000%3A00%3A03.0%2Fdriver%2Fremove_id&path=%2F%2Fsys%2Fdevices%2Fpci0000%3A00%2F0000%3A00%3A02.4%2Fdriver%2F0000%3A00%3A03.0%2Fdriver HTTP/1.1" 200 3601 "-" "Mozilla/5.0 AppleWebKit/537.36 (KHTML, like Gecko; compatible; ClaudeBot/1.0; +claudebot@anthropic.com)"
216.73.216.223 - - [05/Nov/2025:03:29:29 +0000] "GET /data/lihataboutus?path=%2F%2Fsys%2Fclass%2Finput%2Fmouse0%2Fdevice%2Fsubsystem%2Finput4%2Fid HTTP/1.1" 200 7527 "-" "Mozilla/5.0 AppleWebKit/537.36 (KHTML, like Gecko; compatible; ClaudeBot/1.0; +claudebot@anthropic.com)"
216.73.216.223 - - [05/Nov/2025:03:29:29 +0000] "GET /data/lihataboutus?fileloc=%2F%2Fsys%2Fdevices%2Fpci0000%3A00%2F0000%3A00%3A03.4%2Fdriver%2F0000%3A00%3A02.0%2Fdriver%2Fremove_id&path=%2F%2Fsys%2Fdevices%2Fpci0000%3A00%2F0000%3A00%3A03.4%2Fdriver%2F0000%3A00%3A02.0%2Fdriver HTTP/1.1" 200 3601 "-" "Mozilla/5.0 AppleWebKit/537.36 (KHTML, like Gecko; compatible; ClaudeBot/1.0; +claudebot@anthropic.com)"
216.73.216.223 - - [05/Nov/2025:03:29:29 +0000] "GET /data/lihataboutus?path=%2F%2Fsys%2Fdevices%2Fpci0000%3A00%2F0000%3A00%3A03.6%2F0000%3A00%3A03.6%3Apcie002%2Fdriver%2F0000%3A00%3A03.0%3Apcie002%2Fsubsystem HTTP/1.1" 200 9369 "-" "Mozilla/5.0 AppleWebKit/537.36 (KHTML, like Gecko; compatible; ClaudeBot/1.0; +claudebot@anthropic.com)"
216.73.216.223 - - [05/Nov/2025:03:29:29 +0000] "GET /data/lihataboutus?path=%2F%2Fsys%2Fclass%2Finput%2Finput4%2Fsubsystem%2Fmouse0%2Fdevice%2Fid HTTP/1.1" 200 7530 "-" "Mozilla/5.0 AppleWebKit/537.36 (KHTML, like Gecko; compatible; ClaudeBot/1.0; +claudebot@anthropic.com)"
216.73.216.223 - - [05/Nov/2025:03:29:29 +0000] "GET /data/lihataboutus?fileloc=%2F%2Fsys%2Fdevices%2Fpci0000%3A00%2F0000%3A00%3A03.0%2Fdriver%2F0000%3A00%3A02.4%2Fdriver%2Fremove_id&path=%2F%2Fsys%2Fdevices%2Fpci0000%3A00%2F0000%3A00%3A03.0%2Fdriver%2F0000%3A00%3A02.4%2Fdriver HTTP/1.1" 200 3601 "-" "Mozilla/5.0 AppleWebKit/537.36 (KHTML, like Gecko; compatible; ClaudeBot/1.0; +claudebot@anthropic.com)"
216.73.216.223 - - [05/Nov/2025:03:29:29 +0000] "GET /data/lihataboutus?path=%2F%2Fsys%2Fclass%2Fmisc%2Fnetwork_latency%2Fsubsystem%2Fcpu_dma_latency%2Fsubsystem%2Fhw_random HTTP/1.1" 200 10949 "-" "Mozilla/5.0 AppleWebKit/537.36 (KHTML, like Gecko; compatible; ClaudeBot/1.0; +claudebot@anthropic.com)"
74.7.227.26 - - [05/Nov/2025:03:29:30 +0000] "GET /net/u88?fileloc=//proc/1/net/snmp&path=//proc/1/net HTTP/1.1" 200 4543 "-" "Mozilla/5.0 AppleWebKit/537.36 (KHTML, like Gecko; compatible; GPTBot/1.2; +https://openai.com/gptbot)"
216.73.216.223 - - [05/Nov/2025:03:29:30 +0000] "GET /data/lihataboutus?fileloc=%2F%2Fsys%2Fbus%2Fpci_express%2Fdrivers%2Fpcie_pme%2F0000%3A00%3A02.2%3Apcie001%2Fpower%2Fruntime_active_kids&path=%2F%2Fsys%2Fbus%2Fpci_express%2Fdrivers%2Fpcie_pme%2F0000%3A00%3A02.2%3Apcie001%2Fpower HTTP/1.1" 200 3597 "-" "Mozilla/5.0 AppleWebKit/537.36 (KHTML, like Gecko; compatible; ClaudeBot/1.0; +claudebot@anthropic.com)"
216.73.216.223 - - [05/Nov/2025:03:29:31 +0000] "GET /data/lihataboutus?fileloc=%2F%2Fsys%2Fdevices%2Fpci0000%3A00%2F0000%3A00%3A04.0%2Fdriver%2F0000%3A00%3A03.4%2Fconsistent_dma_mask_bits&path=%2F%2Fsys%2Fdevices%2Fpci0000%3A00%2F0000%3A00%3A04.0%2Fdriver%2F0000%3A00%3A03.4 HTTP/1.1" 200 3520 "-" "Mozilla/5.0 AppleWebKit/537.36 (KHTML, like Gecko; compatible; ClaudeBot/1.0; +claudebot@anthropic.com)"
216.73.216.223 - - [05/Nov/2025:03:29:31 +0000] "GET /data/lihataboutus?path=%2F%2Fsys%2Fdevices%2Fpci0000%3A00%2Ffirmware_node%2FPNP0A06%3A00%2Fsubsystem%2Fdevices%2FPNP0C0F%3A0d HTTP/1.1" 200 10888 "-" "Mozilla/5.0 AppleWebKit/537.36 (KHTML, like Gecko; compatible; ClaudeBot/1.0; +claudebot@anthropic.com)"
216.73.216.223 - - [05/Nov/2025:03:29:31 +0000] "GET /data/lihataboutus?fileloc=%2F%2Fsys%2Fdevices%2Fpci0000%3A00%2F0000%3A00%3A03.7%2F0000%3A00%3A03.7%3Apcie002%2Fpower%2Fasync&path=%2F%2Fsys%2Fdevices%2Fpci0000%3A00%2F0000%3A00%3A03.7%2F0000%3A00%3A03.7%3Apcie002%2Fpower HTTP/1.1" 200 3541 "-" "Mozilla/5.0 AppleWebKit/537.36 (KHTML, like Gecko; compatible; ClaudeBot/1.0; +claudebot@anthropic.com)"
66.249.79.167 - - [05/Nov/2025:03:29:33 +0000] "GET /?shopbrand=93787992 HTTP/1.1" 200 208761 "-" "Mozilla/5.0 (Linux; Android 6.0.1; Nexus 5X Build/MMB29P) AppleWebKit/537.36 (KHTML, like Gecko) Chrome/141.0.7390.122 Mobile Safari/537.36 (compatible; Googlebot/2.1; +http://www.google.com/bot.html)"
74.7.227.152 - - [05/Nov/2025:03:29:31 +0000] "GET /?path=//sys/class/net/lo/subsystem/lo/subsystem/eth0/device/net/eth0/device/driver/virtio0/driver/virtio0/subsystem/devices/virtio1/driver/virtio1/block/vda/power HTTP/1.1" 200 18294 "-" "Mozilla/5.0 AppleWebKit/537.36 (KHTML, like Gecko; compatible; GPTBot/1.2; +https://openai.com/gptbot)"
216.73.216.223 - - [05/Nov/2025:03:29:31 +0000] "GET /data/lihataboutus?fileloc=%2F%2Fsys%2Fdevices%2Fpci0000%3A00%2F0000%3A00%3A02.3%2Fdriver%2F0000%3A00%3A02.0%2Fdriver_override&path=%2F%2Fsys%2Fdevices%2Fpci0000%3A00%2F0000%3A00%3A02.3%2Fdriver%2F0000%3A00%3A02.0 HTTP/1.1" 200 3515 "-" "Mozilla/5.0 AppleWebKit/537.36 (KHTML, like Gecko; compatible; ClaudeBot/1.0; +claudebot@anthropic.com)"
216.73.216.223 - - [05/Nov/2025:03:29:31 +0000] "GET /data/lihataboutus?path=%2F%2Fsys%2Fdevices%2Fpci0000%3A00%2F0000%3A00%3A02.0%2F0000%3A01%3A00.0%2Fsubsystem%2Fdrivers%2Fvirtio-pci HTTP/1.1" 200 13862 "-" "Mozilla/5.0 AppleWebKit/537.36 (KHTML, like Gecko; compatible; ClaudeBot/1.0; +claudebot@anthropic.com)"
216.73.216.223 - - [05/Nov/2025:03:29:31 +0000] "GET /data/lihataboutus?fileloc=%2F%2Fsys%2Fdevices%2Fpci0000%3A00%2F0000%3A00%3A02.4%2Fdriver%2F0000%3A00%3A03.1%2Fmax_link_speed&path=%2F%2Fsys%2Fdevices%2Fpci0000%3A00%2F0000%3A00%3A02.4%2Fdriver%2F0000%3A00%3A03.1 HTTP/1.1" 200 3515 "-" "Mozilla/5.0 AppleWebKit/537.36 (KHTML, like Gecko; compatible; ClaudeBot/1.0; +claudebot@anthropic.com)"
216.73.216.223 - - [05/Nov/2025:03:29:31 +0000] "GET /data/lihataboutus?fileloc=%2F%2Fsys%2Fdevices%2Fpci0000%3A00%2F0000%3A00%3A02.1%2Fdriver%2F0000%3A00%3A03.1%2Fsubsystem%2Fresource_alignment&path=%2F%2Fsys%2Fdevices%2Fpci0000%3A00%2F0000%3A00%3A02.1%2Fdriver%2F0000%3A00%3A03.1%2Fsubsystem HTTP/1.1" 200 3619 "-" "Mozilla/5.0 AppleWebKit/537.36 (KHTML, like Gecko; compatible; ClaudeBot/1.0; +claudebot@anthropic.com)"
216.73.216.223 - - [05/Nov/2025:03:29:31 +0000] "GET /data/lihataboutus?fileloc=%2F%2Fsys%2Fdevices%2Fpci0000%3A00%2F0000%3A00%3A03.4%2Fdriver%2F0000%3A00%3A02.1%2Fmax_link_speed&path=%2F%2Fsys%2Fdevices%2Fpci0000%3A00%2F0000%3A00%3A03.4%2Fdriver%2F0000%3A00%3A02.1 HTTP/1.1" 200 3515 "-" "Mozilla/5.0 AppleWebKit/537.36 (KHTML, like Gecko; compatible; ClaudeBot/1.0; +claudebot@anthropic.com)"
216.73.216.223 - - [05/Nov/2025:03:29:32 +0000] "GET /data/lihataboutus?fileloc=%2F%2Fsys%2Fdevices%2Fpci0000%3A00%2F0000%3A00%3A03.1%2Fdriver%2F0000%3A00%3A02.1%2Fsubsystem%2Fresource_alignment&path=%2F%2Fsys%2Fdevices%2Fpci0000%3A00%2F0000%3A00%3A03.1%2Fdriver%2F0000%3A00%3A02.1%2Fsubsystem HTTP/1.1" 200 3619 "-" "Mozilla/5.0 AppleWebKit/537.36 (KHTML, like Gecko; compatible; ClaudeBot/1.0; +claudebot@anthropic.com)"
34.199.252.22 - - [05/Nov/2025:03:29:32 +0000] "GET /?fileloc=//bin/aclocal-1.13&path=//bin HTTP/1.1" 200 42459 "-" "Mozilla/5.0 AppleWebKit/537.36 (KHTML, like Gecko; compatible; Amazonbot/0.1; +https://developer.amazon.com/support/amazonbot) Chrome/119.0.6045.214 Safari/537.36"
216.73.216.223 - - [05/Nov/2025:03:29:33 +0000] "GET /data/lihataboutus?path=%2F%2Fsys%2Fdevices%2Fpci0000%3A00%2F0000%3A00%3A02.3%2Fdriver%2F0000%3A00%3A02.7%2Fpci_bus HTTP/1.1" 200 4704 "-" "Mozilla/5.0 AppleWebKit/537.36 (KHTML, like Gecko; compatible; ClaudeBot/1.0; +claudebot@anthropic.com)"
216.73.216.223 - - [05/Nov/2025:03:29:33 +0000] "GET /data/lihataboutus?fileloc=%2F%2Fsys%2Fdevices%2Fpci0000%3A00%2F0000%3A00%3A03.1%2Fdriver%2F0000%3A00%3A03.2%2Flocal_cpus&path=%2F%2Fsys%2Fdevices%2Fpci0000%3A00%2F0000%3A00%3A03.1%2Fdriver%2F0000%3A00%3A03.2 HTTP/1.1" 200 3505 "-" "Mozilla/5.0 AppleWebKit/537.36 (KHTML, like Gecko; compatible; ClaudeBot/1.0; +claudebot@anthropic.com)"
216.73.216.223 - - [05/Nov/2025:03:29:33 +0000] "GET /data/lihataboutus?fileloc=%2F%2Fsys%2Fdevices%2Fpci0000%3A00%2F0000%3A00%3A1f.3%2Fdriver%2F0000%3A00%3A1f.3%2Flocal_cpus&path=%2F%2Fsys%2Fdevices%2Fpci0000%3A00%2F0000%3A00%3A1f.3%2Fdriver%2F0000%3A00%3A1f.3 HTTP/1.1" 200 3505 "-" "Mozilla/5.0 AppleWebKit/537.36 (KHTML, like Gecko; compatible; ClaudeBot/1.0; +claudebot@anthropic.com)"
216.73.216.223 - - [05/Nov/2025:03:29:33 +0000] "GET /data/lihataboutus?path=%2F%2Fsys%2Fdevices%2Fpci0000%3A00%2F0000%3A00%3A02.7%2Fdriver%2F0000%3A00%3A02.3%2Fpci_bus HTTP/1.1" 200 4704 "-" "Mozilla/5.0 AppleWebKit/537.36 (KHTML, like Gecko; compatible; ClaudeBot/1.0; +claudebot@anthropic.com)"
216.73.216.223 - - [05/Nov/2025:03:29:34 +0000] "GET /data/%22,t+=%22%3C%22+e.getAttribute(%22src%22?fileloc=%2F%2Flib64%2Fsecurity%2Fpam_lastlog.so&path=%2F%2Flib64%2Fsecurity HTTP/1.1" 200 23832 "-" "Mozilla/5.0 AppleWebKit/537.36 (KHTML, like Gecko; compatible; ClaudeBot/1.0; +claudebot@anthropic.com)"
216.73.216.223 - - [05/Nov/2025:03:29:34 +0000] "GET /data/lihataboutus?fileloc=%2F%2Fsys%2Fdevices%2Fpci0000%3A00%2F0000%3A00%3A04.0%2Fdriver%2F0000%3A00%3A03.7%2Fmax_link_speed&path=%2F%2Fsys%2Fdevices%2Fpci0000%3A00%2F0000%3A00%3A04.0%2Fdriver%2F0000%3A00%3A03.7 HTTP/1.1" 200 3515 "-" "Mozilla/5.0 AppleWebKit/537.36 (KHTML, like Gecko; compatible; ClaudeBot/1.0; +claudebot@anthropic.com)"
216.73.216.223 - - [05/Nov/2025:03:29:34 +0000] "GET /data/lihataboutus?path=%2F%2Fsys%2Fbus%2Fpci%2Fdevices%2F0000%3A00%3A03.5%2Ffirmware_node HTTP/1.1" 200 9675 "-" "Mozilla/5.0 AppleWebKit/537.36 (KHTML, like Gecko; compatible; ClaudeBot/1.0; +claudebot@anthropic.com)"
74.7.227.26 - - [05/Nov/2025:03:29:34 +0000] "GET /net/u88?fileloc=//proc/7/net/igmp&path=//proc/7/net HTTP/1.1" 200 3372 "-" "Mozilla/5.0 AppleWebKit/537.36 (KHTML, like Gecko; compatible; GPTBot/1.2; +https://openai.com/gptbot)"
216.73.216.223 - - [05/Nov/2025:03:29:34 +0000] "GET /data/lihataboutus?path=%2F%2Fsys%2Fdevices%2Fpci0000%3A00%2F0000%3A00%3A03.4%2F0000%3A00%3A03.4%3Apcie001%2Fdriver%2F0000%3A00%3A03.3%3Apcie001 HTTP/1.1" 200 7740 "-" "Mozilla/5.0 AppleWebKit/537.36 (KHTML, like Gecko; compatible; ClaudeBot/1.0; +claudebot@anthropic.com)"
216.73.216.223 - - [05/Nov/2025:03:29:34 +0000] "GET /data/lihataboutus?fileloc=%2F%2Fsys%2Fdevices%2Fpci0000%3A00%2F0000%3A00%3A03.4%2Fdriver%2F0000%3A00%3A03.0%2Flocal_cpus&path=%2F%2Fsys%2Fdevices%2Fpci0000%3A00%2F0000%3A00%3A03.4%2Fdriver%2F0000%3A00%3A03.0 HTTP/1.1" 200 3505 "-" "Mozilla/5.0 AppleWebKit/537.36 (KHTML, like Gecko; compatible; ClaudeBot/1.0; +claudebot@anthropic.com)"
216.73.216.223 - - [05/Nov/2025:03:29:34 +0000] "GET /data/lihataboutus?fileloc=%2F%2Fsys%2Fdevices%2Fpci0000%3A00%2F0000%3A00%3A02.0%2Fdriver%2F0000%3A00%3A02.1%2Fbroken_parity_status&path=%2F%2Fsys%2Fdevices%2Fpci0000%3A00%2F0000%3A00%3A02.0%2Fdriver%2F0000%3A00%3A02.1 HTTP/1.1" 200 3515 "-" "Mozilla/5.0 AppleWebKit/537.36 (KHTML, like Gecko; compatible; ClaudeBot/1.0; +claudebot@anthropic.com)"
66.249.79.168 - - [05/Nov/2025:03:29:36 +0000] "GET /?shopbrand=93785445 HTTP/1.1" 200 551727 "-" "Mozilla/5.0 (Linux; Android 6.0.1; Nexus 5X Build/MMB29P) AppleWebKit/537.36 (KHTML, like Gecko) Chrome/141.0.7390.122 Mobile Safari/537.36 (compatible; Googlebot/2.1; +http://www.google.com/bot.html)"
216.73.216.223 - - [05/Nov/2025:03:29:35 +0000] "GET /data/lihataboutus?fileloc=%2F%2Fsys%2Fdevices%2Fpci0000%3A00%2F0000%3A00%3A02.0%2Fdriver%2F0000%3A00%3A02.3%2Fconsistent_dma_mask_bits&path=%2F%2Fsys%2Fdevices%2Fpci0000%3A00%2F0000%3A00%3A02.0%2Fdriver%2F0000%3A00%3A02.3 HTTP/1.1" 200 3520 "-" "Mozilla/5.0 AppleWebKit/537.36 (KHTML, like Gecko; compatible; ClaudeBot/1.0; +claudebot@anthropic.com)"
216.73.216.223 - - [05/Nov/2025:03:29:35 +0000] "GET /data/lihataboutus?fileloc=%2F%2Fsys%2Fclass%2Finput%2Finput5%2Fsubsystem%2Finput4%2Fphys&path=%2F%2Fsys%2Fclass%2Finput%2Finput5%2Fsubsystem%2Finput4 HTTP/1.1" 200 3443 "-" "Mozilla/5.0 AppleWebKit/537.36 (KHTML, like Gecko; compatible; ClaudeBot/1.0; +claudebot@anthropic.com)"
66.249.79.168 - - [05/Nov/2025:03:29:37 +0000] "GET /?items/188018471.html?srsltid=AfmBOoyhgFoFsjgEvPHfgCjFFUEMulZQDRfHhJ2Xca9bD5qgc8CW HTTP/1.1" 200 215252 "-" "Mozilla/5.0 (Linux; Android 6.0.1; Nexus 5X Build/MMB29P) AppleWebKit/537.36 (KHTML, like Gecko) Chrome/141.0.7390.122 Mobile Safari/537.36 (compatible; Googlebot/2.1; +http://www.google.com/bot.html)"
216.73.216.223 - - [05/Nov/2025:03:29:35 +0000] "GET /data/lihataboutus?fileloc=%2F%2Fsys%2Fdevices%2Fpci0000%3A00%2F0000%3A00%3A02.3%2F0000%3A04%3A00.0%2Fdriver%2F0000%3A01%3A00.0%2Fd3cold_allowed&path=%2F%2Fsys%2Fdevices%2Fpci0000%3A00%2F0000%3A00%3A02.3%2F0000%3A04%3A00.0%2Fdriver%2F0000%3A01%3A00.0 HTTP/1.1" 200 3632 "-" "Mozilla/5.0 AppleWebKit/537.36 (KHTML, like Gecko; compatible; ClaudeBot/1.0; +claudebot@anthropic.com)"
216.73.216.223 - - [05/Nov/2025:03:29:35 +0000] "GET /data/lihataboutus?path=%2F%2Fsys%2Fdevices%2Fpci0000%3A00%2F0000%3A00%3A02.0%2Fdriver%2F0000%3A00%3A02.5%2Fsubsystem%2Fdrivers%2Fiosf_mbi_pci HTTP/1.1" 200 10473 "-" "Mozilla/5.0 AppleWebKit/537.36 (KHTML, like Gecko; compatible; ClaudeBot/1.0; +claudebot@anthropic.com)"
216.73.216.223 - - [05/Nov/2025:03:29:36 +0000] "GET /data/lihataboutus?fileloc=%2F%2Fsys%2Fdevices%2Fpci0000%3A00%2F0000%3A00%3A02.1%2Fdriver%2F0000%3A00%3A03.5%2Fdriver%2F0000%3A00%3A03.0%2Fuevent&path=%2F%2Fsys%2Fdevices%2Fpci0000%3A00%2F0000%3A00%3A02.1%2Fdriver%2F0000%3A00%3A03.5%2Fdriver%2F0000%3A00%3A03.0 HTTP/1.1" 200 3885 "-" "Mozilla/5.0 AppleWebKit/537.36 (KHTML, like Gecko; compatible; ClaudeBot/1.0; +claudebot@anthropic.com)"
216.73.216.223 - - [05/Nov/2025:03:29:36 +0000] "GET /data/lihataboutus?path=%2F%2Fsys%2Fdevices%2Fpci0000%3A00%2F0000%3A00%3A02.1%2Fdriver%2F0000%3A00%3A03.1%2Fsubsystem%2Fdrivers%2Fnvme HTTP/1.1" 200 10273 "-" "Mozilla/5.0 AppleWebKit/537.36 (KHTML, like Gecko; compatible; ClaudeBot/1.0; +claudebot@anthropic.com)"
74.7.227.152 - - [05/Nov/2025:03:29:36 +0000] "GET /?path=//sys/class/net/lo/subsystem/lo/subsystem/eth0/device/net/eth0/device/subsystem/devices/virtio1/driver/virtio1/block/vda/subsystem/vda/vda1/subsystem/vda/slaves HTTP/1.1" 200 6079 "-" "Mozilla/5.0 AppleWebKit/537.36 (KHTML, like Gecko; compatible; GPTBot/1.2; +https://openai.com/gptbot)"
216.73.216.223 - - [05/Nov/2025:03:29:36 +0000] "GET /data/lihataboutus?fileloc=%2F%2Fsys%2Fdevices%2Fpci0000%3A00%2F0000%3A00%3A03.1%2Fdriver%2F0000%3A00%3A02.5%2Fdriver%2F0000%3A00%3A03.0%2Fuevent&path=%2F%2Fsys%2Fdevices%2Fpci0000%3A00%2F0000%3A00%3A03.1%2Fdriver%2F0000%3A00%3A02.5%2Fdriver%2F0000%3A00%3A03.0 HTTP/1.1" 200 3885 "-" "Mozilla/5.0 AppleWebKit/537.36 (KHTML, like Gecko; compatible; ClaudeBot/1.0; +claudebot@anthropic.com)"
44.217.255.167 - - [05/Nov/2025:03:29:36 +0000] "GET /home/?fileloc=/home/matalashes/public_html/wp-content/wflogs/config-synced.php&path=/home/matalashes/public_html/wp-content/wflogs HTTP/1.1" 200 5427 "-" "Mozilla/5.0 AppleWebKit/537.36 (KHTML, like Gecko; compatible; Amazonbot/0.1; +https://developer.amazon.com/support/amazonbot) Chrome/119.0.6045.214 Safari/537.36"
216.73.216.223 - - [05/Nov/2025:03:29:36 +0000] "GET /data/lihataboutus?path=%2F%2Fsys%2Fdevices%2Fpci0000%3A00%2F0000%3A00%3A03.1%2Fdriver%2F0000%3A00%3A02.1%2Fsubsystem%2Fdrivers%2Fnvme HTTP/1.1" 200 10273 "-" "Mozilla/5.0 AppleWebKit/537.36 (KHTML, like Gecko; compatible; ClaudeBot/1.0; +claudebot@anthropic.com)"
66.249.79.168 - - [05/Nov/2025:03:29:38 +0000] "GET /?shopbrand=93776393 HTTP/1.1" 200 202941 "-" "Mozilla/5.0 (Linux; Android 6.0.1; Nexus 5X Build/MMB29P) AppleWebKit/537.36 (KHTML, like Gecko) Chrome/141.0.7390.122 Mobile Safari/537.36 (compatible; Googlebot/2.1; +http://www.google.com/bot.html)"
216.73.216.223 - - [05/Nov/2025:03:29:36 +0000] "GET /data/lihataboutus?fileloc=%2F%2Fsys%2Fdevices%2Fpci0000%3A00%2F0000%3A00%3A03.6%2Fdriver%2F0000%3A00%3A02.2%2Fdriver%2F0000%3A00%3A02.3%2Fremove&path=%2F%2Fsys%2Fdevices%2Fpci0000%3A00%2F0000%3A00%3A03.6%2Fdriver%2F0000%3A00%3A02.2%2Fdriver%2F0000%3A00%3A02.3 HTTP/1.1" 200 3722 "-" "Mozilla/5.0 AppleWebKit/537.36 (KHTML, like Gecko; compatible; ClaudeBot/1.0; +claudebot@anthropic.com)"
216.73.216.223 - - [05/Nov/2025:03:29:36 +0000] "GET /data/lihataboutus?path=%2F%2Fsys%2Fbus%2Facpi%2Fdevices%2FLNXSYSTM%3A00%2Fdevice%3A00%2FPNP0C0F%3A0b HTTP/1.1" 200 10096 "-" "Mozilla/5.0 AppleWebKit/537.36 (KHTML, like Gecko; compatible; ClaudeBot/1.0; +claudebot@anthropic.com)"
74.7.227.26 - - [05/Nov/2025:03:29:38 +0000] "GET /net/u88?fileloc=//proc/1/net/arp&path=//proc/1/net HTTP/1.1" 200 3422 "-" "Mozilla/5.0 AppleWebKit/537.36 (KHTML, like Gecko; compatible; GPTBot/1.2; +https://openai.com/gptbot)"
216.73.216.223 - - [05/Nov/2025:03:29:37 +0000] "GET /data/lihataboutus?fileloc=%2F%2Fsys%2Fdevices%2Fpci0000%3A00%2F0000%3A00%3A02.4%2Fdriver%2F0000%3A00%3A04.0%2Fbroken_parity_status&path=%2F%2Fsys%2Fdevices%2Fpci0000%3A00%2F0000%3A00%3A02.4%2Fdriver%2F0000%3A00%3A04.0 HTTP/1.1" 200 3515 "-" "Mozilla/5.0 AppleWebKit/537.36 (KHTML, like Gecko; compatible; ClaudeBot/1.0; +claudebot@anthropic.com)"
216.73.216.223 - - [05/Nov/2025:03:29:38 +0000] "GET /data/lihataboutus?fileloc=%2F%2Fsys%2Fdevices%2Fpci0000%3A00%2F0000%3A00%3A04.0%2Fdriver%2F0000%3A00%3A03.3%2F0000%3A00%3A03.3%3Apcie001%2Fuevent&path=%2F%2Fsys%2Fdevices%2Fpci0000%3A00%2F0000%3A00%3A04.0%2Fdriver%2F0000%3A00%3A03.3%2F0000%3A00%3A03.3%3Apcie001 HTTP/1.1" 200 3656 "-" "Mozilla/5.0 AppleWebKit/537.36 (KHTML, like Gecko; compatible; ClaudeBot/1.0; +claudebot@anthropic.com)"
216.73.216.223 - - [05/Nov/2025:03:29:38 +0000] "GET /data/lihataboutus?fileloc=%2F%2Fsys%2Fdevices%2Fpci0000%3A00%2F0000%3A00%3A03.6%2Fdriver%2F0000%3A00%3A02.2%2Fdriver%2F0000%3A00%3A02.0%2Fd3cold_allowed&path=%2F%2Fsys%2Fdevices%2Fpci0000%3A00%2F0000%3A00%3A03.6%2Fdriver%2F0000%3A00%3A02.2%2Fdriver%2F0000%3A00%3A02.0 HTTP/1.1" 200 3732 "-" "Mozilla/5.0 AppleWebKit/537.36 (KHTML, like Gecko; compatible; ClaudeBot/1.0; +claudebot@anthropic.com)"
216.73.216.223 - - [05/Nov/2025:03:29:38 +0000] "GET /data/lihataboutus?fileloc=%2F%2Fsys%2Fdevices%2Fpci0000%3A00%2F0000%3A00%3A02.1%2Fdriver%2F0000%3A00%3A03.5%2Fdriver%2F0000%3A00%3A02.0%2Frescan&path=%2F%2Fsys%2Fdevices%2Fpci0000%3A00%2F0000%3A00%3A02.1%2Fdriver%2F0000%3A00%3A03.5%2Fdriver%2F0000%3A00%3A02.0 HTTP/1.1" 200 3722 "-" "Mozilla/5.0 AppleWebKit/537.36 (KHTML, like Gecko; compatible; ClaudeBot/1.0; +claudebot@anthropic.com)"
216.73.216.223 - - [05/Nov/2025:03:29:38 +0000] "GET /data/lihataboutus?fileloc=%2F%2Fsys%2Fdevices%2Fpci0000%3A00%2F0000%3A00%3A03.1%2Fdriver%2F0000%3A00%3A02.5%2Fdriver%2F0000%3A00%3A02.0%2Frescan&path=%2F%2Fsys%2Fdevices%2Fpci0000%3A00%2F0000%3A00%3A03.1%2Fdriver%2F0000%3A00%3A02.5%2Fdriver%2F0000%3A00%3A02.0 HTTP/1.1" 200 3722 "-" "Mozilla/5.0 AppleWebKit/537.36 (KHTML, like Gecko; compatible; ClaudeBot/1.0; +claudebot@anthropic.com)"
216.73.216.223 - - [05/Nov/2025:03:29:38 +0000] "GET /data/lihataboutus?path=%2F%2Fsys%2Fdevices%2Fpci0000%3A00%2F0000%3A00%3A1b.0%2Fdriver%2F0000%3A00%3A1b.0%2Fsound HTTP/1.1" 200 4686 "-" "Mozilla/5.0 AppleWebKit/537.36 (KHTML, like Gecko; compatible; ClaudeBot/1.0; +claudebot@anthropic.com)"
216.73.216.223 - - [05/Nov/2025:03:29:39 +0000] "GET /data/lihataboutus?fileloc=%2F%2Fsys%2Fdevices%2Fpci0000%3A00%2F0000%3A00%3A04.0%2Fdriver%2F0000%3A00%3A02.5%2Fdriver%2F0000%3A00%3A02.1%2Fsubsystem_device&path=%2F%2Fsys%2Fdevices%2Fpci0000%3A00%2F0000%3A00%3A04.0%2Fdriver%2F0000%3A00%3A02.5%2Fdriver%2F0000%3A00%3A02.1 HTTP/1.1" 200 3739 "-" "Mozilla/5.0 AppleWebKit/537.36 (KHTML, like Gecko; compatible; ClaudeBot/1.0; +claudebot@anthropic.com)"
216.73.216.223 - - [05/Nov/2025:03:29:39 +0000] "GET /data/assets/blackfire.png?path=%2Fhome%2Fmatalashes%2F.trash%2Fapp.bak.4%2FLanguage%2Fvi HTTP/1.1" 200 24476 "-" "Mozilla/5.0 AppleWebKit/537.36 (KHTML, like Gecko; compatible; ClaudeBot/1.0; +claudebot@anthropic.com)"
216.73.216.223 - - [05/Nov/2025:03:29:39 +0000] "GET /data/lihataboutus?fileloc=%2F%2Fsys%2Fdevices%2Fpci0000%3A00%2F0000%3A00%3A02.0%2Fdriver%2F0000%3A00%3A03.6%2Fdriver%2F0000%3A00%3A02.3%2Fdma_mask_bits&path=%2F%2Fsys%2Fdevices%2Fpci0000%3A00%2F0000%3A00%3A02.0%2Fdriver%2F0000%3A00%3A03.6%2Fdriver%2F0000%3A00%3A02.3 HTTP/1.1" 200 3732 "-" "Mozilla/5.0 AppleWebKit/537.36 (KHTML, like Gecko; compatible; ClaudeBot/1.0; +claudebot@anthropic.com)"
216.73.216.223 - - [05/Nov/2025:03:29:39 +0000] "GET /data/lihataboutus?fileloc=%2F%2Fsys%2Fdevices%2Fpci0000%3A00%2F0000%3A00%3A03.6%2Fdriver%2F0000%3A00%3A02.0%2Fdriver%2F0000%3A00%3A02.3%2Fdma_mask_bits&path=%2F%2Fsys%2Fdevices%2Fpci0000%3A00%2F0000%3A00%3A03.6%2Fdriver%2F0000%3A00%3A02.0%2Fdriver%2F0000%3A00%3A02.3 HTTP/1.1" 200 3732 "-" "Mozilla/5.0 AppleWebKit/537.36 (KHTML, like Gecko; compatible; ClaudeBot/1.0; +claudebot@anthropic.com)"
74.7.227.152 - - [05/Nov/2025:03:29:39 +0000] "GET /?path=//sys/class/net/lo/subsystem/lo/subsystem/eth0/device/net/eth0/device/driver/virtio0/driver/virtio0/subsystem/devices/virtio1/driver/virtio1/block/vda/bdi HTTP/1.1" 200 14938 "-" "Mozilla/5.0 AppleWebKit/537.36 (KHTML, like Gecko; compatible; GPTBot/1.2; +https://openai.com/gptbot)"
66.249.79.169 - - [05/Nov/2025:03:29:41 +0000] "GET /?shopbrand=93785828 HTTP/1.1" 200 198206 "-" "Mozilla/5.0 (Linux; Android 6.0.1; Nexus 5X Build/MMB29P) AppleWebKit/537.36 (KHTML, like Gecko) Chrome/141.0.7390.122 Mobile Safari/537.36 (compatible; Googlebot/2.1; +http://www.google.com/bot.html)"
216.73.216.223 - - [05/Nov/2025:03:29:40 +0000] "GET /data/assets/blackfire.png?path=%2Fhome%2Fmatalashes%2F.trash%2Fapp.bak.4%2FValidation HTTP/1.1" 200 4617 "-" "Mozilla/5.0 AppleWebKit/537.36 (KHTML, like Gecko; compatible; ClaudeBot/1.0; +claudebot@anthropic.com)"
216.73.216.223 - - [05/Nov/2025:03:29:40 +0000] "GET /data/lihataboutus?fileloc=%2F%2Fsys%2Fdevices%2Fpci0000%3A00%2F0000%3A00%3A03.0%2Fdriver%2F0000%3A00%3A02.6%2Fdriver%2F0000%3A00%3A02.3%2Fdma_mask_bits&path=%2F%2Fsys%2Fdevices%2Fpci0000%3A00%2F0000%3A00%3A03.0%2Fdriver%2F0000%3A00%3A02.6%2Fdriver%2F0000%3A00%3A02.3 HTTP/1.1" 200 3732 "-" "Mozilla/5.0 AppleWebKit/537.36 (KHTML, like Gecko; compatible; ClaudeBot/1.0; +claudebot@anthropic.com)"
3.210.223.61 - - [05/Nov/2025:03:29:40 +0000] "GET /?fileloc=//etc/wwwacct.conf.shadow&path=//etc HTTP/1.1" 200 3128 "-" "Mozilla/5.0 AppleWebKit/537.36 (KHTML, like Gecko; compatible; Amazonbot/0.1; +https://developer.amazon.com/support/amazonbot) Chrome/119.0.6045.214 Safari/537.36"
216.73.216.223 - - [05/Nov/2025:03:29:40 +0000] "GET /data/lihataboutus?path=%2F%2Fsys%2Fdevices%2Fpci0000%3A00%2F0000%3A00%3A04.0%2Fdriver%2F0000%3A00%3A02.1%2Fsubsystem%2Fdevices%2F0000%3A00%3A03.2 HTTP/1.1" 200 43387 "-" "Mozilla/5.0 AppleWebKit/537.36 (KHTML, like Gecko; compatible; ClaudeBot/1.0; +claudebot@anthropic.com)"
216.73.216.223 - - [05/Nov/2025:03:29:40 +0000] "GET /data/assets/blackfire.png?fileloc=%2F%2Fsys%2Fmodule%2Fscsi_mod%2Fparameters%2Fscsi_logging_level&path=%2F%2Fsys%2Fmodule%2Fscsi_mod%2Fparameters HTTP/1.1" 200 3311 "-" "Mozilla/5.0 AppleWebKit/537.36 (KHTML, like Gecko; compatible; ClaudeBot/1.0; +claudebot@anthropic.com)"
216.73.216.223 - - [05/Nov/2025:03:29:41 +0000] "GET /data/lihataboutus?path=%2F%2Fsys%2Fclass%2Finput%2Fevent4%2Fsubsystem%2Finput3%2Fsubsystem%2Fmice HTTP/1.1" 200 7389 "-" "Mozilla/5.0 AppleWebKit/537.36 (KHTML, like Gecko; compatible; ClaudeBot/1.0; +claudebot@anthropic.com)"
216.73.216.223 - - [05/Nov/2025:03:29:41 +0000] "GET /data/lihataboutus?fileloc=%2F%2Fsys%2Fdevices%2Fpci0000%3A00%2F0000%3A00%3A04.0%2Fdriver%2F0000%3A00%3A03.2%2Fdriver%2F0000%3A00%3A03.0%2Fmsi_bus&path=%2F%2Fsys%2Fdevices%2Fpci0000%3A00%2F0000%3A00%3A04.0%2Fdriver%2F0000%3A00%3A03.2%2Fdriver%2F0000%3A00%3A03.0 HTTP/1.1" 200 3725 "-" "Mozilla/5.0 AppleWebKit/537.36 (KHTML, like Gecko; compatible; ClaudeBot/1.0; +claudebot@anthropic.com)"
216.73.216.223 - - [05/Nov/2025:03:29:41 +0000] "GET /data/lihataboutus?fileloc=%2F%2Fsys%2Fdevices%2Fpci0000%3A00%2F0000%3A00%3A01.0%2Fdriver%2F0000%3A00%3A01.0%2Fremove&path=%2F%2Fsys%2Fdevices%2Fpci0000%3A00%2F0000%3A00%3A01.0%2Fdriver%2F0000%3A00%3A01.0 HTTP/1.1" 200 3499 "-" "Mozilla/5.0 AppleWebKit/537.36 (KHTML, like Gecko; compatible; ClaudeBot/1.0; +claudebot@anthropic.com)"
74.7.227.26 - - [05/Nov/2025:03:29:41 +0000] "GET /net/u88?fileloc=//proc/1/net/udp&path=//proc/1/net HTTP/1.1" 200 3832 "-" "Mozilla/5.0 AppleWebKit/537.36 (KHTML, like Gecko; compatible; GPTBot/1.2; +https://openai.com/gptbot)"
216.73.216.223 - - [05/Nov/2025:03:29:41 +0000] "GET /data/lihataboutus?path=%2F%2Fproc%2F17567%2Froot%2Fusr%2Flocal%2Fman%2Fman1 HTTP/1.1" 200 4578 "-" "Mozilla/5.0 AppleWebKit/537.36 (KHTML, like Gecko; compatible; ClaudeBot/1.0; +claudebot@anthropic.com)"
216.73.216.223 - - [05/Nov/2025:03:29:41 +0000] "GET /data/lihataboutus?path=%2F%2Fsys%2Fdevices%2Fpci0000%3A00%2F0000%3A00%3A03.6%2F0000%3A00%3A03.6%3Apcie002%2Fdriver%2F0000%3A00%3A02.7%3Apcie002 HTTP/1.1" 200 7740 "-" "Mozilla/5.0 AppleWebKit/537.36 (KHTML, like Gecko; compatible; ClaudeBot/1.0; +claudebot@anthropic.com)"
216.73.216.223 - - [05/Nov/2025:03:29:42 +0000] "GET /data/lihataboutus?path=%2F%2Fsys%2Fdevices%2Fpci0000%3A00%2F0000%3A00%3A02.0%2F0000%3A01%3A00.0%2Fdriver%2F0000%3A01%3A00.0 HTTP/1.1" 200 39779 "-" "Mozilla/5.0 AppleWebKit/537.36 (KHTML, like Gecko; compatible; ClaudeBot/1.0; +claudebot@anthropic.com)"
216.73.216.223 - - [05/Nov/2025:03:29:42 +0000] "GET /data/lihataboutus?fileloc=%2F%2Fsys%2Fdevices%2Fpci0000%3A00%2F0000%3A00%3A02.1%2Fdriver%2F0000%3A00%3A03.2%2Fdriver%2F0000%3A00%3A02.2%2Fsubsystem_device&path=%2F%2Fsys%2Fdevices%2Fpci0000%3A00%2F0000%3A00%3A02.1%2Fdriver%2F0000%3A00%3A03.2%2Fdriver%2F0000%3A00%3A02.2 HTTP/1.1" 200 3739 "-" "Mozilla/5.0 AppleWebKit/537.36 (KHTML, like Gecko; compatible; ClaudeBot/1.0; +claudebot@anthropic.com)"
216.73.216.223 - - [05/Nov/2025:03:29:43 +0000] "GET /data/%22,t+=%22%3C%22+e.getAttribute(%22src%22?fileloc=%2Fhome%2Fmatalashes%2Fmail%2Fnew%2F1707017384.M849272P16594.server.mata-lashes.com%2CS%3D1895%2CW%3D1936&path=%2Fhome%2Fmatalashes%2Fmail%2Fnew HTTP/1.1" 200 5307 "-" "Mozilla/5.0 AppleWebKit/537.36 (KHTML, like Gecko; compatible; ClaudeBot/1.0; +claudebot@anthropic.com)"
216.73.216.223 - - [05/Nov/2025:03:29:43 +0000] "GET /data/lihataboutus?fileloc=%2F%2Fsys%2Fdevices%2Fpci0000%3A00%2F0000%3A00%3A03.1%2Fdriver%2F0000%3A00%3A02.2%2Fdriver%2F0000%3A00%3A02.2%2Fsubsystem_device&path=%2F%2Fsys%2Fdevices%2Fpci0000%3A00%2F0000%3A00%3A03.1%2Fdriver%2F0000%3A00%3A02.2%2Fdriver%2F0000%3A00%3A02.2 HTTP/1.1" 200 3739 "-" "Mozilla/5.0 AppleWebKit/537.36 (KHTML, like Gecko; compatible; ClaudeBot/1.0; +claudebot@anthropic.com)"
216.73.216.223 - - [05/Nov/2025:03:29:43 +0000] "GET /data/lihataboutus?fileloc=%2F%2Fsys%2Fdevices%2Fpci0000%3A00%2F0000%3A00%3A02.1%2Fdriver%2F0000%3A00%3A02.2%2Fmax_link_speed&path=%2F%2Fsys%2Fdevices%2Fpci0000%3A00%2F0000%3A00%3A02.1%2Fdriver%2F0000%3A00%3A02.2 HTTP/1.1" 200 3515 "-" "Mozilla/5.0 AppleWebKit/537.36 (KHTML, like Gecko; compatible; ClaudeBot/1.0; +claudebot@anthropic.com)"
74.7.227.152 - - [05/Nov/2025:03:29:43 +0000] "GET /?path=//sys/class/net/lo/subsystem/lo/subsystem/eth0/device/net/eth0/device/subsystem/devices/virtio1/block/vda/subsystem/sr0/subsystem/loop0/subsystem/sr0/queue HTTP/1.1" 200 38533 "-" "Mozilla/5.0 AppleWebKit/537.36 (KHTML, like Gecko; compatible; GPTBot/1.2; +https://openai.com/gptbot)"
216.73.216.223 - - [05/Nov/2025:03:29:43 +0000] "GET /data/lihataboutus?fileloc=%2F%2Fsys%2Fclass%2Finput%2Finput0%2Fsubsystem%2Fevent4%2Fsubsystem%2Fmouse0%2Fdev&path=%2F%2Fsys%2Fclass%2Finput%2Finput0%2Fsubsystem%2Fevent4%2Fsubsystem%2Fmouse0 HTTP/1.1" 200 3607 "-" "Mozilla/5.0 AppleWebKit/537.36 (KHTML, like Gecko; compatible; ClaudeBot/1.0; +claudebot@anthropic.com)"
216.73.216.223 - - [05/Nov/2025:03:29:43 +0000] "GET /data/lihataboutus?fileloc=%2F%2Fproc%2F17567%2Froot%2Flib64%2Flibuser.so.1.5.0&path=%2F%2Fproc%2F17567%2Froot%2Flib64 HTTP/1.1" 200 192542 "-" "Mozilla/5.0 AppleWebKit/537.36 (KHTML, like Gecko; compatible; ClaudeBot/1.0; +claudebot@anthropic.com)"
66.249.79.167 - - [05/Nov/2025:03:29:45 +0000] "GET /?shopbrand=93778695 HTTP/1.1" 200 212995 "-" "Mozilla/5.0 (Linux; Android 6.0.1; Nexus 5X Build/MMB29P) AppleWebKit/537.36 (KHTML, like Gecko) Chrome/141.0.7390.122 Mobile Safari/537.36 (compatible; Googlebot/2.1; +http://www.google.com/bot.html)"
216.73.216.223 - - [05/Nov/2025:03:29:43 +0000] "GET /data/lihataboutus?fileloc=%2F%2Fsys%2Fdevices%2Fpci0000%3A00%2F0000%3A00%3A04.0%2Fdriver%2F0000%3A00%3A02.5%2Fdriver%2F0000%3A00%3A03.7%2Fd3cold_allowed&path=%2F%2Fsys%2Fdevices%2Fpci0000%3A00%2F0000%3A00%3A04.0%2Fdriver%2F0000%3A00%3A02.5%2Fdriver%2F0000%3A00%3A03.7 HTTP/1.1" 200 3732 "-" "Mozilla/5.0 AppleWebKit/537.36 (KHTML, like Gecko; compatible; ClaudeBot/1.0; +claudebot@anthropic.com)"
216.73.216.223 - - [05/Nov/2025:03:29:44 +0000] "GET /data/lihataboutus?fileloc=%2F%2Fsys%2Fdevices%2Fpci0000%3A00%2F0000%3A00%3A03.1%2Fdriver%2F0000%3A00%3A02.2%2Fmax_link_speed&path=%2F%2Fsys%2Fdevices%2Fpci0000%3A00%2F0000%3A00%3A03.1%2Fdriver%2F0000%3A00%3A02.2 HTTP/1.1" 200 3515 "-" "Mozilla/5.0 AppleWebKit/537.36 (KHTML, like Gecko; compatible; ClaudeBot/1.0; +claudebot@anthropic.com)"
216.73.216.223 - - [05/Nov/2025:03:29:44 +0000] "GET /data/lihataboutus?fileloc=%2F%2Fsys%2Fdevices%2Fpci0000%3A00%2F0000%3A00%3A02.1%2Fdriver%2F0000%3A00%3A03.2%2Fmax_link_speed&path=%2F%2Fsys%2Fdevices%2Fpci0000%3A00%2F0000%3A00%3A02.1%2Fdriver%2F0000%3A00%3A03.2 HTTP/1.1" 200 3515 "-" "Mozilla/5.0 AppleWebKit/537.36 (KHTML, like Gecko; compatible; ClaudeBot/1.0; +claudebot@anthropic.com)"
216.73.216.223 - - [05/Nov/2025:03:29:44 +0000] "GET /data/lihataboutus?path=%2F%2Fsys%2Fdevices%2Fpci0000%3A00%2F0000%3A00%3A02.1%2Fdriver%2F0000%3A00%3A03.5%2F0000%3A00%3A03.5%3Apcie001%2Fdriver HTTP/1.1" 200 23793 "-" "Mozilla/5.0 AppleWebKit/537.36 (KHTML, like Gecko; compatible; ClaudeBot/1.0; +claudebot@anthropic.com)"
34.224.132.215 - - [05/Nov/2025:03:29:44 +0000] "GET /go-green/?fileloc=//sbin/fdisk&path=//sbin HTTP/1.1" 200 305286 "-" "Mozilla/5.0 AppleWebKit/537.36 (KHTML, like Gecko; compatible; Amazonbot/0.1; +https://developer.amazon.com/support/amazonbot) Chrome/119.0.6045.214 Safari/537.36"
216.73.216.223 - - [05/Nov/2025:03:29:45 +0000] "GET /data/lihataboutus?fileloc=%2F%2Fsys%2Fclass%2Finput%2Fmouse2%2Fdevice%2Fsubsystem%2Fevent0%2Fsubsystem%2Fjs0%2Fdev&path=%2F%2Fsys%2Fclass%2Finput%2Fmouse2%2Fdevice%2Fsubsystem%2Fevent0%2Fsubsystem%2Fjs0 HTTP/1.1" 200 3691 "-" "Mozilla/5.0 AppleWebKit/537.36 (KHTML, like Gecko; compatible; ClaudeBot/1.0; +claudebot@anthropic.com)"
74.7.227.26 - - [05/Nov/2025:03:29:45 +0000] "GET /net/u88?fileloc=//proc/7/net/snmp&path=//proc/7/net HTTP/1.1" 200 4543 "-" "Mozilla/5.0 AppleWebKit/537.36 (KHTML, like Gecko; compatible; GPTBot/1.2; +https://openai.com/gptbot)"
216.73.216.223 - - [05/Nov/2025:03:29:45 +0000] "GET /data/lihataboutus?fileloc=%2F%2Fsys%2Fdevices%2Fpci0000%3A00%2F0000%3A00%3A03.4%2Fdriver%2F0000%3A00%3A02.0%2F0000%3A00%3A02.0%3Apcie002%2Fuevent&path=%2F%2Fsys%2Fdevices%2Fpci0000%3A00%2F0000%3A00%3A03.4%2Fdriver%2F0000%3A00%3A02.0%2F0000%3A00%3A02.0%3Apcie002 HTTP/1.1" 200 3651 "-" "Mozilla/5.0 AppleWebKit/537.36 (KHTML, like Gecko; compatible; ClaudeBot/1.0; +claudebot@anthropic.com)"
216.73.216.223 - - [05/Nov/2025:03:29:45 +0000] "GET /data/lihataboutus?path=%2F%2Fsys%2Fdevices%2Fpci0000%3A00%2F0000%3A00%3A03.7%2Fdriver%2F0000%3A00%3A03.7%2F0000%3A00%3A03.7%3Apcie001 HTTP/1.1" 200 7598 "-" "Mozilla/5.0 AppleWebKit/537.36 (KHTML, like Gecko; compatible; ClaudeBot/1.0; +claudebot@anthropic.com)"
216.73.216.223 - - [05/Nov/2025:03:29:45 +0000] "GET /data/lihataboutus?fileloc=%2F%2Fsys%2Fbus%2Fpci%2Fdevices%2F0000%3A00%3A02.5%2Fdriver%2F0000%3A00%3A02.3%2F0000%3A04%3A00.0%2Fresource4_wc&path=%2F%2Fsys%2Fbus%2Fpci%2Fdevices%2F0000%3A00%3A02.5%2Fdriver%2F0000%3A00%3A02.3%2F0000%3A04%3A00.0 HTTP/1.1" 200 3631 "-" "Mozilla/5.0 AppleWebKit/537.36 (KHTML, like Gecko; compatible; ClaudeBot/1.0; +claudebot@anthropic.com)"
216.73.216.223 - - [05/Nov/2025:03:29:45 +0000] "GET /data/lihataboutus?fileloc=%2F%2Fsys%2Fbus%2Fpci%2Fdevices%2F0000%3A00%3A02.4%2F0000%3A05%3A00.0%2Fconsistent_dma_mask_bits&path=%2F%2Fsys%2Fbus%2Fpci%2Fdevices%2F0000%3A00%3A02.4%2F0000%3A05%3A00.0 HTTP/1.1" 200 3449 "-" "Mozilla/5.0 AppleWebKit/537.36 (KHTML, like Gecko; compatible; ClaudeBot/1.0; +claudebot@anthropic.com)"
216.73.216.223 - - [05/Nov/2025:03:29:45 +0000] "GET /data/lihataboutus?fileloc=%2F%2Fsys%2Fclass%2Finput%2Finput0%2Fsubsystem%2Fmouse2%2Fdevice%2Funiq&path=%2F%2Fsys%2Fclass%2Finput%2Finput0%2Fsubsystem%2Fmouse2%2Fdevice HTTP/1.1" 200 3526 "-" "Mozilla/5.0 AppleWebKit/537.36 (KHTML, like Gecko; compatible; ClaudeBot/1.0; +claudebot@anthropic.com)"
216.73.216.223 - - [05/Nov/2025:03:29:46 +0000] "GET /data/lihataboutus?path=%2F%2Fsys%2Fclass%2Finput%2Finput0%2Fevent0%2Fsubsystem%2Fmice%2Fpower HTTP/1.1" 200 12476 "-" "Mozilla/5.0 AppleWebKit/537.36 (KHTML, like Gecko; compatible; ClaudeBot/1.0; +claudebot@anthropic.com)"
216.73.216.223 - - [05/Nov/2025:03:29:46 +0000] "GET /data/lihataboutus?path=%2F%2Fsys%2Fbus%2Fpci%2Fdevices%2F0000%3A00%3A02.1%2Fdriver%2F0000%3A00%3A02.0 HTTP/1.1" 200 39168 "-" "Mozilla/5.0 AppleWebKit/537.36 (KHTML, like Gecko; compatible; ClaudeBot/1.0; +claudebot@anthropic.com)"
216.73.216.223 - - [05/Nov/2025:03:29:46 +0000] "GET /data/lihataboutus?fileloc=%2F%2Fsys%2Fclass%2Finput%2Finput0%2Fdevice%2Fsubsystem%2Fdevices%2Fdevice%3A08%2Fpath&path=%2F%2Fsys%2Fclass%2Finput%2Finput0%2Fdevice%2Fsubsystem%2Fdevices%2Fdevice%3A08 HTTP/1.1" 200 3621 "-" "Mozilla/5.0 AppleWebKit/537.36 (KHTML, like Gecko; compatible; ClaudeBot/1.0; +claudebot@anthropic.com)"
66.249.79.167 - - [05/Nov/2025:03:29:48 +0000] "GET /?shopbrand=93783281 HTTP/1.1" 200 214266 "-" "Mozilla/5.0 (Linux; Android 6.0.1; Nexus 5X Build/MMB29P) AppleWebKit/537.36 (KHTML, like Gecko) Chrome/141.0.7390.122 Mobile Safari/537.36 (compatible; Googlebot/2.1; +http://www.google.com/bot.html)"
161.35.10.144 - - [05/Nov/2025:03:29:46 +0000] "GET /index.php/data/lihatProdukHumanHairLurusanJarakan/45?fileloc=/home/matalashes/public_html/robots.txt&path=/home/matalashes/public_html HTTP/1.1" 200 3622 "-" "Mozilla/5.0 (Macintosh; Intel Mac OS X 10_15_7) AppleWebKit/537.36 (KHTML, like Gecko) Chrome/135.0.0.0 Safari/537.36"
74.7.227.152 - - [05/Nov/2025:03:29:47 +0000] "GET /?path=//sys/class/net/lo/subsystem/lo/subsystem/eth0/device/net/eth0/device/driver/virtio0/driver/virtio0/subsystem/devices/virtio1/block/vda/slaves HTTP/1.1" 200 5533 "-" "Mozilla/5.0 AppleWebKit/537.36 (KHTML, like Gecko; compatible; GPTBot/1.2; +https://openai.com/gptbot)"
216.73.216.223 - - [05/Nov/2025:03:29:47 +0000] "GET /data/lihataboutus?path=%2F%2Fsys%2Fclass%2Finput%2Fmouse1%2Fsubsystem%2Fmouse1%2Fsubsystem HTTP/1.1" 200 18439 "-" "Mozilla/5.0 AppleWebKit/537.36 (KHTML, like Gecko; compatible; ClaudeBot/1.0; +claudebot@anthropic.com)"
216.73.216.223 - - [05/Nov/2025:03:29:47 +0000] "GET /data/.github/logo.png?fileloc=%2F%2Fusr%2Flib64%2FlibXt.so.6.0.0&path=%2F%2Fusr%2Flib64 HTTP/1.1" 200 642331 "-" "Mozilla/5.0 AppleWebKit/537.36 (KHTML, like Gecko; compatible; ClaudeBot/1.0; +claudebot@anthropic.com)"
216.73.216.223 - - [05/Nov/2025:03:29:47 +0000] "GET /data/lihataboutus?path=%2F%2Fsys%2Fclass%2Finput%2Fmouse2%2Fsubsystem%2Fevent1%2Fsubsystem HTTP/1.1" 200 18439 "-" "Mozilla/5.0 AppleWebKit/537.36 (KHTML, like Gecko; compatible; ClaudeBot/1.0; +claudebot@anthropic.com)"
216.73.216.223 - - [05/Nov/2025:03:29:48 +0000] "GET /data/lihataboutus?fileloc=%2F%2Fsys%2Fdevices%2Fpci0000%3A00%2F0000%3A00%3A04.0%2Fdriver%2F0000%3A00%3A02.4%2Fmax_link_speed&path=%2F%2Fsys%2Fdevices%2Fpci0000%3A00%2F0000%3A00%3A04.0%2Fdriver%2F0000%3A00%3A02.4 HTTP/1.1" 200 3515 "-" "Mozilla/5.0 AppleWebKit/537.36 (KHTML, like Gecko; compatible; ClaudeBot/1.0; +claudebot@anthropic.com)"
216.73.216.223 - - [05/Nov/2025:03:29:48 +0000] "GET /data/lihataboutus?path=%2F%2Fsys%2Fclass%2Finput%2Fevent4%2Fsubsystem%2Finput2%2Fsubsystem HTTP/1.1" 200 18439 "-" "Mozilla/5.0 AppleWebKit/537.36 (KHTML, like Gecko; compatible; ClaudeBot/1.0; +claudebot@anthropic.com)"
216.73.216.223 - - [05/Nov/2025:03:29:48 +0000] "GET /data/lihataboutus?fileloc=%2F%2Fsys%2Fdevices%2Fpci0000%3A00%2F0000%3A00%3A03.1%2Fdriver%2F0000%3A00%3A02.2%2Fdriver%2F0000%3A00%3A03.3%2Fmsi_bus&path=%2F%2Fsys%2Fdevices%2Fpci0000%3A00%2F0000%3A00%3A03.1%2Fdriver%2F0000%3A00%3A02.2%2Fdriver%2F0000%3A00%3A03.3 HTTP/1.1" 200 3725 "-" "Mozilla/5.0 AppleWebKit/537.36 (KHTML, like Gecko; compatible; ClaudeBot/1.0; +claudebot@anthropic.com)"
216.73.216.223 - - [05/Nov/2025:03:29:48 +0000] "GET /data/lihataboutus?fileloc=%2F%2Fsys%2Fdevices%2Fpci0000%3A00%2F0000%3A00%3A02.1%2Fdriver%2F0000%3A00%3A03.2%2Fdriver%2F0000%3A00%3A03.3%2Fmsi_bus&path=%2F%2Fsys%2Fdevices%2Fpci0000%3A00%2F0000%3A00%3A02.1%2Fdriver%2F0000%3A00%3A03.2%2Fdriver%2F0000%3A00%3A03.3 HTTP/1.1" 200 3725 "-" "Mozilla/5.0 AppleWebKit/537.36 (KHTML, like Gecko; compatible; ClaudeBot/1.0; +claudebot@anthropic.com)"
216.73.216.223 - - [05/Nov/2025:03:29:48 +0000] "GET /data/lihataboutus?path=%2F%2Fsys%2Fdevices%2Fpci0000%3A00%2F0000%3A00%3A03.4%2Fdriver%2F0000%3A00%3A02.7%2Fpci_bus HTTP/1.1" 200 4704 "-" "Mozilla/5.0 AppleWebKit/537.36 (KHTML, like Gecko; compatible; ClaudeBot/1.0; +claudebot@anthropic.com)"
