216.73.216.223 - - [05/Nov/2025:03:24:42 +0000] "GET /beste-klarna-on-line-casinos-2025-im-casino-mit-klarna-bezahlen?fileloc=%2Fhome%2Fmatalashes%2Fwww%2Fkite.mata-lashes.com%2F.git%2Fobjects%2F6c%2Fcbc3dc425074d8663730d89a7f7136aa28784c&path=%2Fhome%2Fmatalashes%2Fwww%2Fkite.mata-lashes.com%2F.git%2Fobjects%2F6c HTTP/1.1" 200 3892 "-" "Mozilla/5.0 AppleWebKit/537.36 (KHTML, like Gecko; compatible; ClaudeBot/1.0; +claudebot@anthropic.com)"
216.73.216.223 - - [05/Nov/2025:03:24:42 +0000] "GET /beste-klarna-on-line-casinos-2025-im-casino-mit-klarna-bezahlen?fileloc=%2Fhome%2Fmatalashes%2Fwww%2Fkite.mata-lashes.com%2F.git%2Fobjects%2F5c%2F05b1684df1dc9b5476d271663eea1128a1f34b&path=%2Fhome%2Fmatalashes%2Fwww%2Fkite.mata-lashes.com%2F.git%2Fobjects%2F5c HTTP/1.1" 200 3787 "-" "Mozilla/5.0 AppleWebKit/537.36 (KHTML, like Gecko; compatible; ClaudeBot/1.0; +claudebot@anthropic.com)"
216.73.216.223 - - [05/Nov/2025:03:24:43 +0000] "GET /beste-klarna-on-line-casinos-2025-im-casino-mit-klarna-bezahlen?fileloc=%2Fhome%2Fmatalashes%2Fwww%2Fkite.mata-lashes.com%2F.git%2Fobjects%2Fbb%2F236e5da29fd6fa67006f6ba2b9ed0ddaddfc36&path=%2Fhome%2Fmatalashes%2Fwww%2Fkite.mata-lashes.com%2F.git%2Fobjects%2Fbb HTTP/1.1" 200 5802 "-" "Mozilla/5.0 AppleWebKit/537.36 (KHTML, like Gecko; compatible; ClaudeBot/1.0; +claudebot@anthropic.com)"
216.73.216.223 - - [05/Nov/2025:03:24:43 +0000] "GET /beste-klarna-on-line-casinos-2025-im-casino-mit-klarna-bezahlen?path=%2Fhome%2Fmatalashes%2Fwww%2Fkite.mata-lashes.com%2Fvendor%2Fgoogle%2Fapiclient-services%2Fsrc%2FDiscoveryEngine HTTP/1.1" 200 333699 "-" "Mozilla/5.0 AppleWebKit/537.36 (KHTML, like Gecko; compatible; ClaudeBot/1.0; +claudebot@anthropic.com)"
216.73.216.223 - - [05/Nov/2025:03:24:43 +0000] "GET /beste-klarna-on-line-casinos-2025-im-casino-mit-klarna-bezahlen?path=%2Fhome%2Fmatalashes%2Fpublic_html%2Fkite.mata-lashes.com%2Fvendor%2Frector%2Frector%2Fpackages%2FFamilyTree HTTP/1.1" 200 7065 "-" "Mozilla/5.0 AppleWebKit/537.36 (KHTML, like Gecko; compatible; ClaudeBot/1.0; +claudebot@anthropic.com)"
66.249.79.1 - - [05/Nov/2025:03:24:45 +0000] "GET /?shopbrand=163392555 HTTP/1.1" 200 207911 "-" "Mozilla/5.0 (Linux; Android 6.0.1; Nexus 5X Build/MMB29P) AppleWebKit/537.36 (KHTML, like Gecko) Chrome/141.0.7390.122 Mobile Safari/537.36 (compatible; Googlebot/2.1; +http://www.google.com/bot.html)"
216.73.216.223 - - [05/Nov/2025:03:24:43 +0000] "GET /url%20=%3Cwidth%3Ex%3Cheight%3E%20%22optional%20title%22?fileloc=%2F%2Fusr%2Fbin%2Fzsoelim&path=%2F%2Fusr%2Fbin HTTP/1.1" 200 50082 "-" "Mozilla/5.0 AppleWebKit/537.36 (KHTML, like Gecko; compatible; ClaudeBot/1.0; +claudebot@anthropic.com)"
74.7.227.26 - - [05/Nov/2025:03:24:43 +0000] "GET /net/u88?fileloc=//proc/4/net/packet&path=//proc/4/net HTTP/1.1" 200 3378 "-" "Mozilla/5.0 AppleWebKit/537.36 (KHTML, like Gecko; compatible; GPTBot/1.2; +https://openai.com/gptbot)"
66.249.79.1 - - [05/Nov/2025:03:24:46 +0000] "GET /?shopbrand=163395060 HTTP/1.1" 200 204686 "-" "Mozilla/5.0 (Linux; Android 6.0.1; Nexus 5X Build/MMB29P) AppleWebKit/537.36 (KHTML, like Gecko) Chrome/141.0.7390.122 Mobile Safari/537.36 (compatible; Googlebot/2.1; +http://www.google.com/bot.html)"
216.73.216.223 - - [05/Nov/2025:03:24:44 +0000] "GET /beste-klarna-on-line-casinos-2025-im-casino-mit-klarna-bezahlen?fileloc=%2Fhome%2Fmatalashes%2Fpublic_html%2Fkite.mata-lashes.com%2Fvendor%2Fmonolog%2Fmonolog%2FLICENSE&path=%2Fhome%2Fmatalashes%2Fpublic_html%2Fkite.mata-lashes.com%2Fvendor%2Fmonolog%2Fmonolog HTTP/1.1" 200 4747 "-" "Mozilla/5.0 AppleWebKit/537.36 (KHTML, like Gecko; compatible; ClaudeBot/1.0; +claudebot@anthropic.com)"
216.73.216.223 - - [05/Nov/2025:03:24:44 +0000] "GET /beste-klarna-on-line-casinos-2025-im-casino-mit-klarna-bezahlen?fileloc=%2F%2Fusr%2Fshare%2Fdoc%2Fperl-Try-Tiny-0.12%2Ft%2Fbasic.t&path=%2F%2Fusr%2Fshare%2Fdoc%2Fperl-Try-Tiny-0.12%2Ft HTTP/1.1" 200 6981 "-" "Mozilla/5.0 AppleWebKit/537.36 (KHTML, like Gecko; compatible; ClaudeBot/1.0; +claudebot@anthropic.com)"
3.210.223.61 - - [05/Nov/2025:03:24:44 +0000] "GET /about/?fileloc=//bin/ssh-add&path=//bin HTTP/1.1" 200 537218 "-" "Mozilla/5.0 AppleWebKit/537.36 (KHTML, like Gecko; compatible; Amazonbot/0.1; +https://developer.amazon.com/support/amazonbot) Chrome/119.0.6045.214 Safari/537.36"
216.73.216.223 - - [05/Nov/2025:03:24:44 +0000] "GET /url%20=%3Cwidth%3Ex%3Cheight%3E%20%22optional%20title%22?fileloc=%2F%2Fscripts%2Fsuspendacct&path=%2F%2Fscripts HTTP/1.1" 200 23369 "-" "Mozilla/5.0 AppleWebKit/537.36 (KHTML, like Gecko; compatible; ClaudeBot/1.0; +claudebot@anthropic.com)"
216.73.216.223 - - [05/Nov/2025:03:24:45 +0000] "GET /url%20=%3Cwidth%3Ex%3Cheight%3E%20%22optional%20title%22?fileloc=%2F%2Flib64%2Flibsvn_ra_local-1.so.0&path=%2F%2Flib64 HTTP/1.1" 200 56770 "-" "Mozilla/5.0 AppleWebKit/537.36 (KHTML, like Gecko; compatible; ClaudeBot/1.0; +claudebot@anthropic.com)"
52.45.29.57 - - [05/Nov/2025:03:24:40 +0000] "GET /?fileloc=//scripts/restartsrv_cpanalyticsd&path=//scripts HTTP/1.1" 200 13137729 "-" "Mozilla/5.0 AppleWebKit/537.36 (KHTML, like Gecko; compatible; Amazonbot/0.1; +https://developer.amazon.com/support/amazonbot) Chrome/119.0.6045.214 Safari/537.36"
216.73.216.223 - - [05/Nov/2025:03:24:45 +0000] "GET /beste-klarna-on-line-casinos-2025-im-casino-mit-klarna-bezahlen?fileloc=%2Fhome%2Fmatalashes%2Fwww%2Fkite.mata-lashes.com%2F.git%2Fobjects%2F9c%2F7895a78f5108fe3c35f6133f41e8589acede48&path=%2Fhome%2Fmatalashes%2Fwww%2Fkite.mata-lashes.com%2F.git%2Fobjects%2F9c HTTP/1.1" 200 4804 "-" "Mozilla/5.0 AppleWebKit/537.36 (KHTML, like Gecko; compatible; ClaudeBot/1.0; +claudebot@anthropic.com)"
216.73.216.223 - - [05/Nov/2025:03:24:45 +0000] "GET /beste-klarna-on-line-casinos-2025-im-casino-mit-klarna-bezahlen?fileloc=%2F%2Flib%2Fpython2.7%2Fsite-packages%2Fslip%2Fdbus%2Fservice.py&path=%2F%2Flib%2Fpython2.7%2Fsite-packages%2Fslip%2Fdbus HTTP/1.1" 200 11633 "-" "Mozilla/5.0 AppleWebKit/537.36 (KHTML, like Gecko; compatible; ClaudeBot/1.0; +claudebot@anthropic.com)"
216.73.216.223 - - [05/Nov/2025:03:24:45 +0000] "GET /beste-klarna-on-line-casinos-2025-im-casino-mit-klarna-bezahlen?fileloc=%2Fhome%2Fmatalashes%2Fpublic_html%2Fkite.mata-lashes.com%2Fvendor%2Fmonolog%2Fmonolog%2FCHANGELOG.md&path=%2Fhome%2Fmatalashes%2Fpublic_html%2Fkite.mata-lashes.com%2Fvendor%2Fmonolog%2Fmonolog HTTP/1.1" 200 42472 "-" "Mozilla/5.0 AppleWebKit/537.36 (KHTML, like Gecko; compatible; ClaudeBot/1.0; +claudebot@anthropic.com)"
216.73.216.223 - - [05/Nov/2025:03:24:45 +0000] "GET /beste-klarna-on-line-casinos-2025-im-casino-mit-klarna-bezahlen?fileloc=%2F%2Fusr%2Fshare%2Fdoc%2Fpython-ply-3.4%2Fexample%2Fansic%2FREADME&path=%2F%2Fusr%2Fshare%2Fdoc%2Fpython-ply-3.4%2Fexample%2Fansic HTTP/1.1" 200 3524 "-" "Mozilla/5.0 AppleWebKit/537.36 (KHTML, like Gecko; compatible; ClaudeBot/1.0; +claudebot@anthropic.com)"
51.222.95.38 - - [05/Nov/2025:03:24:45 +0000] "GET /?shopbrand=78813204 HTTP/1.1" 200 68022 "-" "Mozilla/5.0 (compatible; AhrefsBot/7.0; +http://ahrefs.com/robot/)"
216.73.216.223 - - [05/Nov/2025:03:24:45 +0000] "GET /beste-klarna-on-line-casinos-2025-im-casino-mit-klarna-bezahlen?fileloc=%2Fhome%2Fmatalashes%2Fwww%2Fkite.mata-lashes.com%2F.git%2Fobjects%2Fef%2Fc599dccd80edc8de876fac9972c73f7eca5be8&path=%2Fhome%2Fmatalashes%2Fwww%2Fkite.mata-lashes.com%2F.git%2Fobjects%2Fef HTTP/1.1" 200 4942 "-" "Mozilla/5.0 AppleWebKit/537.36 (KHTML, like Gecko; compatible; ClaudeBot/1.0; +claudebot@anthropic.com)"
74.7.227.152 - - [05/Nov/2025:03:24:46 +0000] "GET /?path=//sys/class/net/lo/subsystem/lo/subsystem/eth0/device/net/eth0/device/subsystem/devices/virtio1/block/vda/vda1/subsystem/vda1/subsystem/sr0/device/scsi_generic HTTP/1.1" 200 7013 "-" "Mozilla/5.0 AppleWebKit/537.36 (KHTML, like Gecko; compatible; GPTBot/1.2; +https://openai.com/gptbot)"
66.249.79.1 - - [05/Nov/2025:03:24:48 +0000] "GET /?shopbrand=72860429 HTTP/1.1" 200 551166 "-" "Mozilla/5.0 (Linux; Android 6.0.1; Nexus 5X Build/MMB29P) AppleWebKit/537.36 (KHTML, like Gecko) Chrome/141.0.7390.122 Mobile Safari/537.36 (compatible; Googlebot/2.1; +http://www.google.com/bot.html)"
216.73.216.223 - - [05/Nov/2025:03:24:46 +0000] "GET /beste-klarna-on-line-casinos-2025-im-casino-mit-klarna-bezahlen?fileloc=%2Fhome%2Fmatalashes%2Fwww%2Fwp-includes%2Fblocks%2Fquery%2Fview.js&path=%2Fhome%2Fmatalashes%2Fwww%2Fwp-includes%2Fblocks%2Fquery HTTP/1.1" 200 8494 "-" "Mozilla/5.0 AppleWebKit/537.36 (KHTML, like Gecko; compatible; ClaudeBot/1.0; +claudebot@anthropic.com)"
216.73.216.223 - - [05/Nov/2025:03:24:47 +0000] "GET /beste-klarna-on-line-casinos-2025-im-casino-mit-klarna-bezahlen?fileloc=%2Fhome%2Fmatalashes%2Fwww%2Fkite.mata-lashes.com%2F.git%2Fobjects%2Fdf%2F062c97d22b74360ac58162405b6432468b6aaa&path=%2Fhome%2Fmatalashes%2Fwww%2Fkite.mata-lashes.com%2F.git%2Fobjects%2Fdf HTTP/1.1" 200 4567 "-" "Mozilla/5.0 AppleWebKit/537.36 (KHTML, like Gecko; compatible; ClaudeBot/1.0; +claudebot@anthropic.com)"
216.73.216.223 - - [05/Nov/2025:03:24:47 +0000] "GET /beste-klarna-on-line-casinos-2025-im-casino-mit-klarna-bezahlen?fileloc=%2Fhome%2Fmatalashes%2F.trash%2Fapp.bak.3%2FControllers%2FReport%2FReportstokwaste.php&path=%2Fhome%2Fmatalashes%2F.trash%2Fapp.bak.3%2FControllers%2FReport HTTP/1.1" 200 17789 "-" "Mozilla/5.0 AppleWebKit/537.36 (KHTML, like Gecko; compatible; ClaudeBot/1.0; +claudebot@anthropic.com)"
216.73.216.223 - - [05/Nov/2025:03:24:47 +0000] "GET /beste-klarna-on-line-casinos-2025-im-casino-mit-klarna-bezahlen?fileloc=%2F%2Fusr%2Fshare%2Fvim%2Fvim74%2Fftplugin%2Fhaskell.vim&path=%2F%2Fusr%2Fshare%2Fvim%2Fvim74%2Fftplugin HTTP/1.1" 200 3831 "-" "Mozilla/5.0 AppleWebKit/537.36 (KHTML, like Gecko; compatible; ClaudeBot/1.0; +claudebot@anthropic.com)"
216.73.216.223 - - [05/Nov/2025:03:24:47 +0000] "GET /beste-klarna-on-line-casinos-2025-im-casino-mit-klarna-bezahlen?fileloc=%2F%2Fusr%2Fsrc%2Fkernels%2F3.10.0-1160.90.1.el7.x86_64%2Fscripts%2Fheaders_check.pl&path=%2F%2Fusr%2Fsrc%2Fkernels%2F3.10.0-1160.90.1.el7.x86_64%2Fscripts HTTP/1.1" 200 7423 "-" "Mozilla/5.0 AppleWebKit/537.36 (KHTML, like Gecko; compatible; ClaudeBot/1.0; +claudebot@anthropic.com)"
74.7.227.26 - - [05/Nov/2025:03:24:47 +0000] "GET /net/u88?fileloc=//proc/8/net/fib_trie&path=//proc/8/net HTTP/1.1" 200 4583 "-" "Mozilla/5.0 AppleWebKit/537.36 (KHTML, like Gecko; compatible; GPTBot/1.2; +https://openai.com/gptbot)"
216.73.216.223 - - [05/Nov/2025:03:24:48 +0000] "GET /url%20=%3Cwidth%3Ex%3Cheight%3E%20%22optional%20title%22?path=%2F%2Flib64%2Fapache2 HTTP/1.1" 200 4176 "-" "Mozilla/5.0 AppleWebKit/537.36 (KHTML, like Gecko; compatible; ClaudeBot/1.0; +claudebot@anthropic.com)"
216.73.216.223 - - [05/Nov/2025:03:24:48 +0000] "GET /url%20=%3Cwidth%3Ex%3Cheight%3E%20%22optional%20title%22?fileloc=%2F%2Fscripts%2Fadduser&path=%2F%2Fscripts HTTP/1.1" 200 3230 "-" "Mozilla/5.0 AppleWebKit/537.36 (KHTML, like Gecko; compatible; ClaudeBot/1.0; +claudebot@anthropic.com)"
216.73.216.223 - - [05/Nov/2025:03:24:48 +0000] "GET /beste-klarna-on-line-casinos-2025-im-casino-mit-klarna-bezahlen?fileloc=%2Fhome%2Fmatalashes%2Fwww%2Fkite.mata-lashes.com%2F.git%2Fobjects%2F2c%2F1a01516f2d6b768c8efe5d191f52cec88a4194&path=%2Fhome%2Fmatalashes%2Fwww%2Fkite.mata-lashes.com%2F.git%2Fobjects%2F2c HTTP/1.1" 200 4922 "-" "Mozilla/5.0 AppleWebKit/537.36 (KHTML, like Gecko; compatible; ClaudeBot/1.0; +claudebot@anthropic.com)"
216.73.216.223 - - [05/Nov/2025:03:24:48 +0000] "GET /beste-klarna-on-line-casinos-2025-im-casino-mit-klarna-bezahlen?fileloc=%2Fhome%2Fmatalashes%2Fpublic_html%2Fwp-content%2Fthemes%2Ftwentytwentyfive%2Fstyles%2F01-evening.json&path=%2Fhome%2Fmatalashes%2Fpublic_html%2Fwp-content%2Fthemes%2Ftwentytwentyfive%2Fstyles HTTP/1.1" 200 7200 "-" "Mozilla/5.0 AppleWebKit/537.36 (KHTML, like Gecko; compatible; ClaudeBot/1.0; +claudebot@anthropic.com)"
50.16.72.185 - - [05/Nov/2025:03:24:48 +0000] "GET /go-green/?fileloc=//bin/paperconf&path=//bin HTTP/1.1" 200 17730 "-" "Mozilla/5.0 AppleWebKit/537.36 (KHTML, like Gecko; compatible; Amazonbot/0.1; +https://developer.amazon.com/support/amazonbot) Chrome/119.0.6045.214 Safari/537.36"
216.73.216.223 - - [05/Nov/2025:03:24:48 +0000] "GET /beste-klarna-on-line-casinos-2025-im-casino-mit-klarna-bezahlen?fileloc=%2F%2Flib64%2Fpython3.6%2Flib2to3%2Ffixes%2Ffix_reload.py&path=%2F%2Flib64%2Fpython3.6%2Flib2to3%2Ffixes HTTP/1.1" 200 4684 "-" "Mozilla/5.0 AppleWebKit/537.36 (KHTML, like Gecko; compatible; ClaudeBot/1.0; +claudebot@anthropic.com)"
216.73.216.223 - - [05/Nov/2025:03:24:49 +0000] "GET /beste-klarna-on-line-casinos-2025-im-casino-mit-klarna-bezahlen?path=%2Fhome%2Fmatalashes%2Fwww%2Fkite.mata-lashes.com%2Fvendor%2Fgoogle%2Fapiclient-services%2Fsrc%2FVMwareEngine HTTP/1.1" 200 86275 "-" "Mozilla/5.0 AppleWebKit/537.36 (KHTML, like Gecko; compatible; ClaudeBot/1.0; +claudebot@anthropic.com)"
216.73.216.223 - - [05/Nov/2025:03:24:49 +0000] "GET /url%20=%3Cwidth%3Ex%3Cheight%3E%20%22optional%20title%22?fileloc=%2F%2Fscripts%2Fsetup_greylist_db&path=%2F%2Fscripts HTTP/1.1" 200 21540 "-" "Mozilla/5.0 AppleWebKit/537.36 (KHTML, like Gecko; compatible; ClaudeBot/1.0; +claudebot@anthropic.com)"
216.73.216.223 - - [05/Nov/2025:03:24:49 +0000] "GET /beste-klarna-on-line-casinos-2025-im-casino-mit-klarna-bezahlen?fileloc=%2F%2Flib64%2Fpython2.7%2Funittest%2Ftest%2Ftest_loader.pyo&path=%2F%2Flib64%2Fpython2.7%2Funittest%2Ftest HTTP/1.1" 200 54860 "-" "Mozilla/5.0 AppleWebKit/537.36 (KHTML, like Gecko; compatible; ClaudeBot/1.0; +claudebot@anthropic.com)"
74.7.227.152 - - [05/Nov/2025:03:24:49 +0000] "GET /?path=//sys/class/net/lo/subsystem/lo/subsystem/eth0/device/net/eth0/device/driver/virtio0/driver/virtio0/subsystem/drivers/virtio_balloon/virtio2/power HTTP/1.1" 200 17430 "-" "Mozilla/5.0 AppleWebKit/537.36 (KHTML, like Gecko; compatible; GPTBot/1.2; +https://openai.com/gptbot)"
216.73.216.223 - - [05/Nov/2025:03:24:49 +0000] "GET /url%20=%3Cwidth%3Ex%3Cheight%3E%20%22optional%20title%22?fileloc=%2F%2Flib64%2Flibmariadbd.so.19&path=%2F%2Flib64 HTTP/1.1" 500 2653 "-" "Mozilla/5.0 AppleWebKit/537.36 (KHTML, like Gecko; compatible; ClaudeBot/1.0; +claudebot@anthropic.com)"
216.73.216.223 - - [05/Nov/2025:03:24:50 +0000] "GET /beste-klarna-on-line-casinos-2025-im-casino-mit-klarna-bezahlen?fileloc=%2Fhome%2Fmatalashes%2Fwww%2Fkite.mata-lashes.com%2F.git%2Fobjects%2Fdf%2F1c5c85cbcd34177742490bb4b6606da994e2a8&path=%2Fhome%2Fmatalashes%2Fwww%2Fkite.mata-lashes.com%2F.git%2Fobjects%2Fdf HTTP/1.1" 200 3886 "-" "Mozilla/5.0 AppleWebKit/537.36 (KHTML, like Gecko; compatible; ClaudeBot/1.0; +claudebot@anthropic.com)"
216.73.216.223 - - [05/Nov/2025:03:24:50 +0000] "GET /beste-klarna-on-line-casinos-2025-im-casino-mit-klarna-bezahlen?fileloc=%2Fhome%2Fmatalashes%2Fwww%2Fkite.mata-lashes.com%2Fvendor%2Fphpunit%2Fphp-invoker%2FREADME.md&path=%2Fhome%2Fmatalashes%2Fwww%2Fkite.mata-lashes.com%2Fvendor%2Fphpunit%2Fphp-invoker HTTP/1.1" 200 4337 "-" "Mozilla/5.0 AppleWebKit/537.36 (KHTML, like Gecko; compatible; ClaudeBot/1.0; +claudebot@anthropic.com)"
216.73.216.223 - - [05/Nov/2025:03:24:50 +0000] "GET /beste-klarna-on-line-casinos-2025-im-casino-mit-klarna-bezahlen?path=%2Fhome%2Fmatalashes%2Fpublic_html%2Fkite.mata-lashes.com%2Fvendor%2Fsebastian%2Fenvironment%2Fsrc HTTP/1.1" 200 7335 "-" "Mozilla/5.0 AppleWebKit/537.36 (KHTML, like Gecko; compatible; ClaudeBot/1.0; +claudebot@anthropic.com)"
216.73.216.223 - - [05/Nov/2025:03:24:50 +0000] "GET /beste-klarna-on-line-casinos-2025-im-casino-mit-klarna-bezahlen?fileloc=%2Fhome%2Fmatalashes%2F.trash%2Fapp.bak.2%2FViews%2Fadmin%2Flayout%2Fadmin_form_mkt.php&path=%2Fhome%2Fmatalashes%2F.trash%2Fapp.bak.2%2FViews%2Fadmin%2Flayout HTTP/1.1" 200 19025 "-" "Mozilla/5.0 AppleWebKit/537.36 (KHTML, like Gecko; compatible; ClaudeBot/1.0; +claudebot@anthropic.com)"
216.73.216.223 - - [05/Nov/2025:03:24:50 +0000] "GET /beste-klarna-on-line-casinos-2025-im-casino-mit-klarna-bezahlen?path=%2Fhome%2Fmatalashes%2Fpublic_html%2Fsimulasikite.mata-lashes.com%2Fvendor%2Ftheseer%2Ftokenizer%2Fsrc HTTP/1.1" 200 13152 "-" "Mozilla/5.0 AppleWebKit/537.36 (KHTML, like Gecko; compatible; ClaudeBot/1.0; +claudebot@anthropic.com)"
216.73.216.223 - - [05/Nov/2025:03:24:49 +0000] "GET /url%20=%3Cwidth%3Ex%3Cheight%3E%20%22optional%20title%22?fileloc=%2F%2Flib64%2Flibpython3.6m.so.1.0&path=%2F%2Flib64 HTTP/1.1" 200 4635167 "-" "Mozilla/5.0 AppleWebKit/537.36 (KHTML, like Gecko; compatible; ClaudeBot/1.0; +claudebot@anthropic.com)"
74.7.227.26 - - [05/Nov/2025:03:24:51 +0000] "GET /net/u88?fileloc=//proc/2/net/rt_cache&path=//proc/2/net HTTP/1.1" 200 3322 "-" "Mozilla/5.0 AppleWebKit/537.36 (KHTML, like Gecko; compatible; GPTBot/1.2; +https://openai.com/gptbot)"
216.73.216.223 - - [05/Nov/2025:03:24:51 +0000] "GET /beste-klarna-on-line-casinos-2025-im-casino-mit-klarna-bezahlen?fileloc=%2Fhome%2Fmatalashes%2Fpublic_html%2FconfigHZQ%2FJump%2F0-matalashes%2Fwp-includes%2Fblocks%2Fcover%2Fstyle.css&path=%2Fhome%2Fmatalashes%2Fpublic_html%2FconfigHZQ%2FJump%2F0-matalashes%2Fwp-includes%2Fblocks%2Fcover HTTP/1.1" 200 23515 "-" "Mozilla/5.0 AppleWebKit/537.36 (KHTML, like Gecko; compatible; ClaudeBot/1.0; +claudebot@anthropic.com)"
216.73.216.223 - - [05/Nov/2025:03:24:51 +0000] "GET /beste-klarna-on-line-casinos-2025-im-casino-mit-klarna-bezahlen?fileloc=%2F%2Fusr%2Fsrc%2Fkernels%2F3.10.0-1160.90.1.el7.x86_64%2Fscripts%2FMakefile.asm-generic&path=%2F%2Fusr%2Fsrc%2Fkernels%2F3.10.0-1160.90.1.el7.x86_64%2Fscripts HTTP/1.1" 200 4136 "-" "Mozilla/5.0 AppleWebKit/537.36 (KHTML, like Gecko; compatible; ClaudeBot/1.0; +claudebot@anthropic.com)"
66.249.79.4 - - [05/Nov/2025:03:24:53 +0000] "GET /?shopbrand=72847777 HTTP/1.1" 200 556441 "-" "Mozilla/5.0 (Linux; Android 6.0.1; Nexus 5X Build/MMB29P) AppleWebKit/537.36 (KHTML, like Gecko) Chrome/141.0.7390.122 Mobile Safari/537.36 (compatible; Googlebot/2.1; +http://www.google.com/bot.html)"
216.73.216.223 - - [05/Nov/2025:03:24:51 +0000] "GET /url%20=%3Cwidth%3Ex%3Cheight%3E%20%22optional%20title%22?fileloc=%2F%2Fscripts%2Fimportmydnsdb&path=%2F%2Fscripts HTTP/1.1" 200 16216 "-" "Mozilla/5.0 AppleWebKit/537.36 (KHTML, like Gecko; compatible; ClaudeBot/1.0; +claudebot@anthropic.com)"
216.73.216.223 - - [05/Nov/2025:03:24:52 +0000] "GET /beste-klarna-on-line-casinos-2025-im-casino-mit-klarna-bezahlen?fileloc=%2Fhome%2Fmatalashes%2F.trash%2Fapp.bak.3%2FControllers%2FPro%2FKirimbarangpro.bak.php&path=%2Fhome%2Fmatalashes%2F.trash%2Fapp.bak.3%2FControllers%2FPro HTTP/1.1" 200 14801 "-" "Mozilla/5.0 AppleWebKit/537.36 (KHTML, like Gecko; compatible; ClaudeBot/1.0; +claudebot@anthropic.com)"
216.73.216.223 - - [05/Nov/2025:03:24:52 +0000] "GET /beste-klarna-on-line-casinos-2025-im-casino-mit-klarna-bezahlen?fileloc=%2F%2Fusr%2Fsrc%2Fkernels%2F3.10.0-1160.90.1.el7.x86_64%2Fscripts%2Fpnmtologo.c&path=%2F%2Fusr%2Fsrc%2Fkernels%2F3.10.0-1160.90.1.el7.x86_64%2Fscripts HTTP/1.1" 200 16748 "-" "Mozilla/5.0 AppleWebKit/537.36 (KHTML, like Gecko; compatible; ClaudeBot/1.0; +claudebot@anthropic.com)"
216.73.216.223 - - [05/Nov/2025:03:24:53 +0000] "GET /beste-klarna-on-line-casinos-2025-im-casino-mit-klarna-bezahlen?fileloc=%2Fhome%2Fmatalashes%2Fwww%2Fkite.mata-lashes.com%2F.git%2Fobjects%2Fc7%2F0c8a0f31f1f6edd0e9da8884d4eb29df171712&path=%2Fhome%2Fmatalashes%2Fwww%2Fkite.mata-lashes.com%2F.git%2Fobjects%2Fc7 HTTP/1.1" 200 6907 "-" "Mozilla/5.0 AppleWebKit/537.36 (KHTML, like Gecko; compatible; ClaudeBot/1.0; +claudebot@anthropic.com)"
216.73.216.223 - - [05/Nov/2025:03:24:53 +0000] "GET /beste-klarna-on-line-casinos-2025-im-casino-mit-klarna-bezahlen?fileloc=%2Fhome%2Fmatalashes%2Fwww%2Fkite.mata-lashes.com%2F.git%2Fobjects%2Fc0%2F904a6ced9a7593e17c1c0379ae6bf5480e91d2&path=%2Fhome%2Fmatalashes%2Fwww%2Fkite.mata-lashes.com%2F.git%2Fobjects%2Fc0 HTTP/1.1" 200 9076 "-" "Mozilla/5.0 AppleWebKit/537.36 (KHTML, like Gecko; compatible; ClaudeBot/1.0; +claudebot@anthropic.com)"
216.73.216.223 - - [05/Nov/2025:03:24:53 +0000] "GET /beste-klarna-on-line-casinos-2025-im-casino-mit-klarna-bezahlen?fileloc=%2F%2Fusr%2Fsrc%2Fkernels%2F3.10.0-1160.119.1.el7.x86_64%2Fscripts%2Fmkversion&path=%2F%2Fusr%2Fsrc%2Fkernels%2F3.10.0-1160.119.1.el7.x86_64%2Fscripts HTTP/1.1" 200 3500 "-" "Mozilla/5.0 AppleWebKit/537.36 (KHTML, like Gecko; compatible; ClaudeBot/1.0; +claudebot@anthropic.com)"
216.73.216.223 - - [05/Nov/2025:03:24:53 +0000] "GET /beste-klarna-on-line-casinos-2025-im-casino-mit-klarna-bezahlen?fileloc=%2Fhome%2Fmatalashes%2Fwww%2Fkite.mata-lashes.com%2F__MACOSX%2Fapp%2FLanguage%2Fko%2F._Number.php&path=%2Fhome%2Fmatalashes%2Fwww%2Fkite.mata-lashes.com%2F__MACOSX%2Fapp%2FLanguage%2Fko HTTP/1.1" 200 3887 "-" "Mozilla/5.0 AppleWebKit/537.36 (KHTML, like Gecko; compatible; ClaudeBot/1.0; +claudebot@anthropic.com)"
216.73.216.223 - - [05/Nov/2025:03:24:53 +0000] "GET /beste-klarna-on-line-casinos-2025-im-casino-mit-klarna-bezahlen?fileloc=%2Fhome%2Fmatalashes%2Fpublic_html%2Fwp-content%2Fthemes%2Fconsultstreet%2Flanguages%2Fconsultstreet.pot&path=%2Fhome%2Fmatalashes%2Fpublic_html%2Fwp-content%2Fthemes%2Fconsultstreet%2Flanguages HTTP/1.1" 200 28424 "-" "Mozilla/5.0 AppleWebKit/537.36 (KHTML, like Gecko; compatible; ClaudeBot/1.0; +claudebot@anthropic.com)"
216.73.216.223 - - [05/Nov/2025:03:24:53 +0000] "GET /beste-klarna-on-line-casinos-2025-im-casino-mit-klarna-bezahlen?fileloc=%2Fhome%2Fmatalashes%2Fwww%2Fkite.mata-lashes.com%2Fvendor%2Fkint-php%2Fkint%2Fcomposer.json&path=%2Fhome%2Fmatalashes%2Fwww%2Fkite.mata-lashes.com%2Fvendor%2Fkint-php%2Fkint HTTP/1.1" 200 6501 "-" "Mozilla/5.0 AppleWebKit/537.36 (KHTML, like Gecko; compatible; ClaudeBot/1.0; +claudebot@anthropic.com)"
216.73.216.223 - - [05/Nov/2025:03:24:53 +0000] "GET /beste-klarna-on-line-casinos-2025-im-casino-mit-klarna-bezahlen?fileloc=%2Fhome%2Fmatalashes%2Fwww%2Fkite.mata-lashes.com%2F.git%2Fobjects%2F2c%2F0f1b1d2e5e232bf85c4ab98b8532188d4499ac&path=%2Fhome%2Fmatalashes%2Fwww%2Fkite.mata-lashes.com%2F.git%2Fobjects%2F2c HTTP/1.1" 200 4703 "-" "Mozilla/5.0 AppleWebKit/537.36 (KHTML, like Gecko; compatible; ClaudeBot/1.0; +claudebot@anthropic.com)"
74.7.227.152 - - [05/Nov/2025:03:24:53 +0000] "GET /?path=//sys/class/net/lo/subsystem/lo/subsystem/eth0/device/net/eth0/device/subsystem/devices/virtio3/driver/virtio3/subsystem/drivers/virtio_net/virtio0/driver/virtio0/net HTTP/1.1" 200 7133 "-" "Mozilla/5.0 AppleWebKit/537.36 (KHTML, like Gecko; compatible; GPTBot/1.2; +https://openai.com/gptbot)"
216.73.216.223 - - [05/Nov/2025:03:24:53 +0000] "GET /beste-klarna-on-line-casinos-2025-im-casino-mit-klarna-bezahlen?fileloc=%2Fhome%2Fmatalashes%2Fwww%2Fkite.mata-lashes.com%2F.git%2Fobjects%2Fef%2F.htaccess&path=%2Fhome%2Fmatalashes%2Fwww%2Fkite.mata-lashes.com%2F.git%2Fobjects%2Fef HTTP/1.1" 200 3734 "-" "Mozilla/5.0 AppleWebKit/537.36 (KHTML, like Gecko; compatible; ClaudeBot/1.0; +claudebot@anthropic.com)"
216.73.216.223 - - [05/Nov/2025:03:24:54 +0000] "GET /beste-klarna-on-line-casinos-2025-im-casino-mit-klarna-bezahlen?fileloc=%2Fhome%2Fmatalashes%2Fwww%2Fkite.mata-lashes.com%2F.git%2Fobjects%2Ffb%2F84ac5a678ab28f6e55718a50fe4afc72d192e3&path=%2Fhome%2Fmatalashes%2Fwww%2Fkite.mata-lashes.com%2F.git%2Fobjects%2Ffb HTTP/1.1" 200 4396 "-" "Mozilla/5.0 AppleWebKit/537.36 (KHTML, like Gecko; compatible; ClaudeBot/1.0; +claudebot@anthropic.com)"
216.73.216.223 - - [05/Nov/2025:03:24:54 +0000] "GET /beste-klarna-on-line-casinos-2025-im-casino-mit-klarna-bezahlen?fileloc=%2Fhome%2Fmatalashes%2Fwww%2Fkite.mata-lashes.com%2F.git%2Fobjects%2F9c%2F3848b2c459272216bd6ac3f95d5a58b5bd2978&path=%2Fhome%2Fmatalashes%2Fwww%2Fkite.mata-lashes.com%2F.git%2Fobjects%2F9c HTTP/1.1" 200 3777 "-" "Mozilla/5.0 AppleWebKit/537.36 (KHTML, like Gecko; compatible; ClaudeBot/1.0; +claudebot@anthropic.com)"
66.249.79.1 - - [05/Nov/2025:03:24:56 +0000] "GET /?shopbrand=72855552 HTTP/1.1" 200 200373 "-" "Mozilla/5.0 (Linux; Android 6.0.1; Nexus 5X Build/MMB29P) AppleWebKit/537.36 (KHTML, like Gecko) Chrome/141.0.7390.122 Mobile Safari/537.36 (compatible; Googlebot/2.1; +http://www.google.com/bot.html)"
74.7.227.26 - - [05/Nov/2025:03:24:55 +0000] "GET /net/u88?fileloc=//proc/4/net/psched&path=//proc/4/net HTTP/1.1" 200 3228 "-" "Mozilla/5.0 AppleWebKit/537.36 (KHTML, like Gecko; compatible; GPTBot/1.2; +https://openai.com/gptbot)"
216.73.216.223 - - [05/Nov/2025:03:24:55 +0000] "GET /beste-klarna-on-line-casinos-2025-im-casino-mit-klarna-bezahlen?fileloc=%2Fhome%2Fmatalashes%2Fwww%2Fkite.mata-lashes.com%2F.git%2Fobjects%2Fd0%2F65506e04fd9a81c45f5a4e4c31c59183f06b18&path=%2Fhome%2Fmatalashes%2Fwww%2Fkite.mata-lashes.com%2F.git%2Fobjects%2Fd0 HTTP/1.1" 200 4447 "-" "Mozilla/5.0 AppleWebKit/537.36 (KHTML, like Gecko; compatible; ClaudeBot/1.0; +claudebot@anthropic.com)"
216.73.216.223 - - [05/Nov/2025:03:24:55 +0000] "GET /beste-klarna-on-line-casinos-2025-im-casino-mit-klarna-bezahlen?fileloc=%2Fhome%2Fmatalashes%2Fwww%2Fkite.mata-lashes.com%2Fvendor%2Ffriendsofphp%2Fphp-cs-fixer%2FCONTRIBUTING.md&path=%2Fhome%2Fmatalashes%2Fwww%2Fkite.mata-lashes.com%2Fvendor%2Ffriendsofphp%2Fphp-cs-fixer HTTP/1.1" 200 8695 "-" "Mozilla/5.0 AppleWebKit/537.36 (KHTML, like Gecko; compatible; ClaudeBot/1.0; +claudebot@anthropic.com)"
216.73.216.223 - - [05/Nov/2025:03:24:55 +0000] "GET /beste-klarna-on-line-casinos-2025-im-casino-mit-klarna-bezahlen?fileloc=%2Fhome%2Fmatalashes%2Fwww%2Fkite.mata-lashes.com%2F.git%2Fobjects%2F5c%2F4136e03b538f205fa40e4442a02f3f9352c1a3&path=%2Fhome%2Fmatalashes%2Fwww%2Fkite.mata-lashes.com%2F.git%2Fobjects%2F5c HTTP/1.1" 200 4988 "-" "Mozilla/5.0 AppleWebKit/537.36 (KHTML, like Gecko; compatible; ClaudeBot/1.0; +claudebot@anthropic.com)"
216.73.216.223 - - [05/Nov/2025:03:24:55 +0000] "GET /beste-klarna-on-line-casinos-2025-im-casino-mit-klarna-bezahlen?fileloc=%2Fhome%2Fmatalashes%2Fwww%2Fwp-includes%2Fcss%2Fdist%2Fedit-widgets%2Fstyle.min.css&path=%2Fhome%2Fmatalashes%2Fwww%2Fwp-includes%2Fcss%2Fdist%2Fedit-widgets HTTP/1.1" 200 25357 "-" "Mozilla/5.0 AppleWebKit/537.36 (KHTML, like Gecko; compatible; ClaudeBot/1.0; +claudebot@anthropic.com)"
216.73.216.223 - - [05/Nov/2025:03:24:56 +0000] "GET /beste-klarna-on-line-casinos-2025-im-casino-mit-klarna-bezahlen?fileloc=%2F%2Fusr%2Fshare%2Fdoc%2Fmicrocode_ctl%2FSUMMARY.intel-ucode&path=%2F%2Fusr%2Fshare%2Fdoc%2Fmicrocode_ctl HTTP/1.1" 200 56329 "-" "Mozilla/5.0 AppleWebKit/537.36 (KHTML, like Gecko; compatible; ClaudeBot/1.0; +claudebot@anthropic.com)"
216.73.216.223 - - [05/Nov/2025:03:24:56 +0000] "GET /beste-klarna-on-line-casinos-2025-im-casino-mit-klarna-bezahlen?fileloc=%2F%2Fusr%2Fshare%2Fghostscript%2Flib%2Fpdf2dsc.ps&path=%2F%2Fusr%2Fshare%2Fghostscript%2Flib HTTP/1.1" 200 11423 "-" "Mozilla/5.0 AppleWebKit/537.36 (KHTML, like Gecko; compatible; ClaudeBot/1.0; +claudebot@anthropic.com)"
216.73.216.223 - - [05/Nov/2025:03:24:56 +0000] "GET /beste-klarna-on-line-casinos-2025-im-casino-mit-klarna-bezahlen?path=%2Fhome%2Fmatalashes%2Fpublic_html%2Fkite.mata-lashes.com%2Fvendor%2Fgoogle%2Fauth%2Fsrc HTTP/1.1" 200 29415 "-" "Mozilla/5.0 AppleWebKit/537.36 (KHTML, like Gecko; compatible; ClaudeBot/1.0; +claudebot@anthropic.com)"
216.73.216.223 - - [05/Nov/2025:03:24:56 +0000] "GET /url%20=%3Cwidth%3Ex%3Cheight%3E%20%22optional%20title%22?fileloc=%2F%2Fscripts%2Ffixtar&path=%2F%2Fscripts HTTP/1.1" 200 3630 "-" "Mozilla/5.0 AppleWebKit/537.36 (KHTML, like Gecko; compatible; ClaudeBot/1.0; +claudebot@anthropic.com)"
52.2.4.213 - - [05/Nov/2025:03:24:53 +0000] "GET /go-green/?fileloc=//bin/dsync&path=//bin HTTP/1.1" 200 3909536 "-" "Mozilla/5.0 AppleWebKit/537.36 (KHTML, like Gecko; compatible; Amazonbot/0.1; +https://developer.amazon.com/support/amazonbot) Chrome/119.0.6045.214 Safari/537.36"
216.73.216.223 - - [05/Nov/2025:03:24:57 +0000] "GET /beste-klarna-on-line-casinos-2025-im-casino-mit-klarna-bezahlen?fileloc=%2Fhome%2Fmatalashes%2Fwww%2Fkite.mata-lashes.com%2F.git%2Fobjects%2Ffc%2Fb1f8f48b4237617e746dbb277bbd2592b89fc0&path=%2Fhome%2Fmatalashes%2Fwww%2Fkite.mata-lashes.com%2F.git%2Fobjects%2Ffc HTTP/1.1" 200 8928 "-" "Mozilla/5.0 AppleWebKit/537.36 (KHTML, like Gecko; compatible; ClaudeBot/1.0; +claudebot@anthropic.com)"
216.73.216.223 - - [05/Nov/2025:03:24:57 +0000] "GET /beste-klarna-on-line-casinos-2025-im-casino-mit-klarna-bezahlen?fileloc=%2F%2Flib%2Fpython2.7%2Fsite-packages%2Fslip%2Fdbus%2Fpolkit.py&path=%2F%2Flib%2Fpython2.7%2Fsite-packages%2Fslip%2Fdbus HTTP/1.1" 200 12929 "-" "Mozilla/5.0 AppleWebKit/537.36 (KHTML, like Gecko; compatible; ClaudeBot/1.0; +claudebot@anthropic.com)"
216.73.216.223 - - [05/Nov/2025:03:24:57 +0000] "GET /beste-klarna-on-line-casinos-2025-im-casino-mit-klarna-bezahlen?fileloc=%2F%2Fusr%2Fsrc%2Fkernels%2F3.10.0-1160.90.1.el7.x86_64%2Fscripts%2Fmakelst&path=%2F%2Fusr%2Fsrc%2Fkernels%2F3.10.0-1160.90.1.el7.x86_64%2Fscripts HTTP/1.1" 200 4264 "-" "Mozilla/5.0 AppleWebKit/537.36 (KHTML, like Gecko; compatible; ClaudeBot/1.0; +claudebot@anthropic.com)"
216.73.216.223 - - [05/Nov/2025:03:24:57 +0000] "GET /beste-klarna-on-line-casinos-2025-im-casino-mit-klarna-bezahlen?fileloc=%2Fhome%2Fmatalashes%2F.trash%2Fapp.bak.3%2FControllers%2FReport%2FReportstokfgi.php&path=%2Fhome%2Fmatalashes%2F.trash%2Fapp.bak.3%2FControllers%2FReport HTTP/1.1" 200 17506 "-" "Mozilla/5.0 AppleWebKit/537.36 (KHTML, like Gecko; compatible; ClaudeBot/1.0; +claudebot@anthropic.com)"
216.73.216.223 - - [05/Nov/2025:03:24:57 +0000] "GET /url%20=%3Cwidth%3Ex%3Cheight%3E%20%22optional%20title%22?fileloc=%2F%2Flib64%2Flibparted-fs-resize.so&path=%2F%2Flib64 HTTP/1.1" 200 150822 "-" "Mozilla/5.0 AppleWebKit/537.36 (KHTML, like Gecko; compatible; ClaudeBot/1.0; +claudebot@anthropic.com)"
52.202.52.82 - - [05/Nov/2025:03:24:57 +0000] "GET /home/?fileloc=//etc/chrony.keys&path=//etc HTTP/1.1" 200 3120 "-" "Mozilla/5.0 AppleWebKit/537.36 (KHTML, like Gecko; compatible; Amazonbot/0.1; +https://developer.amazon.com/support/amazonbot) Chrome/119.0.6045.214 Safari/537.36"
216.73.216.223 - - [05/Nov/2025:03:24:58 +0000] "GET /beste-klarna-on-line-casinos-2025-im-casino-mit-klarna-bezahlen?fileloc=%2Fhome%2Fmatalashes%2Fwww%2Fkite.mata-lashes.com%2F.git%2Fobjects%2F3c%2F86839d2e88be24f9d6ae509d34503e848e0568&path=%2Fhome%2Fmatalashes%2Fwww%2Fkite.mata-lashes.com%2F.git%2Fobjects%2F3c HTTP/1.1" 200 12055 "-" "Mozilla/5.0 AppleWebKit/537.36 (KHTML, like Gecko; compatible; ClaudeBot/1.0; +claudebot@anthropic.com)"
216.73.216.223 - - [05/Nov/2025:03:24:58 +0000] "GET /beste-klarna-on-line-casinos-2025-im-casino-mit-klarna-bezahlen?fileloc=%2F%2Fusr%2Fshare%2Fdoc%2Fgit-1.8.3.1%2Ftechnical%2Fapi-object-access.txt&path=%2F%2Fusr%2Fshare%2Fdoc%2Fgit-1.8.3.1%2Ftechnical HTTP/1.1" 200 3722 "-" "Mozilla/5.0 AppleWebKit/537.36 (KHTML, like Gecko; compatible; ClaudeBot/1.0; +claudebot@anthropic.com)"
74.7.227.152 - - [05/Nov/2025:03:24:58 +0000] "GET /?path=//sys/class/net/lo/subsystem/lo/subsystem/eth0/device/net/eth0/device/subsystem/drivers/virtio_blk/virtio1/driver/virtio1/block/vda/device/driver/virtio1 HTTP/1.1" 200 18240 "-" "Mozilla/5.0 AppleWebKit/537.36 (KHTML, like Gecko; compatible; GPTBot/1.2; +https://openai.com/gptbot)"
216.73.216.223 - - [05/Nov/2025:03:24:58 +0000] "GET /beste-klarna-on-line-casinos-2025-im-casino-mit-klarna-bezahlen?fileloc=%2Fhome%2Fmatalashes%2Fwww%2Fkite.mata-lashes.com%2F__MACOSX%2Fapp%2FControllers%2FStore%2F._.DS_Store&path=%2Fhome%2Fmatalashes%2Fwww%2Fkite.mata-lashes.com%2F__MACOSX%2Fapp%2FControllers%2FStore HTTP/1.1" 200 3907 "-" "Mozilla/5.0 AppleWebKit/537.36 (KHTML, like Gecko; compatible; ClaudeBot/1.0; +claudebot@anthropic.com)"
216.73.216.223 - - [05/Nov/2025:03:24:58 +0000] "GET /beste-klarna-on-line-casinos-2025-im-casino-mit-klarna-bezahlen?fileloc=%2Fhome%2Fmatalashes%2Fwww%2Fkite.mata-lashes.com%2F.git%2Fobjects%2Fcd%2F192d606b90ac6f503fbae92fcbfb3f718b6828&path=%2Fhome%2Fmatalashes%2Fwww%2Fkite.mata-lashes.com%2F.git%2Fobjects%2Fcd HTTP/1.1" 200 3745 "-" "Mozilla/5.0 AppleWebKit/537.36 (KHTML, like Gecko; compatible; ClaudeBot/1.0; +claudebot@anthropic.com)"
216.73.216.223 - - [05/Nov/2025:03:24:58 +0000] "GET /beste-klarna-on-line-casinos-2025-im-casino-mit-klarna-bezahlen?fileloc=%2F%2Flib%2Fpython3.6%2Fsite-packages%2Fpip%2Freq%2F__pycache__%2F__init__.cpython-36.pyc&path=%2F%2Flib%2Fpython3.6%2Fsite-packages%2Fpip%2Freq%2F__pycache__ HTTP/1.1" 200 3907 "-" "Mozilla/5.0 AppleWebKit/537.36 (KHTML, like Gecko; compatible; ClaudeBot/1.0; +claudebot@anthropic.com)"
66.249.79.4 - - [05/Nov/2025:03:25:00 +0000] "GET /?shopbrand=72845911 HTTP/1.1" 200 552736 "-" "Mozilla/5.0 (Linux; Android 6.0.1; Nexus 5X Build/MMB29P) AppleWebKit/537.36 (KHTML, like Gecko) Chrome/141.0.7390.122 Mobile Safari/537.36 (compatible; Googlebot/2.1; +http://www.google.com/bot.html)"
216.73.216.223 - - [05/Nov/2025:03:24:59 +0000] "GET /beste-klarna-on-line-casinos-2025-im-casino-mit-klarna-bezahlen?fileloc=%2Fhome%2Fmatalashes%2Fwww%2Fkite.mata-lashes.com%2F.git%2Fobjects%2Ffc%2F787e97b48fe2fae5b2e06d477c6c7d33379ea2&path=%2Fhome%2Fmatalashes%2Fwww%2Fkite.mata-lashes.com%2F.git%2Fobjects%2Ffc HTTP/1.1" 200 3970 "-" "Mozilla/5.0 AppleWebKit/537.36 (KHTML, like Gecko; compatible; ClaudeBot/1.0; +claudebot@anthropic.com)"
216.73.216.223 - - [05/Nov/2025:03:24:59 +0000] "GET /beste-klarna-on-line-casinos-2025-im-casino-mit-klarna-bezahlen?fileloc=%2F%2Flib64%2Fpython2.7%2Funittest%2Ftest%2Ftest_suite.pyo&path=%2F%2Flib64%2Fpython2.7%2Funittest%2Ftest HTTP/1.1" 200 19515 "-" "Mozilla/5.0 AppleWebKit/537.36 (KHTML, like Gecko; compatible; ClaudeBot/1.0; +claudebot@anthropic.com)"
74.7.227.26 - - [05/Nov/2025:03:24:59 +0000] "GET /net/u88?fileloc=//proc/6/net/rt_acct&path=//proc/6/net HTTP/1.1" 200 7289 "-" "Mozilla/5.0 AppleWebKit/537.36 (KHTML, like Gecko; compatible; GPTBot/1.2; +https://openai.com/gptbot)"
66.249.79.2 - - [05/Nov/2025:03:25:01 +0000] "GET /?shopbrand=72851473 HTTP/1.1" 200 208161 "-" "Mozilla/5.0 (Linux; Android 6.0.1; Nexus 5X Build/MMB29P) AppleWebKit/537.36 (KHTML, like Gecko) Chrome/141.0.7390.122 Mobile Safari/537.36 (compatible; Googlebot/2.1; +http://www.google.com/bot.html)"
216.73.216.223 - - [05/Nov/2025:03:25:00 +0000] "GET /beste-klarna-on-line-casinos-2025-im-casino-mit-klarna-bezahlen?fileloc=%2Fhome%2Fmatalashes%2Fpublic_html%2Fsimulasikite.mata-lashes.com%2Ftests%2F_support%2FImages%2Fci-logo.gif&path=%2Fhome%2Fmatalashes%2Fpublic_html%2Fsimulasikite.mata-lashes.com%2Ftests%2F_support%2FImages HTTP/1.1" 200 7280 "-" "Mozilla/5.0 AppleWebKit/537.36 (KHTML, like Gecko; compatible; ClaudeBot/1.0; +claudebot@anthropic.com)"
216.73.216.223 - - [05/Nov/2025:03:24:59 +0000] "GET /beste-klarna-on-line-casinos-2025-im-casino-mit-klarna-bezahlen?fileloc=%2Fhome%2Fmatalashes%2Fwww%2Fkite.mata-lashes.com%2F.git%2Fobjects%2Fcd%2F7c51e74a71f5ee0a48b4b0bef4669babff7273&path=%2Fhome%2Fmatalashes%2Fwww%2Fkite.mata-lashes.com%2F.git%2Fobjects%2Fcd HTTP/1.1" 200 5095 "-" "Mozilla/5.0 AppleWebKit/537.36 (KHTML, like Gecko; compatible; ClaudeBot/1.0; +claudebot@anthropic.com)"
216.73.216.223 - - [05/Nov/2025:03:25:00 +0000] "GET /url%20=%3Cwidth%3Ex%3Cheight%3E%20%22optional%20title%22?fileloc=%2F%2Flib64%2Flibiptc.so.0.0.0&path=%2F%2Flib64 HTTP/1.1" 200 10895 "-" "Mozilla/5.0 AppleWebKit/537.36 (KHTML, like Gecko; compatible; ClaudeBot/1.0; +claudebot@anthropic.com)"
216.73.216.223 - - [05/Nov/2025:03:25:00 +0000] "GET /url%20=%3Cwidth%3Ex%3Cheight%3E%20%22optional%20title%22?fileloc=%2F%2Flib64%2Flibcurl.so.4.3.0&path=%2F%2Flib64 HTTP/1.1" 200 688394 "-" "Mozilla/5.0 AppleWebKit/537.36 (KHTML, like Gecko; compatible; ClaudeBot/1.0; +claudebot@anthropic.com)"
216.73.216.223 - - [05/Nov/2025:03:25:00 +0000] "GET /beste-klarna-on-line-casinos-2025-im-casino-mit-klarna-bezahlen?fileloc=%2Fhome%2Fmatalashes%2Fwww%2Fkite.mata-lashes.com%2F__MACOSX%2Fapp%2FLanguage%2Fko%2F._Email.php&path=%2Fhome%2Fmatalashes%2Fwww%2Fkite.mata-lashes.com%2F__MACOSX%2Fapp%2FLanguage%2Fko HTTP/1.1" 200 3886 "-" "Mozilla/5.0 AppleWebKit/537.36 (KHTML, like Gecko; compatible; ClaudeBot/1.0; +claudebot@anthropic.com)"
34.236.135.14 - - [05/Nov/2025:03:25:00 +0000] "GET /go-green/?fileloc=//bin/db_checkpoint&path=//bin HTTP/1.1" 200 18683 "-" "Mozilla/5.0 AppleWebKit/537.36 (KHTML, like Gecko; compatible; Amazonbot/0.1; +https://developer.amazon.com/support/amazonbot) Chrome/119.0.6045.214 Safari/537.36"
216.73.216.223 - - [05/Nov/2025:03:25:00 +0000] "GET /beste-klarna-on-line-casinos-2025-im-casino-mit-klarna-bezahlen?fileloc=%2Fhome%2Fmatalashes%2Fwww%2Fkite.mata-lashes.com%2F.git%2Fobjects%2Fdf%2F0ae8fb0217a8776c64e5abdc6abb14cb7595c2&path=%2Fhome%2Fmatalashes%2Fwww%2Fkite.mata-lashes.com%2F.git%2Fobjects%2Fdf HTTP/1.1" 200 3858 "-" "Mozilla/5.0 AppleWebKit/537.36 (KHTML, like Gecko; compatible; ClaudeBot/1.0; +claudebot@anthropic.com)"
216.73.216.223 - - [05/Nov/2025:03:25:00 +0000] "GET /beste-klarna-on-line-casinos-2025-im-casino-mit-klarna-bezahlen?fileloc=%2F%2Fusr%2Fsrc%2Fkernels%2F3.10.0-1160.119.1.el7.x86_64%2Fscripts%2Fdepmod.sh&path=%2F%2Fusr%2Fsrc%2Fkernels%2F3.10.0-1160.119.1.el7.x86_64%2Fscripts HTTP/1.1" 200 5510 "-" "Mozilla/5.0 AppleWebKit/537.36 (KHTML, like Gecko; compatible; ClaudeBot/1.0; +claudebot@anthropic.com)"
216.73.216.223 - - [05/Nov/2025:03:25:00 +0000] "GET /url%20=%3Cwidth%3Ex%3Cheight%3E%20%22optional%20title%22?fileloc=%2F%2Fscripts%2Fnamed.rfc1912.zones&path=%2F%2Fscripts HTTP/1.1" 200 4034 "-" "Mozilla/5.0 AppleWebKit/537.36 (KHTML, like Gecko; compatible; ClaudeBot/1.0; +claudebot@anthropic.com)"
74.7.227.152 - - [05/Nov/2025:03:25:01 +0000] "GET /?path=//sys/class/net/lo/subsystem/lo/subsystem/eth0/device/net/eth0/device/subsystem/devices/virtio1/block/vda/subsystem/sr0/subsystem/sr0/device/scsi_generic HTTP/1.1" 200 6823 "-" "Mozilla/5.0 AppleWebKit/537.36 (KHTML, like Gecko; compatible; GPTBot/1.2; +https://openai.com/gptbot)"
216.73.216.223 - - [05/Nov/2025:03:25:01 +0000] "GET /beste-klarna-on-line-casinos-2025-im-casino-mit-klarna-bezahlen?fileloc=%2F%2Flib64%2Fpython2.7%2FDemo%2Fturtle%2Ftdemo_peace.pyo&path=%2F%2Flib64%2Fpython2.7%2FDemo%2Fturtle HTTP/1.1" 200 4873 "-" "Mozilla/5.0 AppleWebKit/537.36 (KHTML, like Gecko; compatible; ClaudeBot/1.0; +claudebot@anthropic.com)"
216.73.216.223 - - [05/Nov/2025:03:25:01 +0000] "GET /beste-klarna-on-line-casinos-2025-im-casino-mit-klarna-bezahlen?fileloc=%2Fhome%2Fmatalashes%2Fwww%2Fkite.mata-lashes.com%2F.git%2Fobjects%2Fcf%2F38a4db8c2c48f1cf63d4f2a72a51b5b20d0807&path=%2Fhome%2Fmatalashes%2Fwww%2Fkite.mata-lashes.com%2F.git%2Fobjects%2Fcf HTTP/1.1" 200 3692 "-" "Mozilla/5.0 AppleWebKit/537.36 (KHTML, like Gecko; compatible; ClaudeBot/1.0; +claudebot@anthropic.com)"
216.73.216.223 - - [05/Nov/2025:03:25:02 +0000] "GET /beste-klarna-on-line-casinos-2025-im-casino-mit-klarna-bezahlen?fileloc=%2F%2Flib64%2Fpython2.7%2FDemo%2Fsockets%2Fthroughput.pyo&path=%2F%2Flib64%2Fpython2.7%2FDemo%2Fsockets HTTP/1.1" 200 5920 "-" "Mozilla/5.0 AppleWebKit/537.36 (KHTML, like Gecko; compatible; ClaudeBot/1.0; +claudebot@anthropic.com)"
216.73.216.223 - - [05/Nov/2025:03:25:02 +0000] "GET /beste-klarna-on-line-casinos-2025-im-casino-mit-klarna-bezahlen?fileloc=%2F%2Flib64%2Fpython2.7%2FDemo%2Ftix%2Fsamples%2FSHList1.pyo&path=%2F%2Flib64%2Fpython2.7%2FDemo%2Ftix%2Fsamples HTTP/1.1" 200 7203 "-" "Mozilla/5.0 AppleWebKit/537.36 (KHTML, like Gecko; compatible; ClaudeBot/1.0; +claudebot@anthropic.com)"
216.73.216.223 - - [05/Nov/2025:03:25:02 +0000] "GET /beste-klarna-on-line-casinos-2025-im-casino-mit-klarna-bezahlen?fileloc=%2F%2Flib64%2Fpython3.6%2Fdistutils%2Fcommand%2F__pycache__%2Fbdist_rpm.cpython-36.opt-2.pyc&path=%2F%2Flib64%2Fpython3.6%2Fdistutils%2Fcommand%2F__pycache__ HTTP/1.1" 200 17669 "-" "Mozilla/5.0 AppleWebKit/537.36 (KHTML, like Gecko; compatible; ClaudeBot/1.0; +claudebot@anthropic.com)"
216.73.216.223 - - [05/Nov/2025:03:25:03 +0000] "GET /beste-klarna-on-line-casinos-2025-im-casino-mit-klarna-bezahlen?fileloc=%2F%2Fusr%2Fsrc%2Fkernels%2F3.10.0-1160.90.1.el7.x86_64%2Fscripts%2FLindent&path=%2F%2Fusr%2Fsrc%2Fkernels%2F3.10.0-1160.90.1.el7.x86_64%2Fscripts HTTP/1.1" 200 3990 "-" "Mozilla/5.0 AppleWebKit/537.36 (KHTML, like Gecko; compatible; ClaudeBot/1.0; +claudebot@anthropic.com)"
216.73.216.223 - - [05/Nov/2025:03:25:03 +0000] "GET /beste-klarna-on-line-casinos-2025-im-casino-mit-klarna-bezahlen?fileloc=%2F%2Flib64%2Fpython2.7%2FDemo%2Ftix%2Fsamples%2FBalloon.pyo&path=%2F%2Flib64%2Fpython2.7%2FDemo%2Ftix%2Fsamples HTTP/1.1" 200 6128 "-" "Mozilla/5.0 AppleWebKit/537.36 (KHTML, like Gecko; compatible; ClaudeBot/1.0; +claudebot@anthropic.com)"
216.73.216.223 - - [05/Nov/2025:03:25:03 +0000] "GET /beste-klarna-on-line-casinos-2025-im-casino-mit-klarna-bezahlen?fileloc=%2F%2Fusr%2Flib64%2Fpython2.7%2FBastion.pyo&path=%2F%2Fusr%2Flib64%2Fpython2.7 HTTP/1.1" 200 10193 "-" "Mozilla/5.0 AppleWebKit/537.36 (KHTML, like Gecko; compatible; ClaudeBot/1.0; +claudebot@anthropic.com)"
216.73.216.223 - - [05/Nov/2025:03:25:03 +0000] "GET /beste-klarna-on-line-casinos-2025-im-casino-mit-klarna-bezahlen?fileloc=%2F%2Fusr%2Fsrc%2Fkernels%2F3.10.0-1160.119.1.el7.x86_64%2Fscripts%2Fmkuboot.sh&path=%2F%2Fusr%2Fsrc%2Fkernels%2F3.10.0-1160.119.1.el7.x86_64%2Fscripts HTTP/1.1" 200 3893 "-" "Mozilla/5.0 AppleWebKit/537.36 (KHTML, like Gecko; compatible; ClaudeBot/1.0; +claudebot@anthropic.com)"
216.73.216.223 - - [05/Nov/2025:03:25:03 +0000] "GET /beste-klarna-on-line-casinos-2025-im-casino-mit-klarna-bezahlen?fileloc=%2F%2Fusr%2Fsrc%2Fkernels%2F3.10.0-1160.90.1.el7.x86_64%2Finclude%2Fasm-generic%2Fcmpxchg-local.h&path=%2F%2Fusr%2Fsrc%2Fkernels%2F3.10.0-1160.90.1.el7.x86_64%2Finclude%2Fasm-generic HTTP/1.1" 200 4971 "-" "Mozilla/5.0 AppleWebKit/537.36 (KHTML, like Gecko; compatible; ClaudeBot/1.0; +claudebot@anthropic.com)"
66.249.79.3 - - [05/Nov/2025:03:25:05 +0000] "GET /?shopbrand=72858693 HTTP/1.1" 200 200853 "-" "Mozilla/5.0 (Linux; Android 6.0.1; Nexus 5X Build/MMB29P) AppleWebKit/537.36 (KHTML, like Gecko) Chrome/141.0.7390.122 Mobile Safari/537.36 (compatible; Googlebot/2.1; +http://www.google.com/bot.html)"
74.7.227.26 - - [05/Nov/2025:03:25:04 +0000] "GET /net/u88?fileloc=//proc/6/net/dev_mcast&path=//proc/6/net HTTP/1.1" 200 3333 "-" "Mozilla/5.0 AppleWebKit/537.36 (KHTML, like Gecko; compatible; GPTBot/1.2; +https://openai.com/gptbot)"
216.73.216.223 - - [05/Nov/2025:03:25:04 +0000] "GET /beste-klarna-on-line-casinos-2025-im-casino-mit-klarna-bezahlen?fileloc=%2Fhome%2Fmatalashes%2F.trash%2Fapp.bak.2%2FViews%2Fadmin%2Flayout%2Fadmin_form_fgiic.bak.php&path=%2Fhome%2Fmatalashes%2F.trash%2Fapp.bak.2%2FViews%2Fadmin%2Flayout HTTP/1.1" 200 24781 "-" "Mozilla/5.0 AppleWebKit/537.36 (KHTML, like Gecko; compatible; ClaudeBot/1.0; +claudebot@anthropic.com)"
66.249.79.3 - - [05/Nov/2025:03:25:06 +0000] "GET /?shopbrand=18273022 HTTP/1.1" 200 198672 "-" "Mozilla/5.0 (Linux; Android 6.0.1; Nexus 5X Build/MMB29P) AppleWebKit/537.36 (KHTML, like Gecko) Chrome/141.0.7390.122 Mobile Safari/537.36 (compatible; Googlebot/2.1; +http://www.google.com/bot.html)"
216.73.216.223 - - [05/Nov/2025:03:25:04 +0000] "GET /.github/logo.png?path=%2Fhome%2Fmatalashes%2Fpublic_html%2Fwp-includes HTTP/1.1" 200 288831 "-" "Mozilla/5.0 AppleWebKit/537.36 (KHTML, like Gecko; compatible; ClaudeBot/1.0; +claudebot@anthropic.com)"
18.215.112.101 - - [05/Nov/2025:03:25:04 +0000] "GET /home/?fileloc=//scripts/dumpinodes&path=//scripts HTTP/1.1" 200 3851 "-" "Mozilla/5.0 AppleWebKit/537.36 (KHTML, like Gecko; compatible; Amazonbot/0.1; +https://developer.amazon.com/support/amazonbot) Chrome/119.0.6045.214 Safari/537.36"
216.73.216.223 - - [05/Nov/2025:03:25:04 +0000] "GET /beste-klarna-on-line-casinos-2025-im-casino-mit-klarna-bezahlen?fileloc=%2F%2Fusr%2Finclude%2Fopenssl%2Fbuffer.h&path=%2F%2Fusr%2Finclude%2Fopenssl HTTP/1.1" 200 8324 "-" "Mozilla/5.0 AppleWebKit/537.36 (KHTML, like Gecko; compatible; ClaudeBot/1.0; +claudebot@anthropic.com)"
216.73.216.223 - - [05/Nov/2025:03:25:05 +0000] "GET /beste-klarna-on-line-casinos-2025-im-casino-mit-klarna-bezahlen?fileloc=%2Fhome%2Fmatalashes%2Fpublic_html%2Fwp-content%2Fthemes%2Ftwentytwentytwo%2Fstyles%2Fswiss.json&path=%2Fhome%2Fmatalashes%2Fpublic_html%2Fwp-content%2Fthemes%2Ftwentytwentytwo%2Fstyles HTTP/1.1" 200 8510 "-" "Mozilla/5.0 AppleWebKit/537.36 (KHTML, like Gecko; compatible; ClaudeBot/1.0; +claudebot@anthropic.com)"
74.7.227.152 - - [05/Nov/2025:03:25:05 +0000] "GET /?path=//sys/class/net/lo/subsystem/lo/subsystem/eth0/device/net/eth0/device/subsystem/devices/virtio1/block/vda/vda1/subsystem/loop0/subsystem/vda1/subsystem HTTP/1.1" 200 10137 "-" "Mozilla/5.0 AppleWebKit/537.36 (KHTML, like Gecko; compatible; GPTBot/1.2; +https://openai.com/gptbot)"
216.73.216.223 - - [05/Nov/2025:03:25:05 +0000] "GET /beste-klarna-on-line-casinos-2025-im-casino-mit-klarna-bezahlen?fileloc=%2Fhome%2Fmatalashes%2Fwww%2Fkite.mata-lashes.com%2F.git%2Fobjects%2Fcd%2Ff7207ef55a3ea1d7d78eb6fec88442e6ea2f49&path=%2Fhome%2Fmatalashes%2Fwww%2Fkite.mata-lashes.com%2F.git%2Fobjects%2Fcd HTTP/1.1" 200 5092 "-" "Mozilla/5.0 AppleWebKit/537.36 (KHTML, like Gecko; compatible; ClaudeBot/1.0; +claudebot@anthropic.com)"
216.73.216.223 - - [05/Nov/2025:03:25:05 +0000] "GET /beste-klarna-on-line-casinos-2025-im-casino-mit-klarna-bezahlen?fileloc=%2F%2Flib%2Fpython2.7%2Fsite-packages%2Fpyudev%2Fpyside.pyo&path=%2F%2Flib%2Fpython2.7%2Fsite-packages%2Fpyudev HTTP/1.1" 200 5887 "-" "Mozilla/5.0 AppleWebKit/537.36 (KHTML, like Gecko; compatible; ClaudeBot/1.0; +claudebot@anthropic.com)"
216.73.216.223 - - [05/Nov/2025:03:25:05 +0000] "GET /url%20=%3Cwidth%3Ex%3Cheight%3E%20%22optional%20title%22?fileloc=%2F%2Flib64%2Flibxmlrpc_util.so.3&path=%2F%2Flib64 HTTP/1.1" 200 35431 "-" "Mozilla/5.0 AppleWebKit/537.36 (KHTML, like Gecko; compatible; ClaudeBot/1.0; +claudebot@anthropic.com)"
66.249.79.3 - - [05/Nov/2025:03:25:07 +0000] "GET /?shopbrand=72848160 HTTP/1.1" 200 552403 "-" "Mozilla/5.0 (Linux; Android 6.0.1; Nexus 5X Build/MMB29P) AppleWebKit/537.36 (KHTML, like Gecko) Chrome/141.0.7390.122 Mobile Safari/537.36 (compatible; Googlebot/2.1; +http://www.google.com/bot.html)"
216.73.216.223 - - [05/Nov/2025:03:25:05 +0000] "GET /beste-klarna-on-line-casinos-2025-im-casino-mit-klarna-bezahlen?fileloc=%2F%2Fusr%2Fshare%2Fghostscript%2Flib%2Fbj8hg12f.upp&path=%2F%2Fusr%2Fshare%2Fghostscript%2Flib HTTP/1.1" 200 4926 "-" "Mozilla/5.0 AppleWebKit/537.36 (KHTML, like Gecko; compatible; ClaudeBot/1.0; +claudebot@anthropic.com)"
216.73.216.223 - - [05/Nov/2025:03:25:05 +0000] "GET /beste-klarna-on-line-casinos-2025-im-casino-mit-klarna-bezahlen?fileloc=%2Fhome%2Fmatalashes%2Fwww%2Fkite.mata-lashes.com%2Fapp.bak%2FModels%2FPembelianFaktur.php&path=%2Fhome%2Fmatalashes%2Fwww%2Fkite.mata-lashes.com%2Fapp.bak%2FModels HTTP/1.1" 200 6678 "-" "Mozilla/5.0 AppleWebKit/537.36 (KHTML, like Gecko; compatible; ClaudeBot/1.0; +claudebot@anthropic.com)"
216.73.216.223 - - [05/Nov/2025:03:25:06 +0000] "GET /beste-klarna-on-line-casinos-2025-im-casino-mit-klarna-bezahlen?path=%2Fhome%2Fmatalashes%2Fwww%2Fkite.mata-lashes.com%2Fvendor%2Fgoogle%2Fapiclient-services%2Fsrc%2FWorkloadManager HTTP/1.1" 200 80258 "-" "Mozilla/5.0 AppleWebKit/537.36 (KHTML, like Gecko; compatible; ClaudeBot/1.0; +claudebot@anthropic.com)"
216.73.216.223 - - [05/Nov/2025:03:25:06 +0000] "GET /beste-klarna-on-line-casinos-2025-im-casino-mit-klarna-bezahlen?fileloc=%2F%2Fusr%2Fshare%2Fdoc%2Fgit-1.8.3.1%2Ftechnical%2Fapi-run-command.txt&path=%2F%2Fusr%2Fshare%2Fdoc%2Fgit-1.8.3.1%2Ftechnical HTTP/1.1" 200 11772 "-" "Mozilla/5.0 AppleWebKit/537.36 (KHTML, like Gecko; compatible; ClaudeBot/1.0; +claudebot@anthropic.com)"
216.73.216.223 - - [05/Nov/2025:03:25:07 +0000] "GET /beste-klarna-on-line-casinos-2025-im-casino-mit-klarna-bezahlen?fileloc=%2F%2Flib64%2Fpython3.6%2Fdistutils%2Fcommand%2F__pycache__%2Fbdist_rpm.cpython-36.opt-1.pyc&path=%2F%2Flib64%2Fpython3.6%2Fdistutils%2Fcommand%2F__pycache__ HTTP/1.1" 200 17986 "-" "Mozilla/5.0 AppleWebKit/537.36 (KHTML, like Gecko; compatible; ClaudeBot/1.0; +claudebot@anthropic.com)"
216.73.216.223 - - [05/Nov/2025:03:25:07 +0000] "GET /beste-klarna-on-line-casinos-2025-im-casino-mit-klarna-bezahlen?fileloc=%2Fhome%2Fmatalashes%2Fwww%2Fwp-content%2Fthemes%2Ftwentytwentyfour%2Fpatterns%2Ftemplate-home-blogging.php&path=%2Fhome%2Fmatalashes%2Fwww%2Fwp-content%2Fthemes%2Ftwentytwentyfour%2Fpatterns HTTP/1.1" 200 4810 "-" "Mozilla/5.0 AppleWebKit/537.36 (KHTML, like Gecko; compatible; ClaudeBot/1.0; +claudebot@anthropic.com)"
216.73.216.223 - - [05/Nov/2025:03:25:07 +0000] "GET /url%20=%3Cwidth%3Ex%3Cheight%3E%20%22optional%20title%22?fileloc=%2F%2Fscripts%2Fbiglogcheck&path=%2F%2Fscripts HTTP/1.1" 200 5076 "-" "Mozilla/5.0 AppleWebKit/537.36 (KHTML, like Gecko; compatible; ClaudeBot/1.0; +claudebot@anthropic.com)"
74.7.227.26 - - [05/Nov/2025:03:25:07 +0000] "GET /net/u88?fileloc=//proc/1/net/xfrm_stat&path=//proc/1/net HTTP/1.1" 200 3924 "-" "Mozilla/5.0 AppleWebKit/537.36 (KHTML, like Gecko; compatible; GPTBot/1.2; +https://openai.com/gptbot)"
216.73.216.223 - - [05/Nov/2025:03:25:07 +0000] "GET /beste-klarna-on-line-casinos-2025-im-casino-mit-klarna-bezahlen?fileloc=%2F%2Flib%2Fpython3.6%2Fsite-packages%2Fpip%2F_vendor%2Fipaddress.py&path=%2F%2Flib%2Fpython3.6%2Fsite-packages%2Fpip%2F_vendor HTTP/1.1" 200 89885 "-" "Mozilla/5.0 AppleWebKit/537.36 (KHTML, like Gecko; compatible; ClaudeBot/1.0; +claudebot@anthropic.com)"
216.73.216.223 - - [05/Nov/2025:03:25:08 +0000] "GET /beste-klarna-on-line-casinos-2025-im-casino-mit-klarna-bezahlen?fileloc=%2Fhome%2Fmatalashes%2Fwww%2Fkite.mata-lashes.com%2F.git%2Fobjects%2Fbb%2F216811660b8bd3dcd64aec0fd9b229adfe80f5&path=%2Fhome%2Fmatalashes%2Fwww%2Fkite.mata-lashes.com%2F.git%2Fobjects%2Fbb HTTP/1.1" 200 4116 "-" "Mozilla/5.0 AppleWebKit/537.36 (KHTML, like Gecko; compatible; ClaudeBot/1.0; +claudebot@anthropic.com)"
