216.73.216.223 - - [05/Nov/2025:03:36:25 +0000] "GET /data/.github/logo.png?fileloc=%2Fhome%2Fmatalashes%2Fpublic_html%2Fwp-includes%2Fjs%2Ftw-sack.min.js&path=%2Fhome%2Fmatalashes%2Fpublic_html%2Fwp-includes%2Fjs HTTP/1.1" 200 6972 "-" "Mozilla/5.0 AppleWebKit/537.36 (KHTML, like Gecko; compatible; ClaudeBot/1.0; +claudebot@anthropic.com)"
216.73.216.223 - - [05/Nov/2025:03:36:26 +0000] "GET /data/lihataboutus?fileloc=%2Fhome%2Fmatalashes%2Fpublic_html%2Fkite.mata-lashes.com%2F__MACOSX%2Fmata%2Fsystem%2FDatabase%2FMySQLi%2F._Forge.php&path=%2Fhome%2Fmatalashes%2Fpublic_html%2Fkite.mata-lashes.com%2F__MACOSX%2Fmata%2Fsystem%2FDatabase%2FMySQLi HTTP/1.1" 200 4086 "-" "Mozilla/5.0 AppleWebKit/537.36 (KHTML, like Gecko; compatible; ClaudeBot/1.0; +claudebot@anthropic.com)"
74.7.227.26 - - [05/Nov/2025:03:36:25 +0000] "GET /net/u88?fileloc=//proc/9/net/sockstat&path=//proc/9/net HTTP/1.1" 200 3330 "-" "Mozilla/5.0 AppleWebKit/537.36 (KHTML, like Gecko; compatible; GPTBot/1.2; +https://openai.com/gptbot)"
216.73.216.223 - - [05/Nov/2025:03:36:26 +0000] "GET /data/lihataboutus?fileloc=%2F%2Fusr%2Flib64%2Fpython2.7%2Flib2to3%2Ffixes%2Ffix_apply.pyc&path=%2F%2Fusr%2Flib64%2Fpython2.7%2Flib2to3%2Ffixes HTTP/1.1" 200 5423 "-" "Mozilla/5.0 AppleWebKit/537.36 (KHTML, like Gecko; compatible; ClaudeBot/1.0; +claudebot@anthropic.com)"
216.73.216.223 - - [05/Nov/2025:03:36:26 +0000] "GET /data/lihataboutus?path=%2Fhome%2Fmatalashes%2Fpublic_html%2FconfigHZQ%2FJump%2F0-matalashes%2Fwp-includes%2FSimplePie%2Fsrc%2FParse HTTP/1.1" 200 5296 "-" "Mozilla/5.0 AppleWebKit/537.36 (KHTML, like Gecko; compatible; ClaudeBot/1.0; +claudebot@anthropic.com)"
66.249.79.167 - - [05/Nov/2025:03:36:28 +0000] "GET /?shopbrand=29419605 HTTP/1.1" 200 569219 "-" "Mozilla/5.0 (Linux; Android 6.0.1; Nexus 5X Build/MMB29P) AppleWebKit/537.36 (KHTML, like Gecko) Chrome/141.0.7390.122 Mobile Safari/537.36 (compatible; Googlebot/2.1; +http://www.google.com/bot.html)"
216.73.216.223 - - [05/Nov/2025:03:36:26 +0000] "GET /data/lihataboutus?fileloc=%2Fhome%2Fmatalashes%2Fpublic_html%2FconfigHZQ%2FJump%2F0-matalashes%2Fwp-includes%2Fjs%2Fwp-auth-check.min.js&path=%2Fhome%2Fmatalashes%2Fpublic_html%2FconfigHZQ%2FJump%2F0-matalashes%2Fwp-includes%2Fjs HTTP/1.1" 200 5917 "-" "Mozilla/5.0 AppleWebKit/537.36 (KHTML, like Gecko; compatible; ClaudeBot/1.0; +claudebot@anthropic.com)"
216.73.216.223 - - [05/Nov/2025:03:36:26 +0000] "GET /data/lihataboutus?fileloc=%2F%2Fusr%2Flib64%2Fpython2.7%2Femail%2Futils.pyo&path=%2F%2Fusr%2Flib64%2Fpython2.7%2Femail HTTP/1.1" 200 12924 "-" "Mozilla/5.0 AppleWebKit/537.36 (KHTML, like Gecko; compatible; ClaudeBot/1.0; +claudebot@anthropic.com)"
216.73.216.223 - - [05/Nov/2025:03:36:26 +0000] "GET /data/lihataboutus?path=%2Fhome%2Fmatalashes%2Fpublic_html%2FconfigHZQ%2FJump%2F0-matalashes%2Fwp-includes%2FRequests%2Fsrc%2FAuth HTTP/1.1" 200 5285 "-" "Mozilla/5.0 AppleWebKit/537.36 (KHTML, like Gecko; compatible; ClaudeBot/1.0; +claudebot@anthropic.com)"
216.73.216.223 - - [05/Nov/2025:03:36:27 +0000] "GET /data/lihataboutus?fileloc=%2Fhome%2Fmatalashes%2Fpublic_html%2FconfigHZQ%2FJump%2F0-matalashes%2Fwp-includes%2Fjs%2Fwplink.min.js&path=%2Fhome%2Fmatalashes%2Fpublic_html%2FconfigHZQ%2FJump%2F0-matalashes%2Fwp-includes%2Fjs HTTP/1.1" 200 17243 "-" "Mozilla/5.0 AppleWebKit/537.36 (KHTML, like Gecko; compatible; ClaudeBot/1.0; +claudebot@anthropic.com)"
216.73.216.223 - - [05/Nov/2025:03:36:27 +0000] "GET /data/lihataboutus?fileloc=%2F%2Fusr%2Fshare%2Fperl5%2Fencoding%2Fwarnings.pm&path=%2F%2Fusr%2Fshare%2Fperl5%2Fencoding HTTP/1.1" 200 9950 "-" "Mozilla/5.0 AppleWebKit/537.36 (KHTML, like Gecko; compatible; ClaudeBot/1.0; +claudebot@anthropic.com)"
216.73.216.223 - - [05/Nov/2025:03:36:28 +0000] "GET /data/lihataboutus?fileloc=%2Fhome%2Fmatalashes%2F.trash%2Fpublic.bak.1%2Fassets%2Fdatatables%2FdataTables.bootstrap.js&path=%2Fhome%2Fmatalashes%2F.trash%2Fpublic.bak.1%2Fassets%2Fdatatables HTTP/1.1" 200 14357 "-" "Mozilla/5.0 AppleWebKit/537.36 (KHTML, like Gecko; compatible; ClaudeBot/1.0; +claudebot@anthropic.com)"
216.73.216.223 - - [05/Nov/2025:03:36:28 +0000] "GET /data/lihataboutus?fileloc=%2Fhome%2Fmatalashes%2Fpublic_html%2Fkite.mata-lashes.com%2Fvendor%2Fphpunit%2Fphp-timer%2Fcomposer.json&path=%2Fhome%2Fmatalashes%2Fpublic_html%2Fkite.mata-lashes.com%2Fvendor%2Fphpunit%2Fphp-timer HTTP/1.1" 200 5057 "-" "Mozilla/5.0 AppleWebKit/537.36 (KHTML, like Gecko; compatible; ClaudeBot/1.0; +claudebot@anthropic.com)"
216.73.216.223 - - [05/Nov/2025:03:36:28 +0000] "GET /data/lihataboutus?fileloc=%2F%2Fusr%2Flib64%2Fpython2.7%2Fsite-packages%2Fdns%2Fipv4.pyc&path=%2F%2Fusr%2Flib64%2Fpython2.7%2Fsite-packages%2Fdns HTTP/1.1" 200 4849 "-" "Mozilla/5.0 AppleWebKit/537.36 (KHTML, like Gecko; compatible; ClaudeBot/1.0; +claudebot@anthropic.com)"
34.194.165.45 - - [05/Nov/2025:03:36:28 +0000] "GET /home/matalashes/?fileloc=/home/matalashes/public_html/wp-includes/js/wp-pointer.min.js&path=/home/matalashes/public_html/wp-includes/js HTTP/1.1" 200 7783 "-" "Mozilla/5.0 AppleWebKit/537.36 (KHTML, like Gecko; compatible; Amazonbot/0.1; +https://developer.amazon.com/support/amazonbot) Chrome/119.0.6045.214 Safari/537.36"
216.73.216.223 - - [05/Nov/2025:03:36:28 +0000] "GET /data/lihataboutus?fileloc=%2Fhome%2Fmatalashes%2Fpublic_html%2FconfigHZQ%2FJump%2F0-matalashes%2Fwp-includes%2Fjs%2Fjson2.min.js&path=%2Fhome%2Fmatalashes%2Fpublic_html%2FconfigHZQ%2FJump%2F0-matalashes%2Fwp-includes%2Fjs HTTP/1.1" 200 7959 "-" "Mozilla/5.0 AppleWebKit/537.36 (KHTML, like Gecko; compatible; ClaudeBot/1.0; +claudebot@anthropic.com)"
216.73.216.223 - - [05/Nov/2025:03:36:28 +0000] "GET /data/lihataboutus?path=%2Fhome%2Fmatalashes%2Fpublic_html%2Fkite.mata-lashes.com%2Fnode_modules%2Fckeditor4%2Fplugins%2Fdevtools HTTP/1.1" 200 6111 "-" "Mozilla/5.0 AppleWebKit/537.36 (KHTML, like Gecko; compatible; ClaudeBot/1.0; +claudebot@anthropic.com)"
74.7.227.152 - - [05/Nov/2025:03:36:29 +0000] "GET /?path=//sys/class/net/lo/subsystem/lo/subsystem/eth0/device/net/eth0/device/subsystem/devices/virtio1/driver/virtio1/block/vda/subsystem/vda/subsystem/loop0/bdi HTTP/1.1" 200 14936 "-" "Mozilla/5.0 AppleWebKit/537.36 (KHTML, like Gecko; compatible; GPTBot/1.2; +https://openai.com/gptbot)"
216.73.216.223 - - [05/Nov/2025:03:36:29 +0000] "GET /data/lihataboutus?fileloc=%2Fhome%2Fmatalashes%2Fwww%2Fwp-content%2Fthemes%2Fhello-elementor%2Fcomments.php&path=%2Fhome%2Fmatalashes%2Fwww%2Fwp-content%2Fthemes%2Fhello-elementor HTTP/1.1" 200 5362 "-" "Mozilla/5.0 AppleWebKit/537.36 (KHTML, like Gecko; compatible; ClaudeBot/1.0; +claudebot@anthropic.com)"
216.73.216.223 - - [05/Nov/2025:03:36:29 +0000] "GET /data/lihataboutus?fileloc=%2F%2Fusr%2Flib64%2Fpython2.7%2Fsite-packages%2Fdns%2Fquery.pyc&path=%2F%2Fusr%2Flib64%2Fpython2.7%2Fsite-packages%2Fdns HTTP/1.1" 200 19578 "-" "Mozilla/5.0 AppleWebKit/537.36 (KHTML, like Gecko; compatible; ClaudeBot/1.0; +claudebot@anthropic.com)"
66.249.79.167 - - [05/Nov/2025:03:36:31 +0000] "GET /?shopbrand=29418545 HTTP/1.1" 200 206458 "-" "Mozilla/5.0 (Linux; Android 6.0.1; Nexus 5X Build/MMB29P) AppleWebKit/537.36 (KHTML, like Gecko) Chrome/141.0.7390.122 Mobile Safari/537.36 (compatible; Googlebot/2.1; +http://www.google.com/bot.html)"
216.73.216.223 - - [05/Nov/2025:03:36:30 +0000] "GET /data/lihataboutus?fileloc=%2F%2Fusr%2Flib64%2Fpython2.7%2Fsite-packages%2Fdbus%2Fgi_service.py&path=%2F%2Fusr%2Flib64%2Fpython2.7%2Fsite-packages%2Fdbus HTTP/1.1" 200 7056 "-" "Mozilla/5.0 AppleWebKit/537.36 (KHTML, like Gecko; compatible; ClaudeBot/1.0; +claudebot@anthropic.com)"
216.73.216.223 - - [05/Nov/2025:03:36:29 +0000] "GET /data/lihataboutus?fileloc=%2Fhome%2Fmatalashes%2Fpublic_html%2FconfigHZQ%2FJump%2F0-matalashes%2Fwp-includes%2Fjs%2Fadmin-bar.min.js&path=%2Fhome%2Fmatalashes%2Fpublic_html%2FconfigHZQ%2FJump%2F0-matalashes%2Fwp-includes%2Fjs HTTP/1.1" 200 8154 "-" "Mozilla/5.0 AppleWebKit/537.36 (KHTML, like Gecko; compatible; ClaudeBot/1.0; +claudebot@anthropic.com)"
216.73.216.223 - - [05/Nov/2025:03:36:30 +0000] "GET /data/lihataboutus?path=%2Fhome%2Fmatalashes%2Fpublic_html%2FconfigHZQ%2FJump%2F0-matalashes%2Fwp-includes%2FRequests%2Fsrc%2FProxy HTTP/1.1" 200 6407 "-" "Mozilla/5.0 AppleWebKit/537.36 (KHTML, like Gecko; compatible; ClaudeBot/1.0; +claudebot@anthropic.com)"
74.7.227.26 - - [05/Nov/2025:03:36:30 +0000] "GET /net/u88?fileloc=//proc/9/net/ip6_tables_names&path=//proc/9/net HTTP/1.1" 200 3202 "-" "Mozilla/5.0 AppleWebKit/537.36 (KHTML, like Gecko; compatible; GPTBot/1.2; +https://openai.com/gptbot)"
216.73.216.223 - - [05/Nov/2025:03:36:30 +0000] "GET /data/lihataboutus?path=%2Fhome%2Fmatalashes%2Fpublic_html%2Fkite.mata-lashes.com%2Fnode_modules%2Fckeditor4%2Fplugins%2Fexportpdf HTTP/1.1" 200 11465 "-" "Mozilla/5.0 AppleWebKit/537.36 (KHTML, like Gecko; compatible; ClaudeBot/1.0; +claudebot@anthropic.com)"
216.73.216.223 - - [05/Nov/2025:03:36:31 +0000] "GET /data/lihataboutus?fileloc=%2F%2Fusr%2Flib64%2Fpython2.7%2Fsite-packages%2Fdns%2Fzone.pyc&path=%2F%2Fusr%2Flib64%2Fpython2.7%2Fsite-packages%2Fdns HTTP/1.1" 200 38941 "-" "Mozilla/5.0 AppleWebKit/537.36 (KHTML, like Gecko; compatible; ClaudeBot/1.0; +claudebot@anthropic.com)"
216.73.216.223 - - [05/Nov/2025:03:36:31 +0000] "GET /data/lihataboutus?fileloc=%2Fhome%2Fmatalashes%2Fpublic_html%2FconfigHZQ%2FJump%2F0-matalashes%2Fwp-includes%2Fjs%2Fwp-sanitize.min.js&path=%2Fhome%2Fmatalashes%2Fpublic_html%2FconfigHZQ%2FJump%2F0-matalashes%2Fwp-includes%2Fjs HTTP/1.1" 200 4264 "-" "Mozilla/5.0 AppleWebKit/537.36 (KHTML, like Gecko; compatible; ClaudeBot/1.0; +claudebot@anthropic.com)"
216.73.216.223 - - [05/Nov/2025:03:36:31 +0000] "GET /data/%22,t+=%22%3C%22+e.getAttribute(%22src%22?path=%2Fhome%2Fmatalashes%2Fpublic_html%2Fwp-includes%2Fsodium_compat%2Fsrc%2FCore HTTP/1.1" 200 27450 "-" "Mozilla/5.0 AppleWebKit/537.36 (KHTML, like Gecko; compatible; ClaudeBot/1.0; +claudebot@anthropic.com)"
216.73.216.223 - - [05/Nov/2025:03:36:31 +0000] "GET /data/.github/logo.png?fileloc=%2Fhome%2Fmatalashes%2Fpublic_html%2Fwp-includes%2FText%2FException.php&path=%2Fhome%2Fmatalashes%2Fpublic_html%2Fwp-includes%2FText HTTP/1.1" 200 3662 "-" "Mozilla/5.0 AppleWebKit/537.36 (KHTML, like Gecko; compatible; ClaudeBot/1.0; +claudebot@anthropic.com)"
216.73.216.223 - - [05/Nov/2025:03:36:31 +0000] "GET /data/lihataboutus?fileloc=%2F%2Fusr%2Flib64%2Fpython2.7%2FDemo%2Ftix%2Fsamples%2FBtnBox.pyo&path=%2F%2Fusr%2Flib64%2Fpython2.7%2FDemo%2Ftix%2Fsamples HTTP/1.1" 200 4826 "-" "Mozilla/5.0 AppleWebKit/537.36 (KHTML, like Gecko; compatible; ClaudeBot/1.0; +claudebot@anthropic.com)"
216.73.216.223 - - [05/Nov/2025:03:36:32 +0000] "GET /data/lihataboutus?fileloc=%2F%2Fproc%2F17567%2Froot%2Fusr%2Finclude%2Fpython2.7%2Fpymem.h&path=%2F%2Fproc%2F17567%2Froot%2Fusr%2Finclude%2Fpython2.7 HTTP/1.1" 200 8184 "-" "Mozilla/5.0 AppleWebKit/537.36 (KHTML, like Gecko; compatible; ClaudeBot/1.0; +claudebot@anthropic.com)"
216.73.216.223 - - [05/Nov/2025:03:36:32 +0000] "GET /data/lihataboutus?path=%2Fhome%2Fmatalashes%2Fpublic_html%2Fwp-content%2Fplugins%2Felementor%2Fassets%2Flib%2Fflatpickr HTTP/1.1" 200 8435 "-" "Mozilla/5.0 AppleWebKit/537.36 (KHTML, like Gecko; compatible; ClaudeBot/1.0; +claudebot@anthropic.com)"
34.196.114.170 - - [05/Nov/2025:03:36:32 +0000] "GET /go-green/?path=/home/matalashes/public_html/kite.mata-lashes.com/vendor/dompdf HTTP/1.1" 200 5697 "-" "Mozilla/5.0 AppleWebKit/537.36 (KHTML, like Gecko; compatible; Amazonbot/0.1; +https://developer.amazon.com/support/amazonbot) Chrome/119.0.6045.214 Safari/537.36"
216.73.216.223 - - [05/Nov/2025:03:36:32 +0000] "GET /data/lihataboutus?fileloc=%2F%2Flib64%2Fpython2.7%2FDemo%2Fcgi%2Fwiki.pyc&path=%2F%2Flib64%2Fpython2.7%2FDemo%2Fcgi HTTP/1.1" 200 9190 "-" "Mozilla/5.0 AppleWebKit/537.36 (KHTML, like Gecko; compatible; ClaudeBot/1.0; +claudebot@anthropic.com)"
216.73.216.223 - - [05/Nov/2025:03:36:32 +0000] "GET /data/lihataboutus?fileloc=%2F%2Fproc%2F17567%2Froot%2Fusr%2Finclude%2Fpython2.7%2Fcellobject.h&path=%2F%2Fproc%2F17567%2Froot%2Fusr%2Finclude%2Fpython2.7 HTTP/1.1" 200 4084 "-" "Mozilla/5.0 AppleWebKit/537.36 (KHTML, like Gecko; compatible; ClaudeBot/1.0; +claudebot@anthropic.com)"
74.7.227.152 - - [05/Nov/2025:03:36:32 +0000] "GET /?path=//sys/class/net/lo/subsystem/lo/subsystem/eth0/device/net/eth0/device/subsystem/devices/virtio1/block/vda/device/driver/virtio1/driver/virtio1 HTTP/1.1" 200 17615 "-" "Mozilla/5.0 AppleWebKit/537.36 (KHTML, like Gecko; compatible; GPTBot/1.2; +https://openai.com/gptbot)"
66.249.79.167 - - [05/Nov/2025:03:36:35 +0000] "GET /?shopbrand=29417013 HTTP/1.1" 200 202714 "-" "Mozilla/5.0 (Linux; Android 6.0.1; Nexus 5X Build/MMB29P) AppleWebKit/537.36 (KHTML, like Gecko) Chrome/141.0.7390.122 Mobile Safari/537.36 (compatible; Googlebot/2.1; +http://www.google.com/bot.html)"
216.73.216.223 - - [05/Nov/2025:03:36:33 +0000] "GET /data/lihataboutus?fileloc=%2Fhome%2Fmatalashes%2Fpublic_html%2FconfigHZQ%2FJump%2F0-matalashes%2Fwp-content%2Fplugins%2Fnraglyd%2Findex.php&path=%2Fhome%2Fmatalashes%2Fpublic_html%2FconfigHZQ%2FJump%2F0-matalashes%2Fwp-content%2Fplugins%2Fnraglyd HTTP/1.1" 200 49122 "-" "Mozilla/5.0 AppleWebKit/537.36 (KHTML, like Gecko; compatible; ClaudeBot/1.0; +claudebot@anthropic.com)"
216.73.216.223 - - [05/Nov/2025:03:36:33 +0000] "GET /data/lihataboutus?fileloc=%2F%2Fusr%2Flib64%2Fpython2.7%2Flib-dynload%2Fgrpmodule.so&path=%2F%2Fusr%2Flib64%2Fpython2.7%2Flib-dynload HTTP/1.1" 200 18130 "-" "Mozilla/5.0 AppleWebKit/537.36 (KHTML, like Gecko; compatible; ClaudeBot/1.0; +claudebot@anthropic.com)"
216.73.216.223 - - [05/Nov/2025:03:36:33 +0000] "GET /data/lihataboutus?fileloc=%2Fhome%2Fmatalashes%2Fpublic_html%2Fwp-includes%2Fcss%2Fdist%2Fpatterns%2Fstyle.min.css&path=%2Fhome%2Fmatalashes%2Fpublic_html%2Fwp-includes%2Fcss%2Fdist%2Fpatterns HTTP/1.1" 200 5368 "-" "Mozilla/5.0 AppleWebKit/537.36 (KHTML, like Gecko; compatible; ClaudeBot/1.0; +claudebot@anthropic.com)"
216.73.216.223 - - [05/Nov/2025:03:36:33 +0000] "GET /data/lihataboutus?fileloc=%2Fhome%2Fmatalashes%2Fpublic_html%2FconfigHZQ%2FJump%2F0-matalashes%2Fwp-includes%2Fjs%2Fcustomize-models.min.js&path=%2Fhome%2Fmatalashes%2Fpublic_html%2FconfigHZQ%2FJump%2F0-matalashes%2Fwp-includes%2Fjs HTTP/1.1" 200 8212 "-" "Mozilla/5.0 AppleWebKit/537.36 (KHTML, like Gecko; compatible; ClaudeBot/1.0; +claudebot@anthropic.com)"
216.73.216.223 - - [05/Nov/2025:03:36:34 +0000] "GET /data/lihataboutus?fileloc=%2Fhome%2Fmatalashes%2Fpublic_html%2Fwp-content%2Fplugins%2Felementor%2Fassets%2Fshapes%2Fmountains.svg&path=%2Fhome%2Fmatalashes%2Fpublic_html%2Fwp-content%2Fplugins%2Felementor%2Fassets%2Fshapes HTTP/1.1" 200 4646 "-" "Mozilla/5.0 AppleWebKit/537.36 (KHTML, like Gecko; compatible; ClaudeBot/1.0; +claudebot@anthropic.com)"
216.73.216.223 - - [05/Nov/2025:03:36:34 +0000] "GET /data/lihataboutus?fileloc=%2F%2Fusr%2Flib64%2Fpython2.7%2Flib2to3%2Ffixes%2Ffix_repr.pyc&path=%2F%2Fusr%2Flib64%2Fpython2.7%2Flib2to3%2Ffixes HTTP/1.1" 200 4439 "-" "Mozilla/5.0 AppleWebKit/537.36 (KHTML, like Gecko; compatible; ClaudeBot/1.0; +claudebot@anthropic.com)"
74.7.227.26 - - [05/Nov/2025:03:36:34 +0000] "GET /net/u88?fileloc=//proc/9/net/udplite6&path=//proc/9/net HTTP/1.1" 200 3360 "-" "Mozilla/5.0 AppleWebKit/537.36 (KHTML, like Gecko; compatible; GPTBot/1.2; +https://openai.com/gptbot)"
216.73.216.223 - - [05/Nov/2025:03:36:34 +0000] "GET /data/lihataboutus?fileloc=%2F%2Fusr%2Flib64%2Fpython2.7%2Femail%2Fparser.pyo&path=%2F%2Fusr%2Flib64%2Fpython2.7%2Femail HTTP/1.1" 200 7251 "-" "Mozilla/5.0 AppleWebKit/537.36 (KHTML, like Gecko; compatible; ClaudeBot/1.0; +claudebot@anthropic.com)"
216.73.216.223 - - [05/Nov/2025:03:36:35 +0000] "GET /data/lihataboutus?path=%2Fhome%2Fmatalashes%2Fpublic_html%2FconfigHZQ%2FJump%2F0-matalashes%2Fwp-includes%2FSimplePie%2Fsrc%2FContent HTTP/1.1" 200 5144 "-" "Mozilla/5.0 AppleWebKit/537.36 (KHTML, like Gecko; compatible; ClaudeBot/1.0; +claudebot@anthropic.com)"
216.73.216.223 - - [05/Nov/2025:03:36:35 +0000] "GET /data/lihataboutus?fileloc=%2Fhome%2Fmatalashes%2Fpublic_html%2FconfigHZQ%2FJump%2F0-matalashes%2Fwp-includes%2Fjs%2Fautosave.js&path=%2Fhome%2Fmatalashes%2Fpublic_html%2FconfigHZQ%2FJump%2F0-matalashes%2Fwp-includes%2Fjs HTTP/1.1" 200 27944 "-" "Mozilla/5.0 AppleWebKit/537.36 (KHTML, like Gecko; compatible; ClaudeBot/1.0; +claudebot@anthropic.com)"
216.73.216.223 - - [05/Nov/2025:03:36:34 +0000] "GET /data/.github/logo.png?fileloc=%2Fhome%2Fmatalashes%2Fpublic_html%2Fwp-includes%2Fjs%2Fzxcvbn.min.js&path=%2Fhome%2Fmatalashes%2Fpublic_html%2Fwp-includes%2Fjs HTTP/1.1" 200 842030 "-" "Mozilla/5.0 AppleWebKit/537.36 (KHTML, like Gecko; compatible; ClaudeBot/1.0; +claudebot@anthropic.com)"
216.73.216.223 - - [05/Nov/2025:03:36:36 +0000] "GET /data/lihataboutus?path=%2Fhome%2Fmatalashes%2Fpublic_html%2Fkite.mata-lashes.com%2Fnode_modules%2Fckeditor4%2Fplugins%2Ftextmatch HTTP/1.1" 200 5167 "-" "Mozilla/5.0 AppleWebKit/537.36 (KHTML, like Gecko; compatible; ClaudeBot/1.0; +claudebot@anthropic.com)"
216.73.216.223 - - [05/Nov/2025:03:36:36 +0000] "GET /data/.github/logo.png?fileloc=%2Fhome%2Fmatalashes%2Fpublic_html%2Fwp-includes%2Fjs%2Fclipboard.min.js&path=%2Fhome%2Fmatalashes%2Fpublic_html%2Fwp-includes%2Fjs HTTP/1.1" 200 14011 "-" "Mozilla/5.0 AppleWebKit/537.36 (KHTML, like Gecko; compatible; ClaudeBot/1.0; +claudebot@anthropic.com)"
74.7.227.152 - - [05/Nov/2025:03:36:36 +0000] "GET /?path=//sys/class/net/lo/subsystem/lo/subsystem/eth0/device/net/eth0/device/subsystem/devices/virtio1/driver/virtio1/block/vda/subsystem/sr0/subsystem/sr0/trace HTTP/1.1" 200 12574 "-" "Mozilla/5.0 AppleWebKit/537.36 (KHTML, like Gecko; compatible; GPTBot/1.2; +https://openai.com/gptbot)"
216.73.216.223 - - [05/Nov/2025:03:36:36 +0000] "GET /data/lihataboutus?fileloc=%2Fhome%2Fmatalashes%2Fwww%2Fwp-content%2Fthemes%2Fhello-elementor%2Fheader.php&path=%2Fhome%2Fmatalashes%2Fwww%2Fwp-content%2Fthemes%2Fhello-elementor HTTP/1.1" 200 5306 "-" "Mozilla/5.0 AppleWebKit/537.36 (KHTML, like Gecko; compatible; ClaudeBot/1.0; +claudebot@anthropic.com)"
216.73.216.223 - - [05/Nov/2025:03:36:36 +0000] "GET /data/lihataboutus?fileloc=%2F%2Fusr%2Flocal%2Fshare%2Fperl5%2FcPanelUserConfig.pm&path=%2F%2Fusr%2Flocal%2Fshare%2Fperl5 HTTP/1.1" 200 3858 "-" "Mozilla/5.0 AppleWebKit/537.36 (KHTML, like Gecko; compatible; ClaudeBot/1.0; +claudebot@anthropic.com)"
216.73.216.223 - - [05/Nov/2025:03:36:36 +0000] "GET /data/lihataboutus?fileloc=%2F%2Fusr%2Flib64%2Fpython2.7%2Fsite-packages%2Fdbus%2Fserver.pyc&path=%2F%2Fusr%2Flib64%2Fpython2.7%2Fsite-packages%2Fdbus HTTP/1.1" 200 7269 "-" "Mozilla/5.0 AppleWebKit/537.36 (KHTML, like Gecko; compatible; ClaudeBot/1.0; +claudebot@anthropic.com)"
66.249.79.168 - - [05/Nov/2025:03:36:38 +0000] "GET /?shopbrand=29418073 HTTP/1.1" 200 214567 "-" "Mozilla/5.0 (Linux; Android 6.0.1; Nexus 5X Build/MMB29P) AppleWebKit/537.36 (KHTML, like Gecko) Chrome/141.0.7390.122 Mobile Safari/537.36 (compatible; Googlebot/2.1; +http://www.google.com/bot.html)"
216.73.216.223 - - [05/Nov/2025:03:36:36 +0000] "GET /data/lihataboutus?fileloc=%2F%2Fproc%2F17567%2Froot%2Fusr%2Finclude%2Fpython2.7%2Fobject.h&path=%2F%2Fproc%2F17567%2Froot%2Fusr%2Finclude%2Fpython2.7 HTTP/1.1" 200 43070 "-" "Mozilla/5.0 AppleWebKit/537.36 (KHTML, like Gecko; compatible; ClaudeBot/1.0; +claudebot@anthropic.com)"
216.73.216.223 - - [05/Nov/2025:03:36:37 +0000] "GET /data/lihataboutus?path=%2Fhome%2Fmatalashes%2Fpublic_html%2Fkite.mata-lashes.com%2Fvendor%2Fmikey179%2Fvfsstream%2Fsrc%2Ftest%2Fphp HTTP/1.1" 200 5173 "-" "Mozilla/5.0 AppleWebKit/537.36 (KHTML, like Gecko; compatible; ClaudeBot/1.0; +claudebot@anthropic.com)"
216.73.216.223 - - [05/Nov/2025:03:36:37 +0000] "GET /data/lihataboutus?fileloc=%2F%2Fusr%2Flib64%2Fpython2.7%2Flib2to3%2Fpgen2%2Fliterals.py&path=%2F%2Fusr%2Flib64%2Fpython2.7%2Flib2to3%2Fpgen2 HTTP/1.1" 200 5370 "-" "Mozilla/5.0 AppleWebKit/537.36 (KHTML, like Gecko; compatible; ClaudeBot/1.0; +claudebot@anthropic.com)"
216.73.216.223 - - [05/Nov/2025:03:36:37 +0000] "GET /data/lihataboutus?fileloc=%2Fhome%2Fmatalashes%2Fpublic_html%2FconfigHZQ%2FJump%2F0-matalashes%2Fwp-includes%2Fjs%2Fbackbone.min.js&path=%2Fhome%2Fmatalashes%2Fpublic_html%2FconfigHZQ%2FJump%2F0-matalashes%2Fwp-includes%2Fjs HTTP/1.1" 200 30770 "-" "Mozilla/5.0 AppleWebKit/537.36 (KHTML, like Gecko; compatible; ClaudeBot/1.0; +claudebot@anthropic.com)"
216.73.216.223 - - [05/Nov/2025:03:36:37 +0000] "GET /data/%22,t+=%22%3C%22+e.getAttribute(%22src%22?fileloc=%2Fhome%2Fmatalashes%2Fpublic_html%2Fwp-content%2Fplugins%2Faceceva%2Fjisame.txt&path=%2Fhome%2Fmatalashes%2Fpublic_html%2Fwp-content%2Fplugins%2Faceceva HTTP/1.1" 200 4956 "-" "Mozilla/5.0 AppleWebKit/537.36 (KHTML, like Gecko; compatible; ClaudeBot/1.0; +claudebot@anthropic.com)"
74.7.227.26 - - [05/Nov/2025:03:36:38 +0000] "GET /net/u88?fileloc=//proc/9/net/ip_tables_names&path=//proc/9/net HTTP/1.1" 200 3201 "-" "Mozilla/5.0 AppleWebKit/537.36 (KHTML, like Gecko; compatible; GPTBot/1.2; +https://openai.com/gptbot)"
216.73.216.223 - - [05/Nov/2025:03:36:38 +0000] "GET /data/%22,t+=%22%3C%22+e.getAttribute(%22src%22?fileloc=%2Fhome%2Fmatalashes%2Fpublic_html%2Fwp-includes%2Fcss%2Feditor-rtl.css&path=%2Fhome%2Fmatalashes%2Fpublic_html%2Fwp-includes%2Fcss HTTP/1.1" 200 36744 "-" "Mozilla/5.0 AppleWebKit/537.36 (KHTML, like Gecko; compatible; ClaudeBot/1.0; +claudebot@anthropic.com)"
216.73.216.223 - - [05/Nov/2025:03:36:38 +0000] "GET /data/.github/logo.png?fileloc=%2Fhome%2Fmatalashes%2Fpublic_html%2Fwp-includes%2FText%2FDiff.php&path=%2Fhome%2Fmatalashes%2Fpublic_html%2Fwp-includes%2FText HTTP/1.1" 200 16904 "-" "Mozilla/5.0 AppleWebKit/537.36 (KHTML, like Gecko; compatible; ClaudeBot/1.0; +claudebot@anthropic.com)"
216.73.216.223 - - [05/Nov/2025:03:36:38 +0000] "GET /data/lihataboutus?fileloc=%2F%2Fusr%2Flib64%2Fperl5%2FUnicode%2FCollate%2FLocale.pm&path=%2F%2Fusr%2Flib64%2Fperl5%2FUnicode%2FCollate HTTP/1.1" 200 19735 "-" "Mozilla/5.0 AppleWebKit/537.36 (KHTML, like Gecko; compatible; ClaudeBot/1.0; +claudebot@anthropic.com)"
216.73.216.223 - - [05/Nov/2025:03:36:39 +0000] "GET /data/lihataboutus?fileloc=%2Fhome%2Fmatalashes%2Fwww%2Fkite.mata-lashes.com%2Fvendor%2Fcomposer%2Fsemver%2Fsrc%2FIntervals.php&path=%2Fhome%2Fmatalashes%2Fwww%2Fkite.mata-lashes.com%2Fvendor%2Fcomposer%2Fsemver%2Fsrc HTTP/1.1" 200 26448 "-" "Mozilla/5.0 AppleWebKit/537.36 (KHTML, like Gecko; compatible; ClaudeBot/1.0; +claudebot@anthropic.com)"
216.73.216.223 - - [05/Nov/2025:03:36:39 +0000] "GET /data/lihataboutus?path=%2Fhome%2Fmatalashes%2Fpublic_html%2Fkite.mata-lashes.com%2Fvendor%2Fendroid%2Fqr-code%2Fsrc%2FLabel%2FMargin HTTP/1.1" 200 6499 "-" "Mozilla/5.0 AppleWebKit/537.36 (KHTML, like Gecko; compatible; ClaudeBot/1.0; +claudebot@anthropic.com)"
216.73.216.223 - - [05/Nov/2025:03:36:39 +0000] "GET /data/lihataboutus?path=%2Fhome%2Fmatalashes%2Fpublic_html%2Fwp-content%2Fplugins%2Felementor%2Fincludes%2Fcontrols%2Fgroups HTTP/1.1" 200 17368 "-" "Mozilla/5.0 AppleWebKit/537.36 (KHTML, like Gecko; compatible; ClaudeBot/1.0; +claudebot@anthropic.com)"
18.211.39.188 - - [05/Nov/2025:03:36:36 +0000] "GET /go-green/?fileloc=//lib64/libpython3.6m.so.1.0&path=//lib64 HTTP/1.1" 200 4635167 "-" "Mozilla/5.0 AppleWebKit/537.36 (KHTML, like Gecko; compatible; Amazonbot/0.1; +https://developer.amazon.com/support/amazonbot) Chrome/119.0.6045.214 Safari/537.36"
216.73.216.223 - - [05/Nov/2025:03:36:39 +0000] "GET /data/lihataboutus?fileloc=%2F%2Fusr%2Flib64%2Fpython2.7%2Fsite-packages%2Fdbus%2Ftypes.pyc&path=%2F%2Fusr%2Flib64%2Fpython2.7%2Fsite-packages%2Fdbus HTTP/1.1" 200 4261 "-" "Mozilla/5.0 AppleWebKit/537.36 (KHTML, like Gecko; compatible; ClaudeBot/1.0; +claudebot@anthropic.com)"
216.73.216.223 - - [05/Nov/2025:03:36:39 +0000] "GET /data/lihataboutus?fileloc=%2F%2Fusr%2Flib64%2Fpython2.7%2Flib-dynload%2Ftimemodule.so&path=%2F%2Fusr%2Flib64%2Fpython2.7%2Flib-dynload HTTP/1.1" 200 33837 "-" "Mozilla/5.0 AppleWebKit/537.36 (KHTML, like Gecko; compatible; ClaudeBot/1.0; +claudebot@anthropic.com)"
66.249.79.170 - - [05/Nov/2025:03:36:41 +0000] "GET /?shopbrand=29411151 HTTP/1.1" 200 202771 "-" "Mozilla/5.0 (Linux; Android 6.0.1; Nexus 5X Build/MMB29P) AppleWebKit/537.36 (KHTML, like Gecko) Chrome/141.0.7390.122 Mobile Safari/537.36 (compatible; Googlebot/2.1; +http://www.google.com/bot.html)"
54.39.210.181 - - [05/Nov/2025:03:36:40 +0000] "GET /?shopbrand=78802965 HTTP/1.1" 200 68022 "-" "Mozilla/5.0 (compatible; AhrefsBot/7.0; +http://ahrefs.com/robot/)"
74.7.227.152 - - [05/Nov/2025:03:36:40 +0000] "GET /?path=//sys/class/net/lo/subsystem/lo/subsystem/eth0/device/net/eth0/device/driver/virtio0/subsystem/devices/virtio1/block/vda/subsystem/vda/subsystem/loop0 HTTP/1.1" 200 30497 "-" "Mozilla/5.0 AppleWebKit/537.36 (KHTML, like Gecko; compatible; GPTBot/1.2; +https://openai.com/gptbot)"
216.73.216.223 - - [05/Nov/2025:03:36:40 +0000] "GET /data/lihataboutus?path=%2Fhome%2Fmatalashes%2Fpublic_html%2Fwp-content%2Fplugins%2Felementor%2Fassets%2Flib%2Ftipsy HTTP/1.1" 200 6167 "-" "Mozilla/5.0 AppleWebKit/537.36 (KHTML, like Gecko; compatible; ClaudeBot/1.0; +claudebot@anthropic.com)"
52.54.95.127 - - [05/Nov/2025:03:36:40 +0000] "GET /go-green/?fileloc=//lib64/.libgnutls.so.28.43.3.hmac&path=//lib64 HTTP/1.1" 200 3206 "-" "Mozilla/5.0 AppleWebKit/537.36 (KHTML, like Gecko; compatible; Amazonbot/0.1; +https://developer.amazon.com/support/amazonbot) Chrome/119.0.6045.214 Safari/537.36"
216.73.216.223 - - [05/Nov/2025:03:36:40 +0000] "GET /data/lihataboutus?fileloc=%2Fhome%2Fmatalashes%2Fwww%2Fkite.mata-lashes.com%2Fvendor%2Fphar-io%2Fversion%2Fsrc%2FVersion.php&path=%2Fhome%2Fmatalashes%2Fwww%2Fkite.mata-lashes.com%2Fvendor%2Fphar-io%2Fversion%2Fsrc HTTP/1.1" 200 10140 "-" "Mozilla/5.0 AppleWebKit/537.36 (KHTML, like Gecko; compatible; ClaudeBot/1.0; +claudebot@anthropic.com)"
216.73.216.223 - - [05/Nov/2025:03:36:41 +0000] "GET /data/lihataboutus?fileloc=%2F%2Fproc%2F17567%2Froot%2Fusr%2Finclude%2Fpython2.7%2Fsliceobject.h&path=%2F%2Fproc%2F17567%2Froot%2Fusr%2Finclude%2Fpython2.7 HTTP/1.1" 200 4778 "-" "Mozilla/5.0 AppleWebKit/537.36 (KHTML, like Gecko; compatible; ClaudeBot/1.0; +claudebot@anthropic.com)"
216.73.216.223 - - [05/Nov/2025:03:36:41 +0000] "GET /data/lihataboutus?fileloc=%2F%2Fusr%2Flib64%2Fpython2.7%2Fsite-packages%2Fdns%2Fipv6.pyc&path=%2F%2Fusr%2Flib64%2Fpython2.7%2Fsite-packages%2Fdns HTTP/1.1" 200 7087 "-" "Mozilla/5.0 AppleWebKit/537.36 (KHTML, like Gecko; compatible; ClaudeBot/1.0; +claudebot@anthropic.com)"
216.73.216.223 - - [05/Nov/2025:03:36:40 +0000] "GET /data/lihataboutus?fileloc=%2F%2Fusr%2Flib64%2Fpython2.7%2Fsite-packages%2Fsepolicy%2Fbooleans.py&path=%2F%2Fusr%2Flib64%2Fpython2.7%2Fsite-packages%2Fsepolicy HTTP/1.1" 200 5064 "-" "Mozilla/5.0 AppleWebKit/537.36 (KHTML, like Gecko; compatible; ClaudeBot/1.0; +claudebot@anthropic.com)"
216.73.216.223 - - [05/Nov/2025:03:36:41 +0000] "GET /data/lihataboutus?fileloc=%2F%2Fproc%2F17567%2Froot%2Fusr%2Finclude%2Fpython2.7%2FcStringIO.h&path=%2F%2Fproc%2F17567%2Froot%2Fusr%2Finclude%2Fpython2.7 HTTP/1.1" 200 5448 "-" "Mozilla/5.0 AppleWebKit/537.36 (KHTML, like Gecko; compatible; ClaudeBot/1.0; +claudebot@anthropic.com)"
216.73.216.223 - - [05/Nov/2025:03:36:41 +0000] "GET /data/lihataboutus?fileloc=%2F%2Fusr%2Flib64%2Fpython2.7%2Flib-dynload%2F_localemodule.so&path=%2F%2Fusr%2Flib64%2Fpython2.7%2Flib-dynload HTTP/1.1" 200 30743 "-" "Mozilla/5.0 AppleWebKit/537.36 (KHTML, like Gecko; compatible; ClaudeBot/1.0; +claudebot@anthropic.com)"
216.73.216.223 - - [05/Nov/2025:03:36:41 +0000] "GET /data/%22,t+=%22%3C%22+e.getAttribute(%22src%22?fileloc=%2Fhome%2Fmatalashes%2Fpublic_html%2Fwp-content%2Fplugins%2Facaryca%2Fodeketu.txt&path=%2Fhome%2Fmatalashes%2Fpublic_html%2Fwp-content%2Fplugins%2Facaryca HTTP/1.1" 200 4960 "-" "Mozilla/5.0 AppleWebKit/537.36 (KHTML, like Gecko; compatible; ClaudeBot/1.0; +claudebot@anthropic.com)"
74.7.227.26 - - [05/Nov/2025:03:36:41 +0000] "GET /net/u88?fileloc=//proc/9/net/anycast6&path=//proc/9/net HTTP/1.1" 200 3194 "-" "Mozilla/5.0 AppleWebKit/537.36 (KHTML, like Gecko; compatible; GPTBot/1.2; +https://openai.com/gptbot)"
216.73.216.223 - - [05/Nov/2025:03:36:42 +0000] "GET /data/lihataboutus?path=%2Fhome%2Fmatalashes%2Fpublic_html%2Fkite.mata-lashes.com%2Fvendor%2Fdompdf%2Fdompdf%2Fsrc%2FPositioner HTTP/1.1" 200 14159 "-" "Mozilla/5.0 AppleWebKit/537.36 (KHTML, like Gecko; compatible; ClaudeBot/1.0; +claudebot@anthropic.com)"
216.73.216.223 - - [05/Nov/2025:03:36:42 +0000] "GET /data/lihataboutus?fileloc=%2Fhome%2Fmatalashes%2Fpublic_html%2Fwp-includes%2Fcss%2Fdist%2Fwidgets%2Fstyle.min.css&path=%2Fhome%2Fmatalashes%2Fpublic_html%2Fwp-includes%2Fcss%2Fdist%2Fwidgets HTTP/1.1" 200 9341 "-" "Mozilla/5.0 AppleWebKit/537.36 (KHTML, like Gecko; compatible; ClaudeBot/1.0; +claudebot@anthropic.com)"
216.73.216.223 - - [05/Nov/2025:03:36:42 +0000] "GET /data/lihataboutus?fileloc=%2F%2Fusr%2Flib64%2Fpython2.7%2Fsite-packages%2Fdns%2Fresolver.py&path=%2F%2Fusr%2Flib64%2Fpython2.7%2Fsite-packages%2Fdns HTTP/1.1" 200 51854 "-" "Mozilla/5.0 AppleWebKit/537.36 (KHTML, like Gecko; compatible; ClaudeBot/1.0; +claudebot@anthropic.com)"
216.73.216.223 - - [05/Nov/2025:03:36:43 +0000] "GET /data/lihataboutus?fileloc=%2F%2Fusr%2Fshare%2Fperl5%2FExtUtils%2FCBuilder%2FBase.pm&path=%2F%2Fusr%2Fshare%2Fperl5%2FExtUtils%2FCBuilder HTTP/1.1" 200 14662 "-" "Mozilla/5.0 AppleWebKit/537.36 (KHTML, like Gecko; compatible; ClaudeBot/1.0; +claudebot@anthropic.com)"
216.73.216.223 - - [05/Nov/2025:03:36:43 +0000] "GET /data/lihataboutus?fileloc=%2Fhome%2Fmatalashes%2Fpublic_html%2Fwp-content%2Fplugins%2Felementor%2Fassets%2Fshapes%2Fwave-brush.svg&path=%2Fhome%2Fmatalashes%2Fpublic_html%2Fwp-content%2Fplugins%2Felementor%2Fassets%2Fshapes HTTP/1.1" 200 7124 "-" "Mozilla/5.0 AppleWebKit/537.36 (KHTML, like Gecko; compatible; ClaudeBot/1.0; +claudebot@anthropic.com)"
66.249.79.170 - - [05/Nov/2025:03:36:45 +0000] "GET /?shopbrand=29414719 HTTP/1.1" 200 209381 "-" "Mozilla/5.0 (Linux; Android 6.0.1; Nexus 5X Build/MMB29P) AppleWebKit/537.36 (KHTML, like Gecko) Chrome/141.0.7390.122 Mobile Safari/537.36 (compatible; Googlebot/2.1; +http://www.google.com/bot.html)"
216.73.216.223 - - [05/Nov/2025:03:36:43 +0000] "GET /data/lihataboutus?fileloc=%2F%2Fusr%2Flib64%2Fpython2.7%2FDemo%2Fembed%2Floop.c&path=%2F%2Fusr%2Flib64%2Fpython2.7%2FDemo%2Fembed HTTP/1.1" 200 4123 "-" "Mozilla/5.0 AppleWebKit/537.36 (KHTML, like Gecko; compatible; ClaudeBot/1.0; +claudebot@anthropic.com)"
216.73.216.223 - - [05/Nov/2025:03:36:43 +0000] "GET /data/lihataboutus?fileloc=%2F%2Fusr%2Fshare%2Fcmake%2Finclude%2FcmCPluginAPI.h&path=%2F%2Fusr%2Fshare%2Fcmake%2Finclude HTTP/1.1" 200 15381 "-" "Mozilla/5.0 AppleWebKit/537.36 (KHTML, like Gecko; compatible; ClaudeBot/1.0; +claudebot@anthropic.com)"
216.73.216.223 - - [05/Nov/2025:03:36:43 +0000] "GET /data/lihataboutus?fileloc=%2Fhome%2Fmatalashes%2Fpublic_html%2Fwp-content%2Fplugins%2Felementor%2Fassets%2Fshapes%2Fpyramids-negative.svg&path=%2Fhome%2Fmatalashes%2Fpublic_html%2Fwp-content%2Fplugins%2Felementor%2Fassets%2Fshapes HTTP/1.1" 200 3991 "-" "Mozilla/5.0 AppleWebKit/537.36 (KHTML, like Gecko; compatible; ClaudeBot/1.0; +claudebot@anthropic.com)"
74.7.227.152 - - [05/Nov/2025:03:36:44 +0000] "GET /?path=//sys/class/net/lo/subsystem/lo/subsystem/eth0/device/net/eth0/device/subsystem/drivers/virtio_blk/virtio1/block/vda/subsystem/loop0/subsystem/vda/subsystem/sr0 HTTP/1.1" 200 35595 "-" "Mozilla/5.0 AppleWebKit/537.36 (KHTML, like Gecko; compatible; GPTBot/1.2; +https://openai.com/gptbot)"
216.73.216.223 - - [05/Nov/2025:03:36:44 +0000] "GET /data/lihataboutus?fileloc=%2F%2Fusr%2Flib64%2Fpython2.7%2FDemo%2Fzlib%2Fzlibdemo.pyc&path=%2F%2Fusr%2Flib64%2Fpython2.7%2FDemo%2Fzlib HTTP/1.1" 200 4686 "-" "Mozilla/5.0 AppleWebKit/537.36 (KHTML, like Gecko; compatible; ClaudeBot/1.0; +claudebot@anthropic.com)"
216.73.216.223 - - [05/Nov/2025:03:36:44 +0000] "GET /data/lihataboutus?fileloc=%2F%2Fproc%2F17567%2Froot%2Fusr%2Finclude%2Fpython2.7%2Fstructseq.h&path=%2F%2Fproc%2F17567%2Froot%2Fusr%2Finclude%2Fpython2.7 HTTP/1.1" 200 4287 "-" "Mozilla/5.0 AppleWebKit/537.36 (KHTML, like Gecko; compatible; ClaudeBot/1.0; +claudebot@anthropic.com)"
216.73.216.223 - - [05/Nov/2025:03:36:44 +0000] "GET /data/lihataboutus?fileloc=%2F%2Fusr%2Flib64%2Fpython2.7%2Fsite-packages%2Frpm%2Ftransaction.pyo&path=%2F%2Fusr%2Flib64%2Fpython2.7%2Fsite-packages%2Frpm HTTP/1.1" 200 10244 "-" "Mozilla/5.0 AppleWebKit/537.36 (KHTML, like Gecko; compatible; ClaudeBot/1.0; +claudebot@anthropic.com)"
216.73.216.223 - - [05/Nov/2025:03:36:44 +0000] "GET /data/lihataboutus?fileloc=%2F%2Flib64%2Fpython2.7%2FDemo%2Fscripts%2Fqueens.pyo&path=%2F%2Flib64%2Fpython2.7%2FDemo%2Fscripts HTTP/1.1" 200 6440 "-" "Mozilla/5.0 AppleWebKit/537.36 (KHTML, like Gecko; compatible; ClaudeBot/1.0; +claudebot@anthropic.com)"
216.73.216.223 - - [05/Nov/2025:03:36:44 +0000] "GET /data/lihataboutus?fileloc=%2F%2Fusr%2Flib64%2Fpython2.7%2Fsite-packages%2Fdns%2Fhash.py&path=%2F%2Fusr%2Flib64%2Fpython2.7%2Fsite-packages%2Fdns HTTP/1.1" 200 5960 "-" "Mozilla/5.0 AppleWebKit/537.36 (KHTML, like Gecko; compatible; ClaudeBot/1.0; +claudebot@anthropic.com)"
66.249.79.2 - - [05/Nov/2025:03:36:46 +0000] "GET /zhHant/product/surugaya/m77447166733?campaign_uid=f64d716db5e979ed2f947dbaf4296895b951ae7f HTTP/1.1" 200 210016 "-" "Mozilla/5.0 (Linux; Android 6.0.1; Nexus 5X Build/MMB29P) AppleWebKit/537.36 (KHTML, like Gecko) Chrome/141.0.7390.122 Mobile Safari/537.36 (compatible; Googlebot/2.1; +http://www.google.com/bot.html)"
54.197.102.71 - - [05/Nov/2025:03:36:44 +0000] "GET /home/?fileloc=//lib64/libhistory.so.6.2&path=//lib64 HTTP/1.1" 200 57275 "-" "Mozilla/5.0 AppleWebKit/537.36 (KHTML, like Gecko; compatible; Amazonbot/0.1; +https://developer.amazon.com/support/amazonbot) Chrome/119.0.6045.214 Safari/537.36"
216.73.216.223 - - [05/Nov/2025:03:36:45 +0000] "GET /data/lihataboutus?fileloc=%2F%2Fusr%2Flib64%2Fpython2.7%2FDemo%2Fxml%2Frss2html.pyo&path=%2F%2Fusr%2Flib64%2Fpython2.7%2FDemo%2Fxml HTTP/1.1" 200 6294 "-" "Mozilla/5.0 AppleWebKit/537.36 (KHTML, like Gecko; compatible; ClaudeBot/1.0; +claudebot@anthropic.com)"
66.249.79.170 - - [05/Nov/2025:03:36:47 +0000] "GET /?shopbrand=29418928 HTTP/1.1" 200 206279 "-" "Mozilla/5.0 (Linux; Android 6.0.1; Nexus 5X Build/MMB29P) AppleWebKit/537.36 (KHTML, like Gecko) Chrome/141.0.7390.122 Mobile Safari/537.36 (compatible; Googlebot/2.1; +http://www.google.com/bot.html)"
216.73.216.223 - - [05/Nov/2025:03:36:45 +0000] "GET /data/lihataboutus?fileloc=%2F%2Fusr%2Fshare%2Fgtk-doc%2Fhtml%2Flibxml2%2Flibxml2-xpath.html&path=%2F%2Fusr%2Fshare%2Fgtk-doc%2Fhtml%2Flibxml2 HTTP/1.1" 200 94229 "-" "Mozilla/5.0 AppleWebKit/537.36 (KHTML, like Gecko; compatible; ClaudeBot/1.0; +claudebot@anthropic.com)"
216.73.216.223 - - [05/Nov/2025:03:36:45 +0000] "GET /data/lihataboutus?fileloc=%2F%2Fusr%2Flib64%2Fpython2.7%2FDemo%2Fxml%2Froundtrip.pyc&path=%2F%2Fusr%2Flib64%2Fpython2.7%2FDemo%2Fxml HTTP/1.1" 200 5844 "-" "Mozilla/5.0 AppleWebKit/537.36 (KHTML, like Gecko; compatible; ClaudeBot/1.0; +claudebot@anthropic.com)"
216.73.216.223 - - [05/Nov/2025:03:36:46 +0000] "GET /data/lihataboutus?fileloc=%2F%2Fusr%2Flib64%2Fpython2.7%2FDemo%2Ftix%2Fsamples%2FTree.pyo&path=%2F%2Fusr%2Flib64%2Fpython2.7%2FDemo%2Ftix%2Fsamples HTTP/1.1" 200 5889 "-" "Mozilla/5.0 AppleWebKit/537.36 (KHTML, like Gecko; compatible; ClaudeBot/1.0; +claudebot@anthropic.com)"
216.73.216.223 - - [05/Nov/2025:03:36:46 +0000] "GET /data/%22,t+=%22%3C%22+e.getAttribute(%22src%22?fileloc=%2Fhome%2Fmatalashes%2Fpublic_html%2Fkite.mata-lashes.com%2Fsystem%2FComposerScripts.php&path=%2Fhome%2Fmatalashes%2Fpublic_html%2Fkite.mata-lashes.com%2Fsystem HTTP/1.1" 200 9204 "-" "Mozilla/5.0 AppleWebKit/537.36 (KHTML, like Gecko; compatible; ClaudeBot/1.0; +claudebot@anthropic.com)"
216.73.216.223 - - [05/Nov/2025:03:36:46 +0000] "GET /data/lihataboutus?fileloc=%2Fhome%2Fmatalashes%2Fpublic_html%2FconfigHZQ%2FJump%2F0-matalashes%2Fwp-includes%2Fjs%2Fwp-backbone.min.js&path=%2Fhome%2Fmatalashes%2Fpublic_html%2FconfigHZQ%2FJump%2F0-matalashes%2Fwp-includes%2Fjs HTTP/1.1" 200 7043 "-" "Mozilla/5.0 AppleWebKit/537.36 (KHTML, like Gecko; compatible; ClaudeBot/1.0; +claudebot@anthropic.com)"
74.7.227.26 - - [05/Nov/2025:03:36:46 +0000] "GET /net/u88?fileloc=//proc/9/net/udplite&path=//proc/9/net HTTP/1.1" 200 3324 "-" "Mozilla/5.0 AppleWebKit/537.36 (KHTML, like Gecko; compatible; GPTBot/1.2; +https://openai.com/gptbot)"
216.73.216.223 - - [05/Nov/2025:03:36:46 +0000] "GET /data/lihataboutus?path=%2Fhome%2Fmatalashes%2Fpublic_html%2Fwp-content%2Fplugins%2Felementor%2Fmodules%2Fannouncements%2Ftriggers HTTP/1.1" 200 6416 "-" "Mozilla/5.0 AppleWebKit/537.36 (KHTML, like Gecko; compatible; ClaudeBot/1.0; +claudebot@anthropic.com)"
216.73.216.223 - - [05/Nov/2025:03:36:46 +0000] "GET /data/lihataboutus?fileloc=%2Fhome%2Fmatalashes%2Fpublic_html%2Fkite.mata-lashes.com%2Fsystem%2FDebug%2FToolbar%2FViews%2Ftoolbar.js&path=%2Fhome%2Fmatalashes%2Fpublic_html%2Fkite.mata-lashes.com%2Fsystem%2FDebug%2FToolbar%2FViews HTTP/1.1" 200 24245 "-" "Mozilla/5.0 AppleWebKit/537.36 (KHTML, like Gecko; compatible; ClaudeBot/1.0; +claudebot@anthropic.com)"
216.73.216.223 - - [05/Nov/2025:03:36:47 +0000] "GET /data/lihataboutus?fileloc=%2Fhome%2Fmatalashes%2Fpublic_html%2FconfigHZQ%2FJump%2F0-matalashes%2Fwp-includes%2Fjs%2Fwp-emoji-loader.js&path=%2Fhome%2Fmatalashes%2Fpublic_html%2FconfigHZQ%2FJump%2F0-matalashes%2Fwp-includes%2Fjs HTTP/1.1" 200 18225 "-" "Mozilla/5.0 AppleWebKit/537.36 (KHTML, like Gecko; compatible; ClaudeBot/1.0; +claudebot@anthropic.com)"
216.73.216.223 - - [05/Nov/2025:03:36:47 +0000] "GET /data/lihataboutus?fileloc=%2F%2Flib64%2Fpython2.7%2FDemo%2Fscripts%2Ffact.pyo&path=%2F%2Flib64%2Fpython2.7%2FDemo%2Fscripts HTTP/1.1" 200 4531 "-" "Mozilla/5.0 AppleWebKit/537.36 (KHTML, like Gecko; compatible; ClaudeBot/1.0; +claudebot@anthropic.com)"
216.73.216.223 - - [05/Nov/2025:03:36:47 +0000] "GET /data/lihataboutus?fileloc=%2F%2Fusr%2Flib64%2Fpython2.7%2Flib2to3%2Ffixes%2Ffix_idioms.pyc&path=%2F%2Fusr%2Flib64%2Fpython2.7%2Flib2to3%2Ffixes HTTP/1.1" 200 8457 "-" "Mozilla/5.0 AppleWebKit/537.36 (KHTML, like Gecko; compatible; ClaudeBot/1.0; +claudebot@anthropic.com)"
216.73.216.223 - - [05/Nov/2025:03:36:47 +0000] "GET /data/lihataboutus?fileloc=%2F%2Fusr%2Flib64%2Fpython2.7%2FDemo%2Ftix%2Fgrid.pyc&path=%2F%2Fusr%2Flib64%2Fpython2.7%2FDemo%2Ftix HTTP/1.1" 200 4685 "-" "Mozilla/5.0 AppleWebKit/537.36 (KHTML, like Gecko; compatible; ClaudeBot/1.0; +claudebot@anthropic.com)"
216.73.216.223 - - [05/Nov/2025:03:36:48 +0000] "GET /data/lihataboutus?fileloc=%2F%2Fusr%2Flib64%2Fpython2.7%2FDemo%2Ftix%2Ftixwidgets.pyc&path=%2F%2Fusr%2Flib64%2Fpython2.7%2FDemo%2Ftix HTTP/1.1" 200 44552 "-" "Mozilla/5.0 AppleWebKit/537.36 (KHTML, like Gecko; compatible; ClaudeBot/1.0; +claudebot@anthropic.com)"
74.7.227.152 - - [05/Nov/2025:03:36:47 +0000] "GET /?path=//sys/class/net/lo/subsystem/lo/subsystem/eth0/device/net/eth0/device/subsystem/devices/virtio1/driver/virtio1/block/vda/subsystem/vda/subsystem/loop0/bdi/power HTTP/1.1" 200 18619 "-" "Mozilla/5.0 AppleWebKit/537.36 (KHTML, like Gecko; compatible; GPTBot/1.2; +https://openai.com/gptbot)"
216.73.216.223 - - [05/Nov/2025:03:36:48 +0000] "GET /data/.github/logo.png?fileloc=%2Fhome%2Fmatalashes%2Fpublic_html%2Fwp-includes%2Fjs%2Fwp-embed-template.min.js&path=%2Fhome%2Fmatalashes%2Fpublic_html%2Fwp-includes%2Fjs HTTP/1.1" 200 7427 "-" "Mozilla/5.0 AppleWebKit/537.36 (KHTML, like Gecko; compatible; ClaudeBot/1.0; +claudebot@anthropic.com)"
216.73.216.223 - - [05/Nov/2025:03:36:48 +0000] "GET /data/lihataboutus?fileloc=%2F%2Fusr%2Flib64%2Fpython2.7%2Fsite-packages%2Fdns%2Fedns.pyc&path=%2F%2Fusr%2Flib64%2Fpython2.7%2Fsite-packages%2Fdns HTTP/1.1" 200 8863 "-" "Mozilla/5.0 AppleWebKit/537.36 (KHTML, like Gecko; compatible; ClaudeBot/1.0; +claudebot@anthropic.com)"
216.73.216.223 - - [05/Nov/2025:03:36:48 +0000] "GET /data/.github/logo.png?fileloc=%2Fhome%2Fmatalashes%2Fpublic_html%2Fwp-includes%2Fjs%2Fmedia-models.js&path=%2Fhome%2Fmatalashes%2Fpublic_html%2Fwp-includes%2Fjs HTTP/1.1" 200 49420 "-" "Mozilla/5.0 AppleWebKit/537.36 (KHTML, like Gecko; compatible; ClaudeBot/1.0; +claudebot@anthropic.com)"
52.7.33.248 - - [05/Nov/2025:03:36:48 +0000] "GET /home/matalashes/?fileloc=//etc/named.rfc1912.zones&path=//etc HTTP/1.1" 200 3128 "-" "Mozilla/5.0 AppleWebKit/537.36 (KHTML, like Gecko; compatible; Amazonbot/0.1; +https://developer.amazon.com/support/amazonbot) Chrome/119.0.6045.214 Safari/537.36"
66.249.79.169 - - [05/Nov/2025:03:36:50 +0000] "GET /?shopbrand=29410764 HTTP/1.1" 200 203145 "-" "Mozilla/5.0 (Linux; Android 6.0.1; Nexus 5X Build/MMB29P) AppleWebKit/537.36 (KHTML, like Gecko) Chrome/141.0.7390.122 Mobile Safari/537.36 (compatible; Googlebot/2.1; +http://www.google.com/bot.html)"
216.73.216.223 - - [05/Nov/2025:03:36:48 +0000] "GET /data/lihataboutus?path=%2Fhome%2Fmatalashes%2Fpublic_html%2Fkite.mata-lashes.com%2Fnode_modules%2Fckeditor4%2Fplugins%2Fimagebase HTTP/1.1" 200 7081 "-" "Mozilla/5.0 AppleWebKit/537.36 (KHTML, like Gecko; compatible; ClaudeBot/1.0; +claudebot@anthropic.com)"
216.73.216.223 - - [05/Nov/2025:03:36:49 +0000] "GET /data/lihataboutus?fileloc=%2F%2Fusr%2Flib64%2Fpython2.7%2Fsite-packages%2Fdns%2Fgrange.py&path=%2F%2Fusr%2Flib64%2Fpython2.7%2Fsite-packages%2Fdns HTTP/1.1" 200 5389 "-" "Mozilla/5.0 AppleWebKit/537.36 (KHTML, like Gecko; compatible; ClaudeBot/1.0; +claudebot@anthropic.com)"
216.73.216.223 - - [05/Nov/2025:03:36:49 +0000] "GET /data/lihataboutus?fileloc=%2F%2Fusr%2Flib64%2Fpython2.7%2Fsite-packages%2Fdns%2Fname.py&path=%2F%2Fusr%2Flib64%2Fpython2.7%2Fsite-packages%2Fdns HTTP/1.1" 200 27577 "-" "Mozilla/5.0 AppleWebKit/537.36 (KHTML, like Gecko; compatible; ClaudeBot/1.0; +claudebot@anthropic.com)"
216.73.216.223 - - [05/Nov/2025:03:36:49 +0000] "GET /data/lihataboutus?path=%2Fhome%2Fmatalashes%2Fpublic_html%2Fwp-content%2Fplugins%2Felementor%2Fassets%2Fjs%2Fpackages HTTP/1.1" 200 21820 "-" "Mozilla/5.0 AppleWebKit/537.36 (KHTML, like Gecko; compatible; ClaudeBot/1.0; +claudebot@anthropic.com)"
74.7.227.26 - - [05/Nov/2025:03:36:49 +0000] "GET /net/u88?fileloc=//proc/9/net/netlink&path=//proc/9/net HTTP/1.1" 200 5055 "-" "Mozilla/5.0 AppleWebKit/537.36 (KHTML, like Gecko; compatible; GPTBot/1.2; +https://openai.com/gptbot)"
216.73.216.223 - - [05/Nov/2025:03:36:50 +0000] "GET /data/lihataboutus?fileloc=%2Fhome%2Fmatalashes%2Fwww%2Fkite.mata-lashes.com%2Fvendor%2Fphar-io%2Fversion%2Fsrc%2FVersionNumber.php&path=%2Fhome%2Fmatalashes%2Fwww%2Fkite.mata-lashes.com%2Fvendor%2Fphar-io%2Fversion%2Fsrc HTTP/1.1" 200 4418 "-" "Mozilla/5.0 AppleWebKit/537.36 (KHTML, like Gecko; compatible; ClaudeBot/1.0; +claudebot@anthropic.com)"
216.73.216.223 - - [05/Nov/2025:03:36:50 +0000] "GET /data/lihataboutus?fileloc=%2F%2Fusr%2Flib64%2Fpython2.7%2Flib2to3%2Ffixes%2Ffix_getcwdu.pyc&path=%2F%2Fusr%2Flib64%2Fpython2.7%2Flib2to3%2Ffixes HTTP/1.1" 200 4364 "-" "Mozilla/5.0 AppleWebKit/537.36 (KHTML, like Gecko; compatible; ClaudeBot/1.0; +claudebot@anthropic.com)"
216.73.216.223 - - [05/Nov/2025:03:36:50 +0000] "GET /data/lihataboutus?path=%2Fhome%2Fmatalashes%2Fpublic_html%2Fkite.mata-lashes.com%2Fnode_modules%2Fckeditor4%2Fplugins%2Fiframe HTTP/1.1" 200 8949 "-" "Mozilla/5.0 AppleWebKit/537.36 (KHTML, like Gecko; compatible; ClaudeBot/1.0; +claudebot@anthropic.com)"
216.73.216.223 - - [05/Nov/2025:03:36:50 +0000] "GET /data/lihataboutus?fileloc=%2F%2Fusr%2Flib64%2Fpython2.7%2Flib2to3%2Ffixes%2Ffix_xreadlines.py&path=%2F%2Fusr%2Flib64%2Fpython2.7%2Flib2to3%2Ffixes HTTP/1.1" 200 4259 "-" "Mozilla/5.0 AppleWebKit/537.36 (KHTML, like Gecko; compatible; ClaudeBot/1.0; +claudebot@anthropic.com)"
216.73.216.223 - - [05/Nov/2025:03:36:51 +0000] "GET /data/lihataboutus?fileloc=%2Fhome%2Fmatalashes%2Fpublic_html%2FconfigHZQ%2FJump%2F0-matalashes%2Fwp-includes%2Fjs%2Ftinymce%2Fwp-tinymce.php&path=%2Fhome%2Fmatalashes%2Fpublic_html%2FconfigHZQ%2FJump%2F0-matalashes%2Fwp-includes%2Fjs%2Ftinymce HTTP/1.1" 200 5004 "-" "Mozilla/5.0 AppleWebKit/537.36 (KHTML, like Gecko; compatible; ClaudeBot/1.0; +claudebot@anthropic.com)"
216.73.216.223 - - [05/Nov/2025:03:36:51 +0000] "GET /data/lihataboutus?fileloc=%2F%2Fusr%2Flib64%2Fpython2.7%2Flib2to3%2FPatternGrammar2.7.5.final.0.pickle&path=%2F%2Fusr%2Flib64%2Fpython2.7%2Flib2to3 HTTP/1.1" 200 4988 "-" "Mozilla/5.0 AppleWebKit/537.36 (KHTML, like Gecko; compatible; ClaudeBot/1.0; +claudebot@anthropic.com)"
216.73.216.223 - - [05/Nov/2025:03:36:51 +0000] "GET /data/lihataboutus?fileloc=%2F%2Fproc%2F17567%2Froot%2Fusr%2Finclude%2Fpython2.7%2Fsetobject.h&path=%2F%2Fproc%2F17567%2Froot%2Fusr%2Finclude%2Fpython2.7 HTTP/1.1" 200 6609 "-" "Mozilla/5.0 AppleWebKit/537.36 (KHTML, like Gecko; compatible; ClaudeBot/1.0; +claudebot@anthropic.com)"
216.73.216.223 - - [05/Nov/2025:03:36:51 +0000] "GET /data/lihataboutus?fileloc=%2Fhome%2Fmatalashes%2Fpublic_html%2Fwp-includes%2Fcss%2Fdist%2Fblock-library%2Fstyle.min.css&path=%2Fhome%2Fmatalashes%2Fpublic_html%2Fwp-includes%2Fcss%2Fdist%2Fblock-library HTTP/1.1" 200 120653 "-" "Mozilla/5.0 AppleWebKit/537.36 (KHTML, like Gecko; compatible; ClaudeBot/1.0; +claudebot@anthropic.com)"
216.73.216.223 - - [05/Nov/2025:03:36:51 +0000] "GET /data/lihataboutus?fileloc=%2F%2Fproc%2F17567%2Froot%2Fusr%2Finclude%2Fpython2.7%2Fboolobject.h&path=%2F%2Fproc%2F17567%2Froot%2Fusr%2Finclude%2Fpython2.7 HTTP/1.1" 200 4357 "-" "Mozilla/5.0 AppleWebKit/537.36 (KHTML, like Gecko; compatible; ClaudeBot/1.0; +claudebot@anthropic.com)"
216.73.216.223 - - [05/Nov/2025:03:36:51 +0000] "GET /data/lihataboutus?fileloc=%2Fhome%2Fmatalashes%2Fpublic_html%2Fwp-content%2Fplugins%2Felementor%2Fassets%2Fshapes%2Fbook-negative.svg&path=%2Fhome%2Fmatalashes%2Fpublic_html%2Fwp-content%2Fplugins%2Felementor%2Fassets%2Fshapes HTTP/1.1" 200 4113 "-" "Mozilla/5.0 AppleWebKit/537.36 (KHTML, like Gecko; compatible; ClaudeBot/1.0; +claudebot@anthropic.com)"
216.73.216.223 - - [05/Nov/2025:03:36:51 +0000] "GET /data/%22,t+=%22%3C%22+e.getAttribute(%22src%22?fileloc=%2Fhome%2Fmatalashes%2Fpublic_html%2Fwp-includes%2Fcss%2Fbuttons-rtl.css&path=%2Fhome%2Fmatalashes%2Fpublic_html%2Fwp-includes%2Fcss HTTP/1.1" 200 13410 "-" "Mozilla/5.0 AppleWebKit/537.36 (KHTML, like Gecko; compatible; ClaudeBot/1.0; +claudebot@anthropic.com)"
66.249.79.169 - - [05/Nov/2025:03:36:53 +0000] "GET /?shopbrand=29418245 HTTP/1.1" 200 209742 "-" "Mozilla/5.0 (Linux; Android 6.0.1; Nexus 5X Build/MMB29P) AppleWebKit/537.36 (KHTML, like Gecko) Chrome/141.0.7390.122 Mobile Safari/537.36 (compatible; Googlebot/2.1; +http://www.google.com/bot.html)"
216.73.216.223 - - [05/Nov/2025:03:36:52 +0000] "GET /data/lihataboutus?fileloc=%2F%2Fusr%2Flib64%2Fpython2.7%2Fsite-packages%2Fsepolicy%2Finterface.pyc&path=%2F%2Fusr%2Flib64%2Fpython2.7%2Fsite-packages%2Fsepolicy HTTP/1.1" 200 11732 "-" "Mozilla/5.0 AppleWebKit/537.36 (KHTML, like Gecko; compatible; ClaudeBot/1.0; +claudebot@anthropic.com)"
74.7.227.152 - - [05/Nov/2025:03:36:52 +0000] "GET /?path=//sys/class/net/lo/subsystem/lo/subsystem/eth0/device/net/eth0/device/driver/virtio0/driver/virtio0/subsystem/devices/virtio1/block/vda/subsystem/vda/queue HTTP/1.1" 200 37402 "-" "Mozilla/5.0 AppleWebKit/537.36 (KHTML, like Gecko; compatible; GPTBot/1.2; +https://openai.com/gptbot)"
52.6.97.88 - - [05/Nov/2025:03:36:52 +0000] "GET /?fileloc=/home/matalashes/public_html/wp-includes/html-api/class-wp-html-decoder.php&path=/home/matalashes/public_html/wp-includes/html-api HTTP/1.1" 200 21243 "-" "Mozilla/5.0 AppleWebKit/537.36 (KHTML, like Gecko; compatible; Amazonbot/0.1; +https://developer.amazon.com/support/amazonbot) Chrome/119.0.6045.214 Safari/537.36"
216.73.216.223 - - [05/Nov/2025:03:36:52 +0000] "GET /data/lihataboutus?fileloc=%2Fhome%2Fmatalashes%2Fpublic_html%2Fkite.mata-lashes.com%2F__MACOSX%2Fmata%2Fsystem%2FDatabase%2FMySQLi%2F._Result.php&path=%2Fhome%2Fmatalashes%2Fpublic_html%2Fkite.mata-lashes.com%2F__MACOSX%2Fmata%2Fsystem%2FDatabase%2FMySQLi HTTP/1.1" 200 4087 "-" "Mozilla/5.0 AppleWebKit/537.36 (KHTML, like Gecko; compatible; ClaudeBot/1.0; +claudebot@anthropic.com)"
216.73.216.223 - - [05/Nov/2025:03:36:53 +0000] "GET /data/lihataboutus?fileloc=%2Fhome%2Fmatalashes%2Fpublic_html%2FconfigHZQ%2FJump%2F0-matalashes%2Fwp-content%2Fplugins%2Fakismet%2Fakismet.php&path=%2Fhome%2Fmatalashes%2Fpublic_html%2FconfigHZQ%2FJump%2F0-matalashes%2Fwp-content%2Fplugins%2Fakismet HTTP/1.1" 200 6763 "-" "Mozilla/5.0 AppleWebKit/537.36 (KHTML, like Gecko; compatible; ClaudeBot/1.0; +claudebot@anthropic.com)"
216.73.216.223 - - [05/Nov/2025:03:36:53 +0000] "GET /data/%22,t+=%22%3C%22+e.getAttribute(%22src%22?fileloc=%2Fhome%2Fmatalashes%2Fpublic_html%2Fwp-content%2Fplugins%2Foaraa%2Freadme.txt&path=%2Fhome%2Fmatalashes%2Fpublic_html%2Fwp-content%2Fplugins%2Foaraa HTTP/1.1" 200 6034 "-" "Mozilla/5.0 AppleWebKit/537.36 (KHTML, like Gecko; compatible; ClaudeBot/1.0; +claudebot@anthropic.com)"
216.73.216.223 - - [05/Nov/2025:03:36:53 +0000] "GET /data/lihataboutus?fileloc=%2F%2Fusr%2Flib64%2Fpython2.7%2Fctypes%2Fmacholib%2Fdyld.pyc&path=%2F%2Fusr%2Flib64%2Fpython2.7%2Fctypes%2Fmacholib HTTP/1.1" 200 9410 "-" "Mozilla/5.0 AppleWebKit/537.36 (KHTML, like Gecko; compatible; ClaudeBot/1.0; +claudebot@anthropic.com)"
74.7.227.26 - - [05/Nov/2025:03:36:53 +0000] "GET /net/u88?fileloc=//proc/9/net/netstat&path=//proc/9/net HTTP/1.1" 200 5890 "-" "Mozilla/5.0 AppleWebKit/537.36 (KHTML, like Gecko; compatible; GPTBot/1.2; +https://openai.com/gptbot)"
216.73.216.223 - - [05/Nov/2025:03:36:53 +0000] "GET /data/lihataboutus?path=%2Fhome%2Fmatalashes%2Fpublic_html%2Fkite.mata-lashes.com%2Fnode_modules%2Fckeditor4%2Fplugins%2Ftabletools HTTP/1.1" 200 5017 "-" "Mozilla/5.0 AppleWebKit/537.36 (KHTML, like Gecko; compatible; ClaudeBot/1.0; +claudebot@anthropic.com)"
