216.73.216.223 - - [05/Nov/2025:03:28:26 +0000] "GET /beste-klarna-on-line-casinos-2025-im-casino-mit-klarna-bezahlen?path=%2Fhome%2Fmatalashes%2Fpublic_html%2Fwp-admin%2FconfigZXN%2FJump%2F0-matalashes%2Fwp-content%2Fuploads%2F2025%2F11 HTTP/1.1" 200 4301 "-" "Mozilla/5.0 AppleWebKit/537.36 (KHTML, like Gecko; compatible; ClaudeBot/1.0; +claudebot@anthropic.com)"
216.73.216.223 - - [05/Nov/2025:03:28:26 +0000] "GET /beste-klarna-on-line-casinos-2025-im-casino-mit-klarna-bezahlen?fileloc=%2F%2Fusr%2Finclude%2Fbits%2Fhuge_val.h&path=%2F%2Fusr%2Finclude%2Fbits HTTP/1.1" 200 5143 "-" "Mozilla/5.0 AppleWebKit/537.36 (KHTML, like Gecko; compatible; ClaudeBot/1.0; +claudebot@anthropic.com)"
216.73.216.223 - - [05/Nov/2025:03:28:26 +0000] "GET /beste-klarna-on-line-casinos-2025-im-casino-mit-klarna-bezahlen?fileloc=%2Fhome%2Fmatalashes%2Fwww%2Fwp-includes%2Fblocks%2Fpage-list%2Fstyle-rtl.min.css&path=%2Fhome%2Fmatalashes%2Fwww%2Fwp-includes%2Fblocks%2Fpage-list HTTP/1.1" 200 3882 "-" "Mozilla/5.0 AppleWebKit/537.36 (KHTML, like Gecko; compatible; ClaudeBot/1.0; +claudebot@anthropic.com)"
74.7.227.152 - - [05/Nov/2025:03:28:26 +0000] "GET /?path=//sys/class/net/lo/subsystem/lo/subsystem/eth0/device/net/eth0/device/subsystem/drivers/virtio_blk/virtio1/block/vda/subsystem/loop0/subsystem/sr0/subsystem/sr0 HTTP/1.1" 200 35595 "-" "Mozilla/5.0 AppleWebKit/537.36 (KHTML, like Gecko; compatible; GPTBot/1.2; +https://openai.com/gptbot)"
216.73.216.223 - - [05/Nov/2025:03:28:26 +0000] "GET /beste-klarna-on-line-casinos-2025-im-casino-mit-klarna-bezahlen?fileloc=%2Fhome%2Fmatalashes%2Fpublic_html%2Fwp-content%2Fuploads%2F2024%2F01%2FHOME-2-300x104.jpg&path=%2Fhome%2Fmatalashes%2Fpublic_html%2Fwp-content%2Fuploads%2F2024%2F01 HTTP/1.1" 200 20586 "-" "Mozilla/5.0 AppleWebKit/537.36 (KHTML, like Gecko; compatible; ClaudeBot/1.0; +claudebot@anthropic.com)"
74.7.227.26 - - [05/Nov/2025:03:28:27 +0000] "GET /net/u88?fileloc=//proc/8/net/ip6_mr_cache&path=//proc/8/net HTTP/1.1" 200 3301 "-" "Mozilla/5.0 AppleWebKit/537.36 (KHTML, like Gecko; compatible; GPTBot/1.2; +https://openai.com/gptbot)"
216.73.216.223 - - [05/Nov/2025:03:28:27 +0000] "GET /%22,t+=%22%3C%22+e.getAttribute(%22src%22?fileloc=%2F%2Fbin%2Fwsrep_sst_backup&path=%2F%2Fbin HTTP/1.1" 200 6569 "-" "Mozilla/5.0 AppleWebKit/537.36 (KHTML, like Gecko; compatible; ClaudeBot/1.0; +claudebot@anthropic.com)"
54.39.0.6 - - [05/Nov/2025:03:28:27 +0000] "GET /?shopbrand=78830580 HTTP/1.1" 200 68022 "-" "Mozilla/5.0 (compatible; AhrefsBot/7.0; +http://ahrefs.com/robot/)"
216.73.216.223 - - [05/Nov/2025:03:28:27 +0000] "GET /beste-klarna-on-line-casinos-2025-im-casino-mit-klarna-bezahlen?fileloc=%2F%2Fusr%2Fsrc%2Fkernels%2F3.10.0-1160.114.2.el7.x86_64%2Fdrivers%2Fblock%2FKconfig&path=%2F%2Fusr%2Fsrc%2Fkernels%2F3.10.0-1160.114.2.el7.x86_64%2Fdrivers%2Fblock HTTP/1.1" 200 22811 "-" "Mozilla/5.0 AppleWebKit/537.36 (KHTML, like Gecko; compatible; ClaudeBot/1.0; +claudebot@anthropic.com)"
66.249.79.2 - - [05/Nov/2025:03:28:30 +0000] "GET /?shopbrand=192795167 HTTP/1.1" 200 208942 "-" "Mozilla/5.0 (Linux; Android 6.0.1; Nexus 5X Build/MMB29P) AppleWebKit/537.36 (KHTML, like Gecko) Chrome/141.0.7390.122 Mobile Safari/537.36 (compatible; Googlebot/2.1; +http://www.google.com/bot.html)"
216.73.216.223 - - [05/Nov/2025:03:28:28 +0000] "GET /url%20=%3Cwidth%3Ex%3Cheight%3E%20%22optional%20title%22?fileloc=%2F%2Flib64%2Flibcrack.so.2&path=%2F%2Flib64 HTTP/1.1" 200 60041 "-" "Mozilla/5.0 AppleWebKit/537.36 (KHTML, like Gecko; compatible; ClaudeBot/1.0; +claudebot@anthropic.com)"
216.73.216.223 - - [05/Nov/2025:03:28:28 +0000] "GET /%22,t+=%22%3C%22+e.getAttribute(%22src%22?fileloc=%2Fhome%2Fmatalashes%2Fmail%2Fnew%2F1706794427.M777127P30399.server.mata-lashes.com%2CS%3D1895%2CW%3D1936&path=%2Fhome%2Fmatalashes%2Fmail%2Fnew HTTP/1.1" 200 5307 "-" "Mozilla/5.0 AppleWebKit/537.36 (KHTML, like Gecko; compatible; ClaudeBot/1.0; +claudebot@anthropic.com)"
216.73.216.223 - - [05/Nov/2025:03:28:28 +0000] "GET /beste-klarna-on-line-casinos-2025-im-casino-mit-klarna-bezahlen?fileloc=%2F%2Fusr%2Fsrc%2Fkernels%2F3.10.0-1160.119.1.el7.x86_64%2Farch%2Fsh%2FKconfig.cpu&path=%2F%2Fusr%2Fsrc%2Fkernels%2F3.10.0-1160.119.1.el7.x86_64%2Farch%2Fsh HTTP/1.1" 200 6228 "-" "Mozilla/5.0 AppleWebKit/537.36 (KHTML, like Gecko; compatible; ClaudeBot/1.0; +claudebot@anthropic.com)"
216.73.216.223 - - [05/Nov/2025:03:28:28 +0000] "GET /beste-klarna-on-line-casinos-2025-im-casino-mit-klarna-bezahlen?fileloc=%2Fhome%2Fmatalashes%2Fpublic_html%2Fwp-content%2Fuploads%2F2024%2F01%2FHOME-1-300x104.jpg&path=%2Fhome%2Fmatalashes%2Fpublic_html%2Fwp-content%2Fuploads%2F2024%2F01 HTTP/1.1" 200 23891 "-" "Mozilla/5.0 AppleWebKit/537.36 (KHTML, like Gecko; compatible; ClaudeBot/1.0; +claudebot@anthropic.com)"
23.22.105.143 - - [05/Nov/2025:03:28:28 +0000] "GET /home/matalashes/?fileloc=//etc/neighbor_netblocks&path=//etc HTTP/1.1" 200 3127 "-" "Mozilla/5.0 AppleWebKit/537.36 (KHTML, like Gecko; compatible; Amazonbot/0.1; +https://developer.amazon.com/support/amazonbot) Chrome/119.0.6045.214 Safari/537.36"
216.73.216.223 - - [05/Nov/2025:03:28:29 +0000] "GET /beste-klarna-on-line-casinos-2025-im-casino-mit-klarna-bezahlen?fileloc=%2F%2Fusr%2Fsrc%2Fkernels%2F3.10.0-1160.108.1.el7.x86_64%2Finit%2FKconfig&path=%2F%2Fusr%2Fsrc%2Fkernels%2F3.10.0-1160.108.1.el7.x86_64%2Finit HTTP/1.1" 200 67791 "-" "Mozilla/5.0 AppleWebKit/537.36 (KHTML, like Gecko; compatible; ClaudeBot/1.0; +claudebot@anthropic.com)"
216.73.216.223 - - [05/Nov/2025:03:28:28 +0000] "GET /'?fileloc=%2F%2Flib64%2Flibwrap.so.0&path=%2F%2Flib64 HTTP/1.1" 200 61120 "-" "Mozilla/5.0 AppleWebKit/537.36 (KHTML, like Gecko; compatible; ClaudeBot/1.0; +claudebot@anthropic.com)"
216.73.216.223 - - [05/Nov/2025:03:28:29 +0000] "GET /beste-klarna-on-line-casinos-2025-im-casino-mit-klarna-bezahlen?path=%2Fhome%2Fmatalashes%2F.trash%2Fpublic.bak%2Fassets%2Ftheme%2Fadmin%2Fdashboard%2Fjs HTTP/1.1" 200 5047 "-" "Mozilla/5.0 AppleWebKit/537.36 (KHTML, like Gecko; compatible; ClaudeBot/1.0; +claudebot@anthropic.com)"
216.73.216.223 - - [05/Nov/2025:03:28:29 +0000] "GET /beste-klarna-on-line-casinos-2025-im-casino-mit-klarna-bezahlen?fileloc=%2Fhome%2Fmatalashes%2F.trash%2Fapp.bak.13%2FConfig%2FBoot%2Fproduction.php&path=%2Fhome%2Fmatalashes%2F.trash%2Fapp.bak.13%2FConfig%2FBoot HTTP/1.1" 200 4378 "-" "Mozilla/5.0 AppleWebKit/537.36 (KHTML, like Gecko; compatible; ClaudeBot/1.0; +claudebot@anthropic.com)"
216.73.216.223 - - [05/Nov/2025:03:28:30 +0000] "GET /beste-klarna-on-line-casinos-2025-im-casino-mit-klarna-bezahlen?fileloc=%2F%2Fusr%2Fsrc%2Fkernels%2F3.10.0-1160.114.2.el7.x86_64%2Farch%2Fm68k%2FKconfig&path=%2F%2Fusr%2Fsrc%2Fkernels%2F3.10.0-1160.114.2.el7.x86_64%2Farch%2Fm68k HTTP/1.1" 200 5912 "-" "Mozilla/5.0 AppleWebKit/537.36 (KHTML, like Gecko; compatible; ClaudeBot/1.0; +claudebot@anthropic.com)"
216.73.216.223 - - [05/Nov/2025:03:28:30 +0000] "GET /url%20=%3Cwidth%3Ex%3Cheight%3E%20%22optional%20title%22?fileloc=%2F%2Fsbin%2Fcracklib-format&path=%2F%2Fsbin HTTP/1.1" 200 3423 "-" "Mozilla/5.0 AppleWebKit/537.36 (KHTML, like Gecko; compatible; ClaudeBot/1.0; +claudebot@anthropic.com)"
216.73.216.223 - - [05/Nov/2025:03:28:30 +0000] "GET /beste-klarna-on-line-casinos-2025-im-casino-mit-klarna-bezahlen?fileloc=%2F%2Fusr%2Flib%2Frpm%2Fredhat%2Ffind-requires.libtool&path=%2F%2Fusr%2Flib%2Frpm%2Fredhat HTTP/1.1" 200 3599 "-" "Mozilla/5.0 AppleWebKit/537.36 (KHTML, like Gecko; compatible; ClaudeBot/1.0; +claudebot@anthropic.com)"
216.73.216.223 - - [05/Nov/2025:03:28:30 +0000] "GET /'?fileloc=%2F%2Flib64%2FlibGLX.so&path=%2F%2Flib64 HTTP/1.1" 200 115086 "-" "Mozilla/5.0 AppleWebKit/537.36 (KHTML, like Gecko; compatible; ClaudeBot/1.0; +claudebot@anthropic.com)"
216.73.216.223 - - [05/Nov/2025:03:28:30 +0000] "GET /beste-klarna-on-line-casinos-2025-im-casino-mit-klarna-bezahlen?fileloc=%2Fhome%2Fmatalashes%2Fpublic_html%2Fwp-content%2Fuploads%2F2023%2F03%2FHOME-1-150x150.jpg&path=%2Fhome%2Fmatalashes%2Fpublic_html%2Fwp-content%2Fuploads%2F2023%2F03 HTTP/1.1" 200 18001 "-" "Mozilla/5.0 AppleWebKit/537.36 (KHTML, like Gecko; compatible; ClaudeBot/1.0; +claudebot@anthropic.com)"
216.73.216.223 - - [05/Nov/2025:03:28:31 +0000] "GET /%22,t+=%22%3C%22+e.getAttribute(%22src%22?fileloc=%2F%2Fbin%2Fsg_write_same&path=%2F%2Fbin HTTP/1.1" 200 28748 "-" "Mozilla/5.0 AppleWebKit/537.36 (KHTML, like Gecko; compatible; ClaudeBot/1.0; +claudebot@anthropic.com)"
74.7.227.152 - - [05/Nov/2025:03:28:31 +0000] "GET /?fileloc=//sys/class/net/lo/subsystem/lo/subsystem/eth0/device/net/eth0/device/subsystem/devices/virtio1/driver/virtio1/block/vda/subsystem/vda/subsystem/loop0/queue/read_ahead_kb&path=//sys/class/net/lo/subsystem/lo/subsystem/eth0/device/net/eth0/device/subsystem/devices/virtio1/driver/virtio1/block/vda/subsystem/vda/subsystem/loop0/queue HTTP/1.1" 200 5766 "-" "Mozilla/5.0 AppleWebKit/537.36 (KHTML, like Gecko; compatible; GPTBot/1.2; +https://openai.com/gptbot)"
216.73.216.223 - - [05/Nov/2025:03:28:31 +0000] "GET /%22,t+=%22%3C%22+e.getAttribute(%22src%22?fileloc=%2F%2Flib64%2Flibnl-nf-3.so.200.23.0&path=%2F%2Flib64 HTTP/1.1" 200 148415 "-" "Mozilla/5.0 AppleWebKit/537.36 (KHTML, like Gecko; compatible; ClaudeBot/1.0; +claudebot@anthropic.com)"
216.73.216.223 - - [05/Nov/2025:03:28:31 +0000] "GET /url%20=%3Cwidth%3Ex%3Cheight%3E%20%22optional%20title%22?path=%2F%2Fsys%2Fmodule%2Fsysrq HTTP/1.1" 200 5048 "-" "Mozilla/5.0 AppleWebKit/537.36 (KHTML, like Gecko; compatible; ClaudeBot/1.0; +claudebot@anthropic.com)"
216.73.216.223 - - [05/Nov/2025:03:28:31 +0000] "GET /beste-klarna-on-line-casinos-2025-im-casino-mit-klarna-bezahlen?fileloc=%2F%2Fusr%2Fsrc%2Fkernels%2F3.10.0-1160.108.1.el7.x86_64%2Farch%2Fpowerpc%2FKconfig&path=%2F%2Fusr%2Fsrc%2Fkernels%2F3.10.0-1160.108.1.el7.x86_64%2Farch%2Fpowerpc HTTP/1.1" 200 37459 "-" "Mozilla/5.0 AppleWebKit/537.36 (KHTML, like Gecko; compatible; ClaudeBot/1.0; +claudebot@anthropic.com)"
216.73.216.223 - - [05/Nov/2025:03:28:31 +0000] "GET /%22,t+=%22%3C%22+e.getAttribute(%22src%22?fileloc=%2F%2Fbin%2Fdiff3&path=%2F%2Fbin HTTP/1.1" 200 94988 "-" "Mozilla/5.0 AppleWebKit/537.36 (KHTML, like Gecko; compatible; ClaudeBot/1.0; +claudebot@anthropic.com)"
74.7.227.26 - - [05/Nov/2025:03:28:31 +0000] "GET /net/u88?fileloc=//proc/2/net/ip6_mr_cache&path=//proc/2/net HTTP/1.1" 200 3301 "-" "Mozilla/5.0 AppleWebKit/537.36 (KHTML, like Gecko; compatible; GPTBot/1.2; +https://openai.com/gptbot)"
66.249.79.3 - - [05/Nov/2025:03:28:33 +0000] "GET /?shopbrand=176247754 HTTP/1.1" 200 560450 "-" "Mozilla/5.0 (Linux; Android 6.0.1; Nexus 5X Build/MMB29P) AppleWebKit/537.36 (KHTML, like Gecko) Chrome/141.0.7390.122 Mobile Safari/537.36 (compatible; Googlebot/2.1; +http://www.google.com/bot.html)"
216.73.216.223 - - [05/Nov/2025:03:28:32 +0000] "GET /beste-klarna-on-line-casinos-2025-im-casino-mit-klarna-bezahlen?fileloc=%2Fhome%2Fmatalashes%2Fwww%2Fwp-includes%2Fblocks%2Fimage%2Fstyle.css&path=%2Fhome%2Fmatalashes%2Fwww%2Fwp-includes%2Fblocks%2Fimage HTTP/1.1" 200 11391 "-" "Mozilla/5.0 AppleWebKit/537.36 (KHTML, like Gecko; compatible; ClaudeBot/1.0; +claudebot@anthropic.com)"
216.73.216.223 - - [05/Nov/2025:03:28:32 +0000] "GET /beste-klarna-on-line-casinos-2025-im-casino-mit-klarna-bezahlen?fileloc=%2F%2Fusr%2Fshare%2Fsystemtap%2Fruntime%2Fproc_fs_compatibility.h&path=%2F%2Fusr%2Fshare%2Fsystemtap%2Fruntime HTTP/1.1" 200 5726 "-" "Mozilla/5.0 AppleWebKit/537.36 (KHTML, like Gecko; compatible; ClaudeBot/1.0; +claudebot@anthropic.com)"
52.22.64.232 - - [05/Nov/2025:03:28:32 +0000] "GET /go-green/?fileloc=//run/syslogd.pid&path=//run HTTP/1.1" 200 3120 "-" "Mozilla/5.0 AppleWebKit/537.36 (KHTML, like Gecko; compatible; Amazonbot/0.1; +https://developer.amazon.com/support/amazonbot) Chrome/119.0.6045.214 Safari/537.36"
216.73.216.223 - - [05/Nov/2025:03:28:32 +0000] "GET /beste-klarna-on-line-casinos-2025-im-casino-mit-klarna-bezahlen?fileloc=%2F%2Fusr%2Fsrc%2Fkernels%2F3.10.0-1160.114.2.el7.x86_64%2Fdrivers%2Fdax%2FKconfig&path=%2F%2Fusr%2Fsrc%2Fkernels%2F3.10.0-1160.114.2.el7.x86_64%2Fdrivers%2Fdax HTTP/1.1" 200 4514 "-" "Mozilla/5.0 AppleWebKit/537.36 (KHTML, like Gecko; compatible; ClaudeBot/1.0; +claudebot@anthropic.com)"
216.73.216.223 - - [05/Nov/2025:03:28:32 +0000] "GET /%22,t+=%22%3C%22+e.getAttribute(%22src%22?fileloc=%2F%2Flib64%2Flibply.so.2.1.0&path=%2F%2Flib64 HTTP/1.1" 200 144614 "-" "Mozilla/5.0 AppleWebKit/537.36 (KHTML, like Gecko; compatible; ClaudeBot/1.0; +claudebot@anthropic.com)"
216.73.216.223 - - [05/Nov/2025:03:28:33 +0000] "GET /url%20=%3Cwidth%3Ex%3Cheight%3E%20%22optional%20title%22?fileloc=%2F%2Fsbin%2Fupdate-alternatives&path=%2F%2Fsbin HTTP/1.1" 200 43026 "-" "Mozilla/5.0 AppleWebKit/537.36 (KHTML, like Gecko; compatible; ClaudeBot/1.0; +claudebot@anthropic.com)"
216.73.216.223 - - [05/Nov/2025:03:28:32 +0000] "GET /%22,t+=%22%3C%22+e.getAttribute(%22src%22?fileloc=%2F%2Flib64%2FlibGL.so&path=%2F%2Flib64 HTTP/1.1" 200 713707 "-" "Mozilla/5.0 AppleWebKit/537.36 (KHTML, like Gecko; compatible; ClaudeBot/1.0; +claudebot@anthropic.com)"
216.73.216.223 - - [05/Nov/2025:03:28:33 +0000] "GET /beste-klarna-on-line-casinos-2025-im-casino-mit-klarna-bezahlen?fileloc=%2F%2Fusr%2Fshare%2Fdoc%2Fncurses-devel-5.9%2Ftest%2Ffirstlast.c&path=%2F%2Fusr%2Fshare%2Fdoc%2Fncurses-devel-5.9%2Ftest HTTP/1.1" 200 7283 "-" "Mozilla/5.0 AppleWebKit/537.36 (KHTML, like Gecko; compatible; ClaudeBot/1.0; +claudebot@anthropic.com)"
216.73.216.223 - - [05/Nov/2025:03:28:33 +0000] "GET /url%20=%3Cwidth%3Ex%3Cheight%3E%20%22optional%20title%22?fileloc=%2F%2Flib64%2Flibexslt.so.0.8.17&path=%2F%2Flib64 HTTP/1.1" 200 135188 "-" "Mozilla/5.0 AppleWebKit/537.36 (KHTML, like Gecko; compatible; ClaudeBot/1.0; +claudebot@anthropic.com)"
216.73.216.223 - - [05/Nov/2025:03:28:33 +0000] "GET /beste-klarna-on-line-casinos-2025-im-casino-mit-klarna-bezahlen?fileloc=%2Fhome%2Fmatalashes%2Fpublic_html%2Fwp-content%2Fuploads%2F2024%2F01%2F16-Meeting.jpg&path=%2Fhome%2Fmatalashes%2Fpublic_html%2Fwp-content%2Fuploads%2F2024%2F01 HTTP/1.1" 200 67653 "-" "Mozilla/5.0 AppleWebKit/537.36 (KHTML, like Gecko; compatible; ClaudeBot/1.0; +claudebot@anthropic.com)"
216.73.216.223 - - [05/Nov/2025:03:28:34 +0000] "GET /beste-klarna-on-line-casinos-2025-im-casino-mit-klarna-bezahlen?fileloc=%2Fhome%2Fmatalashes%2Fpublic_html%2Fwp-content%2Fuploads%2F2023%2F03%2F6.-Manajer-768x512.jpg&path=%2Fhome%2Fmatalashes%2Fpublic_html%2Fwp-content%2Fuploads%2F2023%2F03 HTTP/1.1" 200 153673 "-" "Mozilla/5.0 AppleWebKit/537.36 (KHTML, like Gecko; compatible; ClaudeBot/1.0; +claudebot@anthropic.com)"
216.73.216.223 - - [05/Nov/2025:03:28:34 +0000] "GET /beste-klarna-on-line-casinos-2025-im-casino-mit-klarna-bezahlen?fileloc=%2F%2Fusr%2Fsrc%2Fkernels%2F3.10.0-1160.114.2.el7.x86_64%2Ffs%2Ff2fs%2FKconfig&path=%2F%2Fusr%2Fsrc%2Fkernels%2F3.10.0-1160.114.2.el7.x86_64%2Ffs%2Ff2fs HTTP/1.1" 200 5389 "-" "Mozilla/5.0 AppleWebKit/537.36 (KHTML, like Gecko; compatible; ClaudeBot/1.0; +claudebot@anthropic.com)"
216.73.216.223 - - [05/Nov/2025:03:28:34 +0000] "GET /beste-klarna-on-line-casinos-2025-im-casino-mit-klarna-bezahlen?fileloc=%2F%2Fusr%2Fsrc%2Fkernels%2F3.10.0-1160.119.1.el7.x86_64%2Fnet%2Fdccp%2FKconfig&path=%2F%2Fusr%2Fsrc%2Fkernels%2F3.10.0-1160.119.1.el7.x86_64%2Fnet%2Fdccp HTTP/1.1" 200 5262 "-" "Mozilla/5.0 AppleWebKit/537.36 (KHTML, like Gecko; compatible; ClaudeBot/1.0; +claudebot@anthropic.com)"
216.73.216.223 - - [05/Nov/2025:03:28:35 +0000] "GET /%22,t+=%22%3C%22+e.getAttribute(%22src%22?fileloc=%2F%2Fbin%2Fnf-queue&path=%2F%2Fbin HTTP/1.1" 200 17459 "-" "Mozilla/5.0 AppleWebKit/537.36 (KHTML, like Gecko; compatible; ClaudeBot/1.0; +claudebot@anthropic.com)"
74.7.227.26 - - [05/Nov/2025:03:28:35 +0000] "GET /net/u88?fileloc=//proc/7/net/rt6_stats&path=//proc/7/net HTTP/1.1" 200 3230 "-" "Mozilla/5.0 AppleWebKit/537.36 (KHTML, like Gecko; compatible; GPTBot/1.2; +https://openai.com/gptbot)"
66.249.79.3 - - [05/Nov/2025:03:28:37 +0000] "GET /?shopbrand=94065741 HTTP/1.1" 200 198004 "-" "Mozilla/5.0 (Linux; Android 6.0.1; Nexus 5X Build/MMB29P) AppleWebKit/537.36 (KHTML, like Gecko) Chrome/141.0.7390.122 Mobile Safari/537.36 (compatible; Googlebot/2.1; +http://www.google.com/bot.html)"
74.7.227.152 - - [05/Nov/2025:03:28:35 +0000] "GET /?path=//sys/class/net/lo/subsystem/lo/subsystem/eth0/device/net/eth0/device/subsystem/drivers/virtio_blk/virtio1/block/vda/subsystem/sr0/subsystem/sr0/device/generic HTTP/1.1" 200 12056 "-" "Mozilla/5.0 AppleWebKit/537.36 (KHTML, like Gecko; compatible; GPTBot/1.2; +https://openai.com/gptbot)"
216.73.216.223 - - [05/Nov/2025:03:28:35 +0000] "GET /beste-klarna-on-line-casinos-2025-im-casino-mit-klarna-bezahlen?fileloc=%2F%2Fusr%2Finclude%2Fbits%2Fwchar.h&path=%2F%2Fusr%2Finclude%2Fbits HTTP/1.1" 200 4360 "-" "Mozilla/5.0 AppleWebKit/537.36 (KHTML, like Gecko; compatible; ClaudeBot/1.0; +claudebot@anthropic.com)"
216.73.216.223 - - [05/Nov/2025:03:28:35 +0000] "GET /'?fileloc=%2F%2Flib64%2Flibnssdbm3.chk&path=%2F%2Flib64 HTTP/1.1" 200 3281 "-" "Mozilla/5.0 AppleWebKit/537.36 (KHTML, like Gecko; compatible; ClaudeBot/1.0; +claudebot@anthropic.com)"
216.73.216.223 - - [05/Nov/2025:03:28:36 +0000] "GET /beste-klarna-on-line-casinos-2025-im-casino-mit-klarna-bezahlen?fileloc=%2Fhome%2Fmatalashes%2F.trash%2Fapp.bak%2FConfig%2FGenerators.php&path=%2Fhome%2Fmatalashes%2F.trash%2Fapp.bak%2FConfig HTTP/1.1" 200 5538 "-" "Mozilla/5.0 AppleWebKit/537.36 (KHTML, like Gecko; compatible; ClaudeBot/1.0; +claudebot@anthropic.com)"
216.73.216.223 - - [05/Nov/2025:03:28:35 +0000] "GET /%22,t+=%22%3C%22+e.getAttribute(%22src%22?fileloc=%2F%2Fsbin%2Fmariadbd&path=%2F%2Fsbin HTTP/1.1" 500 2653 "-" "Mozilla/5.0 AppleWebKit/537.36 (KHTML, like Gecko; compatible; ClaudeBot/1.0; +claudebot@anthropic.com)"
216.73.216.223 - - [05/Nov/2025:03:28:36 +0000] "GET /beste-klarna-on-line-casinos-2025-im-casino-mit-klarna-bezahlen?fileloc=%2F%2Fusr%2Fshare%2Fvim%2Fvim74%2Fprint%2Fascii.ps&path=%2F%2Fusr%2Fshare%2Fvim%2Fvim74%2Fprint HTTP/1.1" 200 4039 "-" "Mozilla/5.0 AppleWebKit/537.36 (KHTML, like Gecko; compatible; ClaudeBot/1.0; +claudebot@anthropic.com)"
216.73.216.223 - - [05/Nov/2025:03:28:35 +0000] "GET /beste-klarna-on-line-casinos-2025-im-casino-mit-klarna-bezahlen?fileloc=%2F%2Fusr%2Fsrc%2Fkernels%2F3.10.0-1160.114.2.el7.x86_64%2Ffs%2Fcramfs%2FKconfig&path=%2F%2Fusr%2Fsrc%2Fkernels%2F3.10.0-1160.114.2.el7.x86_64%2Ffs%2Fcramfs HTTP/1.1" 200 4288 "-" "Mozilla/5.0 AppleWebKit/537.36 (KHTML, like Gecko; compatible; ClaudeBot/1.0; +claudebot@anthropic.com)"
216.73.216.223 - - [05/Nov/2025:03:28:36 +0000] "GET /beste-klarna-on-line-casinos-2025-im-casino-mit-klarna-bezahlen?fileloc=%2Fhome%2Fmatalashes%2Fpublic_html%2Fwp-content%2Fuploads%2F2023%2F02%2F1-1-768x384.jpg&path=%2Fhome%2Fmatalashes%2Fpublic_html%2Fwp-content%2Fuploads%2F2023%2F02 HTTP/1.1" 200 121709 "-" "Mozilla/5.0 AppleWebKit/537.36 (KHTML, like Gecko; compatible; ClaudeBot/1.0; +claudebot@anthropic.com)"
35.169.119.108 - - [05/Nov/2025:03:28:36 +0000] "GET /?fileloc=//etc/nfs.conf&path=//etc HTTP/1.1" 200 4140 "-" "Mozilla/5.0 AppleWebKit/537.36 (KHTML, like Gecko; compatible; Amazonbot/0.1; +https://developer.amazon.com/support/amazonbot) Chrome/119.0.6045.214 Safari/537.36"
216.73.216.223 - - [05/Nov/2025:03:28:35 +0000] "GET /%22,t+=%22%3C%22+e.getAttribute(%22src%22?fileloc=%2F%2Fbin%2Fmysqld_safe_helper&path=%2F%2Fbin HTTP/1.1" 200 4729896 "-" "Mozilla/5.0 AppleWebKit/537.36 (KHTML, like Gecko; compatible; ClaudeBot/1.0; +claudebot@anthropic.com)"
216.73.216.223 - - [05/Nov/2025:03:28:37 +0000] "GET /%22,t+=%22%3C%22+e.getAttribute(%22src%22?path=%2F%2Flib64%2Faspell-0.60 HTTP/1.1" 200 68744 "-" "Mozilla/5.0 AppleWebKit/537.36 (KHTML, like Gecko; compatible; ClaudeBot/1.0; +claudebot@anthropic.com)"
216.73.216.223 - - [05/Nov/2025:03:28:36 +0000] "GET /%22,t+=%22%3C%22+e.getAttribute(%22src%22?fileloc=%2F%2Fbin%2Fgrub2-mkstandalone&path=%2F%2Fbin HTTP/1.1" 200 907125 "-" "Mozilla/5.0 AppleWebKit/537.36 (KHTML, like Gecko; compatible; ClaudeBot/1.0; +claudebot@anthropic.com)"
216.73.216.223 - - [05/Nov/2025:03:28:38 +0000] "GET /beste-klarna-on-line-casinos-2025-im-casino-mit-klarna-bezahlen?fileloc=%2Fhome%2Fmatalashes%2F.trash%2Fapp.bak300125%2FDatabase%2FSeeds%2FPsStoreStaffSeeder.php&path=%2Fhome%2Fmatalashes%2F.trash%2Fapp.bak300125%2FDatabase%2FSeeds HTTP/1.1" 200 5061 "-" "Mozilla/5.0 AppleWebKit/537.36 (KHTML, like Gecko; compatible; ClaudeBot/1.0; +claudebot@anthropic.com)"
216.73.216.223 - - [05/Nov/2025:03:28:38 +0000] "GET /beste-klarna-on-line-casinos-2025-im-casino-mit-klarna-bezahlen?fileloc=%2F%2Fusr%2Fsrc%2Fkernels%2F3.10.0-1160.90.1.el7.x86_64%2Ffs%2Fncpfs%2FKconfig&path=%2F%2Fusr%2Fsrc%2Fkernels%2F3.10.0-1160.90.1.el7.x86_64%2Ffs%2Fncpfs HTTP/1.1" 200 7827 "-" "Mozilla/5.0 AppleWebKit/537.36 (KHTML, like Gecko; compatible; ClaudeBot/1.0; +claudebot@anthropic.com)"
216.73.216.223 - - [05/Nov/2025:03:28:38 +0000] "GET /beste-klarna-on-line-casinos-2025-im-casino-mit-klarna-bezahlen?fileloc=%2F%2Fusr%2Fsrc%2Fkernels%2F3.10.0-1160.119.1.el7.x86_64%2Fnet%2Fsched%2FKconfig&path=%2F%2Fusr%2Fsrc%2Fkernels%2F3.10.0-1160.119.1.el7.x86_64%2Fnet%2Fsched HTTP/1.1" 200 31826 "-" "Mozilla/5.0 AppleWebKit/537.36 (KHTML, like Gecko; compatible; ClaudeBot/1.0; +claudebot@anthropic.com)"
74.7.227.26 - - [05/Nov/2025:03:28:38 +0000] "GET /net/u88?fileloc=//proc/2/net/raw&path=//proc/2/net HTTP/1.1" 200 3307 "-" "Mozilla/5.0 AppleWebKit/537.36 (KHTML, like Gecko; compatible; GPTBot/1.2; +https://openai.com/gptbot)"
216.73.216.223 - - [05/Nov/2025:03:28:38 +0000] "GET /beste-klarna-on-line-casinos-2025-im-casino-mit-klarna-bezahlen?fileloc=%2Fhome%2Fmatalashes%2Fpublic_html%2Fwp-content%2Fuploads%2F2023%2F02%2F2recent-gallery-150x150.jpg&path=%2Fhome%2Fmatalashes%2Fpublic_html%2Fwp-content%2Fuploads%2F2023%2F02 HTTP/1.1" 200 13902 "-" "Mozilla/5.0 AppleWebKit/537.36 (KHTML, like Gecko; compatible; ClaudeBot/1.0; +claudebot@anthropic.com)"
66.249.79.1 - - [05/Nov/2025:03:28:40 +0000] "GET /?shopbrand=176108368 HTTP/1.1" 200 215150 "-" "Mozilla/5.0 (Linux; Android 6.0.1; Nexus 5X Build/MMB29P) AppleWebKit/537.36 (KHTML, like Gecko) Chrome/141.0.7390.122 Mobile Safari/537.36 (compatible; Googlebot/2.1; +http://www.google.com/bot.html)"
216.73.216.223 - - [05/Nov/2025:03:28:38 +0000] "GET /beste-klarna-on-line-casinos-2025-im-casino-mit-klarna-bezahlen?fileloc=%2F%2Fusr%2Finclude%2Fasm-generic%2Fmman.h&path=%2F%2Fusr%2Finclude%2Fasm-generic HTTP/1.1" 200 4263 "-" "Mozilla/5.0 AppleWebKit/537.36 (KHTML, like Gecko; compatible; ClaudeBot/1.0; +claudebot@anthropic.com)"
216.73.216.223 - - [05/Nov/2025:03:28:38 +0000] "GET /url%20=%3Cwidth%3Ex%3Cheight%3E%20%22optional%20title%22?fileloc=%2F%2Fsbin%2Fmodprobe&path=%2F%2Fsbin HTTP/1.1" 200 225751 "-" "Mozilla/5.0 AppleWebKit/537.36 (KHTML, like Gecko; compatible; ClaudeBot/1.0; +claudebot@anthropic.com)"
74.7.227.152 - - [05/Nov/2025:03:28:39 +0000] "GET /?path=//sys/class/net/lo/subsystem/lo/subsystem/eth0/device/net/eth0/device/driver/virtio0/driver/virtio0/subsystem/drivers/virtio_balloon/virtio2/driver/module/notes HTTP/1.1" 200 7181 "-" "Mozilla/5.0 AppleWebKit/537.36 (KHTML, like Gecko; compatible; GPTBot/1.2; +https://openai.com/gptbot)"
216.73.216.223 - - [05/Nov/2025:03:28:38 +0000] "GET /url%20=%3Cwidth%3Ex%3Cheight%3E%20%22optional%20title%22?fileloc=%2F%2Fsbin%2FNetworkManager&path=%2F%2Fsbin HTTP/1.1" 200 4562091 "-" "Mozilla/5.0 AppleWebKit/537.36 (KHTML, like Gecko; compatible; ClaudeBot/1.0; +claudebot@anthropic.com)"
216.73.216.223 - - [05/Nov/2025:03:28:39 +0000] "GET /beste-klarna-on-line-casinos-2025-im-casino-mit-klarna-bezahlen?fileloc=%2F%2Fusr%2Fsrc%2Fkernels%2F3.10.0-1160.90.1.el7.x86_64%2Fnet%2Fdecnet%2FMakefile&path=%2F%2Fusr%2Fsrc%2Fkernels%2F3.10.0-1160.90.1.el7.x86_64%2Fnet%2Fdecnet HTTP/1.1" 200 3770 "-" "Mozilla/5.0 AppleWebKit/537.36 (KHTML, like Gecko; compatible; ClaudeBot/1.0; +claudebot@anthropic.com)"
66.249.79.168 - - [05/Nov/2025:03:28:41 +0000] "GET /OK/o93?pid=761 HTTP/1.1" 200 553090 "-" "Mozilla/5.0 (Linux; Android 6.0.1; Nexus 5X Build/MMB29P) AppleWebKit/537.36 (KHTML, like Gecko) Chrome/141.0.7390.122 Mobile Safari/537.36 (compatible; Googlebot/2.1; +http://www.google.com/bot.html)"
216.73.216.223 - - [05/Nov/2025:03:28:39 +0000] "GET /'?fileloc=%2F%2Flib64%2Flibaprutil-1.so.0.5.2&path=%2F%2Flib64 HTTP/1.1" 200 266356 "-" "Mozilla/5.0 AppleWebKit/537.36 (KHTML, like Gecko; compatible; ClaudeBot/1.0; +claudebot@anthropic.com)"
98.83.72.38 - - [05/Nov/2025:03:28:40 +0000] "GET /about/?fileloc=//etc/named.conf.precpanelinstall&path=//etc HTTP/1.1" 200 3136 "-" "Mozilla/5.0 AppleWebKit/537.36 (KHTML, like Gecko; compatible; Amazonbot/0.1; +https://developer.amazon.com/support/amazonbot) Chrome/119.0.6045.214 Safari/537.36"
66.249.79.3 - - [05/Nov/2025:03:28:42 +0000] "GET /?shopbrand=141739136 HTTP/1.1" 200 197202 "-" "Mozilla/5.0 (Linux; Android 6.0.1; Nexus 5X Build/MMB29P) AppleWebKit/537.36 (KHTML, like Gecko) Chrome/141.0.7390.122 Mobile Safari/537.36 (compatible; Googlebot/2.1; +http://www.google.com/bot.html)"
216.73.216.223 - - [05/Nov/2025:03:28:41 +0000] "GET /beste-klarna-on-line-casinos-2025-im-casino-mit-klarna-bezahlen?fileloc=%2Fhome%2Fmatalashes%2Fpublic_html%2Fwp-content%2Fuploads%2F2023%2F02%2F2-150x150.jpg&path=%2Fhome%2Fmatalashes%2Fpublic_html%2Fwp-content%2Fuploads%2F2023%2F02 HTTP/1.1" 200 12062 "-" "Mozilla/5.0 AppleWebKit/537.36 (KHTML, like Gecko; compatible; ClaudeBot/1.0; +claudebot@anthropic.com)"
216.73.216.223 - - [05/Nov/2025:03:28:40 +0000] "GET /beste-klarna-on-line-casinos-2025-im-casino-mit-klarna-bezahlen?fileloc=%2F%2Fusr%2Fsrc%2Fkernels%2F3.10.0-1160.90.1.el7.x86_64%2Fnet%2Flapb%2FMakefile&path=%2F%2Fusr%2Fsrc%2Fkernels%2F3.10.0-1160.90.1.el7.x86_64%2Fnet%2Flapb HTTP/1.1" 200 3635 "-" "Mozilla/5.0 AppleWebKit/537.36 (KHTML, like Gecko; compatible; ClaudeBot/1.0; +claudebot@anthropic.com)"
216.73.216.223 - - [05/Nov/2025:03:28:39 +0000] "GET /%22,t+=%22%3C%22+e.getAttribute(%22src%22?fileloc=%2F%2Fbin%2Fea-php54&path=%2F%2Fbin HTTP/1.1" 200 5987348 "-" "Mozilla/5.0 AppleWebKit/537.36 (KHTML, like Gecko; compatible; ClaudeBot/1.0; +claudebot@anthropic.com)"
216.73.216.223 - - [05/Nov/2025:03:28:41 +0000] "GET /beste-klarna-on-line-casinos-2025-im-casino-mit-klarna-bezahlen?fileloc=%2Fhome%2Fmatalashes%2Fwww%2Fwp-includes%2Fblocks%2Fgroup%2Fstyle-rtl.css&path=%2Fhome%2Fmatalashes%2Fwww%2Fwp-includes%2Fblocks%2Fgroup HTTP/1.1" 200 3591 "-" "Mozilla/5.0 AppleWebKit/537.36 (KHTML, like Gecko; compatible; ClaudeBot/1.0; +claudebot@anthropic.com)"
216.73.216.223 - - [05/Nov/2025:03:28:41 +0000] "GET /beste-klarna-on-line-casinos-2025-im-casino-mit-klarna-bezahlen?path=%2F%2Fusr%2Fsrc%2Fkernels%2F3.10.0-1160.90.1.el7.x86_64%2Finclude%2Fconfig%2Fasync HTTP/1.1" 200 9476 "-" "Mozilla/5.0 AppleWebKit/537.36 (KHTML, like Gecko; compatible; ClaudeBot/1.0; +claudebot@anthropic.com)"
216.73.216.223 - - [05/Nov/2025:03:28:41 +0000] "GET /beste-klarna-on-line-casinos-2025-im-casino-mit-klarna-bezahlen?fileloc=%2F%2Fusr%2Fsrc%2Fkernels%2F3.10.0-1160.90.1.el7.x86_64%2Ffs%2Fnotify%2FMakefile&path=%2F%2Fusr%2Fsrc%2Fkernels%2F3.10.0-1160.90.1.el7.x86_64%2Ffs%2Fnotify HTTP/1.1" 200 3644 "-" "Mozilla/5.0 AppleWebKit/537.36 (KHTML, like Gecko; compatible; ClaudeBot/1.0; +claudebot@anthropic.com)"
216.73.216.223 - - [05/Nov/2025:03:28:41 +0000] "GET /beste-klarna-on-line-casinos-2025-im-casino-mit-klarna-bezahlen?path=%2Fhome%2Fmatalashes%2Fwww%2Fkite.mata-lashes.com%2Fnode_modules%2Fckeditor4%2Fsamples%2Fold%2Fassets HTTP/1.1" 200 9170 "-" "Mozilla/5.0 AppleWebKit/537.36 (KHTML, like Gecko; compatible; ClaudeBot/1.0; +claudebot@anthropic.com)"
66.249.79.169 - - [05/Nov/2025:03:28:43 +0000] "GET /items/014000917.html?srsltid=AfmBOosehinmQBDKWNMM8zHrHYWlDesIwT7GihGRP2avImASowQi HTTP/1.1" 200 222826 "-" "Mozilla/5.0 (Linux; Android 6.0.1; Nexus 5X Build/MMB29P) AppleWebKit/537.36 (KHTML, like Gecko) Chrome/141.0.7390.122 Mobile Safari/537.36 (compatible; Googlebot/2.1; +http://www.google.com/bot.html)"
74.7.227.26 - - [05/Nov/2025:03:28:42 +0000] "GET /net/u88?fileloc=//proc/6/net/ip6_mr_cache&path=//proc/6/net HTTP/1.1" 200 3301 "-" "Mozilla/5.0 AppleWebKit/537.36 (KHTML, like Gecko; compatible; GPTBot/1.2; +https://openai.com/gptbot)"
216.73.216.223 - - [05/Nov/2025:03:28:42 +0000] "GET /url%20=%3Cwidth%3Ex%3Cheight%3E%20%22optional%20title%22?fileloc=%2F%2Flib64%2Flibgd.so.2&path=%2F%2Flib64 HTTP/1.1" 200 361756 "-" "Mozilla/5.0 AppleWebKit/537.36 (KHTML, like Gecko; compatible; ClaudeBot/1.0; +claudebot@anthropic.com)"
216.73.216.223 - - [05/Nov/2025:03:28:42 +0000] "GET /beste-klarna-on-line-casinos-2025-im-casino-mit-klarna-bezahlen?fileloc=%2F%2Fusr%2Finclude%2Ffreetype2%2Ffreetype%2Fftwinfnt.h&path=%2F%2Fusr%2Finclude%2Ffreetype2%2Ffreetype HTTP/1.1" 200 13861 "-" "Mozilla/5.0 AppleWebKit/537.36 (KHTML, like Gecko; compatible; ClaudeBot/1.0; +claudebot@anthropic.com)"
216.73.216.223 - - [05/Nov/2025:03:28:42 +0000] "GET /url%20=%3Cwidth%3Ex%3Cheight%3E%20%22optional%20title%22?fileloc=%2F%2Flib64%2Flibisccc.so&path=%2F%2Flib64 HTTP/1.1" 200 65573 "-" "Mozilla/5.0 AppleWebKit/537.36 (KHTML, like Gecko; compatible; ClaudeBot/1.0; +claudebot@anthropic.com)"
66.249.79.4 - - [05/Nov/2025:03:28:44 +0000] "GET /?shopbrand=141735106 HTTP/1.1" 200 208123 "-" "Mozilla/5.0 (Linux; Android 6.0.1; Nexus 5X Build/MMB29P) AppleWebKit/537.36 (KHTML, like Gecko) Chrome/141.0.7390.122 Mobile Safari/537.36 (compatible; Googlebot/2.1; +http://www.google.com/bot.html)"
74.7.227.152 - - [05/Nov/2025:03:28:42 +0000] "GET /?path=//sys/class/net/lo/subsystem/lo/subsystem/eth0/device/net/eth0/device/driver/virtio0/driver/virtio0/subsystem/drivers/virtio_balloon/virtio2/driver/module/holders HTTP/1.1" 200 5776 "-" "Mozilla/5.0 AppleWebKit/537.36 (KHTML, like Gecko; compatible; GPTBot/1.2; +https://openai.com/gptbot)"
216.73.216.223 - - [05/Nov/2025:03:28:43 +0000] "GET /beste-klarna-on-line-casinos-2025-im-casino-mit-klarna-bezahlen?fileloc=%2F%2Fusr%2Fshare%2Fghostscript%2FResource%2FInit%2Fgs_cidfm.ps&path=%2F%2Fusr%2Fshare%2Fghostscript%2FResource%2FInit HTTP/1.1" 200 11438 "-" "Mozilla/5.0 AppleWebKit/537.36 (KHTML, like Gecko; compatible; ClaudeBot/1.0; +claudebot@anthropic.com)"
216.73.216.223 - - [05/Nov/2025:03:28:43 +0000] "GET /url%20=%3Cwidth%3Ex%3Cheight%3E%20%22optional%20title%22?fileloc=%2F%2Flib64%2Flibpakchois.so.0&path=%2F%2Flib64 HTTP/1.1" 200 40070 "-" "Mozilla/5.0 AppleWebKit/537.36 (KHTML, like Gecko; compatible; ClaudeBot/1.0; +claudebot@anthropic.com)"
216.73.216.223 - - [05/Nov/2025:03:28:43 +0000] "GET /beste-klarna-on-line-casinos-2025-im-casino-mit-klarna-bezahlen?fileloc=%2F%2Fusr%2Fsrc%2Fkernels%2F3.10.0-1160.90.1.el7.x86_64%2Farch%2Fm68k%2FKconfig.machine&path=%2F%2Fusr%2Fsrc%2Fkernels%2F3.10.0-1160.90.1.el7.x86_64%2Farch%2Fm68k HTTP/1.1" 200 19494 "-" "Mozilla/5.0 AppleWebKit/537.36 (KHTML, like Gecko; compatible; ClaudeBot/1.0; +claudebot@anthropic.com)"
216.73.216.223 - - [05/Nov/2025:03:28:43 +0000] "GET /beste-klarna-on-line-casinos-2025-im-casino-mit-klarna-bezahlen?path=%2Fhome%2Fmatalashes%2Fpublic_html%2Fkite.mata-lashes.com%2Fapp%2FViews%2Ffrontend%2Ftemplate%2Ftemplate2%2Fimg HTTP/1.1" 200 67384 "-" "Mozilla/5.0 AppleWebKit/537.36 (KHTML, like Gecko; compatible; ClaudeBot/1.0; +claudebot@anthropic.com)"
216.73.216.223 - - [05/Nov/2025:03:28:44 +0000] "GET /beste-klarna-on-line-casinos-2025-im-casino-mit-klarna-bezahlen?fileloc=%2F%2Fusr%2Fshare%2Fghostscript%2Flib%2Fbjc610a6.upp&path=%2F%2Fusr%2Fshare%2Fghostscript%2Flib HTTP/1.1" 200 4912 "-" "Mozilla/5.0 AppleWebKit/537.36 (KHTML, like Gecko; compatible; ClaudeBot/1.0; +claudebot@anthropic.com)"
216.73.216.223 - - [05/Nov/2025:03:28:43 +0000] "GET /%22,t+=%22%3C%22+e.getAttribute(%22src%22?fileloc=%2F%2Flib64%2Flibunistring.so.0.1.2&path=%2F%2Flib64 HTTP/1.1" 200 1889967 "-" "Mozilla/5.0 AppleWebKit/537.36 (KHTML, like Gecko; compatible; ClaudeBot/1.0; +claudebot@anthropic.com)"
216.73.216.223 - - [05/Nov/2025:03:28:44 +0000] "GET /%22,t+=%22%3C%22+e.getAttribute(%22src%22?fileloc=%2F%2Flib64%2Flibodbc.so.2&path=%2F%2Flib64 HTTP/1.1" 200 668206 "-" "Mozilla/5.0 AppleWebKit/537.36 (KHTML, like Gecko; compatible; ClaudeBot/1.0; +claudebot@anthropic.com)"
216.73.216.223 - - [05/Nov/2025:03:28:44 +0000] "GET /'?fileloc=%2F%2Flib64%2Flibpoldiff.so.1.3.3&path=%2F%2Flib64 HTTP/1.1" 200 229088 "-" "Mozilla/5.0 AppleWebKit/537.36 (KHTML, like Gecko; compatible; ClaudeBot/1.0; +claudebot@anthropic.com)"
216.73.216.223 - - [05/Nov/2025:03:28:45 +0000] "GET /'?fileloc=%2F%2Flib64%2Flibnettle.so.4.7&path=%2F%2Flib64 HTTP/1.1" 200 328087 "-" "Mozilla/5.0 AppleWebKit/537.36 (KHTML, like Gecko; compatible; ClaudeBot/1.0; +claudebot@anthropic.com)"
34.192.67.98 - - [05/Nov/2025:03:28:44 +0000] "GET /home/matalashes/?fileloc=//bin/mysql_plugin&path=//bin HTTP/1.1" 200 4794918 "-" "Mozilla/5.0 AppleWebKit/537.36 (KHTML, like Gecko; compatible; Amazonbot/0.1; +https://developer.amazon.com/support/amazonbot) Chrome/119.0.6045.214 Safari/537.36"
216.73.216.223 - - [05/Nov/2025:03:28:45 +0000] "GET /beste-klarna-on-line-casinos-2025-im-casino-mit-klarna-bezahlen?fileloc=%2F%2Fusr%2Fsrc%2Fkernels%2F3.10.0-1160.118.1.el7.x86_64%2Ffs%2Foverlayfs%2FKconfig&path=%2F%2Fusr%2Fsrc%2Fkernels%2F3.10.0-1160.118.1.el7.x86_64%2Ffs%2Foverlayfs HTTP/1.1" 200 7885 "-" "Mozilla/5.0 AppleWebKit/537.36 (KHTML, like Gecko; compatible; ClaudeBot/1.0; +claudebot@anthropic.com)"
216.73.216.223 - - [05/Nov/2025:03:28:45 +0000] "GET /beste-klarna-on-line-casinos-2025-im-casino-mit-klarna-bezahlen?path=%2Fhome%2Fmatalashes%2Fpublic_html%2Fkite.mata-lashes.com%2Fsystem%2FTest%2FMock HTTP/1.1" 200 30268 "-" "Mozilla/5.0 AppleWebKit/537.36 (KHTML, like Gecko; compatible; ClaudeBot/1.0; +claudebot@anthropic.com)"
216.73.216.223 - - [05/Nov/2025:03:28:46 +0000] "GET /beste-klarna-on-line-casinos-2025-im-casino-mit-klarna-bezahlen?path=%2F%2Fusr%2Fsrc%2Fcloud-init%2Fcloudinit%2Fdistros%2Fparsers HTTP/1.1" 200 10222 "-" "Mozilla/5.0 AppleWebKit/537.36 (KHTML, like Gecko; compatible; ClaudeBot/1.0; +claudebot@anthropic.com)"
216.73.216.223 - - [05/Nov/2025:03:28:46 +0000] "GET /url%20=%3Cwidth%3Ex%3Cheight%3E%20%22optional%20title%22?fileloc=%2F%2Flib64%2FlibXdamage.so&path=%2F%2Flib64 HTTP/1.1" 200 17452 "-" "Mozilla/5.0 AppleWebKit/537.36 (KHTML, like Gecko; compatible; ClaudeBot/1.0; +claudebot@anthropic.com)"
216.73.216.223 - - [05/Nov/2025:03:28:46 +0000] "GET /beste-klarna-on-line-casinos-2025-im-casino-mit-klarna-bezahlen?fileloc=%2F%2Fusr%2Fshare%2Fvim%2Fvim74%2Fftplugin%2Fxf86conf.vim&path=%2F%2Fusr%2Fshare%2Fvim%2Fvim74%2Fftplugin HTTP/1.1" 200 3821 "-" "Mozilla/5.0 AppleWebKit/537.36 (KHTML, like Gecko; compatible; ClaudeBot/1.0; +claudebot@anthropic.com)"
216.73.216.223 - - [05/Nov/2025:03:28:46 +0000] "GET /beste-klarna-on-line-casinos-2025-im-casino-mit-klarna-bezahlen?fileloc=%2F%2Fusr%2Finclude%2Fbits%2Fpoll2.h&path=%2F%2Fusr%2Finclude%2Fbits HTTP/1.1" 200 6200 "-" "Mozilla/5.0 AppleWebKit/537.36 (KHTML, like Gecko; compatible; ClaudeBot/1.0; +claudebot@anthropic.com)"
66.249.79.2 - - [05/Nov/2025:03:28:48 +0000] "GET /?shopbrand=59320970 HTTP/1.1" 200 211604 "-" "Mozilla/5.0 (Linux; Android 6.0.1; Nexus 5X Build/MMB29P) AppleWebKit/537.36 (KHTML, like Gecko) Chrome/141.0.7390.122 Mobile Safari/537.36 (compatible; Googlebot/2.1; +http://www.google.com/bot.html)"
216.73.216.223 - - [05/Nov/2025:03:28:46 +0000] "GET /beste-klarna-on-line-casinos-2025-im-casino-mit-klarna-bezahlen?fileloc=%2F%2Fusr%2Finclude%2Fbits%2Ftime.h&path=%2F%2Fusr%2Finclude%2Fbits HTTP/1.1" 200 6700 "-" "Mozilla/5.0 AppleWebKit/537.36 (KHTML, like Gecko; compatible; ClaudeBot/1.0; +claudebot@anthropic.com)"
216.73.216.223 - - [05/Nov/2025:03:28:46 +0000] "GET /beste-klarna-on-line-casinos-2025-im-casino-mit-klarna-bezahlen?fileloc=%2F%2Fusr%2Fsrc%2Fkernels%2F3.10.0-1160.114.2.el7.x86_64%2Fnet%2F802%2FKconfig&path=%2F%2Fusr%2Fsrc%2Fkernels%2F3.10.0-1160.114.2.el7.x86_64%2Fnet%2F802 HTTP/1.1" 200 3585 "-" "Mozilla/5.0 AppleWebKit/537.36 (KHTML, like Gecko; compatible; ClaudeBot/1.0; +claudebot@anthropic.com)"
216.73.216.223 - - [05/Nov/2025:03:28:47 +0000] "GET /beste-klarna-on-line-casinos-2025-im-casino-mit-klarna-bezahlen?fileloc=%2F%2Fusr%2Finclude%2Fbind9%2Fdns%2Fkeyvalues.h&path=%2F%2Fusr%2Finclude%2Fbind9%2Fdns HTTP/1.1" 200 7543 "-" "Mozilla/5.0 AppleWebKit/537.36 (KHTML, like Gecko; compatible; ClaudeBot/1.0; +claudebot@anthropic.com)"
74.7.227.152 - - [05/Nov/2025:03:28:47 +0000] "GET /?path=//sys/class/net/lo/subsystem/lo/subsystem/eth0/device/net/eth0/device/driver/virtio0/driver/virtio0/subsystem/drivers/virtio_balloon/virtio2/driver/module/sections HTTP/1.1" 200 30812 "-" "Mozilla/5.0 AppleWebKit/537.36 (KHTML, like Gecko; compatible; GPTBot/1.2; +https://openai.com/gptbot)"
216.73.216.223 - - [05/Nov/2025:03:28:47 +0000] "GET /beste-klarna-on-line-casinos-2025-im-casino-mit-klarna-bezahlen?fileloc=%2Fhome%2Fmatalashes%2Fpublic_html%2Fwp-content%2Fuploads%2F2023%2F03%2FHOME-2-768x267.jpg&path=%2Fhome%2Fmatalashes%2Fpublic_html%2Fwp-content%2Fuploads%2F2023%2F03 HTTP/1.1" 200 70195 "-" "Mozilla/5.0 AppleWebKit/537.36 (KHTML, like Gecko; compatible; ClaudeBot/1.0; +claudebot@anthropic.com)"
66.249.79.1 - - [05/Nov/2025:03:28:49 +0000] "GET /items/092000123.html?srsltid=AfmBOokkyDHPTeMJQUYUgMysAtPzsgvuLjZlMeE0HY625S8VOXJN HTTP/1.1" 200 196259 "-" "Mozilla/5.0 (Linux; Android 6.0.1; Nexus 5X Build/MMB29P) AppleWebKit/537.36 (KHTML, like Gecko) Chrome/141.0.7390.122 Mobile Safari/537.36 (compatible; Googlebot/2.1; +http://www.google.com/bot.html)"
74.7.227.26 - - [05/Nov/2025:03:28:47 +0000] "GET /net/u88?fileloc=//proc/6/net/arp&path=//proc/6/net HTTP/1.1" 200 3422 "-" "Mozilla/5.0 AppleWebKit/537.36 (KHTML, like Gecko; compatible; GPTBot/1.2; +https://openai.com/gptbot)"
216.73.216.223 - - [05/Nov/2025:03:28:47 +0000] "GET /beste-klarna-on-line-casinos-2025-im-casino-mit-klarna-bezahlen?path=%2Fhome%2Fmatalashes%2Fwww%2Fkite.mata-lashes.com%2Fnode_modules%2Fckeditor4%2Fplugins%2Fjustify%2Ficons HTTP/1.1" 200 9572 "-" "Mozilla/5.0 AppleWebKit/537.36 (KHTML, like Gecko; compatible; ClaudeBot/1.0; +claudebot@anthropic.com)"
216.73.216.223 - - [05/Nov/2025:03:28:48 +0000] "GET /beste-klarna-on-line-casinos-2025-im-casino-mit-klarna-bezahlen?fileloc=%2Fhome%2Fmatalashes%2Fpublic_html%2Fwp-content%2Fuploads%2F2023%2F02%2Ficon-mata-continous-150x150.png&path=%2Fhome%2Fmatalashes%2Fpublic_html%2Fwp-content%2Fuploads%2F2023%2F02 HTTP/1.1" 200 27469 "-" "Mozilla/5.0 AppleWebKit/537.36 (KHTML, like Gecko; compatible; ClaudeBot/1.0; +claudebot@anthropic.com)"
66.249.79.1 - - [05/Nov/2025:03:28:50 +0000] "GET /select/v91?pid=11 HTTP/1.1" 200 203154 "-" "Mozilla/5.0 (Linux; Android 6.0.1; Nexus 5X Build/MMB29P) AppleWebKit/537.36 (KHTML, like Gecko) Chrome/141.0.7390.122 Mobile Safari/537.36 (compatible; Googlebot/2.1; +http://www.google.com/bot.html)"
216.73.216.223 - - [05/Nov/2025:03:28:48 +0000] "GET /beste-klarna-on-line-casinos-2025-im-casino-mit-klarna-bezahlen?path=%2Fhome%2Fmatalashes%2Fwww%2Fkite.mata-lashes.com%2Fnode_modules%2Fckeditor4%2Fsamples%2Fold%2Fmentions HTTP/1.1" 200 5210 "-" "Mozilla/5.0 AppleWebKit/537.36 (KHTML, like Gecko; compatible; ClaudeBot/1.0; +claudebot@anthropic.com)"
216.73.216.223 - - [05/Nov/2025:03:28:48 +0000] "GET /%22,t+=%22%3C%22+e.getAttribute(%22src%22?fileloc=%2F%2Flib64%2Flibexslt.so.0.8.17&path=%2F%2Flib64 HTTP/1.1" 200 135188 "-" "Mozilla/5.0 AppleWebKit/537.36 (KHTML, like Gecko; compatible; ClaudeBot/1.0; +claudebot@anthropic.com)"
216.73.216.223 - - [05/Nov/2025:03:28:48 +0000] "GET /beste-klarna-on-line-casinos-2025-im-casino-mit-klarna-bezahlen?fileloc=%2F%2Fusr%2Flib64%2Flibboost-plesk-1.74%2Flibboost_filesystem-plesk.so.1.74.0&path=%2F%2Fusr%2Flib64%2Flibboost-plesk-1.74 HTTP/1.1" 200 182310 "-" "Mozilla/5.0 AppleWebKit/537.36 (KHTML, like Gecko; compatible; ClaudeBot/1.0; +claudebot@anthropic.com)"
44.213.202.136 - - [05/Nov/2025:03:28:48 +0000] "GET /home/matalashes/?fileloc=//sbin/suexec&path=//sbin HTTP/1.1" 200 56886 "-" "Mozilla/5.0 AppleWebKit/537.36 (KHTML, like Gecko; compatible; Amazonbot/0.1; +https://developer.amazon.com/support/amazonbot) Chrome/119.0.6045.214 Safari/537.36"
216.73.216.223 - - [05/Nov/2025:03:28:48 +0000] "GET /beste-klarna-on-line-casinos-2025-im-casino-mit-klarna-bezahlen?fileloc=%2F%2Fusr%2Fsrc%2Fkernels%2F3.10.0-1160.108.1.el7.x86_64%2Ffs%2FKconfig.binfmt&path=%2F%2Fusr%2Fsrc%2Fkernels%2F3.10.0-1160.108.1.el7.x86_64%2Ffs HTTP/1.1" 200 11045 "-" "Mozilla/5.0 AppleWebKit/537.36 (KHTML, like Gecko; compatible; ClaudeBot/1.0; +claudebot@anthropic.com)"
216.73.216.223 - - [05/Nov/2025:03:28:48 +0000] "GET /beste-klarna-on-line-casinos-2025-im-casino-mit-klarna-bezahlen?fileloc=%2F%2Fusr%2Finclude%2Fbits%2Futsname.h&path=%2F%2Fusr%2Finclude%2Fbits HTTP/1.1" 200 4474 "-" "Mozilla/5.0 AppleWebKit/537.36 (KHTML, like Gecko; compatible; ClaudeBot/1.0; +claudebot@anthropic.com)"
216.73.216.223 - - [05/Nov/2025:03:28:49 +0000] "GET /beste-klarna-on-line-casinos-2025-im-casino-mit-klarna-bezahlen?path=%2Fhome%2Fmatalashes%2Fpublic_html%2Fsimulasikite.mata-lashes.com%2F__MACOSX%2Fmata%2Ftests%2F_support%2FImages HTTP/1.1" 200 12082 "-" "Mozilla/5.0 AppleWebKit/537.36 (KHTML, like Gecko; compatible; ClaudeBot/1.0; +claudebot@anthropic.com)"
216.73.216.223 - - [05/Nov/2025:03:28:49 +0000] "GET /'?fileloc=%2F%2Flib64%2Flibtspi.so.1&path=%2F%2Flib64 HTTP/1.1" 200 728500 "-" "Mozilla/5.0 AppleWebKit/537.36 (KHTML, like Gecko; compatible; ClaudeBot/1.0; +claudebot@anthropic.com)"
216.73.216.223 - - [05/Nov/2025:03:28:49 +0000] "GET /url%20=%3Cwidth%3Ex%3Cheight%3E%20%22optional%20title%22?fileloc=%2F%2Flib64%2Flibvpx.so.1&path=%2F%2Flib64 HTTP/1.1" 200 2106125 "-" "Mozilla/5.0 AppleWebKit/537.36 (KHTML, like Gecko; compatible; ClaudeBot/1.0; +claudebot@anthropic.com)"
216.73.216.223 - - [05/Nov/2025:03:28:50 +0000] "GET /beste-klarna-on-line-casinos-2025-im-casino-mit-klarna-bezahlen?fileloc=%2F%2Fusr%2Fsrc%2Fkernels%2F3.10.0-1160.90.1.el7.x86_64%2Ffs%2Fomfs%2FKconfig&path=%2F%2Fusr%2Fsrc%2Fkernels%2F3.10.0-1160.90.1.el7.x86_64%2Ffs%2Fomfs HTTP/1.1" 200 4039 "-" "Mozilla/5.0 AppleWebKit/537.36 (KHTML, like Gecko; compatible; ClaudeBot/1.0; +claudebot@anthropic.com)"
66.249.79.3 - - [05/Nov/2025:03:28:51 +0000] "GET /?shopbrand=188424672 HTTP/1.1" 200 209355 "-" "Mozilla/5.0 (Linux; Android 6.0.1; Nexus 5X Build/MMB29P) AppleWebKit/537.36 (KHTML, like Gecko) Chrome/141.0.7390.122 Mobile Safari/537.36 (compatible; Googlebot/2.1; +http://www.google.com/bot.html)"
216.73.216.223 - - [05/Nov/2025:03:28:50 +0000] "GET /url%20=%3Cwidth%3Ex%3Cheight%3E%20%22optional%20title%22?fileloc=%2F%2Flib64%2Flibt1x.so.5.1.2&path=%2F%2Flib64 HTTP/1.1" 200 30520 "-" "Mozilla/5.0 AppleWebKit/537.36 (KHTML, like Gecko; compatible; ClaudeBot/1.0; +claudebot@anthropic.com)"
216.73.216.223 - - [05/Nov/2025:03:28:50 +0000] "GET /beste-klarna-on-line-casinos-2025-im-casino-mit-klarna-bezahlen?fileloc=%2F%2Fusr%2Flib%2Frpm%2Fredhat%2Ffind-provides.libtool&path=%2F%2Fusr%2Flib%2Frpm%2Fredhat HTTP/1.1" 200 3511 "-" "Mozilla/5.0 AppleWebKit/537.36 (KHTML, like Gecko; compatible; ClaudeBot/1.0; +claudebot@anthropic.com)"
74.7.227.152 - - [05/Nov/2025:03:28:50 +0000] "GET /?path=//sys/class/net/lo/subsystem/lo/subsystem/eth0/device/net/eth0/device/driver/virtio0/driver/virtio0/subsystem/devices/virtio3/driver/module/holders HTTP/1.1" 200 5548 "-" "Mozilla/5.0 AppleWebKit/537.36 (KHTML, like Gecko; compatible; GPTBot/1.2; +https://openai.com/gptbot)"
216.73.216.223 - - [05/Nov/2025:03:28:50 +0000] "GET /beste-klarna-on-line-casinos-2025-im-casino-mit-klarna-bezahlen?fileloc=%2F%2Fusr%2Finclude%2Fbind9%2Fdns%2Ftypes.h&path=%2F%2Fusr%2Finclude%2Fbind9%2Fdns HTTP/1.1" 200 17287 "-" "Mozilla/5.0 AppleWebKit/537.36 (KHTML, like Gecko; compatible; ClaudeBot/1.0; +claudebot@anthropic.com)"
216.73.216.223 - - [05/Nov/2025:03:28:50 +0000] "GET /url%20=%3Cwidth%3Ex%3Cheight%3E%20%22optional%20title%22?path=%2F%2Fvar%2Flock HTTP/1.1" 200 7108 "-" "Mozilla/5.0 AppleWebKit/537.36 (KHTML, like Gecko; compatible; ClaudeBot/1.0; +claudebot@anthropic.com)"
216.73.216.223 - - [05/Nov/2025:03:28:51 +0000] "GET /beste-klarna-on-line-casinos-2025-im-casino-mit-klarna-bezahlen?fileloc=%2F%2Fusr%2Fsrc%2Fkernels%2F3.10.0-1160.119.1.el7.x86_64%2Fdrivers%2Fdma-buf%2FKconfig&path=%2F%2Fusr%2Fsrc%2Fkernels%2F3.10.0-1160.119.1.el7.x86_64%2Fdrivers%2Fdma-buf HTTP/1.1" 200 4985 "-" "Mozilla/5.0 AppleWebKit/537.36 (KHTML, like Gecko; compatible; ClaudeBot/1.0; +claudebot@anthropic.com)"
216.73.216.223 - - [05/Nov/2025:03:28:51 +0000] "GET /beste-klarna-on-line-casinos-2025-im-casino-mit-klarna-bezahlen?fileloc=%2F%2Fusr%2Fshare%2Fdoc%2Fcloud-init%2Fexamples%2Fcloud-config-update-packages.txt&path=%2F%2Fusr%2Fshare%2Fdoc%2Fcloud-init%2Fexamples HTTP/1.1" 200 3465 "-" "Mozilla/5.0 AppleWebKit/537.36 (KHTML, like Gecko; compatible; ClaudeBot/1.0; +claudebot@anthropic.com)"
216.73.216.223 - - [05/Nov/2025:03:28:51 +0000] "GET /beste-klarna-on-line-casinos-2025-im-casino-mit-klarna-bezahlen?fileloc=%2Fhome%2Fmatalashes%2Fpublic_html%2Fwp-content%2Fuploads%2F2024%2F03%2F3.-FLuffy-Lash-3-scaled.jpg&path=%2Fhome%2Fmatalashes%2Fpublic_html%2Fwp-content%2Fuploads%2F2024%2F03 HTTP/1.1" 200 799253 "-" "Mozilla/5.0 AppleWebKit/537.36 (KHTML, like Gecko; compatible; ClaudeBot/1.0; +claudebot@anthropic.com)"
216.73.216.223 - - [05/Nov/2025:03:28:51 +0000] "GET /beste-klarna-on-line-casinos-2025-im-casino-mit-klarna-bezahlen?fileloc=%2F%2Fusr%2Finclude%2Ffreetype2%2Ffreetype%2Fttnameid.h&path=%2F%2Fusr%2Finclude%2Ffreetype2%2Ffreetype HTTP/1.1" 200 64133 "-" "Mozilla/5.0 AppleWebKit/537.36 (KHTML, like Gecko; compatible; ClaudeBot/1.0; +claudebot@anthropic.com)"
66.249.79.3 - - [05/Nov/2025:03:28:53 +0000] "GET /?shopbrand=188414303 HTTP/1.1" 200 213438 "-" "Mozilla/5.0 (Linux; Android 6.0.1; Nexus 5X Build/MMB29P) AppleWebKit/537.36 (KHTML, like Gecko) Chrome/141.0.7390.122 Mobile Safari/537.36 (compatible; Googlebot/2.1; +http://www.google.com/bot.html)"
74.7.227.26 - - [05/Nov/2025:03:28:52 +0000] "GET /net/u88?fileloc=//proc/6/net/tcp&path=//proc/6/net HTTP/1.1" 200 69642 "-" "Mozilla/5.0 AppleWebKit/537.36 (KHTML, like Gecko; compatible; GPTBot/1.2; +https://openai.com/gptbot)"
216.73.216.223 - - [05/Nov/2025:03:28:52 +0000] "GET /beste-klarna-on-line-casinos-2025-im-casino-mit-klarna-bezahlen?path=%2F%2Fusr%2Fsrc%2Fkernels%2F3.10.0-1160.119.1.el7.x86_64%2Finclude%2Fconfig%2Fsensors HTTP/1.1" 200 127303 "-" "Mozilla/5.0 AppleWebKit/537.36 (KHTML, like Gecko; compatible; ClaudeBot/1.0; +claudebot@anthropic.com)"
216.73.216.223 - - [05/Nov/2025:03:28:52 +0000] "GET /url%20=%3Cwidth%3Ex%3Cheight%3E%20%22optional%20title%22?path=%2F%2Fetc%2Fntp HTTP/1.1" 200 5720 "-" "Mozilla/5.0 AppleWebKit/537.36 (KHTML, like Gecko; compatible; ClaudeBot/1.0; +claudebot@anthropic.com)"
54.144.185.255 - - [05/Nov/2025:03:28:52 +0000] "GET /about/?path=/home/matalashes/public_html/kite.mata-lashes.com/system/Debug HTTP/1.1" 200 10623 "-" "Mozilla/5.0 AppleWebKit/537.36 (KHTML, like Gecko; compatible; Amazonbot/0.1; +https://developer.amazon.com/support/amazonbot) Chrome/119.0.6045.214 Safari/537.36"
198.211.102.188 - - [05/Nov/2025:03:28:52 +0000] "GET /data/lihatprodukhumanhairsilanganrintikan?fileloc=/home/matalashes/public_html/robots.txt&path=/home/matalashes/public_html HTTP/1.1" 200 3622 "-" "Mozilla/5.0 (Macintosh; Intel Mac OS X 10_15_7) AppleWebKit/537.36 (KHTML, like Gecko) Chrome/135.0.0.0 Safari/537.36"
216.73.216.223 - - [05/Nov/2025:03:28:52 +0000] "GET /beste-klarna-on-line-casinos-2025-im-casino-mit-klarna-bezahlen?path=%2F%2Fusr%2Fsrc%2Fkernels%2F3.10.0-1160.108.1.el7.x86_64%2Finclude%2Fconfig%2Frandomize HTTP/1.1" 200 6752 "-" "Mozilla/5.0 AppleWebKit/537.36 (KHTML, like Gecko; compatible; ClaudeBot/1.0; +claudebot@anthropic.com)"
216.73.216.223 - - [05/Nov/2025:03:28:53 +0000] "GET /beste-klarna-on-line-casinos-2025-im-casino-mit-klarna-bezahlen?path=%2Fhome%2Fmatalashes%2Fwww%2Fkite.mata-lashes.com%2Fnode_modules%2Fckeditor4%2Fplugins%2Fpreview%2Ficons HTTP/1.1" 200 7284 "-" "Mozilla/5.0 AppleWebKit/537.36 (KHTML, like Gecko; compatible; ClaudeBot/1.0; +claudebot@anthropic.com)"
216.73.216.223 - - [05/Nov/2025:03:28:53 +0000] "GET /beste-klarna-on-line-casinos-2025-im-casino-mit-klarna-bezahlen?path=%2F%2Fusr%2Fsrc%2Fkernels%2F3.10.0-1160.114.2.el7.x86_64%2Finclude%2Fuapi HTTP/1.1" 200 13074 "-" "Mozilla/5.0 AppleWebKit/537.36 (KHTML, like Gecko; compatible; ClaudeBot/1.0; +claudebot@anthropic.com)"
216.73.216.223 - - [05/Nov/2025:03:28:53 +0000] "GET /beste-klarna-on-line-casinos-2025-im-casino-mit-klarna-bezahlen?fileloc=%2F%2Fusr%2Fsrc%2Fkernels%2F3.10.0-1160.108.1.el7.x86_64%2Fnet%2Fvmw_vsock%2FMakefile&path=%2F%2Fusr%2Fsrc%2Fkernels%2F3.10.0-1160.108.1.el7.x86_64%2Fnet%2Fvmw_vsock HTTP/1.1" 200 4170 "-" "Mozilla/5.0 AppleWebKit/537.36 (KHTML, like Gecko; compatible; ClaudeBot/1.0; +claudebot@anthropic.com)"
216.73.216.223 - - [05/Nov/2025:03:28:53 +0000] "GET /url%20=%3Cwidth%3Ex%3Cheight%3E%20%22optional%20title%22?fileloc=%2F%2Fsbin%2Fmariadbd&path=%2F%2Fsbin HTTP/1.1" 500 2653 "-" "Mozilla/5.0 AppleWebKit/537.36 (KHTML, like Gecko; compatible; ClaudeBot/1.0; +claudebot@anthropic.com)"
216.73.216.223 - - [05/Nov/2025:03:28:53 +0000] "GET /beste-klarna-on-line-casinos-2025-im-casino-mit-klarna-bezahlen?fileloc=%2F%2Fusr%2Fsrc%2Fkernels%2F3.10.0-1160.90.1.el7.x86_64%2Ffs%2Fext3%2FMakefile&path=%2F%2Fusr%2Fsrc%2Fkernels%2F3.10.0-1160.90.1.el7.x86_64%2Ffs%2Fext3 HTTP/1.1" 200 3878 "-" "Mozilla/5.0 AppleWebKit/537.36 (KHTML, like Gecko; compatible; ClaudeBot/1.0; +claudebot@anthropic.com)"
216.73.216.223 - - [05/Nov/2025:03:28:54 +0000] "GET /'?fileloc=%2F%2Flib64%2Flibdrm_amdgpu.so&path=%2F%2Flib64 HTTP/1.1" 200 58686 "-" "Mozilla/5.0 AppleWebKit/537.36 (KHTML, like Gecko; compatible; ClaudeBot/1.0; +claudebot@anthropic.com)"
