34.202.88.37 - - [05/Nov/2025:03:29:48 +0000] "GET /home/matalashes/?fileloc=//sbin/ip&path=//sbin HTTP/1.1" 200 715127 "-" "Mozilla/5.0 AppleWebKit/537.36 (KHTML, like Gecko; compatible; Amazonbot/0.1; +https://developer.amazon.com/support/amazonbot) Chrome/119.0.6045.214 Safari/537.36"
216.73.216.223 - - [05/Nov/2025:03:29:48 +0000] "GET /data/lihataboutus?path=%2F%2Fsys%2Fdevices%2Fpci0000%3A00%2F0000%3A00%3A02.4%2Fdriver%2F0000%3A00%3A03.7%2Fpci_bus HTTP/1.1" 200 4704 "-" "Mozilla/5.0 AppleWebKit/537.36 (KHTML, like Gecko; compatible; ClaudeBot/1.0; +claudebot@anthropic.com)"
216.73.216.223 - - [05/Nov/2025:03:29:49 +0000] "GET /data/lihataboutus?path=%2F%2Fsys%2Fdevices%2Fpci0000%3A00%2F0000%3A00%3A02.7%2Fdriver%2F0000%3A00%3A03.4%2Fpci_bus HTTP/1.1" 200 4704 "-" "Mozilla/5.0 AppleWebKit/537.36 (KHTML, like Gecko; compatible; ClaudeBot/1.0; +claudebot@anthropic.com)"
74.7.227.26 - - [05/Nov/2025:03:29:49 +0000] "GET /net/u88?fileloc=//proc/8/net/raw&path=//proc/8/net HTTP/1.1" 200 3307 "-" "Mozilla/5.0 AppleWebKit/537.36 (KHTML, like Gecko; compatible; GPTBot/1.2; +https://openai.com/gptbot)"
216.73.216.223 - - [05/Nov/2025:03:29:49 +0000] "GET /data/lihataboutus?path=%2F%2Fsys%2Fdevices%2Fpci0000%3A00%2F0000%3A00%3A03.7%2Fdriver%2F0000%3A00%3A02.4%2Fpci_bus HTTP/1.1" 200 4704 "-" "Mozilla/5.0 AppleWebKit/537.36 (KHTML, like Gecko; compatible; ClaudeBot/1.0; +claudebot@anthropic.com)"
216.73.216.223 - - [05/Nov/2025:03:29:50 +0000] "GET /data/.github/logo.png?fileloc=%2F%2Fusr%2Flib64%2Flibwayland-server.so.0&path=%2F%2Fusr%2Flib64 HTTP/1.1" 200 111035 "-" "Mozilla/5.0 AppleWebKit/537.36 (KHTML, like Gecko; compatible; ClaudeBot/1.0; +claudebot@anthropic.com)"
216.73.216.223 - - [05/Nov/2025:03:29:50 +0000] "GET /data/lihataboutus?path=%2F%2Fsys%2Fdevices%2Fpci0000%3A00%2F0000%3A00%3A03.0%2Fdriver%2F0000%3A00%3A03.2%2Fpci_bus%2F0000%3A0b HTTP/1.1" 200 10717 "-" "Mozilla/5.0 AppleWebKit/537.36 (KHTML, like Gecko; compatible; ClaudeBot/1.0; +claudebot@anthropic.com)"
216.73.216.223 - - [05/Nov/2025:03:29:50 +0000] "GET /data/lihataboutus?fileloc=%2F%2Fsys%2Fdevices%2Fpci0000%3A00%2F0000%3A00%3A02.0%2F0000%3A00%3A02.0%3Apcie002%2Fdriver%2F0000%3A00%3A02.4%3Apcie002%2Fuevent&path=%2F%2Fsys%2Fdevices%2Fpci0000%3A00%2F0000%3A00%3A02.0%2F0000%3A00%3A02.0%3Apcie002%2Fdriver%2F0000%3A00%3A02.4%3Apcie002 HTTP/1.1" 200 3697 "-" "Mozilla/5.0 AppleWebKit/537.36 (KHTML, like Gecko; compatible; ClaudeBot/1.0; +claudebot@anthropic.com)"
66.249.79.168 - - [05/Nov/2025:03:29:52 +0000] "GET /?shopbrand=93779378 HTTP/1.1" 200 199982 "-" "Mozilla/5.0 (Linux; Android 6.0.1; Nexus 5X Build/MMB29P) AppleWebKit/537.36 (KHTML, like Gecko) Chrome/141.0.7390.122 Mobile Safari/537.36 (compatible; Googlebot/2.1; +http://www.google.com/bot.html)"
216.73.216.223 - - [05/Nov/2025:03:29:50 +0000] "GET /data/lihataboutus?fileloc=%2F%2Fsys%2Fdevices%2Fpci0000%3A00%2F0000%3A00%3A03.1%2Fdriver%2F0000%3A00%3A03.6%2Fenable&path=%2F%2Fsys%2Fdevices%2Fpci0000%3A00%2F0000%3A00%3A03.1%2Fdriver%2F0000%3A00%3A03.6 HTTP/1.1" 200 3501 "-" "Mozilla/5.0 AppleWebKit/537.36 (KHTML, like Gecko; compatible; ClaudeBot/1.0; +claudebot@anthropic.com)"
74.7.227.152 - - [05/Nov/2025:03:29:50 +0000] "GET /?path=//sys/class/net/lo/subsystem/lo/subsystem/eth0/device/net/eth0/device/subsystem/drivers/virtio_blk/virtio1/block/vda/subsystem/vda/subsystem/loop0/subsystem/sr0 HTTP/1.1" 200 35591 "-" "Mozilla/5.0 AppleWebKit/537.36 (KHTML, like Gecko; compatible; GPTBot/1.2; +https://openai.com/gptbot)"
216.73.216.223 - - [05/Nov/2025:03:29:50 +0000] "GET /data/lihataboutus?path=%2F%2Fsys%2Fdevices%2Fpci0000%3A00%2Ffirmware_node%2Fdevice%3A11%2Fsubsystem%2Fdevices%2Fdevice%3A1d%2Fpower HTTP/1.1" 200 13790 "-" "Mozilla/5.0 AppleWebKit/537.36 (KHTML, like Gecko; compatible; ClaudeBot/1.0; +claudebot@anthropic.com)"
216.73.216.223 - - [05/Nov/2025:03:29:50 +0000] "GET /data/lihataboutus?fileloc=%2F%2Fsys%2Fdevices%2Fpci0000%3A00%2F0000%3A00%3A04.0%2Fdriver%2F0000%3A00%3A03.4%2Fbroken_parity_status&path=%2F%2Fsys%2Fdevices%2Fpci0000%3A00%2F0000%3A00%3A04.0%2Fdriver%2F0000%3A00%3A03.4 HTTP/1.1" 200 3515 "-" "Mozilla/5.0 AppleWebKit/537.36 (KHTML, like Gecko; compatible; ClaudeBot/1.0; +claudebot@anthropic.com)"
216.73.216.223 - - [05/Nov/2025:03:29:51 +0000] "GET /data/lihataboutus?fileloc=%2F%2Fsys%2Fbus%2Fpci_express%2Fdrivers%2Fpcie_pme%2F0000%3A00%3A04.0%3Apcie001%2Fsubsystem%2Fdrivers_autoprobe&path=%2F%2Fsys%2Fbus%2Fpci_express%2Fdrivers%2Fpcie_pme%2F0000%3A00%3A04.0%3Apcie001%2Fsubsystem HTTP/1.1" 200 3607 "-" "Mozilla/5.0 AppleWebKit/537.36 (KHTML, like Gecko; compatible; ClaudeBot/1.0; +claudebot@anthropic.com)"
216.73.216.223 - - [05/Nov/2025:03:29:51 +0000] "GET /data/lihataboutus?fileloc=%2F%2Fsys%2Fdevices%2Fpci0000%3A00%2Ffirmware_node%2Fdevice%3A09%2Fsubsystem%2Fdevices%2FPNP0A08%3A00%2Fhid&path=%2F%2Fsys%2Fdevices%2Fpci0000%3A00%2Ffirmware_node%2Fdevice%3A09%2Fsubsystem%2Fdevices%2FPNP0A08%3A00 HTTP/1.1" 200 3735 "-" "Mozilla/5.0 AppleWebKit/537.36 (KHTML, like Gecko; compatible; ClaudeBot/1.0; +claudebot@anthropic.com)"
216.73.216.223 - - [05/Nov/2025:03:29:51 +0000] "GET /data/lihataboutus?path=%2F%2Fsys%2Fclass%2Finput%2Fevent5%2Fdevice%2Fsubsystem%2Fevent0%2Fsubsystem%2Fevent4 HTTP/1.1" 200 8465 "-" "Mozilla/5.0 AppleWebKit/537.36 (KHTML, like Gecko; compatible; ClaudeBot/1.0; +claudebot@anthropic.com)"
216.73.216.223 - - [05/Nov/2025:03:29:52 +0000] "GET /data/lihataboutus?fileloc=%2F%2Fsys%2Fdevices%2Fpci0000%3A00%2F0000%3A00%3A03.7%2Fdriver%2F0000%3A00%3A03.5%2Fcurrent_link_width&path=%2F%2Fsys%2Fdevices%2Fpci0000%3A00%2F0000%3A00%3A03.7%2Fdriver%2F0000%3A00%3A03.5 HTTP/1.1" 200 3514 "-" "Mozilla/5.0 AppleWebKit/537.36 (KHTML, like Gecko; compatible; ClaudeBot/1.0; +claudebot@anthropic.com)"
216.73.216.223 - - [05/Nov/2025:03:29:52 +0000] "GET /data/lihataboutus?path=%2F%2Fsys%2Fclass%2Finput%2Fmouse2%2Fdevice%2Fsubsystem%2Fevent0%2Fsubsystem%2Fevent0 HTTP/1.1" 200 8465 "-" "Mozilla/5.0 AppleWebKit/537.36 (KHTML, like Gecko; compatible; ClaudeBot/1.0; +claudebot@anthropic.com)"
216.73.216.223 - - [05/Nov/2025:03:29:52 +0000] "GET /data/lihataboutus?fileloc=%2F%2Fsys%2Fdevices%2Fpci0000%3A00%2F0000%3A00%3A03.1%2Fdriver%2F0000%3A00%3A02.2%2Fdriver%2F0000%3A00%3A02.3%2Fuevent&path=%2F%2Fsys%2Fdevices%2Fpci0000%3A00%2F0000%3A00%3A03.1%2Fdriver%2F0000%3A00%3A02.2%2Fdriver%2F0000%3A00%3A02.3 HTTP/1.1" 200 3885 "-" "Mozilla/5.0 AppleWebKit/537.36 (KHTML, like Gecko; compatible; ClaudeBot/1.0; +claudebot@anthropic.com)"
54.166.104.83 - - [05/Nov/2025:03:29:52 +0000] "GET /about/?path=/home/matalashes/public_html/wp-content/themes/consultstreet HTTP/1.1" 200 27403 "-" "Mozilla/5.0 AppleWebKit/537.36 (KHTML, like Gecko; compatible; Amazonbot/0.1; +https://developer.amazon.com/support/amazonbot) Chrome/119.0.6045.214 Safari/537.36"
74.7.227.26 - - [05/Nov/2025:03:29:52 +0000] "GET /net/u88?fileloc=//proc/6/net/igmp&path=//proc/6/net HTTP/1.1" 200 3372 "-" "Mozilla/5.0 AppleWebKit/537.36 (KHTML, like Gecko; compatible; GPTBot/1.2; +https://openai.com/gptbot)"
216.73.216.223 - - [05/Nov/2025:03:29:52 +0000] "GET /data/lihataboutus?fileloc=%2F%2Fsys%2Fdevices%2Fpci0000%3A00%2F0000%3A00%3A02.1%2Fdriver%2F0000%3A00%3A03.2%2Fdriver%2F0000%3A00%3A02.3%2Fuevent&path=%2F%2Fsys%2Fdevices%2Fpci0000%3A00%2F0000%3A00%3A02.1%2Fdriver%2F0000%3A00%3A03.2%2Fdriver%2F0000%3A00%3A02.3 HTTP/1.1" 200 3885 "-" "Mozilla/5.0 AppleWebKit/537.36 (KHTML, like Gecko; compatible; ClaudeBot/1.0; +claudebot@anthropic.com)"
216.73.216.223 - - [05/Nov/2025:03:29:52 +0000] "GET /data/lihataboutus?path=%2F%2Fsys%2Fdevices%2Fpci0000%3A00%2F0000%3A00%3A04.0%2Fdriver%2F0000%3A00%3A02.5%2Fdriver%2F0000%3A00%3A03.2%2F0000%3A00%3A03.2%3Apcie002 HTTP/1.1" 200 8081 "-" "Mozilla/5.0 AppleWebKit/537.36 (KHTML, like Gecko; compatible; ClaudeBot/1.0; +claudebot@anthropic.com)"
216.73.216.223 - - [05/Nov/2025:03:29:53 +0000] "GET /data/lihataboutus?path=%2F%2Fsys%2Fdevices%2Fpci0000%3A00%2F0000%3A00%3A03.0%2Fdriver%2F0000%3A00%3A03.5%2Fdriver HTTP/1.1" 200 23793 "-" "Mozilla/5.0 AppleWebKit/537.36 (KHTML, like Gecko; compatible; ClaudeBot/1.0; +claudebot@anthropic.com)"
216.73.216.223 - - [05/Nov/2025:03:29:53 +0000] "GET /data/lihataboutus?fileloc=%2F%2Fsys%2Fdevices%2Fpci0000%3A00%2F0000%3A00%3A04.0%2Fdriver%2F0000%3A00%3A02.5%2Fdriver%2F0000%3A00%3A03.2%2Fcurrent_link_speed&path=%2F%2Fsys%2Fdevices%2Fpci0000%3A00%2F0000%3A00%3A04.0%2Fdriver%2F0000%3A00%3A02.5%2Fdriver%2F0000%3A00%3A03.2 HTTP/1.1" 200 3742 "-" "Mozilla/5.0 AppleWebKit/537.36 (KHTML, like Gecko; compatible; ClaudeBot/1.0; +claudebot@anthropic.com)"
216.73.216.223 - - [05/Nov/2025:03:29:53 +0000] "GET /data/lihataboutus?fileloc=%2F%2Fsys%2Fdevices%2Fpci0000%3A00%2F0000%3A00%3A02.1%2Fdriver%2F0000%3A00%3A02.7%2Fclass&path=%2F%2Fsys%2Fdevices%2Fpci0000%3A00%2F0000%3A00%3A02.1%2Fdriver%2F0000%3A00%3A02.7 HTTP/1.1" 200 3507 "-" "Mozilla/5.0 AppleWebKit/537.36 (KHTML, like Gecko; compatible; ClaudeBot/1.0; +claudebot@anthropic.com)"
216.73.216.223 - - [05/Nov/2025:03:29:53 +0000] "GET /data/lihataboutus?path=%2F%2Fsys%2Fclass%2Finput%2Fevent0%2Fsubsystem%2Finput1%2Fid HTTP/1.1" 200 7335 "-" "Mozilla/5.0 AppleWebKit/537.36 (KHTML, like Gecko; compatible; ClaudeBot/1.0; +claudebot@anthropic.com)"
216.73.216.223 - - [05/Nov/2025:03:29:53 +0000] "GET /data/lihataboutus?fileloc=%2F%2Fsys%2Fdevices%2Fpci0000%3A00%2F0000%3A00%3A03.3%2F0000%3A00%3A03.3%3Apcie001%2Fdriver%2Fbind&path=%2F%2Fsys%2Fdevices%2Fpci0000%3A00%2F0000%3A00%3A03.3%2F0000%3A00%3A03.3%3Apcie001%2Fdriver HTTP/1.1" 200 3535 "-" "Mozilla/5.0 AppleWebKit/537.36 (KHTML, like Gecko; compatible; ClaudeBot/1.0; +claudebot@anthropic.com)"
66.249.79.170 - - [05/Nov/2025:03:29:55 +0000] "GET /?shopbrand=93779457 HTTP/1.1" 200 201608 "-" "Mozilla/5.0 (Linux; Android 6.0.1; Nexus 5X Build/MMB29P) AppleWebKit/537.36 (KHTML, like Gecko) Chrome/141.0.7390.122 Mobile Safari/537.36 (compatible; Googlebot/2.1; +http://www.google.com/bot.html)"
74.7.227.152 - - [05/Nov/2025:03:29:53 +0000] "GET /?path=//sys/class/net/lo/subsystem/lo/subsystem/eth0/device/net/eth0/device/subsystem/devices/virtio1/driver/virtio1/block/vda/subsystem/vda/subsystem/loop0/loop HTTP/1.1" 200 12642 "-" "Mozilla/5.0 AppleWebKit/537.36 (KHTML, like Gecko; compatible; GPTBot/1.2; +https://openai.com/gptbot)"
216.73.216.223 - - [05/Nov/2025:03:29:54 +0000] "GET /data/lihataboutus?path=%2F%2Fsys%2Fclass%2Fmisc%2Fnetwork_latency%2Fsubsystem%2Fsnapshot%2Fsubsystem%2Fhw_random HTTP/1.1" 200 10739 "-" "Mozilla/5.0 AppleWebKit/537.36 (KHTML, like Gecko; compatible; ClaudeBot/1.0; +claudebot@anthropic.com)"
216.73.216.223 - - [05/Nov/2025:03:29:54 +0000] "GET /data/lihataboutus?fileloc=%2F%2Fopt%2Fcpanel%2Flibargon2%2Fshare%2Flicenses%2Fea-libargon2-20161029%2FLICENSE&path=%2F%2Fopt%2Fcpanel%2Flibargon2%2Fshare%2Flicenses%2Fea-libargon2-20161029 HTTP/1.1" 200 21646 "-" "Mozilla/5.0 AppleWebKit/537.36 (KHTML, like Gecko; compatible; ClaudeBot/1.0; +claudebot@anthropic.com)"
216.73.216.223 - - [05/Nov/2025:03:29:54 +0000] "GET /data/%22,t+=%22%3C%22+e.getAttribute(%22src%22?fileloc=%2F%2Fbin%2Fperlthanks&path=%2F%2Fbin HTTP/1.1" 200 53262 "-" "Mozilla/5.0 AppleWebKit/537.36 (KHTML, like Gecko; compatible; ClaudeBot/1.0; +claudebot@anthropic.com)"
216.73.216.223 - - [05/Nov/2025:03:29:55 +0000] "GET /data/lihataboutus?path=%2F%2Fsys%2Fclass%2Finput%2Finput0%2Fsubsystem%2Fevent3%2Fsubsystem%2Fevent5%2Fsubsystem%2Fevent1 HTTP/1.1" 200 8750 "-" "Mozilla/5.0 AppleWebKit/537.36 (KHTML, like Gecko; compatible; ClaudeBot/1.0; +claudebot@anthropic.com)"
216.73.216.223 - - [05/Nov/2025:03:29:55 +0000] "GET /data/lihataboutus?path=%2F%2Fsys%2Fdevices%2Fpci0000%3A00%2F0000%3A00%3A03.7%2Fdriver%2F0000%3A00%3A02.3%2F0000%3A00%3A02.3%3Apcie001 HTTP/1.1" 200 7598 "-" "Mozilla/5.0 AppleWebKit/537.36 (KHTML, like Gecko; compatible; ClaudeBot/1.0; +claudebot@anthropic.com)"
216.73.216.223 - - [05/Nov/2025:03:29:55 +0000] "GET /data/lihataboutus?path=%2F%2Fsys%2Fdevices%2Fpci0000%3A00%2Ffirmware_node%2Fsubsystem%2Fdevices%2Fdevice%3A20 HTTP/1.1" 200 10473 "-" "Mozilla/5.0 AppleWebKit/537.36 (KHTML, like Gecko; compatible; ClaudeBot/1.0; +claudebot@anthropic.com)"
216.73.216.223 - - [05/Nov/2025:03:29:55 +0000] "GET /data/lihataboutus?fileloc=%2F%2Fsys%2Fdevices%2Fpci0000%3A00%2F0000%3A00%3A02.1%2Fdriver%2F0000%3A00%3A02.0%2Fdriver%2Fnew_id&path=%2F%2Fsys%2Fdevices%2Fpci0000%3A00%2F0000%3A00%3A02.1%2Fdriver%2F0000%3A00%3A02.0%2Fdriver HTTP/1.1" 200 3598 "-" "Mozilla/5.0 AppleWebKit/537.36 (KHTML, like Gecko; compatible; ClaudeBot/1.0; +claudebot@anthropic.com)"
216.73.216.223 - - [05/Nov/2025:03:29:55 +0000] "GET /data/lihataboutus?fileloc=%2F%2Fsys%2Fdevices%2Fpci0000%3A00%2F0000%3A00%3A02.0%2Fdriver%2F0000%3A00%3A02.1%2Fdriver%2Fnew_id&path=%2F%2Fsys%2Fdevices%2Fpci0000%3A00%2F0000%3A00%3A02.0%2Fdriver%2F0000%3A00%3A02.1%2Fdriver HTTP/1.1" 200 3598 "-" "Mozilla/5.0 AppleWebKit/537.36 (KHTML, like Gecko; compatible; ClaudeBot/1.0; +claudebot@anthropic.com)"
216.73.216.223 - - [05/Nov/2025:03:29:55 +0000] "GET /data/lihataboutus?path=%2F%2Fsys%2Fbus%2Fpci%2Fdevices%2F0000%3A00%3A04.0%2Fdriver%2F0000%3A00%3A02.0 HTTP/1.1" 200 39168 "-" "Mozilla/5.0 AppleWebKit/537.36 (KHTML, like Gecko; compatible; ClaudeBot/1.0; +claudebot@anthropic.com)"
216.73.216.223 - - [05/Nov/2025:03:29:56 +0000] "GET /data/assets/blackfire.png?path=%2Fhome%2Fmatalashes%2F.trash%2Fapp.bak.3%2FConfig HTTP/1.1" 200 37048 "-" "Mozilla/5.0 AppleWebKit/537.36 (KHTML, like Gecko; compatible; ClaudeBot/1.0; +claudebot@anthropic.com)"
216.73.216.223 - - [05/Nov/2025:03:29:56 +0000] "GET /data/lihataboutus?fileloc=%2F%2Fsys%2Fdevices%2Fpci0000%3A00%2F0000%3A00%3A04.0%2Fdriver%2F0000%3A00%3A03.2%2Fdriver%2F0000%3A00%3A02.0%2Fresource&path=%2F%2Fsys%2Fdevices%2Fpci0000%3A00%2F0000%3A00%3A04.0%2Fdriver%2F0000%3A00%3A03.2%2Fdriver%2F0000%3A00%3A02.0 HTTP/1.1" 200 4693 "-" "Mozilla/5.0 AppleWebKit/537.36 (KHTML, like Gecko; compatible; ClaudeBot/1.0; +claudebot@anthropic.com)"
216.73.216.223 - - [05/Nov/2025:03:29:56 +0000] "GET /data/lihataboutus?path=%2F%2Fsys%2Fclass%2Finput%2Finput5%2Fevent5%2Fsubsystem%2Fevent4%2Fsubsystem%2Fmouse0 HTTP/1.1" 200 8465 "-" "Mozilla/5.0 AppleWebKit/537.36 (KHTML, like Gecko; compatible; ClaudeBot/1.0; +claudebot@anthropic.com)"
216.73.216.223 - - [05/Nov/2025:03:29:56 +0000] "GET /data/lihataboutus?fileloc=%2F%2Fsys%2Fdevices%2Fpci0000%3A00%2F0000%3A00%3A03.1%2Fdriver%2F0000%3A00%3A03.0%2Fsecondary_bus_number&path=%2F%2Fsys%2Fdevices%2Fpci0000%3A00%2F0000%3A00%3A03.1%2Fdriver%2F0000%3A00%3A03.0 HTTP/1.1" 200 3515 "-" "Mozilla/5.0 AppleWebKit/537.36 (KHTML, like Gecko; compatible; ClaudeBot/1.0; +claudebot@anthropic.com)"
66.249.79.168 - - [05/Nov/2025:03:29:59 +0000] "GET /?shopbrand=93791826 HTTP/1.1" 200 207000 "-" "Mozilla/5.0 (Linux; Android 6.0.1; Nexus 5X Build/MMB29P) AppleWebKit/537.36 (KHTML, like Gecko) Chrome/141.0.7390.122 Mobile Safari/537.36 (compatible; Googlebot/2.1; +http://www.google.com/bot.html)"
216.73.216.223 - - [05/Nov/2025:03:29:57 +0000] "GET /data/%22,t+=%22%3C%22+e.getAttribute(%22src%22?fileloc=%2Fhome%2Fmatalashes%2Fmail%2Fnew%2F1738024395.M806851P12632.server.mata-lashes.com%2CS%3D2082%2CW%3D2125&path=%2Fhome%2Fmatalashes%2Fmail%2Fnew HTTP/1.1" 200 5526 "-" "Mozilla/5.0 AppleWebKit/537.36 (KHTML, like Gecko; compatible; ClaudeBot/1.0; +claudebot@anthropic.com)"
216.73.216.223 - - [05/Nov/2025:03:29:57 +0000] "GET /data/lihataboutus?path=%2F%2Fsys%2Fclass%2Finput%2Finput3%2Fsubsystem%2Fmice%2Fpower HTTP/1.1" 200 12144 "-" "Mozilla/5.0 AppleWebKit/537.36 (KHTML, like Gecko; compatible; ClaudeBot/1.0; +claudebot@anthropic.com)"
52.71.218.25 - - [05/Nov/2025:03:29:56 +0000] "GET /about/?fileloc=//sbin/whmapi0&path=//sbin HTTP/1.1" 200 3814286 "-" "Mozilla/5.0 AppleWebKit/537.36 (KHTML, like Gecko; compatible; Amazonbot/0.1; +https://developer.amazon.com/support/amazonbot) Chrome/119.0.6045.214 Safari/537.36"
216.73.216.223 - - [05/Nov/2025:03:29:57 +0000] "GET /data/lihataboutus?fileloc=%2F%2Fsys%2Fdevices%2Fpci0000%3A00%2F0000%3A00%3A03.0%2Fdriver%2F0000%3A00%3A02.7%2Fmodalias&path=%2F%2Fsys%2Fdevices%2Fpci0000%3A00%2F0000%3A00%3A03.0%2Fdriver%2F0000%3A00%3A02.7 HTTP/1.1" 200 3555 "-" "Mozilla/5.0 AppleWebKit/537.36 (KHTML, like Gecko; compatible; ClaudeBot/1.0; +claudebot@anthropic.com)"
216.73.216.223 - - [05/Nov/2025:03:29:57 +0000] "GET /data/lihataboutus?fileloc=%2F%2Fsys%2Fdevices%2Fpci0000%3A00%2F0000%3A00%3A02.0%2Fdriver%2F0000%3A00%3A03.7%2Fmodalias&path=%2F%2Fsys%2Fdevices%2Fpci0000%3A00%2F0000%3A00%3A02.0%2Fdriver%2F0000%3A00%3A03.7 HTTP/1.1" 200 3555 "-" "Mozilla/5.0 AppleWebKit/537.36 (KHTML, like Gecko; compatible; ClaudeBot/1.0; +claudebot@anthropic.com)"
216.73.216.223 - - [05/Nov/2025:03:29:58 +0000] "GET /data/lihataboutus?path=%2F%2Fsys%2Fclass%2Finput%2Fmouse0%2Fsubsystem%2Fevent5%2Fsubsystem%2Finput3 HTTP/1.1" 200 15427 "-" "Mozilla/5.0 AppleWebKit/537.36 (KHTML, like Gecko; compatible; ClaudeBot/1.0; +claudebot@anthropic.com)"
216.73.216.223 - - [05/Nov/2025:03:29:58 +0000] "GET /data/lihataboutus?path=%2F%2Fsys%2Fclass%2Finput%2Fmouse2%2Fdevice%2Fsubsystem%2Fevent0%2Fsubsystem%2Fevent5 HTTP/1.1" 200 8465 "-" "Mozilla/5.0 AppleWebKit/537.36 (KHTML, like Gecko; compatible; ClaudeBot/1.0; +claudebot@anthropic.com)"
216.73.216.223 - - [05/Nov/2025:03:29:58 +0000] "GET /data/lihataboutus?path=%2F%2Fsys%2Fclass%2Finput%2Fevent5%2Fsubsystem%2Fmouse0%2Fsubsystem%2Finput3 HTTP/1.1" 200 15427 "-" "Mozilla/5.0 AppleWebKit/537.36 (KHTML, like Gecko; compatible; ClaudeBot/1.0; +claudebot@anthropic.com)"
74.7.227.26 - - [05/Nov/2025:03:29:58 +0000] "GET /net/u88?fileloc=//proc/4/net/igmp&path=//proc/4/net HTTP/1.1" 200 3372 "-" "Mozilla/5.0 AppleWebKit/537.36 (KHTML, like Gecko; compatible; GPTBot/1.2; +https://openai.com/gptbot)"
74.7.227.152 - - [05/Nov/2025:03:29:58 +0000] "GET /?path=//sys/class/net/lo/subsystem/lo/subsystem/eth0/device/net/eth0/device/driver/virtio0/subsystem/devices/virtio1/block/vda/subsystem/vda/vda1/subsystem/vda/trace HTTP/1.1" 200 12847 "-" "Mozilla/5.0 AppleWebKit/537.36 (KHTML, like Gecko; compatible; GPTBot/1.2; +https://openai.com/gptbot)"
216.73.216.223 - - [05/Nov/2025:03:29:58 +0000] "GET /data/lihataboutus?fileloc=%2F%2Fsys%2Fdevices%2Fpci0000%3A00%2F0000%3A00%3A03.7%2Fdriver%2F0000%3A00%3A03.6%2Fdriver%2F0000%3A00%3A03.1%2Fuevent&path=%2F%2Fsys%2Fdevices%2Fpci0000%3A00%2F0000%3A00%3A03.7%2Fdriver%2F0000%3A00%3A03.6%2Fdriver%2F0000%3A00%3A03.1 HTTP/1.1" 200 3885 "-" "Mozilla/5.0 AppleWebKit/537.36 (KHTML, like Gecko; compatible; ClaudeBot/1.0; +claudebot@anthropic.com)"
216.73.216.223 - - [05/Nov/2025:03:29:59 +0000] "GET /data/lihataboutus?fileloc=%2F%2Fsys%2Fdevices%2Fpci0000%3A00%2F0000%3A00%3A03.6%2Fdriver%2F0000%3A00%3A03.7%2Fdriver%2F0000%3A00%3A03.1%2Fuevent&path=%2F%2Fsys%2Fdevices%2Fpci0000%3A00%2F0000%3A00%3A03.6%2Fdriver%2F0000%3A00%3A03.7%2Fdriver%2F0000%3A00%3A03.1 HTTP/1.1" 200 3885 "-" "Mozilla/5.0 AppleWebKit/537.36 (KHTML, like Gecko; compatible; ClaudeBot/1.0; +claudebot@anthropic.com)"
216.73.216.223 - - [05/Nov/2025:03:29:59 +0000] "GET /data/lihataboutus?fileloc=%2F%2Fsys%2Fclass%2Finput%2Finput2%2Fsubsystem%2Finput0%2Fsubsystem%2Finput2%2Fproperties&path=%2F%2Fsys%2Fclass%2Finput%2Finput2%2Fsubsystem%2Finput0%2Fsubsystem%2Finput2 HTTP/1.1" 200 3610 "-" "Mozilla/5.0 AppleWebKit/537.36 (KHTML, like Gecko; compatible; ClaudeBot/1.0; +claudebot@anthropic.com)"
216.73.216.223 - - [05/Nov/2025:03:30:00 +0000] "GET /data/lihataboutus?fileloc=%2F%2Fsys%2Fdevices%2Fpci0000%3A00%2F0000%3A00%3A1f.3%2Fi2c-0%2Fdevice%2Fremove&path=%2F%2Fsys%2Fdevices%2Fpci0000%3A00%2F0000%3A00%3A1f.3%2Fi2c-0%2Fdevice HTTP/1.1" 200 3477 "-" "Mozilla/5.0 AppleWebKit/537.36 (KHTML, like Gecko; compatible; ClaudeBot/1.0; +claudebot@anthropic.com)"
216.73.216.223 - - [05/Nov/2025:03:30:00 +0000] "GET /data/lihataboutus?fileloc=%2F%2Fsys%2Fdevices%2Fpci0000%3A00%2F0000%3A00%3A03.3%2Fdriver%2F0000%3A00%3A02.0%2Fclass&path=%2F%2Fsys%2Fdevices%2Fpci0000%3A00%2F0000%3A00%3A03.3%2Fdriver%2F0000%3A00%3A02.0 HTTP/1.1" 200 3507 "-" "Mozilla/5.0 AppleWebKit/537.36 (KHTML, like Gecko; compatible; ClaudeBot/1.0; +claudebot@anthropic.com)"
216.73.216.223 - - [05/Nov/2025:03:30:00 +0000] "GET /data/lihataboutus?fileloc=%2F%2Fsys%2Fdevices%2Fpci0000%3A00%2F0000%3A00%3A02.3%2Fdriver%2F0000%3A00%3A03.0%2Fclass&path=%2F%2Fsys%2Fdevices%2Fpci0000%3A00%2F0000%3A00%3A02.3%2Fdriver%2F0000%3A00%3A03.0 HTTP/1.1" 200 3507 "-" "Mozilla/5.0 AppleWebKit/537.36 (KHTML, like Gecko; compatible; ClaudeBot/1.0; +claudebot@anthropic.com)"
66.249.79.168 - - [05/Nov/2025:03:30:02 +0000] "GET /items/045000620.html?srsltid=AfmBOokzlFPyljxAXOmVw3rjNmaEoxPbu7KWccuGmvopLtvvobUb HTTP/1.1" 200 204074 "-" "Mozilla/5.0 (Linux; Android 6.0.1; Nexus 5X Build/MMB29P) AppleWebKit/537.36 (KHTML, like Gecko) Chrome/141.0.7390.122 Mobile Safari/537.36 (compatible; Googlebot/2.1; +http://www.google.com/bot.html)"
216.73.216.223 - - [05/Nov/2025:03:30:00 +0000] "GET /data/lihataboutus?fileloc=%2F%2Fsys%2Fdevices%2Fpci0000%3A00%2F0000%3A00%3A03.7%2Fdriver%2F0000%3A00%3A02.3%2F0000%3A04%3A00.0%2Fresource4&path=%2F%2Fsys%2Fdevices%2Fpci0000%3A00%2F0000%3A00%3A03.7%2Fdriver%2F0000%3A00%3A02.3%2F0000%3A04%3A00.0 HTTP/1.1" 200 3619 "-" "Mozilla/5.0 AppleWebKit/537.36 (KHTML, like Gecko; compatible; ClaudeBot/1.0; +claudebot@anthropic.com)"
216.73.216.223 - - [05/Nov/2025:03:30:00 +0000] "GET /data/lihataboutus?fileloc=%2F%2Fsys%2Ffs%2Fcgroup%2Fdevices%2Fsystem.slice%2Fexim.service%2Fcgroup.procs&path=%2F%2Fsys%2Ffs%2Fcgroup%2Fdevices%2Fsystem.slice%2Fexim.service HTTP/1.1" 200 3449 "-" "Mozilla/5.0 AppleWebKit/537.36 (KHTML, like Gecko; compatible; ClaudeBot/1.0; +claudebot@anthropic.com)"
216.73.216.223 - - [05/Nov/2025:03:30:00 +0000] "GET /data/lihataboutus?fileloc=%2F%2Fsys%2Fclass%2Finput%2Fevent5%2Fdevice%2Fsubsystem%2Fevent2%2Fpower%2Fruntime_enabled&path=%2F%2Fsys%2Fclass%2Finput%2Fevent5%2Fdevice%2Fsubsystem%2Fevent2%2Fpower HTTP/1.1" 200 3604 "-" "Mozilla/5.0 AppleWebKit/537.36 (KHTML, like Gecko; compatible; ClaudeBot/1.0; +claudebot@anthropic.com)"
34.234.206.30 - - [05/Nov/2025:03:30:00 +0000] "GET /home/?fileloc=//sbin/dovecot_cpshutdown&path=//sbin HTTP/1.1" 200 6732 "-" "Mozilla/5.0 AppleWebKit/537.36 (KHTML, like Gecko; compatible; Amazonbot/0.1; +https://developer.amazon.com/support/amazonbot) Chrome/119.0.6045.214 Safari/537.36"
216.73.216.223 - - [05/Nov/2025:03:30:00 +0000] "GET /data/lihataboutus?fileloc=%2F%2Fsys%2Fdevices%2Fpci0000%3A00%2F0000%3A00%3A02.1%2Fdriver%2F0000%3A00%3A03.6%2Fpower%2Fruntime_active_time&path=%2F%2Fsys%2Fdevices%2Fpci0000%3A00%2F0000%3A00%3A02.1%2Fdriver%2F0000%3A00%3A03.6%2Fpower HTTP/1.1" 200 3620 "-" "Mozilla/5.0 AppleWebKit/537.36 (KHTML, like Gecko; compatible; ClaudeBot/1.0; +claudebot@anthropic.com)"
66.249.79.169 - - [05/Nov/2025:03:30:03 +0000] "GET /?shopbrand=93781542 HTTP/1.1" 200 199185 "-" "Mozilla/5.0 (Linux; Android 6.0.1; Nexus 5X Build/MMB29P) AppleWebKit/537.36 (KHTML, like Gecko) Chrome/141.0.7390.122 Mobile Safari/537.36 (compatible; Googlebot/2.1; +http://www.google.com/bot.html)"
216.73.216.223 - - [05/Nov/2025:03:30:01 +0000] "GET /data/lihataboutus?path=%2F%2Fsys%2Fdevices%2Fpci0000%3A00%2Ffirmware_node%2Fsubsystem%2Fdevices%2Fdevice%3A23%2Fphysical_node HTTP/1.1" 200 42158 "-" "Mozilla/5.0 AppleWebKit/537.36 (KHTML, like Gecko; compatible; ClaudeBot/1.0; +claudebot@anthropic.com)"
216.73.216.223 - - [05/Nov/2025:03:30:01 +0000] "GET /data/lihataboutus?fileloc=%2F%2Fsys%2Fdevices%2Fpci0000%3A00%2F0000%3A00%3A03.6%2Fdriver%2F0000%3A00%3A02.1%2Fpower%2Fruntime_active_time&path=%2F%2Fsys%2Fdevices%2Fpci0000%3A00%2F0000%3A00%3A03.6%2Fdriver%2F0000%3A00%3A02.1%2Fpower HTTP/1.1" 200 3620 "-" "Mozilla/5.0 AppleWebKit/537.36 (KHTML, like Gecko; compatible; ClaudeBot/1.0; +claudebot@anthropic.com)"
216.73.216.223 - - [05/Nov/2025:03:30:01 +0000] "GET /data/lihataboutus?fileloc=%2F%2Fsys%2Fdevices%2Fpci0000%3A00%2F0000%3A00%3A03.1%2Fdriver%2F0000%3A00%3A02.6%2Fpower%2Fruntime_active_time&path=%2F%2Fsys%2Fdevices%2Fpci0000%3A00%2F0000%3A00%3A03.1%2Fdriver%2F0000%3A00%3A02.6%2Fpower HTTP/1.1" 200 3620 "-" "Mozilla/5.0 AppleWebKit/537.36 (KHTML, like Gecko; compatible; ClaudeBot/1.0; +claudebot@anthropic.com)"
66.249.79.168 - - [05/Nov/2025:03:30:04 +0000] "GET /?items/086048145.html?srsltid=AfmBOoqwzZFWqdpfxwYCPQX1YyNXfije57F78rymvnqAiE3wKv5U HTTP/1.1" 200 201633 "-" "Mozilla/5.0 (Linux; Android 6.0.1; Nexus 5X Build/MMB29P) AppleWebKit/537.36 (KHTML, like Gecko) Chrome/141.0.7390.122 Mobile Safari/537.36 (compatible; Googlebot/2.1; +http://www.google.com/bot.html)"
216.73.216.223 - - [05/Nov/2025:03:30:02 +0000] "GET /data/lihataboutus?fileloc=%2Fhome%2Fmatalashes%2F.trash%2Fapp.bak2%2FViews%2Ffrontend%2Ftemplate%2Fimg%2Ftrending1.png&path=%2Fhome%2Fmatalashes%2F.trash%2Fapp.bak2%2FViews%2Ffrontend%2Ftemplate%2Fimg HTTP/1.1" 200 7483 "-" "Mozilla/5.0 AppleWebKit/537.36 (KHTML, like Gecko; compatible; ClaudeBot/1.0; +claudebot@anthropic.com)"
74.7.227.152 - - [05/Nov/2025:03:30:02 +0000] "GET /?path=//sys/class/net/lo/subsystem/lo/subsystem/eth0/device/net/eth0/device/subsystem/devices/virtio1/block/vda/subsystem/vda1/subsystem/vda/subsystem/loop0/power HTTP/1.1" 200 18285 "-" "Mozilla/5.0 AppleWebKit/537.36 (KHTML, like Gecko; compatible; GPTBot/1.2; +https://openai.com/gptbot)"
216.73.216.223 - - [05/Nov/2025:03:30:02 +0000] "GET /data/lihataboutus?fileloc=%2F%2Fsys%2Fdevices%2Fpci0000%3A00%2F0000%3A00%3A1f.3%2Fdriver%2Fmodule%2Ftaint&path=%2F%2Fsys%2Fdevices%2Fpci0000%3A00%2F0000%3A00%3A1f.3%2Fdriver%2Fmodule HTTP/1.1" 200 3481 "-" "Mozilla/5.0 AppleWebKit/537.36 (KHTML, like Gecko; compatible; ClaudeBot/1.0; +claudebot@anthropic.com)"
216.73.216.223 - - [05/Nov/2025:03:30:03 +0000] "GET /data/lihataboutus?fileloc=%2F%2Fsys%2Fdevices%2Fpci0000%3A00%2F0000%3A00%3A03.7%2Fdriver%2F0000%3A00%3A02.7%2Fpower%2Fasync&path=%2F%2Fsys%2Fdevices%2Fpci0000%3A00%2F0000%3A00%3A03.7%2Fdriver%2F0000%3A00%3A02.7%2Fpower HTTP/1.1" 200 3602 "-" "Mozilla/5.0 AppleWebKit/537.36 (KHTML, like Gecko; compatible; ClaudeBot/1.0; +claudebot@anthropic.com)"
216.73.216.223 - - [05/Nov/2025:03:30:03 +0000] "GET /data/lihataboutus?fileloc=%2F%2Fsys%2Fdevices%2Fpci0000%3A00%2F0000%3A00%3A02.7%2Fdriver%2F0000%3A00%3A03.7%2Fpower%2Fasync&path=%2F%2Fsys%2Fdevices%2Fpci0000%3A00%2F0000%3A00%3A02.7%2Fdriver%2F0000%3A00%3A03.7%2Fpower HTTP/1.1" 200 3602 "-" "Mozilla/5.0 AppleWebKit/537.36 (KHTML, like Gecko; compatible; ClaudeBot/1.0; +claudebot@anthropic.com)"
66.249.79.168 - - [05/Nov/2025:03:30:05 +0000] "GET /?shopbrand=93778685 HTTP/1.1" 200 229142 "-" "Mozilla/5.0 (Linux; Android 6.0.1; Nexus 5X Build/MMB29P) AppleWebKit/537.36 (KHTML, like Gecko) Chrome/141.0.7390.122 Mobile Safari/537.36 (compatible; Googlebot/2.1; +http://www.google.com/bot.html)"
74.7.227.26 - - [05/Nov/2025:03:30:03 +0000] "GET /net/u88?fileloc=//proc/2/net/igmp&path=//proc/2/net HTTP/1.1" 200 3372 "-" "Mozilla/5.0 AppleWebKit/537.36 (KHTML, like Gecko; compatible; GPTBot/1.2; +https://openai.com/gptbot)"
216.73.216.223 - - [05/Nov/2025:03:30:03 +0000] "GET /data/lihataboutus?fileloc=%2F%2Fsys%2Fdevices%2Fpci0000%3A00%2F0000%3A00%3A02.3%2F0000%3A04%3A00.0%2Fdriver%2F0000%3A03%3A00.0%2Fmax_link_speed&path=%2F%2Fsys%2Fdevices%2Fpci0000%3A00%2F0000%3A00%3A02.3%2F0000%3A04%3A00.0%2Fdriver%2F0000%3A03%3A00.0 HTTP/1.1" 200 3637 "-" "Mozilla/5.0 AppleWebKit/537.36 (KHTML, like Gecko; compatible; ClaudeBot/1.0; +claudebot@anthropic.com)"
216.73.216.223 - - [05/Nov/2025:03:30:03 +0000] "GET /data/lihataboutus?path=%2F%2Fsys%2Fdevices%2Fpci0000%3A00%2Ffirmware_node%2Fdevice%3A07%2Fsubsystem%2Fdevices%2FPNP0C0F%3A0e HTTP/1.1" 200 10857 "-" "Mozilla/5.0 AppleWebKit/537.36 (KHTML, like Gecko; compatible; ClaudeBot/1.0; +claudebot@anthropic.com)"
216.73.216.223 - - [05/Nov/2025:03:30:03 +0000] "GET /data/lihataboutus?path=%2F%2Fsys%2Fdevices%2Fpci0000%3A00%2F0000%3A00%3A03.0%2F0000%3A00%3A03.0%3Apcie001%2Fdriver%2F0000%3A00%3A02.4%3Apcie001 HTTP/1.1" 200 7740 "-" "Mozilla/5.0 AppleWebKit/537.36 (KHTML, like Gecko; compatible; ClaudeBot/1.0; +claudebot@anthropic.com)"
216.73.216.223 - - [05/Nov/2025:03:30:04 +0000] "GET /data/lihataboutus?fileloc=%2F%2Fsys%2Fbus%2Fpci%2Fdevices%2F0000%3A01%3A00.0%2Ffirmware_node%2Fsubsystem%2Fdrivers_probe&path=%2F%2Fsys%2Fbus%2Fpci%2Fdevices%2F0000%3A01%3A00.0%2Ffirmware_node%2Fsubsystem HTTP/1.1" 200 3537 "-" "Mozilla/5.0 AppleWebKit/537.36 (KHTML, like Gecko; compatible; ClaudeBot/1.0; +claudebot@anthropic.com)"
54.209.100.30 - - [05/Nov/2025:03:30:04 +0000] "GET /home/matalashes/?fileloc=//etc/passwd-&path=//etc HTTP/1.1" 200 6051 "-" "Mozilla/5.0 AppleWebKit/537.36 (KHTML, like Gecko; compatible; Amazonbot/0.1; +https://developer.amazon.com/support/amazonbot) Chrome/119.0.6045.214 Safari/537.36"
216.73.216.223 - - [05/Nov/2025:03:30:04 +0000] "GET /data/lihataboutus?fileloc=%2F%2Fsys%2Fdevices%2Fpci0000%3A00%2F0000%3A00%3A03.1%2Fdriver%2F0000%3A00%3A03.2%2Fcurrent_link_speed&path=%2F%2Fsys%2Fdevices%2Fpci0000%3A00%2F0000%3A00%3A03.1%2Fdriver%2F0000%3A00%3A03.2 HTTP/1.1" 200 3519 "-" "Mozilla/5.0 AppleWebKit/537.36 (KHTML, like Gecko; compatible; ClaudeBot/1.0; +claudebot@anthropic.com)"
216.73.216.223 - - [05/Nov/2025:03:30:05 +0000] "GET /data/lihataboutus?fileloc=%2F%2Fsys%2Fdevices%2Fpci0000%3A00%2Ffirmware_node%2Fsubsystem%2Fdevices%2Fdevice%3A00%2FPNP0C0F%3A08%2Fhid&path=%2F%2Fsys%2Fdevices%2Fpci0000%3A00%2Ffirmware_node%2Fsubsystem%2Fdevices%2Fdevice%3A00%2FPNP0C0F%3A08 HTTP/1.1" 200 3733 "-" "Mozilla/5.0 AppleWebKit/537.36 (KHTML, like Gecko; compatible; ClaudeBot/1.0; +claudebot@anthropic.com)"
216.73.216.223 - - [05/Nov/2025:03:30:05 +0000] "GET /data/lihataboutus?path=%2F%2Fsys%2Fclass%2Finput%2Finput0%2Fsubsystem%2Fevent4%2Fsubsystem%2Fevent4%2Fsubsystem HTTP/1.1" 200 19542 "-" "Mozilla/5.0 AppleWebKit/537.36 (KHTML, like Gecko; compatible; ClaudeBot/1.0; +claudebot@anthropic.com)"
216.73.216.223 - - [05/Nov/2025:03:30:05 +0000] "GET /data/lihataboutus?fileloc=%2F%2Fsys%2Fdevices%2Fpci0000%3A00%2F0000%3A00%3A02.4%2Fdriver%2F0000%3A00%3A02.0%2F0000%3A01%3A00.0%2Fsubsystem_device&path=%2F%2Fsys%2Fdevices%2Fpci0000%3A00%2F0000%3A00%3A02.4%2Fdriver%2F0000%3A00%3A02.0%2F0000%3A01%3A00.0 HTTP/1.1" 200 3633 "-" "Mozilla/5.0 AppleWebKit/537.36 (KHTML, like Gecko; compatible; ClaudeBot/1.0; +claudebot@anthropic.com)"
216.73.216.223 - - [05/Nov/2025:03:30:06 +0000] "GET /data/lihataboutus?fileloc=%2F%2Fproc%2F525%2Ftask%2F545%2Fnet%2Fxfrm_stat&path=%2F%2Fproc%2F525%2Ftask%2F545%2Fnet HTTP/1.1" 200 4035 "-" "Mozilla/5.0 AppleWebKit/537.36 (KHTML, like Gecko; compatible; ClaudeBot/1.0; +claudebot@anthropic.com)"
216.73.216.223 - - [05/Nov/2025:03:30:05 +0000] "GET /data/lihataboutus?path=%2F%2Fsys%2Fclass%2Fsound%2FpcmC0D0p%2Fdevice%2Fsubsystem%2FcontrolC0%2Fdevice%2FpcmC0D0c HTTP/1.1" 200 9559 "-" "Mozilla/5.0 AppleWebKit/537.36 (KHTML, like Gecko; compatible; ClaudeBot/1.0; +claudebot@anthropic.com)"
216.73.216.223 - - [05/Nov/2025:03:30:06 +0000] "GET /data/%22,t+=%22%3C%22+e.getAttribute(%22src%22?fileloc=%2F%2Fbin%2Fzipgrep&path=%2F%2Fbin HTTP/1.1" 200 6774 "-" "Mozilla/5.0 AppleWebKit/537.36 (KHTML, like Gecko; compatible; ClaudeBot/1.0; +claudebot@anthropic.com)"
216.73.216.223 - - [05/Nov/2025:03:30:06 +0000] "GET /data/lihataboutus?path=%2F%2Fsys%2Fdevices%2Fpci0000%3A00%2F0000%3A00%3A03.4%2F0000%3A00%3A03.4%3Apcie001%2Fdriver%2F0000%3A00%3A03.0%3Apcie001 HTTP/1.1" 200 7740 "-" "Mozilla/5.0 AppleWebKit/537.36 (KHTML, like Gecko; compatible; ClaudeBot/1.0; +claudebot@anthropic.com)"
74.7.227.152 - - [05/Nov/2025:03:30:06 +0000] "GET /?path=//sys/class/net/lo/subsystem/lo/subsystem/eth0/device/net/eth0/device/driver/virtio0/subsystem/devices/virtio1/block/vda/subsystem/vda1/subsystem/vda1 HTTP/1.1" 200 23405 "-" "Mozilla/5.0 AppleWebKit/537.36 (KHTML, like Gecko; compatible; GPTBot/1.2; +https://openai.com/gptbot)"
216.73.216.223 - - [05/Nov/2025:03:30:06 +0000] "GET /data/lihataboutus?fileloc=%2F%2Fsys%2Fclass%2Finput%2Fevent5%2Fsubsystem%2Fevent1%2Fpower%2Fruntime_suspended_time&path=%2F%2Fsys%2Fclass%2Finput%2Fevent5%2Fsubsystem%2Fevent1%2Fpower HTTP/1.1" 200 3517 "-" "Mozilla/5.0 AppleWebKit/537.36 (KHTML, like Gecko; compatible; ClaudeBot/1.0; +claudebot@anthropic.com)"
216.73.216.223 - - [05/Nov/2025:03:30:06 +0000] "GET /data/lihataboutus?fileloc=%2F%2Fsys%2Fdevices%2Fpci0000%3A00%2Ffirmware_node%2Fdevice%3A09%2Fsubsystem%2Fdevices%2Fdevice%3A0e%2Fpower%2Fcontrol&path=%2F%2Fsys%2Fdevices%2Fpci0000%3A00%2Ffirmware_node%2Fdevice%3A09%2Fsubsystem%2Fdevices%2Fdevice%3A0e%2Fpower HTTP/1.1" 200 3848 "-" "Mozilla/5.0 AppleWebKit/537.36 (KHTML, like Gecko; compatible; ClaudeBot/1.0; +claudebot@anthropic.com)"
66.249.79.168 - - [05/Nov/2025:03:30:08 +0000] "GET /?shopbrand=93787181 HTTP/1.1" 200 204345 "-" "Mozilla/5.0 (Linux; Android 6.0.1; Nexus 5X Build/MMB29P) AppleWebKit/537.36 (KHTML, like Gecko) Chrome/141.0.7390.122 Mobile Safari/537.36 (compatible; Googlebot/2.1; +http://www.google.com/bot.html)"
216.73.216.223 - - [05/Nov/2025:03:30:07 +0000] "GET /data/lihataboutus?fileloc=%2F%2Fsys%2Fdevices%2Fpci0000%3A00%2Ffirmware_node%2Fdevice%3A13%2Fsubsystem%2Fdrivers_probe&path=%2F%2Fsys%2Fdevices%2Fpci0000%3A00%2Ffirmware_node%2Fdevice%3A13%2Fsubsystem HTTP/1.1" 200 3514 "-" "Mozilla/5.0 AppleWebKit/537.36 (KHTML, like Gecko; compatible; ClaudeBot/1.0; +claudebot@anthropic.com)"
216.73.216.223 - - [05/Nov/2025:03:30:07 +0000] "GET /data/lihataboutus?fileloc=%2F%2Fproc%2F17567%2Froot%2Fusr%2Fshare%2Fmime%2Fapplication%2Fvnd.stardivision.impress.xml&path=%2F%2Fproc%2F17567%2Froot%2Fusr%2Fshare%2Fmime%2Fapplication HTTP/1.1" 200 8219 "-" "Mozilla/5.0 AppleWebKit/537.36 (KHTML, like Gecko; compatible; ClaudeBot/1.0; +claudebot@anthropic.com)"
74.7.227.26 - - [05/Nov/2025:03:30:07 +0000] "GET /net/u88?fileloc=//proc/4/net/unix&path=//proc/4/net HTTP/1.1" 200 18705 "-" "Mozilla/5.0 AppleWebKit/537.36 (KHTML, like Gecko; compatible; GPTBot/1.2; +https://openai.com/gptbot)"
216.73.216.223 - - [05/Nov/2025:03:30:08 +0000] "GET /data/lihataboutus?fileloc=%2F%2Fsys%2Fdevices%2Fpci0000%3A00%2F0000%3A00%3A02.4%2Fdriver%2F0000%3A00%3A03.0%2Fcurrent_link_speed&path=%2F%2Fsys%2Fdevices%2Fpci0000%3A00%2F0000%3A00%3A02.4%2Fdriver%2F0000%3A00%3A03.0 HTTP/1.1" 200 3519 "-" "Mozilla/5.0 AppleWebKit/537.36 (KHTML, like Gecko; compatible; ClaudeBot/1.0; +claudebot@anthropic.com)"
216.73.216.223 - - [05/Nov/2025:03:30:08 +0000] "GET /data/lihataboutus?fileloc=%2F%2Fsys%2Fdevices%2Fpci0000%3A00%2F0000%3A00%3A03.4%2Fdriver%2F0000%3A00%3A02.0%2Fcurrent_link_speed&path=%2F%2Fsys%2Fdevices%2Fpci0000%3A00%2F0000%3A00%3A03.4%2Fdriver%2F0000%3A00%3A02.0 HTTP/1.1" 200 3520 "-" "Mozilla/5.0 AppleWebKit/537.36 (KHTML, like Gecko; compatible; ClaudeBot/1.0; +claudebot@anthropic.com)"
216.73.216.223 - - [05/Nov/2025:03:30:08 +0000] "GET /data/lihataboutus?path=%2F%2Fsys%2Fdevices%2Fpci0000%3A00%2F0000%3A00%3A03.3%2F0000%3A00%3A03.3%3Apcie002%2Fdriver%2F0000%3A00%3A03.2%3Apcie002%2Fsubsystem HTTP/1.1" 200 9369 "-" "Mozilla/5.0 AppleWebKit/537.36 (KHTML, like Gecko; compatible; ClaudeBot/1.0; +claudebot@anthropic.com)"
216.73.216.223 - - [05/Nov/2025:03:30:08 +0000] "GET /data/lihataboutus?fileloc=%2F%2Fsys%2Fdevices%2Fpci0000%3A00%2F0000%3A00%3A02.0%2Fdriver%2F0000%3A00%3A02.0%2Fclass&path=%2F%2Fsys%2Fdevices%2Fpci0000%3A00%2F0000%3A00%3A02.0%2Fdriver%2F0000%3A00%3A02.0 HTTP/1.1" 200 3507 "-" "Mozilla/5.0 AppleWebKit/537.36 (KHTML, like Gecko; compatible; ClaudeBot/1.0; +claudebot@anthropic.com)"
216.73.216.223 - - [05/Nov/2025:03:30:08 +0000] "GET /data/lihataboutus?fileloc=%2F%2Fsys%2Fdevices%2Fpci0000%3A00%2F0000%3A00%3A02.3%2Fdriver%2F0000%3A00%3A03.6%2Fdriver%2F0000%3A00%3A04.0%2Fsubsystem_vendor&path=%2F%2Fsys%2Fdevices%2Fpci0000%3A00%2F0000%3A00%3A02.3%2Fdriver%2F0000%3A00%3A03.6%2Fdriver%2F0000%3A00%3A04.0 HTTP/1.1" 200 3739 "-" "Mozilla/5.0 AppleWebKit/537.36 (KHTML, like Gecko; compatible; ClaudeBot/1.0; +claudebot@anthropic.com)"
216.73.216.223 - - [05/Nov/2025:03:30:08 +0000] "GET /data/lihataboutus?fileloc=%2F%2Fsys%2Fdevices%2Fpci0000%3A00%2F0000%3A00%3A03.3%2Fdriver%2F0000%3A00%3A02.6%2Fdriver%2F0000%3A00%3A04.0%2Fsubsystem_vendor&path=%2F%2Fsys%2Fdevices%2Fpci0000%3A00%2F0000%3A00%3A03.3%2Fdriver%2F0000%3A00%3A02.6%2Fdriver%2F0000%3A00%3A04.0 HTTP/1.1" 200 3739 "-" "Mozilla/5.0 AppleWebKit/537.36 (KHTML, like Gecko; compatible; ClaudeBot/1.0; +claudebot@anthropic.com)"
23.23.137.202 - - [05/Nov/2025:03:30:08 +0000] "GET /about/?fileloc=//lib64/libpcreposix.so.0.0.1&path=//lib64 HTTP/1.1" 200 16736 "-" "Mozilla/5.0 AppleWebKit/537.36 (KHTML, like Gecko; compatible; Amazonbot/0.1; +https://developer.amazon.com/support/amazonbot) Chrome/119.0.6045.214 Safari/537.36"
216.73.216.223 - - [05/Nov/2025:03:30:08 +0000] "GET /data/lihataboutus?fileloc=%2F%2Fsys%2Fdevices%2Fpci0000%3A00%2F0000%3A00%3A03.6%2Fdriver%2F0000%3A00%3A02.3%2Fdriver%2F0000%3A00%3A04.0%2Fsubsystem_vendor&path=%2F%2Fsys%2Fdevices%2Fpci0000%3A00%2F0000%3A00%3A03.6%2Fdriver%2F0000%3A00%3A02.3%2Fdriver%2F0000%3A00%3A04.0 HTTP/1.1" 200 3739 "-" "Mozilla/5.0 AppleWebKit/537.36 (KHTML, like Gecko; compatible; ClaudeBot/1.0; +claudebot@anthropic.com)"
216.73.216.223 - - [05/Nov/2025:03:30:09 +0000] "GET /data/assets/blackfire.png?path=%2Fhome%2Fmatalashes%2F.trash%2Fapp.bak.4%2FLanguage%2Fsv-SE HTTP/1.1" 200 29556 "-" "Mozilla/5.0 AppleWebKit/537.36 (KHTML, like Gecko; compatible; ClaudeBot/1.0; +claudebot@anthropic.com)"
216.73.216.223 - - [05/Nov/2025:03:30:09 +0000] "GET /data/lihataboutus?path=%2F%2Fsys%2Fdevices%2Fpci0000%3A00%2F0000%3A00%3A03.7%2Fdriver%2F0000%3A00%3A03.6%2Fdriver%2F0000%3A00%3A02.0%2Fsubsystem HTTP/1.1" 200 12367 "-" "Mozilla/5.0 AppleWebKit/537.36 (KHTML, like Gecko; compatible; ClaudeBot/1.0; +claudebot@anthropic.com)"
66.249.79.168 - - [05/Nov/2025:03:30:12 +0000] "GET /?shopbrand=93782381 HTTP/1.1" 200 214722 "-" "Mozilla/5.0 (Linux; Android 6.0.1; Nexus 5X Build/MMB29P) AppleWebKit/537.36 (KHTML, like Gecko) Chrome/141.0.7390.122 Mobile Safari/537.36 (compatible; Googlebot/2.1; +http://www.google.com/bot.html)"
74.7.227.152 - - [05/Nov/2025:03:30:09 +0000] "GET /?path=//sys/class/net/lo/subsystem/lo/subsystem/eth0/device/net/eth0/device/driver/virtio0/driver/module/drivers/virtio:virtio_net/virtio0/driver/virtio0/power HTTP/1.1" 200 17866 "-" "Mozilla/5.0 AppleWebKit/537.36 (KHTML, like Gecko; compatible; GPTBot/1.2; +https://openai.com/gptbot)"
216.73.216.223 - - [05/Nov/2025:03:30:09 +0000] "GET /data/lihataboutus?path=%2F%2Fsys%2Fdevices%2Fpci0000%3A00%2F0000%3A00%3A03.6%2Fdriver%2F0000%3A00%3A03.7%2Fdriver%2F0000%3A00%3A02.0%2Fsubsystem HTTP/1.1" 200 12367 "-" "Mozilla/5.0 AppleWebKit/537.36 (KHTML, like Gecko; compatible; ClaudeBot/1.0; +claudebot@anthropic.com)"
142.44.225.136 - - [05/Nov/2025:03:30:10 +0000] "GET /?shopbrand=78809806 HTTP/1.1" 200 68049 "-" "Mozilla/5.0 (compatible; AhrefsBot/7.0; +http://ahrefs.com/robot/)"
216.73.216.223 - - [05/Nov/2025:03:30:10 +0000] "GET /data/lihataboutus?path=%2F%2Fsys%2Fdevices%2Fpci0000%3A00%2F0000%3A00%3A03.4%2Fdriver%2F0000%3A00%3A03.7%2F0000%3A00%3A03.7%3Apcie001 HTTP/1.1" 200 7598 "-" "Mozilla/5.0 AppleWebKit/537.36 (KHTML, like Gecko; compatible; ClaudeBot/1.0; +claudebot@anthropic.com)"
216.73.216.223 - - [05/Nov/2025:03:30:11 +0000] "GET /data/lihataboutus?path=%2F%2Fsys%2Fbus%2Fpci%2Fdevices%2F0000%3A00%3A03.4%2Fdriver%2F0000%3A00%3A02.0%2Fdriver HTTP/1.1" 200 23592 "-" "Mozilla/5.0 AppleWebKit/537.36 (KHTML, like Gecko; compatible; ClaudeBot/1.0; +claudebot@anthropic.com)"
216.73.216.223 - - [05/Nov/2025:03:30:11 +0000] "GET /data/lihataboutus?path=%2F%2Fsys%2Fclass%2Finput%2Finput4%2Fevent4%2Fsubsystem%2Fmice%2Fsubsystem HTTP/1.1" 200 18783 "-" "Mozilla/5.0 AppleWebKit/537.36 (KHTML, like Gecko; compatible; ClaudeBot/1.0; +claudebot@anthropic.com)"
216.73.216.223 - - [05/Nov/2025:03:30:11 +0000] "GET /data/lihataboutus?path=%2F%2Fsys%2Fdevices%2Fpci0000%3A00%2F0000%3A00%3A00.0%2Fsubsystem%2Fdrivers%2Fmpt3sas HTTP/1.1" 200 9665 "-" "Mozilla/5.0 AppleWebKit/537.36 (KHTML, like Gecko; compatible; ClaudeBot/1.0; +claudebot@anthropic.com)"
74.7.227.26 - - [05/Nov/2025:03:30:11 +0000] "GET /net/u88?fileloc=//proc/8/net/udp&path=//proc/8/net HTTP/1.1" 200 3832 "-" "Mozilla/5.0 AppleWebKit/537.36 (KHTML, like Gecko; compatible; GPTBot/1.2; +https://openai.com/gptbot)"
216.73.216.223 - - [05/Nov/2025:03:30:11 +0000] "GET /data/lihataboutus?fileloc=%2F%2Fproc%2F1452%2Fnet%2Fdev_snmp6%2Feth0&path=%2F%2Fproc%2F1452%2Fnet%2Fdev_snmp6 HTTP/1.1" 200 6069 "-" "Mozilla/5.0 AppleWebKit/537.36 (KHTML, like Gecko; compatible; ClaudeBot/1.0; +claudebot@anthropic.com)"
216.73.216.223 - - [05/Nov/2025:03:30:11 +0000] "GET /data/lihataboutus?fileloc=%2F%2Fsys%2Fclass%2Finput%2Fevent0%2Fsubsystem%2Fmouse1%2Fdevice%2Fphys&path=%2F%2Fsys%2Fclass%2Finput%2Fevent0%2Fsubsystem%2Fmouse1%2Fdevice HTTP/1.1" 200 3522 "-" "Mozilla/5.0 AppleWebKit/537.36 (KHTML, like Gecko; compatible; ClaudeBot/1.0; +claudebot@anthropic.com)"
216.73.216.223 - - [05/Nov/2025:03:30:11 +0000] "GET /data/lihataboutus?path=%2F%2Fsys%2Fdevices%2Fpci0000%3A00%2F0000%3A00%3A02.0%2F0000%3A00%3A02.0%3Apcie001%2Fdriver%2F0000%3A00%3A03.3%3Apcie001 HTTP/1.1" 200 7740 "-" "Mozilla/5.0 AppleWebKit/537.36 (KHTML, like Gecko; compatible; ClaudeBot/1.0; +claudebot@anthropic.com)"
216.73.216.223 - - [05/Nov/2025:03:30:11 +0000] "GET /data/lihataboutus?path=%2F%2Fsys%2Fbus%2Fpci%2Fdevices%2F0000%3A00%3A03.7%2Fdriver%2F0000%3A00%3A03.3%2F0000%3A00%3A03.3%3Apcie001 HTTP/1.1" 200 7571 "-" "Mozilla/5.0 AppleWebKit/537.36 (KHTML, like Gecko; compatible; ClaudeBot/1.0; +claudebot@anthropic.com)"
114.119.128.236 - - [05/Nov/2025:03:30:12 +0000] "GET /rental/b81?pid=32863 HTTP/1.1" 200 68049 "https://mata-lashes.com/?sitemap864.xml" "Mozilla/5.0 (Linux; Android 7.0;) AppleWebKit/537.36 (KHTML, like Gecko) Mobile Safari/537.36 (compatible; PetalBot;+https://webmaster.petalsearch.com/site/petalbot)"
216.73.216.223 - - [05/Nov/2025:03:30:12 +0000] "GET /data/lihataboutus?path=%2F%2Fsys%2Fdevices%2Fpci0000%3A00%2F0000%3A00%3A03.6%2Fdriver%2F0000%3A00%3A02.2%2Fdriver%2F0000%3A00%3A02.6 HTTP/1.1" 200 41726 "-" "Mozilla/5.0 AppleWebKit/537.36 (KHTML, like Gecko; compatible; ClaudeBot/1.0; +claudebot@anthropic.com)"
52.0.218.219 - - [05/Nov/2025:03:30:12 +0000] "GET /about/?fileloc=//lib64/libGLdispatch.so.0.0.0&path=//lib64 HTTP/1.1" 200 798758 "-" "Mozilla/5.0 AppleWebKit/537.36 (KHTML, like Gecko; compatible; Amazonbot/0.1; +https://developer.amazon.com/support/amazonbot) Chrome/119.0.6045.214 Safari/537.36"
216.73.216.223 - - [05/Nov/2025:03:30:13 +0000] "GET /data/lihataboutus?fileloc=%2F%2Fsys%2Fdevices%2Fpci0000%3A00%2F0000%3A00%3A02.3%2Fdriver%2F0000%3A00%3A03.6%2Fdriver%2F0000%3A00%3A02.1%2Flocal_cpulist&path=%2F%2Fsys%2Fdevices%2Fpci0000%3A00%2F0000%3A00%3A02.3%2Fdriver%2F0000%3A00%3A03.6%2Fdriver%2F0000%3A00%3A02.1 HTTP/1.1" 200 3733 "-" "Mozilla/5.0 AppleWebKit/537.36 (KHTML, like Gecko; compatible; ClaudeBot/1.0; +claudebot@anthropic.com)"
216.73.216.223 - - [05/Nov/2025:03:30:13 +0000] "GET /data/lihataboutus?fileloc=%2F%2Fsys%2Fdevices%2Fpci0000%3A00%2F0000%3A00%3A03.6%2Fdriver%2F0000%3A00%3A02.3%2Fdriver%2F0000%3A00%3A02.1%2Flocal_cpulist&path=%2F%2Fsys%2Fdevices%2Fpci0000%3A00%2F0000%3A00%3A03.6%2Fdriver%2F0000%3A00%3A02.3%2Fdriver%2F0000%3A00%3A02.1 HTTP/1.1" 200 3733 "-" "Mozilla/5.0 AppleWebKit/537.36 (KHTML, like Gecko; compatible; ClaudeBot/1.0; +claudebot@anthropic.com)"
216.73.216.223 - - [05/Nov/2025:03:30:13 +0000] "GET /data/lihataboutus?fileloc=%2F%2Fsys%2Fdevices%2Fpci0000%3A00%2F0000%3A00%3A03.3%2Fdriver%2F0000%3A00%3A02.6%2Fdriver%2F0000%3A00%3A02.1%2Flocal_cpulist&path=%2F%2Fsys%2Fdevices%2Fpci0000%3A00%2F0000%3A00%3A03.3%2Fdriver%2F0000%3A00%3A02.6%2Fdriver%2F0000%3A00%3A02.1 HTTP/1.1" 200 3733 "-" "Mozilla/5.0 AppleWebKit/537.36 (KHTML, like Gecko; compatible; ClaudeBot/1.0; +claudebot@anthropic.com)"
216.73.216.223 - - [05/Nov/2025:03:30:13 +0000] "GET /data/lihataboutus?path=%2F%2Fsys%2Fbus%2Fpci%2Fdevices%2F0000%3A00%3A03.7%2Fdriver%2F0000%3A00%3A02.0%2F0000%3A01%3A00.0 HTTP/1.1" 200 39371 "-" "Mozilla/5.0 AppleWebKit/537.36 (KHTML, like Gecko; compatible; ClaudeBot/1.0; +claudebot@anthropic.com)"
216.73.216.223 - - [05/Nov/2025:03:30:14 +0000] "GET /data/lihataboutus?fileloc=%2F%2Fsys%2Fclass%2Finput%2Fjs0%2Fsubsystem%2Finput5%2Fpower%2Fautosuspend_delay_ms&path=%2F%2Fsys%2Fclass%2Finput%2Fjs0%2Fsubsystem%2Finput5%2Fpower HTTP/1.1" 200 3495 "-" "Mozilla/5.0 AppleWebKit/537.36 (KHTML, like Gecko; compatible; ClaudeBot/1.0; +claudebot@anthropic.com)"
216.73.216.223 - - [05/Nov/2025:03:30:14 +0000] "GET /data/lihataboutus?path=%2F%2Fsys%2Fdevices%2Fpci0000%3A00%2F0000%3A00%3A03.3%2Fdriver%2F0000%3A00%3A02.6%2Fdriver%2F0000%3A00%3A02.3%2Fsubsystem HTTP/1.1" 200 12367 "-" "Mozilla/5.0 AppleWebKit/537.36 (KHTML, like Gecko; compatible; ClaudeBot/1.0; +claudebot@anthropic.com)"
66.249.79.167 - - [05/Nov/2025:03:30:15 +0000] "GET /?shopbrand=93787230 HTTP/1.1" 200 552540 "-" "Mozilla/5.0 (Linux; Android 6.0.1; Nexus 5X Build/MMB29P) AppleWebKit/537.36 (KHTML, like Gecko) Chrome/141.0.7390.122 Mobile Safari/537.36 (compatible; Googlebot/2.1; +http://www.google.com/bot.html)"
216.73.216.223 - - [05/Nov/2025:03:30:14 +0000] "GET /data/lihataboutus?path=%2F%2Fsys%2Fdevices%2Fpci0000%3A00%2F0000%3A00%3A03.6%2Fdriver%2F0000%3A00%3A02.3%2Fdriver%2F0000%3A00%3A02.3%2Fsubsystem HTTP/1.1" 200 12367 "-" "Mozilla/5.0 AppleWebKit/537.36 (KHTML, like Gecko; compatible; ClaudeBot/1.0; +claudebot@anthropic.com)"
216.73.216.223 - - [05/Nov/2025:03:30:14 +0000] "GET /data/lihataboutus?fileloc=%2F%2Fsys%2Fclass%2Finput%2Finput5%2Fsubsystem%2Fjs0%2Fpower%2Fautosuspend_delay_ms&path=%2F%2Fsys%2Fclass%2Finput%2Finput5%2Fsubsystem%2Fjs0%2Fpower HTTP/1.1" 200 3501 "-" "Mozilla/5.0 AppleWebKit/537.36 (KHTML, like Gecko; compatible; ClaudeBot/1.0; +claudebot@anthropic.com)"
216.73.216.223 - - [05/Nov/2025:03:30:14 +0000] "GET /data/lihataboutus?path=%2F%2Fsys%2Fdevices%2Fpci0000%3A00%2F0000%3A00%3A02.3%2Fdriver%2F0000%3A00%3A03.6%2Fdriver%2F0000%3A00%3A02.3%2Fsubsystem HTTP/1.1" 200 12367 "-" "Mozilla/5.0 AppleWebKit/537.36 (KHTML, like Gecko; compatible; ClaudeBot/1.0; +claudebot@anthropic.com)"
66.249.79.1 - - [05/Nov/2025:03:30:16 +0000] "GET /items/133044152.html?srsltid=AfmBOoalyhfreHxjIYVpsvlJXSHqbruRXNoJkpA79xDv5EE4ohIR HTTP/1.1" 200 216903 "-" "Mozilla/5.0 (Linux; Android 6.0.1; Nexus 5X Build/MMB29P) AppleWebKit/537.36 (KHTML, like Gecko) Chrome/141.0.7390.122 Mobile Safari/537.36 (compatible; Googlebot/2.1; +http://www.google.com/bot.html)"
216.73.216.223 - - [05/Nov/2025:03:30:15 +0000] "GET /data/lihataboutus?fileloc=%2F%2Fproc%2F284%2Ftask%2F284%2Fnet%2Fstat%2Fnf_conntrack&path=%2F%2Fproc%2F284%2Ftask%2F284%2Fnet%2Fstat HTTP/1.1" 200 3843 "-" "Mozilla/5.0 AppleWebKit/537.36 (KHTML, like Gecko; compatible; ClaudeBot/1.0; +claudebot@anthropic.com)"
216.73.216.223 - - [05/Nov/2025:03:30:15 +0000] "GET /data/lihataboutus?fileloc=%2F%2Fsys%2Fdevices%2Fpci0000%3A00%2F0000%3A00%3A02.1%2Fdriver%2F0000%3A00%3A03.5%2Fdriver%2F0000%3A00%3A02.7%2Fsubsystem_device&path=%2F%2Fsys%2Fdevices%2Fpci0000%3A00%2F0000%3A00%3A02.1%2Fdriver%2F0000%3A00%3A03.5%2Fdriver%2F0000%3A00%3A02.7 HTTP/1.1" 200 3739 "-" "Mozilla/5.0 AppleWebKit/537.36 (KHTML, like Gecko; compatible; ClaudeBot/1.0; +claudebot@anthropic.com)"
74.7.227.152 - - [05/Nov/2025:03:30:15 +0000] "GET /?path=//sys/class/net/lo/subsystem/lo/subsystem/eth0/device/net/eth0/device/subsystem/drivers/virtio_blk/virtio1/block/vda/subsystem/vda/subsystem/loop0/subsystem/sr0/power HTTP/1.1" 200 18882 "-" "Mozilla/5.0 AppleWebKit/537.36 (KHTML, like Gecko; compatible; GPTBot/1.2; +https://openai.com/gptbot)"
74.7.227.26 - - [05/Nov/2025:03:30:16 +0000] "GET /net/u88?fileloc=//proc/1/net/unix&path=//proc/1/net HTTP/1.1" 200 18616 "-" "Mozilla/5.0 AppleWebKit/537.36 (KHTML, like Gecko; compatible; GPTBot/1.2; +https://openai.com/gptbot)"
66.249.79.168 - - [05/Nov/2025:03:30:17 +0000] "GET /?shopbrand=93783485 HTTP/1.1" 200 209561 "-" "Mozilla/5.0 (Linux; Android 6.0.1; Nexus 5X Build/MMB29P) AppleWebKit/537.36 (KHTML, like Gecko) Chrome/141.0.7390.122 Mobile Safari/537.36 (compatible; Googlebot/2.1; +http://www.google.com/bot.html)"
216.73.216.223 - - [05/Nov/2025:03:30:16 +0000] "GET /data/lihataboutus?path=%2F%2Fsys%2Fclass%2Finput%2Finput0%2Fevent0%2Fsubsystem%2Fevent4%2Fsubsystem%2Fmice HTTP/1.1" 200 7574 "-" "Mozilla/5.0 AppleWebKit/537.36 (KHTML, like Gecko; compatible; ClaudeBot/1.0; +claudebot@anthropic.com)"
216.73.216.223 - - [05/Nov/2025:03:30:16 +0000] "GET /data/lihataboutus?fileloc=%2F%2Fsys%2Fdevices%2Fpci0000%3A00%2F0000%3A00%3A03.1%2Fdriver%2F0000%3A00%3A02.5%2Fdriver%2F0000%3A00%3A02.7%2Fsubsystem_device&path=%2F%2Fsys%2Fdevices%2Fpci0000%3A00%2F0000%3A00%3A03.1%2Fdriver%2F0000%3A00%3A02.5%2Fdriver%2F0000%3A00%3A02.7 HTTP/1.1" 200 3739 "-" "Mozilla/5.0 AppleWebKit/537.36 (KHTML, like Gecko; compatible; ClaudeBot/1.0; +claudebot@anthropic.com)"
216.73.216.223 - - [05/Nov/2025:03:30:16 +0000] "GET /data/lihataboutus?path=%2F%2Fsys%2Fdevices%2Fpci0000%3A00%2F0000%3A00%3A03.3%2F0000%3A00%3A03.3%3Apcie002%2Fdriver%2F0000%3A00%3A02.5%3Apcie002 HTTP/1.1" 200 7740 "-" "Mozilla/5.0 AppleWebKit/537.36 (KHTML, like Gecko; compatible; ClaudeBot/1.0; +claudebot@anthropic.com)"
3.230.69.161 - - [05/Nov/2025:03:30:16 +0000] "GET /home/?fileloc=//lib64/libc.so&path=//lib64 HTTP/1.1" 200 3375 "-" "Mozilla/5.0 AppleWebKit/537.36 (KHTML, like Gecko; compatible; Amazonbot/0.1; +https://developer.amazon.com/support/amazonbot) Chrome/119.0.6045.214 Safari/537.36"
216.73.216.223 - - [05/Nov/2025:03:30:16 +0000] "GET /data/lihataboutus?path=%2F%2Fsys%2Fdevices%2Fpci0000%3A00%2F0000%3A00%3A02.1%2Fdriver%2F0000%3A00%3A03.5%2Fdriver%2F0000%3A00%3A03.7%2Fpower HTTP/1.1" 200 13821 "-" "Mozilla/5.0 AppleWebKit/537.36 (KHTML, like Gecko; compatible; ClaudeBot/1.0; +claudebot@anthropic.com)"
