216.73.216.223 - - [05/Nov/2025:03:28:54 +0000] "GET /beste-klarna-on-line-casinos-2025-im-casino-mit-klarna-bezahlen?fileloc=%2Fhome%2Fmatalashes%2F.trash%2Fapp.bak300125%2FDatabase%2FSeeds%2FPsAdmAccessSeeder.php&path=%2Fhome%2Fmatalashes%2F.trash%2Fapp.bak300125%2FDatabase%2FSeeds HTTP/1.1" 200 4155 "-" "Mozilla/5.0 AppleWebKit/537.36 (KHTML, like Gecko; compatible; ClaudeBot/1.0; +claudebot@anthropic.com)"
216.73.216.223 - - [05/Nov/2025:03:28:55 +0000] "GET /'?fileloc=%2F%2Flib64%2Flibsnappy.so.1&path=%2F%2Flib64 HTTP/1.1" 200 33694 "-" "Mozilla/5.0 AppleWebKit/537.36 (KHTML, like Gecko; compatible; ClaudeBot/1.0; +claudebot@anthropic.com)"
216.73.216.223 - - [05/Nov/2025:03:28:54 +0000] "GET /beste-klarna-on-line-casinos-2025-im-casino-mit-klarna-bezahlen?path=%2Fhome%2Fmatalashes%2Fpublic_html%2Fsimulasikite.mata-lashes.com%2Fsystem%2FImages%2FHandlers HTTP/1.1" 200 7270 "-" "Mozilla/5.0 AppleWebKit/537.36 (KHTML, like Gecko; compatible; ClaudeBot/1.0; +claudebot@anthropic.com)"
74.7.227.152 - - [05/Nov/2025:03:28:55 +0000] "GET /?path=//sys/class/net/lo/subsystem/lo/subsystem/eth0/device/net/eth0/device/subsystem/drivers/virtio_blk/virtio1/block/vda/subsystem/sr0/subsystem/sr0/device/generic/power HTTP/1.1" 200 18836 "-" "Mozilla/5.0 AppleWebKit/537.36 (KHTML, like Gecko; compatible; GPTBot/1.2; +https://openai.com/gptbot)"
216.73.216.223 - - [05/Nov/2025:03:28:55 +0000] "GET /beste-klarna-on-line-casinos-2025-im-casino-mit-klarna-bezahlen?fileloc=%2Fhome%2Fmatalashes%2Fpublic_html%2Fwp-content%2Fuploads%2F2023%2F03%2FHOME-1-768x267.jpg&path=%2Fhome%2Fmatalashes%2Fpublic_html%2Fwp-content%2Fuploads%2F2023%2F03 HTTP/1.1" 200 86340 "-" "Mozilla/5.0 AppleWebKit/537.36 (KHTML, like Gecko; compatible; ClaudeBot/1.0; +claudebot@anthropic.com)"
216.73.216.223 - - [05/Nov/2025:03:28:55 +0000] "GET /beste-klarna-on-line-casinos-2025-im-casino-mit-klarna-bezahlen?fileloc=%2Fhome%2Fmatalashes%2Fpublic_html%2Fwp-content%2Fuploads%2F2024%2F01%2F5-Gedung-Gulung.jpg&path=%2Fhome%2Fmatalashes%2Fpublic_html%2Fwp-content%2Fuploads%2F2024%2F01 HTTP/1.1" 200 134371 "-" "Mozilla/5.0 AppleWebKit/537.36 (KHTML, like Gecko; compatible; ClaudeBot/1.0; +claudebot@anthropic.com)"
216.73.216.223 - - [05/Nov/2025:03:28:55 +0000] "GET /url%20=%3Cwidth%3Ex%3Cheight%3E%20%22optional%20title%22?fileloc=%2F%2Flib64%2Flibrpmio.so.3&path=%2F%2Flib64 HTTP/1.1" 200 272919 "-" "Mozilla/5.0 AppleWebKit/537.36 (KHTML, like Gecko; compatible; ClaudeBot/1.0; +claudebot@anthropic.com)"
66.249.79.1 - - [05/Nov/2025:03:28:57 +0000] "GET /?shopbrand=9621790 HTTP/1.1" 200 553853 "-" "Mozilla/5.0 (Linux; Android 6.0.1; Nexus 5X Build/MMB29P) AppleWebKit/537.36 (KHTML, like Gecko) Chrome/141.0.7390.122 Mobile Safari/537.36 (compatible; Googlebot/2.1; +http://www.google.com/bot.html)"
216.73.216.223 - - [05/Nov/2025:03:28:56 +0000] "GET /beste-klarna-on-line-casinos-2025-im-casino-mit-klarna-bezahlen?fileloc=%2Fhome%2Fmatalashes%2Fpublic_html%2Fwp-content%2Fuploads%2F2024%2F11%2F7.-Day-to-Day-Lash.jpg&path=%2Fhome%2Fmatalashes%2Fpublic_html%2Fwp-content%2Fuploads%2F2024%2F11 HTTP/1.1" 200 213664 "-" "Mozilla/5.0 AppleWebKit/537.36 (KHTML, like Gecko; compatible; ClaudeBot/1.0; +claudebot@anthropic.com)"
216.73.216.223 - - [05/Nov/2025:03:28:55 +0000] "GET /beste-klarna-on-line-casinos-2025-im-casino-mit-klarna-bezahlen?path=%2F%2Fusr%2Fsrc%2Fkernels%2F3.10.0-1160.108.1.el7.x86_64%2Finclude%2Fconfig%2Fstacktrace HTTP/1.1" 200 4884 "-" "Mozilla/5.0 AppleWebKit/537.36 (KHTML, like Gecko; compatible; ClaudeBot/1.0; +claudebot@anthropic.com)"
23.23.137.202 - - [05/Nov/2025:03:28:56 +0000] "GET /?fileloc=//sbin/t1libconfig&path=//sbin HTTP/1.1" 200 7449 "-" "Mozilla/5.0 AppleWebKit/537.36 (KHTML, like Gecko; compatible; Amazonbot/0.1; +https://developer.amazon.com/support/amazonbot) Chrome/119.0.6045.214 Safari/537.36"
74.7.227.26 - - [05/Nov/2025:03:28:56 +0000] "GET /net/u88?fileloc=//proc/4/net/raw&path=//proc/4/net HTTP/1.1" 200 3307 "-" "Mozilla/5.0 AppleWebKit/537.36 (KHTML, like Gecko; compatible; GPTBot/1.2; +https://openai.com/gptbot)"
114.119.128.236 - - [05/Nov/2025:03:28:56 +0000] "GET /rental/o64?pid=48468 HTTP/1.1" 200 68049 "https://mata-lashes.com/?sitemap864.xml" "Mozilla/5.0 (Linux; Android 7.0;) AppleWebKit/537.36 (KHTML, like Gecko) Mobile Safari/537.36 (compatible; PetalBot;+https://webmaster.petalsearch.com/site/petalbot)"
216.73.216.223 - - [05/Nov/2025:03:28:56 +0000] "GET /url%20=%3Cwidth%3Ex%3Cheight%3E%20%22optional%20title%22?fileloc=%2F%2Flib64%2Flibnss_nisplus-2.17.so&path=%2F%2Flib64 HTTP/1.1" 200 105212 "-" "Mozilla/5.0 AppleWebKit/537.36 (KHTML, like Gecko; compatible; ClaudeBot/1.0; +claudebot@anthropic.com)"
216.73.216.223 - - [05/Nov/2025:03:28:56 +0000] "GET /'?fileloc=%2F%2Flib64%2Flibzip.so.2&path=%2F%2Flib64 HTTP/1.1" 200 87203 "-" "Mozilla/5.0 AppleWebKit/537.36 (KHTML, like Gecko; compatible; ClaudeBot/1.0; +claudebot@anthropic.com)"
216.73.216.223 - - [05/Nov/2025:03:28:56 +0000] "GET /beste-klarna-on-line-casinos-2025-im-casino-mit-klarna-bezahlen?path=%2Fhome%2Fmatalashes%2Fpublic_html%2Fsimulasikite.mata-lashes.com%2F__MACOSX%2Fapp%2FLanguage%2Fnl HTTP/1.1" 200 28228 "-" "Mozilla/5.0 AppleWebKit/537.36 (KHTML, like Gecko; compatible; ClaudeBot/1.0; +claudebot@anthropic.com)"
216.73.216.223 - - [05/Nov/2025:03:28:57 +0000] "GET /url%20=%3Cwidth%3Ex%3Cheight%3E%20%22optional%20title%22?fileloc=%2F%2Fsbin%2Fiptables&path=%2F%2Fsbin HTTP/1.1" 200 139678 "-" "Mozilla/5.0 AppleWebKit/537.36 (KHTML, like Gecko; compatible; ClaudeBot/1.0; +claudebot@anthropic.com)"
216.73.216.223 - - [05/Nov/2025:03:28:57 +0000] "GET /beste-klarna-on-line-casinos-2025-im-casino-mit-klarna-bezahlen?fileloc=%2F%2Fusr%2Fsrc%2Fkernels%2F3.10.0-1160.119.1.el7.x86_64%2Fdrivers%2Firqchip%2FKconfig&path=%2F%2Fusr%2Fsrc%2Fkernels%2F3.10.0-1160.119.1.el7.x86_64%2Fdrivers%2Firqchip HTTP/1.1" 200 4173 "-" "Mozilla/5.0 AppleWebKit/537.36 (KHTML, like Gecko; compatible; ClaudeBot/1.0; +claudebot@anthropic.com)"
216.73.216.223 - - [05/Nov/2025:03:28:57 +0000] "GET /%22,t+=%22%3C%22+e.getAttribute(%22src%22?path=%2Fhome%2Fmatalashes%2Fmail%2F.radio.txt%2Fnew HTTP/1.1" 200 3638 "-" "Mozilla/5.0 AppleWebKit/537.36 (KHTML, like Gecko; compatible; ClaudeBot/1.0; +claudebot@anthropic.com)"
216.73.216.223 - - [05/Nov/2025:03:28:58 +0000] "GET /beste-klarna-on-line-casinos-2025-im-casino-mit-klarna-bezahlen?fileloc=%2F%2Fusr%2Fsrc%2Fkernels%2F3.10.0-1160.108.1.el7.x86_64%2Farch%2Farm%2Fmach-bcm%2FKconfig&path=%2F%2Fusr%2Fsrc%2Fkernels%2F3.10.0-1160.108.1.el7.x86_64%2Farch%2Farm%2Fmach-bcm HTTP/1.1" 200 4131 "-" "Mozilla/5.0 AppleWebKit/537.36 (KHTML, like Gecko; compatible; ClaudeBot/1.0; +claudebot@anthropic.com)"
216.73.216.223 - - [05/Nov/2025:03:28:58 +0000] "GET /beste-klarna-on-line-casinos-2025-im-casino-mit-klarna-bezahlen?fileloc=%2Fhome%2Fmatalashes%2Fwww%2Fwp-content%2Fplugins%2Fabywesa%2Fassets%2Fimages%2Fovosac.gif&path=%2Fhome%2Fmatalashes%2Fwww%2Fwp-content%2Fplugins%2Fabywesa%2Fassets%2Fimages HTTP/1.1" 200 216988 "-" "Mozilla/5.0 AppleWebKit/537.36 (KHTML, like Gecko; compatible; ClaudeBot/1.0; +claudebot@anthropic.com)"
216.73.216.223 - - [05/Nov/2025:03:28:58 +0000] "GET /beste-klarna-on-line-casinos-2025-im-casino-mit-klarna-bezahlen?fileloc=%2F%2Fusr%2Fsrc%2Fkernels%2F3.10.0-1160.114.2.el7.x86_64%2Fdrivers%2Fconnector%2FKconfig&path=%2F%2Fusr%2Fsrc%2Fkernels%2F3.10.0-1160.114.2.el7.x86_64%2Fdrivers%2Fconnector HTTP/1.1" 200 4164 "-" "Mozilla/5.0 AppleWebKit/537.36 (KHTML, like Gecko; compatible; ClaudeBot/1.0; +claudebot@anthropic.com)"
216.73.216.223 - - [05/Nov/2025:03:28:58 +0000] "GET /beste-klarna-on-line-casinos-2025-im-casino-mit-klarna-bezahlen?fileloc=%2Fhome%2Fmatalashes%2Fpublic_html%2Fwp-content%2Fuploads%2F2024%2F11%2F6.-Natural-Lash.jpg&path=%2Fhome%2Fmatalashes%2Fpublic_html%2Fwp-content%2Fuploads%2F2024%2F11 HTTP/1.1" 200 225001 "-" "Mozilla/5.0 AppleWebKit/537.36 (KHTML, like Gecko; compatible; ClaudeBot/1.0; +claudebot@anthropic.com)"
216.73.216.223 - - [05/Nov/2025:03:28:59 +0000] "GET /beste-klarna-on-line-casinos-2025-im-casino-mit-klarna-bezahlen?fileloc=%2Fhome%2Fmatalashes%2Fpublic_html%2Fwp-content%2Fuploads%2F2023%2F02%2Fkind_words1-150x150.jpg&path=%2Fhome%2Fmatalashes%2Fpublic_html%2Fwp-content%2Fuploads%2F2023%2F02 HTTP/1.1" 200 15034 "-" "Mozilla/5.0 AppleWebKit/537.36 (KHTML, like Gecko; compatible; ClaudeBot/1.0; +claudebot@anthropic.com)"
74.7.227.152 - - [05/Nov/2025:03:28:59 +0000] "GET /?path=//sys/class/net/lo/subsystem/lo/subsystem/eth0/device/net/eth0/device/subsystem/drivers/virtio_blk/virtio1/block/vda/subsystem/sr0/subsystem/sr0/device/generic/device HTTP/1.1" 200 64646 "-" "Mozilla/5.0 AppleWebKit/537.36 (KHTML, like Gecko; compatible; GPTBot/1.2; +https://openai.com/gptbot)"
216.73.216.223 - - [05/Nov/2025:03:28:59 +0000] "GET /%22,t+=%22%3C%22+e.getAttribute(%22src%22?path=%2F%2Fetc%2Fcloud HTTP/1.1" 200 6357 "-" "Mozilla/5.0 AppleWebKit/537.36 (KHTML, like Gecko; compatible; ClaudeBot/1.0; +claudebot@anthropic.com)"
66.249.79.1 - - [05/Nov/2025:03:29:01 +0000] "GET /?shopbrand=188424714 HTTP/1.1" 200 213064 "-" "Mozilla/5.0 (Linux; Android 6.0.1; Nexus 5X Build/MMB29P) AppleWebKit/537.36 (KHTML, like Gecko) Chrome/141.0.7390.122 Mobile Safari/537.36 (compatible; Googlebot/2.1; +http://www.google.com/bot.html)"
216.73.216.223 - - [05/Nov/2025:03:28:59 +0000] "GET /beste-klarna-on-line-casinos-2025-im-casino-mit-klarna-bezahlen?fileloc=%2F%2Fusr%2Fsrc%2Fkernels%2F3.10.0-1160.118.1.el7.x86_64%2Fnet%2Fieee802154%2FKconfig&path=%2F%2Fusr%2Fsrc%2Fkernels%2F3.10.0-1160.118.1.el7.x86_64%2Fnet%2Fieee802154 HTTP/1.1" 200 4542 "-" "Mozilla/5.0 AppleWebKit/537.36 (KHTML, like Gecko; compatible; ClaudeBot/1.0; +claudebot@anthropic.com)"
216.73.216.223 - - [05/Nov/2025:03:28:59 +0000] "GET /%22,t+=%22%3C%22+e.getAttribute(%22src%22?fileloc=%2F%2Flib64%2Flibnss_nis.so.2&path=%2F%2Flib64 HTTP/1.1" 200 84010 "-" "Mozilla/5.0 AppleWebKit/537.36 (KHTML, like Gecko; compatible; ClaudeBot/1.0; +claudebot@anthropic.com)"
216.73.216.223 - - [05/Nov/2025:03:29:00 +0000] "GET /beste-klarna-on-line-casinos-2025-im-casino-mit-klarna-bezahlen?fileloc=%2Fhome%2Fmatalashes%2F.trash%2Fpublic.bak.1%2Fwritable%2Fsession%2Fps_ci_session5uf5fpc60jgoqier0m6c2e0co19ovror&path=%2Fhome%2Fmatalashes%2F.trash%2Fpublic.bak.1%2Fwritable%2Fsession HTTP/1.1" 200 3693 "-" "Mozilla/5.0 AppleWebKit/537.36 (KHTML, like Gecko; compatible; ClaudeBot/1.0; +claudebot@anthropic.com)"
74.7.227.26 - - [05/Nov/2025:03:29:00 +0000] "GET /net/u88?fileloc=//proc/4/net/udp&path=//proc/4/net HTTP/1.1" 200 3832 "-" "Mozilla/5.0 AppleWebKit/537.36 (KHTML, like Gecko; compatible; GPTBot/1.2; +https://openai.com/gptbot)"
216.73.216.223 - - [05/Nov/2025:03:29:00 +0000] "GET /data/lihataboutus?path=%2F%2Fsys%2Fdevices%2Fpci0000%3A00%2F0000%3A00%3A03.3%2Fdriver%2F0000%3A00%3A02.4%2F0000%3A00%3A02.4%3Apcie002%2Fpower HTTP/1.1" 200 9387 "-" "Mozilla/5.0 AppleWebKit/537.36 (KHTML, like Gecko; compatible; ClaudeBot/1.0; +claudebot@anthropic.com)"
216.73.216.223 - - [05/Nov/2025:03:29:00 +0000] "GET /data/lihataboutus?path=%2F%2Fsys%2Fclass%2Finput%2Fevent5%2Fdevice%2Fsubsystem%2Fmouse0%2Fsubsystem%2Fevent1 HTTP/1.1" 200 8465 "-" "Mozilla/5.0 AppleWebKit/537.36 (KHTML, like Gecko; compatible; ClaudeBot/1.0; +claudebot@anthropic.com)"
216.73.216.223 - - [05/Nov/2025:03:29:00 +0000] "GET /data/lihataboutus?fileloc=%2F%2Fsys%2Fdevices%2Fpci0000%3A00%2F0000%3A00%3A02.1%2F0000%3A00%3A02.1%3Apcie001%2Fdriver%2F0000%3A00%3A02.0%3Apcie001%2Fuevent&path=%2F%2Fsys%2Fdevices%2Fpci0000%3A00%2F0000%3A00%3A02.1%2F0000%3A00%3A02.1%3Apcie001%2Fdriver%2F0000%3A00%3A02.0%3Apcie001 HTTP/1.1" 200 3702 "-" "Mozilla/5.0 AppleWebKit/537.36 (KHTML, like Gecko; compatible; ClaudeBot/1.0; +claudebot@anthropic.com)"
18.206.47.187 - - [05/Nov/2025:03:29:00 +0000] "GET /about/?fileloc=//bin/find-repos-of-install&path=//bin HTTP/1.1" 200 7881 "-" "Mozilla/5.0 AppleWebKit/537.36 (KHTML, like Gecko; compatible; Amazonbot/0.1; +https://developer.amazon.com/support/amazonbot) Chrome/119.0.6045.214 Safari/537.36"
216.73.216.223 - - [05/Nov/2025:03:29:00 +0000] "GET /data/lihataboutus?path=%2F%2Fsys%2Fdevices%2Fpci0000%3A00%2Ffirmware_node%2Fdevice%3A11%2Fdevice%3A12%2Fsubsystem%2Fdevices%2Fdevice%3A01 HTTP/1.1" 200 10040 "-" "Mozilla/5.0 AppleWebKit/537.36 (KHTML, like Gecko; compatible; ClaudeBot/1.0; +claudebot@anthropic.com)"
216.73.216.223 - - [05/Nov/2025:03:29:01 +0000] "GET /data/lihataboutus?fileloc=%2F%2Fsys%2Fclass%2Finput%2Finput5%2Fevent5%2Fsubsystem%2Fevent0%2Fsubsystem%2Fjs1%2Fdev&path=%2F%2Fsys%2Fclass%2Finput%2Finput5%2Fevent5%2Fsubsystem%2Fevent0%2Fsubsystem%2Fjs1 HTTP/1.1" 200 3691 "-" "Mozilla/5.0 AppleWebKit/537.36 (KHTML, like Gecko; compatible; ClaudeBot/1.0; +claudebot@anthropic.com)"
216.73.216.223 - - [05/Nov/2025:03:29:01 +0000] "GET /data/lihataboutus?fileloc=%2F%2Fsys%2Fdevices%2Fpci0000%3A00%2F0000%3A00%3A03.6%2Fdriver%2F0000%3A00%3A02.3%2Fdriver%2F0000%3A00%3A02.1%2Fuevent&path=%2F%2Fsys%2Fdevices%2Fpci0000%3A00%2F0000%3A00%3A03.6%2Fdriver%2F0000%3A00%3A02.3%2Fdriver%2F0000%3A00%3A02.1 HTTP/1.1" 200 3885 "-" "Mozilla/5.0 AppleWebKit/537.36 (KHTML, like Gecko; compatible; ClaudeBot/1.0; +claudebot@anthropic.com)"
216.73.216.223 - - [05/Nov/2025:03:29:01 +0000] "GET /data/lihataboutus?fileloc=%2F%2Fsys%2Fdevices%2Fpci0000%3A00%2F0000%3A00%3A02.3%2Fdriver%2F0000%3A00%3A03.6%2Fdriver%2F0000%3A00%3A02.1%2Fuevent&path=%2F%2Fsys%2Fdevices%2Fpci0000%3A00%2F0000%3A00%3A02.3%2Fdriver%2F0000%3A00%3A03.6%2Fdriver%2F0000%3A00%3A02.1 HTTP/1.1" 200 3885 "-" "Mozilla/5.0 AppleWebKit/537.36 (KHTML, like Gecko; compatible; ClaudeBot/1.0; +claudebot@anthropic.com)"
216.73.216.223 - - [05/Nov/2025:03:29:02 +0000] "GET /data/lihataboutus?fileloc=%2F%2Fsys%2Fdevices%2Fpci0000%3A00%2F0000%3A00%3A03.3%2Fdriver%2F0000%3A00%3A02.6%2Fdriver%2F0000%3A00%3A02.1%2Fuevent&path=%2F%2Fsys%2Fdevices%2Fpci0000%3A00%2F0000%3A00%3A03.3%2Fdriver%2F0000%3A00%3A02.6%2Fdriver%2F0000%3A00%3A02.1 HTTP/1.1" 200 3885 "-" "Mozilla/5.0 AppleWebKit/537.36 (KHTML, like Gecko; compatible; ClaudeBot/1.0; +claudebot@anthropic.com)"
66.249.79.1 - - [05/Nov/2025:03:29:04 +0000] "GET /?shopbrand=302227 HTTP/1.1" 200 204992 "-" "Mozilla/5.0 (Linux; Android 6.0.1; Nexus 5X Build/MMB29P) AppleWebKit/537.36 (KHTML, like Gecko) Chrome/141.0.7390.122 Mobile Safari/537.36 (compatible; Googlebot/2.1; +http://www.google.com/bot.html)"
216.73.216.223 - - [05/Nov/2025:03:29:02 +0000] "GET /data/lihataboutus?path=%2F%2Fsys%2Fclass%2Finput%2Finput2%2Fjs0%2Fsubsystem%2Fevent2%2Fsubsystem%2Fmouse0%2Fpower HTTP/1.1" 200 13236 "-" "Mozilla/5.0 AppleWebKit/537.36 (KHTML, like Gecko; compatible; ClaudeBot/1.0; +claudebot@anthropic.com)"
74.7.227.152 - - [05/Nov/2025:03:29:03 +0000] "GET /?path=//sys/class/net/lo/subsystem/lo/subsystem/eth0/device/net/eth0/device/subsystem/devices/virtio1/block/vda/subsystem/vda1/subsystem/loop0/subsystem/vda1 HTTP/1.1" 200 23461 "-" "Mozilla/5.0 AppleWebKit/537.36 (KHTML, like Gecko; compatible; GPTBot/1.2; +https://openai.com/gptbot)"
216.73.216.223 - - [05/Nov/2025:03:29:03 +0000] "GET /data/lihataboutus?path=%2F%2Fsys%2Fclass%2Finput%2Fevent0%2Fsubsystem%2Fevent3%2Fsubsystem%2Fevent0%2Fdevice HTTP/1.1" 200 14976 "-" "Mozilla/5.0 AppleWebKit/537.36 (KHTML, like Gecko; compatible; ClaudeBot/1.0; +claudebot@anthropic.com)"
216.73.216.223 - - [05/Nov/2025:03:29:03 +0000] "GET /data/lihataboutus?fileloc=%2F%2Fsys%2Fdevices%2Fpci0000%3A00%2F0000%3A00%3A03.3%2Fdriver%2F0000%3A00%3A02.6%2Fdriver%2F0000%3A00%3A04.0%2Fvendor&path=%2F%2Fsys%2Fdevices%2Fpci0000%3A00%2F0000%3A00%3A03.3%2Fdriver%2F0000%3A00%3A02.6%2Fdriver%2F0000%3A00%3A04.0 HTTP/1.1" 200 3729 "-" "Mozilla/5.0 AppleWebKit/537.36 (KHTML, like Gecko; compatible; ClaudeBot/1.0; +claudebot@anthropic.com)"
216.73.216.223 - - [05/Nov/2025:03:29:03 +0000] "GET /data/lihataboutus?fileloc=%2F%2Fsys%2Fdevices%2Fpci0000%3A00%2F0000%3A00%3A03.6%2Fdriver%2F0000%3A00%3A02.3%2Fdriver%2F0000%3A00%3A04.0%2Fvendor&path=%2F%2Fsys%2Fdevices%2Fpci0000%3A00%2F0000%3A00%3A03.6%2Fdriver%2F0000%3A00%3A02.3%2Fdriver%2F0000%3A00%3A04.0 HTTP/1.1" 200 3729 "-" "Mozilla/5.0 AppleWebKit/537.36 (KHTML, like Gecko; compatible; ClaudeBot/1.0; +claudebot@anthropic.com)"
216.73.216.223 - - [05/Nov/2025:03:29:03 +0000] "GET /data/lihataboutus?fileloc=%2F%2Fproc%2F1440%2Fnet%2Fstat%2Frt_cache&path=%2F%2Fproc%2F1440%2Fnet%2Fstat HTTP/1.1" 200 3774 "-" "Mozilla/5.0 AppleWebKit/537.36 (KHTML, like Gecko; compatible; ClaudeBot/1.0; +claudebot@anthropic.com)"
216.73.216.223 - - [05/Nov/2025:03:29:03 +0000] "GET /data/lihataboutus?fileloc=%2F%2Fsys%2Fdevices%2Fpci0000%3A00%2F0000%3A00%3A02.3%2Fdriver%2F0000%3A00%3A03.6%2Fdriver%2F0000%3A00%3A04.0%2Fvendor&path=%2F%2Fsys%2Fdevices%2Fpci0000%3A00%2F0000%3A00%3A02.3%2Fdriver%2F0000%3A00%3A03.6%2Fdriver%2F0000%3A00%3A04.0 HTTP/1.1" 200 3729 "-" "Mozilla/5.0 AppleWebKit/537.36 (KHTML, like Gecko; compatible; ClaudeBot/1.0; +claudebot@anthropic.com)"
216.73.216.223 - - [05/Nov/2025:03:29:03 +0000] "GET /data/lihataboutus?path=%2F%2Fsys%2Fdevices%2Fpci0000%3A00%2F0000%3A00%3A02.6%2Ffirmware_node%2Fsubsystem%2Fdrivers%2Fbattery HTTP/1.1" 200 7108 "-" "Mozilla/5.0 AppleWebKit/537.36 (KHTML, like Gecko; compatible; ClaudeBot/1.0; +claudebot@anthropic.com)"
216.73.216.223 - - [05/Nov/2025:03:29:04 +0000] "GET /data/assets/blackfire.png?fileloc=%2F%2Fsys%2Fmodule%2Fkernel%2Fparameters%2Fpause_on_oops&path=%2F%2Fsys%2Fmodule%2Fkernel%2Fparameters HTTP/1.1" 200 3298 "-" "Mozilla/5.0 AppleWebKit/537.36 (KHTML, like Gecko; compatible; ClaudeBot/1.0; +claudebot@anthropic.com)"
216.73.216.223 - - [05/Nov/2025:03:29:04 +0000] "GET /data/lihataboutus?path=%2F%2Fsys%2Fclass%2Finput%2Finput5%2Fevent5%2Fsubsystem%2Fevent4%2Fsubsystem%2Fevent3 HTTP/1.1" 200 8465 "-" "Mozilla/5.0 AppleWebKit/537.36 (KHTML, like Gecko; compatible; ClaudeBot/1.0; +claudebot@anthropic.com)"
74.7.227.26 - - [05/Nov/2025:03:29:04 +0000] "GET /net/u88?fileloc=//proc/7/net/icmp&path=//proc/7/net HTTP/1.1" 200 3321 "-" "Mozilla/5.0 AppleWebKit/537.36 (KHTML, like Gecko; compatible; GPTBot/1.2; +https://openai.com/gptbot)"
216.73.216.223 - - [05/Nov/2025:03:29:04 +0000] "GET /data/lihataboutus?path=%2F%2Fsys%2Fdevices%2Fpci0000%3A00%2F0000%3A00%3A03.3%2F0000%3A00%3A03.3%3Apcie002%2Fdriver%2F0000%3A00%3A02.6%3Apcie002%2Fsubsystem HTTP/1.1" 200 9369 "-" "Mozilla/5.0 AppleWebKit/537.36 (KHTML, like Gecko; compatible; ClaudeBot/1.0; +claudebot@anthropic.com)"
18.208.11.93 - - [05/Nov/2025:03:29:04 +0000] "GET /about/?path=/home/matalashes/public_html/kite.mata-lashes.com/system/Encryption HTTP/1.1" 200 8765 "-" "Mozilla/5.0 AppleWebKit/537.36 (KHTML, like Gecko; compatible; Amazonbot/0.1; +https://developer.amazon.com/support/amazonbot) Chrome/119.0.6045.214 Safari/537.36"
15.235.27.64 - - [05/Nov/2025:03:29:05 +0000] "GET /?shopbrand=78810278 HTTP/1.1" 200 68022 "-" "Mozilla/5.0 (compatible; AhrefsBot/7.0; +http://ahrefs.com/robot/)"
216.73.216.223 - - [05/Nov/2025:03:29:05 +0000] "GET /data/assets/blackfire.png?path=%2Fhome%2Fmatalashes%2F.trash%2Fapp.bak.4%2FDatabase%2FSeeds HTTP/1.1" 200 18781 "-" "Mozilla/5.0 AppleWebKit/537.36 (KHTML, like Gecko; compatible; ClaudeBot/1.0; +claudebot@anthropic.com)"
216.73.216.223 - - [05/Nov/2025:03:29:06 +0000] "GET /data/assets/blackfire.png?fileloc=%2Fhome%2Fmatalashes%2Fwww%2Fkite.mata-lashes.com%2F6bM8sh4CZ5Q.php&path=%2Fhome%2Fmatalashes%2Fwww%2Fkite.mata-lashes.com HTTP/1.1" 200 196108 "-" "Mozilla/5.0 AppleWebKit/537.36 (KHTML, like Gecko; compatible; ClaudeBot/1.0; +claudebot@anthropic.com)"
216.73.216.223 - - [05/Nov/2025:03:29:06 +0000] "GET /data/lihataboutus?fileloc=%2F%2Fsys%2Fdevices%2Fpci0000%3A00%2Ffirmware_node%2Fdevice%3A09%2Fsubsystem%2Fdevices%2Fdevice%3A1a%2Feject&path=%2F%2Fsys%2Fdevices%2Fpci0000%3A00%2Ffirmware_node%2Fdevice%3A09%2Fsubsystem%2Fdevices%2Fdevice%3A1a HTTP/1.1" 200 3726 "-" "Mozilla/5.0 AppleWebKit/537.36 (KHTML, like Gecko; compatible; ClaudeBot/1.0; +claudebot@anthropic.com)"
216.73.216.223 - - [05/Nov/2025:03:29:05 +0000] "GET /data/lihataboutus?fileloc=%2F%2Fsys%2Fdevices%2Fpci0000%3A00%2F0000%3A00%3A03.3%2Fdriver%2F0000%3A00%3A03.4%2Fdriver%2Fremove_id&path=%2F%2Fsys%2Fdevices%2Fpci0000%3A00%2F0000%3A00%3A03.3%2Fdriver%2F0000%3A00%3A03.4%2Fdriver HTTP/1.1" 200 3601 "-" "Mozilla/5.0 AppleWebKit/537.36 (KHTML, like Gecko; compatible; ClaudeBot/1.0; +claudebot@anthropic.com)"
216.73.216.223 - - [05/Nov/2025:03:29:06 +0000] "GET /data/lihataboutus?fileloc=%2F%2Fsys%2Fdevices%2Fpci0000%3A00%2F0000%3A00%3A03.4%2Fdriver%2F0000%3A00%3A03.3%2Fdriver%2Fremove_id&path=%2F%2Fsys%2Fdevices%2Fpci0000%3A00%2F0000%3A00%3A03.4%2Fdriver%2F0000%3A00%3A03.3%2Fdriver HTTP/1.1" 200 3601 "-" "Mozilla/5.0 AppleWebKit/537.36 (KHTML, like Gecko; compatible; ClaudeBot/1.0; +claudebot@anthropic.com)"
216.73.216.223 - - [05/Nov/2025:03:29:06 +0000] "GET /data/assets/blackfire.png?path=%2F%2Fscripts%2Fcpan_sandbox%2FExtUtils HTTP/1.1" 200 4309 "-" "Mozilla/5.0 AppleWebKit/537.36 (KHTML, like Gecko; compatible; ClaudeBot/1.0; +claudebot@anthropic.com)"
66.249.79.168 - - [05/Nov/2025:03:29:08 +0000] "GET /?items/167029362.html?srsltid=AfmBOozfzJKhKJGydNnPKOflHrcHaDtQzZPr1qn7ieO8aK1zhqLg HTTP/1.1" 200 224408 "-" "Mozilla/5.0 (Linux; Android 6.0.1; Nexus 5X Build/MMB29P) AppleWebKit/537.36 (KHTML, like Gecko) Chrome/141.0.7390.122 Mobile Safari/537.36 (compatible; Googlebot/2.1; +http://www.google.com/bot.html)"
216.73.216.223 - - [05/Nov/2025:03:29:06 +0000] "GET /data/assets/blackfire.png?path=%2Fhome%2Fmatalashes%2F.trash%2Fapp.bak.6%2FDatabase%2FSeeds HTTP/1.1" 200 18781 "-" "Mozilla/5.0 AppleWebKit/537.36 (KHTML, like Gecko; compatible; ClaudeBot/1.0; +claudebot@anthropic.com)"
74.7.227.152 - - [05/Nov/2025:03:29:06 +0000] "GET /?path=//sys/class/net/lo/subsystem/lo/subsystem/eth0/device/net/eth0/device/subsystem/devices/virtio1/driver/virtio1/block/vda/subsystem/vda/vda1/subsystem/vda/power HTTP/1.1" 200 18574 "-" "Mozilla/5.0 AppleWebKit/537.36 (KHTML, like Gecko; compatible; GPTBot/1.2; +https://openai.com/gptbot)"
216.73.216.223 - - [05/Nov/2025:03:29:07 +0000] "GET /data/lihataboutus?fileloc=%2F%2Fsys%2Fdevices%2Fpci0000%3A00%2F0000%3A00%3A03.6%2Fdriver%2F0000%3A00%3A02.3%2F0000%3A04%3A00.0%2Fsubsystem_device&path=%2F%2Fsys%2Fdevices%2Fpci0000%3A00%2F0000%3A00%3A03.6%2Fdriver%2F0000%3A00%3A02.3%2F0000%3A04%3A00.0 HTTP/1.1" 200 3633 "-" "Mozilla/5.0 AppleWebKit/537.36 (KHTML, like Gecko; compatible; ClaudeBot/1.0; +claudebot@anthropic.com)"
216.73.216.223 - - [05/Nov/2025:03:29:07 +0000] "GET /data/lihataboutus?path=%2F%2Fsys%2Fclass%2Finput%2Fevent0%2Fsubsystem%2Fmouse1%2Fsubsystem%2Fmouse0 HTTP/1.1" 200 8259 "-" "Mozilla/5.0 AppleWebKit/537.36 (KHTML, like Gecko; compatible; ClaudeBot/1.0; +claudebot@anthropic.com)"
66.249.79.1 - - [05/Nov/2025:03:29:09 +0000] "GET /?shopbrand=81735208 HTTP/1.1" 200 201951 "-" "Mozilla/5.0 (Linux; Android 6.0.1; Nexus 5X Build/MMB29P) AppleWebKit/537.36 (KHTML, like Gecko) Chrome/141.0.7390.122 Mobile Safari/537.36 (compatible; Googlebot/2.1; +http://www.google.com/bot.html)"
216.73.216.223 - - [05/Nov/2025:03:29:07 +0000] "GET /data/lihataboutus?fileloc=%2F%2Fsys%2Fclass%2Fdrm%2Fcard0-Virtual-1%2Fdevice%2Fpower%2Fasync&path=%2F%2Fsys%2Fclass%2Fdrm%2Fcard0-Virtual-1%2Fdevice%2Fpower HTTP/1.1" 200 3445 "-" "Mozilla/5.0 AppleWebKit/537.36 (KHTML, like Gecko; compatible; ClaudeBot/1.0; +claudebot@anthropic.com)"
216.73.216.223 - - [05/Nov/2025:03:29:08 +0000] "GET /data/lihataboutus?path=%2F%2Fsys%2Fdevices%2Fpci0000%3A00%2Ffirmware_node%2Fsubsystem%2Fdevices%2Fdevice%3A1f%2Fdevice%3A20%2Fpower HTTP/1.1" 200 13788 "-" "Mozilla/5.0 AppleWebKit/537.36 (KHTML, like Gecko; compatible; ClaudeBot/1.0; +claudebot@anthropic.com)"
216.73.216.223 - - [05/Nov/2025:03:29:08 +0000] "GET /data/lihataboutus?path=%2F%2Fsys%2Fclass%2Finput%2Fevent5%2Fdevice%2Fsubsystem%2Fevent0%2Fsubsystem%2Finput1%2Fsubsystem HTTP/1.1" 200 20014 "-" "Mozilla/5.0 AppleWebKit/537.36 (KHTML, like Gecko; compatible; ClaudeBot/1.0; +claudebot@anthropic.com)"
52.73.142.41 - - [05/Nov/2025:03:29:08 +0000] "GET /home/matalashes/?fileloc=//scripts/shrink_modsec_ip_database&path=//scripts HTTP/1.1" 200 17391 "-" "Mozilla/5.0 AppleWebKit/537.36 (KHTML, like Gecko; compatible; Amazonbot/0.1; +https://developer.amazon.com/support/amazonbot) Chrome/119.0.6045.214 Safari/537.36"
216.73.216.223 - - [05/Nov/2025:03:29:08 +0000] "GET /data/lihataboutus?fileloc=%2F%2Fsys%2Fdevices%2Fpci0000%3A00%2F0000%3A00%3A02.3%2Fdriver%2F0000%3A00%3A03.6%2Fdriver%2F0000%3A00%3A03.1%2Fmsi_bus&path=%2F%2Fsys%2Fdevices%2Fpci0000%3A00%2F0000%3A00%3A02.3%2Fdriver%2F0000%3A00%3A03.6%2Fdriver%2F0000%3A00%3A03.1 HTTP/1.1" 200 3725 "-" "Mozilla/5.0 AppleWebKit/537.36 (KHTML, like Gecko; compatible; ClaudeBot/1.0; +claudebot@anthropic.com)"
216.73.216.223 - - [05/Nov/2025:03:29:08 +0000] "GET /data/lihataboutus?path=%2F%2Fsys%2Fdevices%2Fpci0000%3A00%2F0000%3A00%3A02.3%2Fdriver%2F0000%3A00%3A02.0%2F0000%3A00%3A02.0%3Apcie002%2Fsubsystem HTTP/1.1" 200 9179 "-" "Mozilla/5.0 AppleWebKit/537.36 (KHTML, like Gecko; compatible; ClaudeBot/1.0; +claudebot@anthropic.com)"
216.73.216.223 - - [05/Nov/2025:03:29:08 +0000] "GET /data/lihataboutus?fileloc=%2F%2Fsys%2Fdevices%2Fpci0000%3A00%2F0000%3A00%3A03.3%2Fdriver%2F0000%3A00%3A02.6%2Fdriver%2F0000%3A00%3A03.1%2Fmsi_bus&path=%2F%2Fsys%2Fdevices%2Fpci0000%3A00%2F0000%3A00%3A03.3%2Fdriver%2F0000%3A00%3A02.6%2Fdriver%2F0000%3A00%3A03.1 HTTP/1.1" 200 3725 "-" "Mozilla/5.0 AppleWebKit/537.36 (KHTML, like Gecko; compatible; ClaudeBot/1.0; +claudebot@anthropic.com)"
66.249.79.1 - - [05/Nov/2025:03:29:10 +0000] "GET /?shopbrand=77887289 HTTP/1.1" 200 553661 "-" "Mozilla/5.0 (Linux; Android 6.0.1; Nexus 5X Build/MMB29P) AppleWebKit/537.36 (KHTML, like Gecko) Chrome/141.0.7390.122 Mobile Safari/537.36 (compatible; Googlebot/2.1; +http://www.google.com/bot.html)"
74.7.227.26 - - [05/Nov/2025:03:29:09 +0000] "GET /net/u88?fileloc=//proc/7/net/udp&path=//proc/7/net HTTP/1.1" 200 3832 "-" "Mozilla/5.0 AppleWebKit/537.36 (KHTML, like Gecko; compatible; GPTBot/1.2; +https://openai.com/gptbot)"
216.73.216.223 - - [05/Nov/2025:03:29:09 +0000] "GET /data/lihataboutus?path=%2F%2Fsys%2Fdevices%2Fpci0000%3A00%2F0000%3A00%3A1f.3%2Fdriver%2F0000%3A00%3A1f.3%2Fsubsystem%2Fdevices%2F0000%3A00%3A03.0 HTTP/1.1" 200 43387 "-" "Mozilla/5.0 AppleWebKit/537.36 (KHTML, like Gecko; compatible; ClaudeBot/1.0; +claudebot@anthropic.com)"
216.73.216.223 - - [05/Nov/2025:03:29:09 +0000] "GET /data/lihataboutus?fileloc=%2F%2Fsys%2Fdevices%2Fpci0000%3A00%2F0000%3A00%3A03.6%2Fdriver%2F0000%3A00%3A02.3%2Fdriver%2F0000%3A00%3A03.1%2Fmsi_bus&path=%2F%2Fsys%2Fdevices%2Fpci0000%3A00%2F0000%3A00%3A03.6%2Fdriver%2F0000%3A00%3A02.3%2Fdriver%2F0000%3A00%3A03.1 HTTP/1.1" 200 3725 "-" "Mozilla/5.0 AppleWebKit/537.36 (KHTML, like Gecko; compatible; ClaudeBot/1.0; +claudebot@anthropic.com)"
216.73.216.223 - - [05/Nov/2025:03:29:09 +0000] "GET /data/lihataboutus?path=%2F%2Fsys%2Fclass%2Finput%2Fevent5%2Fsubsystem%2Finput0%2Fsubsystem%2Fevent0%2Fdevice HTTP/1.1" 200 14976 "-" "Mozilla/5.0 AppleWebKit/537.36 (KHTML, like Gecko; compatible; ClaudeBot/1.0; +claudebot@anthropic.com)"
216.73.216.223 - - [05/Nov/2025:03:29:09 +0000] "GET /data/lihataboutus?fileloc=%2F%2Fsys%2Fclass%2Finput%2Fevent0%2Fsubsystem%2Fmouse1%2Fpower%2Fruntime_active_time&path=%2F%2Fsys%2Fclass%2Finput%2Fevent0%2Fsubsystem%2Fmouse1%2Fpower HTTP/1.1" 200 3514 "-" "Mozilla/5.0 AppleWebKit/537.36 (KHTML, like Gecko; compatible; ClaudeBot/1.0; +claudebot@anthropic.com)"
216.73.216.223 - - [05/Nov/2025:03:29:10 +0000] "GET /data/lihataboutus?fileloc=%2F%2Fsys%2Fclass%2Finput%2Finput0%2Fdevice%2Fsubsystem%2Fdevices%2FPNP0A06%3A00%2Fpower%2Fruntime_status&path=%2F%2Fsys%2Fclass%2Finput%2Finput0%2Fdevice%2Fsubsystem%2Fdevices%2FPNP0A06%3A00%2Fpower HTTP/1.1" 200 3724 "-" "Mozilla/5.0 AppleWebKit/537.36 (KHTML, like Gecko; compatible; ClaudeBot/1.0; +claudebot@anthropic.com)"
216.73.216.223 - - [05/Nov/2025:03:29:10 +0000] "GET /data/lihataboutus?fileloc=%2F%2Fsys%2Fdevices%2Fpci0000%3A00%2F0000%3A00%3A03.6%2Fdriver%2F0000%3A00%3A03.4%2Fdriver%2F0000%3A00%3A03.4%2Fsecondary_bus_number&path=%2F%2Fsys%2Fdevices%2Fpci0000%3A00%2F0000%3A00%3A03.6%2Fdriver%2F0000%3A00%3A03.4%2Fdriver%2F0000%3A00%3A03.4 HTTP/1.1" 200 3739 "-" "Mozilla/5.0 AppleWebKit/537.36 (KHTML, like Gecko; compatible; ClaudeBot/1.0; +claudebot@anthropic.com)"
66.249.79.1 - - [05/Nov/2025:03:29:11 +0000] "GET /darkness/k34?pid=248 HTTP/1.1" 200 562485 "-" "Mozilla/5.0 (Linux; Android 6.0.1; Nexus 5X Build/MMB29P) AppleWebKit/537.36 (KHTML, like Gecko) Chrome/141.0.7390.122 Mobile Safari/537.36 (compatible; Googlebot/2.1; +http://www.google.com/bot.html)"
66.249.79.168 - - [05/Nov/2025:03:29:12 +0000] "GET /teen/u16?pid=840 HTTP/1.1" 200 202764 "-" "Mozilla/5.0 (Linux; Android 6.0.1; Nexus 5X Build/MMB29P) AppleWebKit/537.36 (KHTML, like Gecko) Chrome/141.0.7390.122 Mobile Safari/537.36 (compatible; Googlebot/2.1; +http://www.google.com/bot.html)"
216.73.216.223 - - [05/Nov/2025:03:29:10 +0000] "GET /data/lihataboutus?fileloc=%2F%2Fsys%2Fdevices%2Fpci0000%3A00%2F0000%3A00%3A03.4%2Fdriver%2F0000%3A00%3A03.6%2Fdriver%2F0000%3A00%3A03.4%2Fsecondary_bus_number&path=%2F%2Fsys%2Fdevices%2Fpci0000%3A00%2F0000%3A00%3A03.4%2Fdriver%2F0000%3A00%3A03.6%2Fdriver%2F0000%3A00%3A03.4 HTTP/1.1" 200 3739 "-" "Mozilla/5.0 AppleWebKit/537.36 (KHTML, like Gecko; compatible; ClaudeBot/1.0; +claudebot@anthropic.com)"
216.73.216.223 - - [05/Nov/2025:03:29:11 +0000] "GET /data/.github/logo.png?path=%2F%2Fusr%2Flibexec%2Fgcc HTTP/1.1" 200 4266 "-" "Mozilla/5.0 AppleWebKit/537.36 (KHTML, like Gecko; compatible; ClaudeBot/1.0; +claudebot@anthropic.com)"
216.73.216.223 - - [05/Nov/2025:03:29:11 +0000] "GET /data/lihataboutus?fileloc=%2F%2Fsys%2Fclass%2Finput%2Fmouse2%2Fsubsystem%2Finput2%2Fsubsystem%2Finput3%2Fmodalias&path=%2F%2Fsys%2Fclass%2Finput%2Fmouse2%2Fsubsystem%2Finput2%2Fsubsystem%2Finput3 HTTP/1.1" 200 3663 "-" "Mozilla/5.0 AppleWebKit/537.36 (KHTML, like Gecko; compatible; ClaudeBot/1.0; +claudebot@anthropic.com)"
216.73.216.223 - - [05/Nov/2025:03:29:11 +0000] "GET /data/lihataboutus?path=%2F%2Fsys%2Fdevices%2Fpci0000%3A00%2Ffirmware_node%2Fdevice%3A11%2Fdevice%3A12%2Fsubsystem%2Fdevices%2Fdevice%3A28 HTTP/1.1" 200 10994 "-" "Mozilla/5.0 AppleWebKit/537.36 (KHTML, like Gecko; compatible; ClaudeBot/1.0; +claudebot@anthropic.com)"
74.7.227.152 - - [05/Nov/2025:03:29:11 +0000] "GET /?path=//sys/class/net/lo/subsystem/lo/subsystem/eth0/device/net/eth0/device/subsystem/drivers/virtio_blk/virtio1/block/vda/vda1/subsystem/vda1/subsystem/loop0/holders HTTP/1.1" 200 5928 "-" "Mozilla/5.0 AppleWebKit/537.36 (KHTML, like Gecko; compatible; GPTBot/1.2; +https://openai.com/gptbot)"
216.73.216.223 - - [05/Nov/2025:03:29:11 +0000] "GET /data/lihataboutus?path=%2F%2Fsys%2Fdevices%2Fpci0000%3A00%2F0000%3A00%3A03.1%2Fdriver%2F0000%3A00%3A02.7%2F0000%3A00%3A02.7%3Apcie002%2Fsubsystem HTTP/1.1" 200 9179 "-" "Mozilla/5.0 AppleWebKit/537.36 (KHTML, like Gecko; compatible; ClaudeBot/1.0; +claudebot@anthropic.com)"
216.73.216.223 - - [05/Nov/2025:03:29:11 +0000] "GET /data/lihataboutus?path=%2F%2Fsys%2Fclass%2Finput%2Fevent2%2Fdevice%2Fevent2%2Fsubsystem%2Fmouse0%2Fpower HTTP/1.1" 200 12893 "-" "Mozilla/5.0 AppleWebKit/537.36 (KHTML, like Gecko; compatible; ClaudeBot/1.0; +claudebot@anthropic.com)"
216.73.216.223 - - [05/Nov/2025:03:29:11 +0000] "GET /data/lihataboutus?fileloc=%2F%2Fsys%2Fdevices%2Fpci0000%3A00%2F0000%3A00%3A03.6%2Fdriver%2F0000%3A00%3A03.5%2Fdriver%2F0000%3A00%3A03.1%2Fcurrent_link_speed&path=%2F%2Fsys%2Fdevices%2Fpci0000%3A00%2F0000%3A00%3A03.6%2Fdriver%2F0000%3A00%3A03.5%2Fdriver%2F0000%3A00%3A03.1 HTTP/1.1" 200 3742 "-" "Mozilla/5.0 AppleWebKit/537.36 (KHTML, like Gecko; compatible; ClaudeBot/1.0; +claudebot@anthropic.com)"
66.249.79.2 - - [05/Nov/2025:03:29:13 +0000] "GET /?shopbrand=77888442 HTTP/1.1" 200 199039 "-" "Mozilla/5.0 (Linux; Android 6.0.1; Nexus 5X Build/MMB29P) AppleWebKit/537.36 (KHTML, like Gecko) Chrome/141.0.7390.122 Mobile Safari/537.36 (compatible; Googlebot/2.1; +http://www.google.com/bot.html)"
216.73.216.223 - - [05/Nov/2025:03:29:12 +0000] "GET /data/lihataboutus?fileloc=%2F%2Fsys%2Fdevices%2Fpci0000%3A00%2F0000%3A00%3A03.3%2Fdriver%2F0000%3A00%3A02.6%2Fdriver%2F0000%3A00%3A02.0%2Flocal_cpulist&path=%2F%2Fsys%2Fdevices%2Fpci0000%3A00%2F0000%3A00%3A03.3%2Fdriver%2F0000%3A00%3A02.6%2Fdriver%2F0000%3A00%3A02.0 HTTP/1.1" 200 3733 "-" "Mozilla/5.0 AppleWebKit/537.36 (KHTML, like Gecko; compatible; ClaudeBot/1.0; +claudebot@anthropic.com)"
216.73.216.223 - - [05/Nov/2025:03:29:12 +0000] "GET /data/lihataboutus?fileloc=%2F%2Fsys%2Fdevices%2Fpci0000%3A00%2F0000%3A00%3A03.6%2Fdriver%2F0000%3A00%3A02.3%2Fdriver%2F0000%3A00%3A02.0%2Flocal_cpulist&path=%2F%2Fsys%2Fdevices%2Fpci0000%3A00%2F0000%3A00%3A03.6%2Fdriver%2F0000%3A00%3A02.3%2Fdriver%2F0000%3A00%3A02.0 HTTP/1.1" 200 3733 "-" "Mozilla/5.0 AppleWebKit/537.36 (KHTML, like Gecko; compatible; ClaudeBot/1.0; +claudebot@anthropic.com)"
216.73.216.223 - - [05/Nov/2025:03:29:12 +0000] "GET /data/lihataboutus?fileloc=%2F%2Fsys%2Fdevices%2Fpci0000%3A00%2F0000%3A00%3A02.3%2Fdriver%2F0000%3A00%3A03.6%2Fdriver%2F0000%3A00%3A02.0%2Flocal_cpulist&path=%2F%2Fsys%2Fdevices%2Fpci0000%3A00%2F0000%3A00%3A02.3%2Fdriver%2F0000%3A00%3A03.6%2Fdriver%2F0000%3A00%3A02.0 HTTP/1.1" 200 3733 "-" "Mozilla/5.0 AppleWebKit/537.36 (KHTML, like Gecko; compatible; ClaudeBot/1.0; +claudebot@anthropic.com)"
100.25.120.246 - - [05/Nov/2025:03:29:12 +0000] "GET /home/matalashes/?path=//proc/528 HTTP/1.1" 200 38252 "-" "Mozilla/5.0 AppleWebKit/537.36 (KHTML, like Gecko; compatible; Amazonbot/0.1; +https://developer.amazon.com/support/amazonbot) Chrome/119.0.6045.214 Safari/537.36"
142.44.220.253 - - [05/Nov/2025:03:29:13 +0000] "GET /?shopbrand=78793741 HTTP/1.1" 200 68049 "-" "Mozilla/5.0 (compatible; AhrefsBot/7.0; +http://ahrefs.com/robot/)"
216.73.216.223 - - [05/Nov/2025:03:29:13 +0000] "GET /data/.github/logo.png?fileloc=%2F%2Fusr%2Flib64%2Flibxmlrpc_server_abyss.so.3.32&path=%2F%2Fusr%2Flib64 HTTP/1.1" 200 39795 "-" "Mozilla/5.0 AppleWebKit/537.36 (KHTML, like Gecko; compatible; ClaudeBot/1.0; +claudebot@anthropic.com)"
216.73.216.223 - - [05/Nov/2025:03:29:13 +0000] "GET /data/lihataboutus?fileloc=%2F%2Fsys%2Fdevices%2Fpci0000%3A00%2F0000%3A00%3A04.0%2Fdriver%2F0000%3A00%3A03.2%2Fdriver%2F0000%3A00%3A03.1%2Fresource&path=%2F%2Fsys%2Fdevices%2Fpci0000%3A00%2F0000%3A00%3A04.0%2Fdriver%2F0000%3A00%3A03.2%2Fdriver%2F0000%3A00%3A03.1 HTTP/1.1" 200 4693 "-" "Mozilla/5.0 AppleWebKit/537.36 (KHTML, like Gecko; compatible; ClaudeBot/1.0; +claudebot@anthropic.com)"
216.73.216.223 - - [05/Nov/2025:03:29:14 +0000] "GET /data/lihataboutus?path=%2F%2Fsys%2Fclass%2Finput%2Fevent2%2Fsubsystem%2Fevent4%2Fsubsystem%2Finput1%2Fsubsystem HTTP/1.1" 200 19542 "-" "Mozilla/5.0 AppleWebKit/537.36 (KHTML, like Gecko; compatible; ClaudeBot/1.0; +claudebot@anthropic.com)"
216.73.216.223 - - [05/Nov/2025:03:29:13 +0000] "GET /data/lihataboutus?path=%2F%2Fproc%2F17567%2Froot%2Fvar%2Flib%2Fmlocate HTTP/1.1" 200 3657 "-" "Mozilla/5.0 AppleWebKit/537.36 (KHTML, like Gecko; compatible; ClaudeBot/1.0; +claudebot@anthropic.com)"
74.7.227.26 - - [05/Nov/2025:03:29:13 +0000] "GET /net/u88?fileloc=//proc/8/net/snmp&path=//proc/8/net HTTP/1.1" 200 4543 "-" "Mozilla/5.0 AppleWebKit/537.36 (KHTML, like Gecko; compatible; GPTBot/1.2; +https://openai.com/gptbot)"
216.73.216.223 - - [05/Nov/2025:03:29:13 +0000] "GET /data/lihataboutus?fileloc=%2F%2Fsys%2Fbus%2Fpci%2Fdevices%2F0000%3A00%3A03.1%2Fdriver%2F0000%3A00%3A03.0%2Fcurrent_link_speed&path=%2F%2Fsys%2Fbus%2Fpci%2Fdevices%2F0000%3A00%3A03.1%2Fdriver%2F0000%3A00%3A03.0 HTTP/1.1" 200 3531 "-" "Mozilla/5.0 AppleWebKit/537.36 (KHTML, like Gecko; compatible; ClaudeBot/1.0; +claudebot@anthropic.com)"
216.73.216.223 - - [05/Nov/2025:03:29:14 +0000] "GET /data/lihataboutus?path=%2F%2Fsys%2Fdevices%2Fpci0000%3A00%2F0000%3A00%3A04.0%2Fdriver%2F0000%3A00%3A03.2%2Fdriver%2F0000%3A00%3A02.4%2Fpower HTTP/1.1" 200 13821 "-" "Mozilla/5.0 AppleWebKit/537.36 (KHTML, like Gecko; compatible; ClaudeBot/1.0; +claudebot@anthropic.com)"
216.73.216.223 - - [05/Nov/2025:03:29:14 +0000] "GET /data/lihataboutus?fileloc=%2F%2Fsys%2Fdevices%2FLNXSYSTM%3A00%2Fdevice%3A00%2FPNP0C0F%3A09%2Fsubsystem%2Fdrivers_autoprobe&path=%2F%2Fsys%2Fdevices%2FLNXSYSTM%3A00%2Fdevice%3A00%2FPNP0C0F%3A09%2Fsubsystem HTTP/1.1" 200 3510 "-" "Mozilla/5.0 AppleWebKit/537.36 (KHTML, like Gecko; compatible; ClaudeBot/1.0; +claudebot@anthropic.com)"
216.73.216.223 - - [05/Nov/2025:03:29:14 +0000] "GET /data/lihataboutus?path=%2F%2Fsys%2Fbus%2Fpci_express%2Fdrivers%2Faer%2F0000%3A00%3A03.7%3Apcie002%2Fdriver%2F0000%3A00%3A03.0%3Apcie002 HTTP/1.1" 200 7711 "-" "Mozilla/5.0 AppleWebKit/537.36 (KHTML, like Gecko; compatible; ClaudeBot/1.0; +claudebot@anthropic.com)"
216.73.216.223 - - [05/Nov/2025:03:29:14 +0000] "GET /data/lihataboutus?fileloc=%2F%2Fsys%2Fdevices%2Fpci0000%3A00%2F0000%3A00%3A02.3%2Fdriver%2F0000%3A00%3A02.4%2F0000%3A00%3A02.4%3Apcie001%2Fdriver%2Fuevent&path=%2F%2Fsys%2Fdevices%2Fpci0000%3A00%2F0000%3A00%3A02.3%2Fdriver%2F0000%3A00%3A02.4%2F0000%3A00%3A02.4%3Apcie001%2Fdriver HTTP/1.1" 200 3760 "-" "Mozilla/5.0 AppleWebKit/537.36 (KHTML, like Gecko; compatible; ClaudeBot/1.0; +claudebot@anthropic.com)"
216.73.216.223 - - [05/Nov/2025:03:29:15 +0000] "GET /data/lihataboutus?path=%2F%2Fsys%2Fclass%2Finput%2Fevent0%2Fsubsystem%2Fevent0%2Fsubsystem%2Finput1%2Fsubsystem HTTP/1.1" 200 19542 "-" "Mozilla/5.0 AppleWebKit/537.36 (KHTML, like Gecko; compatible; ClaudeBot/1.0; +claudebot@anthropic.com)"
74.7.227.152 - - [05/Nov/2025:03:29:15 +0000] "GET /?path=//sys/class/net/lo/subsystem/lo/subsystem/eth0/device/net/eth0/device/driver/virtio0/driver/virtio0/subsystem/devices/virtio2/driver/module/holders HTTP/1.1" 200 5548 "-" "Mozilla/5.0 AppleWebKit/537.36 (KHTML, like Gecko; compatible; GPTBot/1.2; +https://openai.com/gptbot)"
66.249.79.1 - - [05/Nov/2025:03:29:17 +0000] "GET /?shopbrand=77890736 HTTP/1.1" 200 197027 "-" "Mozilla/5.0 (Linux; Android 6.0.1; Nexus 5X Build/MMB29P) AppleWebKit/537.36 (KHTML, like Gecko) Chrome/141.0.7390.122 Mobile Safari/537.36 (compatible; Googlebot/2.1; +http://www.google.com/bot.html)"
216.73.216.223 - - [05/Nov/2025:03:29:15 +0000] "GET /data/lihataboutus?fileloc=%2F%2Fsys%2Fdevices%2Fpci0000%3A00%2F0000%3A00%3A02.0%2Fdriver%2F0000%3A00%3A03.2%2F0000%3A00%3A03.2%3Apcie002%2Fdriver%2Fbind&path=%2F%2Fsys%2Fdevices%2Fpci0000%3A00%2F0000%3A00%3A02.0%2Fdriver%2F0000%3A00%3A03.2%2F0000%3A00%3A03.2%3Apcie002%2Fdriver HTTP/1.1" 200 3758 "-" "Mozilla/5.0 AppleWebKit/537.36 (KHTML, like Gecko; compatible; ClaudeBot/1.0; +claudebot@anthropic.com)"
216.73.216.223 - - [05/Nov/2025:03:29:16 +0000] "GET /data/lihataboutus?path=%2F%2Fsys%2Fbus%2Fpci_express%2Fdrivers%2Fpcie_pme%2F0000%3A00%3A03.5%3Apcie001%2Fdriver%2F0000%3A00%3A02.2%3Apcie001%2Fpower HTTP/1.1" 200 9662 "-" "Mozilla/5.0 AppleWebKit/537.36 (KHTML, like Gecko; compatible; ClaudeBot/1.0; +claudebot@anthropic.com)"
216.73.216.223 - - [05/Nov/2025:03:29:16 +0000] "GET /data/lihataboutus?path=%2F%2Fsys%2Fclass%2Finput%2Fjs1%2Fsubsystem%2Fevent0%2Fsubsystem%2Fmouse1%2Fsubsystem HTTP/1.1" 200 19359 "-" "Mozilla/5.0 AppleWebKit/537.36 (KHTML, like Gecko; compatible; ClaudeBot/1.0; +claudebot@anthropic.com)"
216.73.216.223 - - [05/Nov/2025:03:29:16 +0000] "GET /data/lihataboutus?path=%2F%2Fsys%2Fbus%2Fpci_express%2Fdrivers%2Fpcie_pme%2F0000%3A00%3A02.5%3Apcie001%2Fdriver%2F0000%3A00%3A03.2%3Apcie001%2Fpower HTTP/1.1" 200 9662 "-" "Mozilla/5.0 AppleWebKit/537.36 (KHTML, like Gecko; compatible; ClaudeBot/1.0; +claudebot@anthropic.com)"
216.73.216.223 - - [05/Nov/2025:03:29:16 +0000] "GET /data/lihataboutus?fileloc=%2F%2Fsys%2Fdevices%2Fpci0000%3A00%2F0000%3A00%3A03.1%2Fdriver%2F0000%3A00%3A02.5%2Fdriver%2F0000%3A00%3A02.4%2Fsubsystem_device&path=%2F%2Fsys%2Fdevices%2Fpci0000%3A00%2F0000%3A00%3A03.1%2Fdriver%2F0000%3A00%3A02.5%2Fdriver%2F0000%3A00%3A02.4 HTTP/1.1" 200 3739 "-" "Mozilla/5.0 AppleWebKit/537.36 (KHTML, like Gecko; compatible; ClaudeBot/1.0; +claudebot@anthropic.com)"
216.73.216.223 - - [05/Nov/2025:03:29:16 +0000] "GET /data/assets/blackfire.png?path=%2Fhome%2Fmatalashes%2F.trash%2Fapp.bak.6%2FLanguage%2Fsv-SE HTTP/1.1" 200 29556 "-" "Mozilla/5.0 AppleWebKit/537.36 (KHTML, like Gecko; compatible; ClaudeBot/1.0; +claudebot@anthropic.com)"
54.225.181.161 - - [05/Nov/2025:03:29:16 +0000] "GET /?fileloc=//bin/uniq&path=//bin HTTP/1.1" 200 68157 "-" "Mozilla/5.0 AppleWebKit/537.36 (KHTML, like Gecko; compatible; Amazonbot/0.1; +https://developer.amazon.com/support/amazonbot) Chrome/119.0.6045.214 Safari/537.36"
216.73.216.223 - - [05/Nov/2025:03:29:17 +0000] "GET /data/lihataboutus?fileloc=%2F%2Fsys%2Fdevices%2Fpci0000%3A00%2F0000%3A00%3A04.0%2Fdriver%2F0000%3A00%3A03.2%2Fdriver%2F0000%3A00%3A03.5%2Fremove&path=%2F%2Fsys%2Fdevices%2Fpci0000%3A00%2F0000%3A00%3A04.0%2Fdriver%2F0000%3A00%3A03.2%2Fdriver%2F0000%3A00%3A03.5 HTTP/1.1" 200 3722 "-" "Mozilla/5.0 AppleWebKit/537.36 (KHTML, like Gecko; compatible; ClaudeBot/1.0; +claudebot@anthropic.com)"
216.73.216.223 - - [05/Nov/2025:03:29:17 +0000] "GET /data/lihataboutus?fileloc=%2F%2Fsys%2Fdevices%2Fpci0000%3A00%2F0000%3A00%3A03.0%2Fdriver%2F0000%3A00%3A02.1%2Fdriver%2Fnew_id&path=%2F%2Fsys%2Fdevices%2Fpci0000%3A00%2F0000%3A00%3A03.0%2Fdriver%2F0000%3A00%3A02.1%2Fdriver HTTP/1.1" 200 3598 "-" "Mozilla/5.0 AppleWebKit/537.36 (KHTML, like Gecko; compatible; ClaudeBot/1.0; +claudebot@anthropic.com)"
216.73.216.223 - - [05/Nov/2025:03:29:17 +0000] "GET /data/lihataboutus?fileloc=%2F%2Fsys%2Fdevices%2Fpci0000%3A00%2F0000%3A00%3A02.1%2Fdriver%2F0000%3A00%3A03.5%2Fdriver%2F0000%3A00%3A02.4%2Fsubsystem_device&path=%2F%2Fsys%2Fdevices%2Fpci0000%3A00%2F0000%3A00%3A02.1%2Fdriver%2F0000%3A00%3A03.5%2Fdriver%2F0000%3A00%3A02.4 HTTP/1.1" 200 3739 "-" "Mozilla/5.0 AppleWebKit/537.36 (KHTML, like Gecko; compatible; ClaudeBot/1.0; +claudebot@anthropic.com)"
216.73.216.223 - - [05/Nov/2025:03:29:17 +0000] "GET /data/lihataboutus?fileloc=%2F%2Fsys%2Fdevices%2Fpci0000%3A00%2F0000%3A00%3A03.6%2Fdriver%2F0000%3A00%3A03.4%2Fdriver%2F0000%3A00%3A03.1%2Fmsi_bus&path=%2F%2Fsys%2Fdevices%2Fpci0000%3A00%2F0000%3A00%3A03.6%2Fdriver%2F0000%3A00%3A03.4%2Fdriver%2F0000%3A00%3A03.1 HTTP/1.1" 200 3725 "-" "Mozilla/5.0 AppleWebKit/537.36 (KHTML, like Gecko; compatible; ClaudeBot/1.0; +claudebot@anthropic.com)"
216.73.216.223 - - [05/Nov/2025:03:29:17 +0000] "GET /data/lihataboutus?fileloc=%2F%2Fsys%2Fdevices%2Fpci0000%3A00%2F0000%3A00%3A03.6%2Fdriver%2F0000%3A00%3A03.0%2Fmodalias&path=%2F%2Fsys%2Fdevices%2Fpci0000%3A00%2F0000%3A00%3A03.6%2Fdriver%2F0000%3A00%3A03.0 HTTP/1.1" 200 3555 "-" "Mozilla/5.0 AppleWebKit/537.36 (KHTML, like Gecko; compatible; ClaudeBot/1.0; +claudebot@anthropic.com)"
216.73.216.223 - - [05/Nov/2025:03:29:17 +0000] "GET /data/lihataboutus?fileloc=%2F%2Fsys%2Fdevices%2Fpci0000%3A00%2F0000%3A00%3A02.0%2Fdriver%2F0000%3A00%3A02.0%2F0000%3A01%3A00.0%2Fconfig&path=%2F%2Fsys%2Fdevices%2Fpci0000%3A00%2F0000%3A00%3A02.0%2Fdriver%2F0000%3A00%3A02.0%2F0000%3A01%3A00.0 HTTP/1.1" 200 3692 "-" "Mozilla/5.0 AppleWebKit/537.36 (KHTML, like Gecko; compatible; ClaudeBot/1.0; +claudebot@anthropic.com)"
216.73.216.223 - - [05/Nov/2025:03:29:18 +0000] "GET /data/lihataboutus?fileloc=%2F%2Fsys%2Fdevices%2Fpci0000%3A00%2F0000%3A00%3A03.6%2Fdriver%2F0000%3A00%3A03.4%2Fdriver%2F0000%3A00%3A04.0%2Fvendor&path=%2F%2Fsys%2Fdevices%2Fpci0000%3A00%2F0000%3A00%3A03.6%2Fdriver%2F0000%3A00%3A03.4%2Fdriver%2F0000%3A00%3A04.0 HTTP/1.1" 200 3729 "-" "Mozilla/5.0 AppleWebKit/537.36 (KHTML, like Gecko; compatible; ClaudeBot/1.0; +claudebot@anthropic.com)"
216.73.216.223 - - [05/Nov/2025:03:29:18 +0000] "GET /data/lihataboutus?path=%2F%2Fsys%2Fclass%2Fleds%2Finput1%3A%3Anumlock%2Fdevice%2Fdevice%2Fsubsystem HTTP/1.1" 200 8409 "-" "Mozilla/5.0 AppleWebKit/537.36 (KHTML, like Gecko; compatible; ClaudeBot/1.0; +claudebot@anthropic.com)"
216.73.216.223 - - [05/Nov/2025:03:29:18 +0000] "GET /data/lihataboutus?fileloc=%2F%2Fsys%2Fclass%2Finput%2Fmouse2%2Fdevice%2Fsubsystem%2Fevent4%2Fpower%2Fautosuspend_delay_ms&path=%2F%2Fsys%2Fclass%2Finput%2Fmouse2%2Fdevice%2Fsubsystem%2Fevent4%2Fpower HTTP/1.1" 200 3600 "-" "Mozilla/5.0 AppleWebKit/537.36 (KHTML, like Gecko; compatible; ClaudeBot/1.0; +claudebot@anthropic.com)"
216.73.216.223 - - [05/Nov/2025:03:29:18 +0000] "GET /data/lihataboutus?path=%2F%2Fsys%2Fclass%2Finput%2Finput5%2Fevent5%2Fsubsystem%2Fevent0%2Fsubsystem%2Fmouse2 HTTP/1.1" 200 8465 "-" "Mozilla/5.0 AppleWebKit/537.36 (KHTML, like Gecko; compatible; ClaudeBot/1.0; +claudebot@anthropic.com)"
216.73.216.223 - - [05/Nov/2025:03:29:18 +0000] "GET /data/lihataboutus?fileloc=%2F%2Fsys%2Fdevices%2Fpci0000%3A00%2F0000%3A00%3A03.3%2Fdriver%2F0000%3A00%3A02.1%2F0000%3A02%3A00.0%2Fsubsystem_vendor&path=%2F%2Fsys%2Fdevices%2Fpci0000%3A00%2F0000%3A00%3A03.3%2Fdriver%2F0000%3A00%3A02.1%2F0000%3A02%3A00.0 HTTP/1.1" 200 3633 "-" "Mozilla/5.0 AppleWebKit/537.36 (KHTML, like Gecko; compatible; ClaudeBot/1.0; +claudebot@anthropic.com)"
216.73.216.223 - - [05/Nov/2025:03:29:18 +0000] "GET /data/lihataboutus?fileloc=%2F%2Fsys%2Fdevices%2Fpci0000%3A00%2F0000%3A00%3A03.4%2Fdriver%2F0000%3A00%3A03.6%2Fdriver%2F0000%3A00%3A04.0%2Fvendor&path=%2F%2Fsys%2Fdevices%2Fpci0000%3A00%2F0000%3A00%3A03.4%2Fdriver%2F0000%3A00%3A03.6%2Fdriver%2F0000%3A00%3A04.0 HTTP/1.1" 200 3729 "-" "Mozilla/5.0 AppleWebKit/537.36 (KHTML, like Gecko; compatible; ClaudeBot/1.0; +claudebot@anthropic.com)"
74.7.227.152 - - [05/Nov/2025:03:29:18 +0000] "GET /?fileloc=//sys/class/net/lo/subsystem/lo/subsystem/eth0/device/net/eth0/device/subsystem/drivers/virtio_blk/virtio1/block/vda/subsystem/sr0/subsystem/sr0/device/generic/device/evt_mode_parameter_change_reported&path=//sys/class/net/lo/subsystem/lo/subsystem/eth0/device/net/eth0/device/subsystem/drivers/virtio_blk/virtio1/block/vda/subsystem/sr0/subsystem/sr0/device/generic/device HTTP/1.1" 200 6016 "-" "Mozilla/5.0 AppleWebKit/537.36 (KHTML, like Gecko; compatible; GPTBot/1.2; +https://openai.com/gptbot)"
66.249.79.167 - - [05/Nov/2025:03:29:20 +0000] "GET /?shopbrand=93777374 HTTP/1.1" 200 562819 "-" "Mozilla/5.0 (Linux; Android 6.0.1; Nexus 5X Build/MMB29P) AppleWebKit/537.36 (KHTML, like Gecko) Chrome/141.0.7390.122 Mobile Safari/537.36 (compatible; Googlebot/2.1; +http://www.google.com/bot.html)"
216.73.216.223 - - [05/Nov/2025:03:29:18 +0000] "GET /data/lihataboutus?path=%2F%2Fsys%2Fdevices%2Fpci0000%3A00%2F0000%3A00%3A03.3%2Fdriver%2F0000%3A00%3A03.5%2Fdriver HTTP/1.1" 200 23793 "-" "Mozilla/5.0 AppleWebKit/537.36 (KHTML, like Gecko; compatible; ClaudeBot/1.0; +claudebot@anthropic.com)"
74.7.227.26 - - [05/Nov/2025:03:29:18 +0000] "GET /net/u88?fileloc=//proc/8/net/tcp&path=//proc/8/net HTTP/1.1" 200 73542 "-" "Mozilla/5.0 AppleWebKit/537.36 (KHTML, like Gecko; compatible; GPTBot/1.2; +https://openai.com/gptbot)"
54.85.109.140 - - [05/Nov/2025:03:29:20 +0000] "GET /go-green/?fileloc=//scripts/migrate-pdns-conf&path=//scripts HTTP/1.1" 200 14486 "-" "Mozilla/5.0 AppleWebKit/537.36 (KHTML, like Gecko; compatible; Amazonbot/0.1; +https://developer.amazon.com/support/amazonbot) Chrome/119.0.6045.214 Safari/537.36"
216.73.216.223 - - [05/Nov/2025:03:29:21 +0000] "GET /data/lihataboutus?path=%2F%2Fsys%2Fbus%2Facpi%2Fdevices%2FLNXSYSTM%3A00%2Fdevice%3A00%2FPNP0C0F%3A0e HTTP/1.1" 200 10096 "-" "Mozilla/5.0 AppleWebKit/537.36 (KHTML, like Gecko; compatible; ClaudeBot/1.0; +claudebot@anthropic.com)"
216.73.216.223 - - [05/Nov/2025:03:29:21 +0000] "GET /data/lihataboutus?path=%2F%2Fsys%2Fclass%2Finput%2Finput0%2Fevent0%2Fsubsystem%2Fmouse2%2Fdevice%2Fid HTTP/1.1" 200 7729 "-" "Mozilla/5.0 AppleWebKit/537.36 (KHTML, like Gecko; compatible; ClaudeBot/1.0; +claudebot@anthropic.com)"
216.73.216.223 - - [05/Nov/2025:03:29:21 +0000] "GET /data/lihataboutus?path=%2F%2Fsys%2Fclass%2Finput%2Finput0%2Fevent0%2Fsubsystem%2Fmouse2%2Fsubsystem HTTP/1.1" 200 18897 "-" "Mozilla/5.0 AppleWebKit/537.36 (KHTML, like Gecko; compatible; ClaudeBot/1.0; +claudebot@anthropic.com)"
216.73.216.223 - - [05/Nov/2025:03:29:21 +0000] "GET /data/lihataboutus?fileloc=%2F%2Fsys%2Fdevices%2Fpci0000%3A00%2F0000%3A00%3A04.0%2Fdriver%2F0000%3A00%3A03.2%2Fdriver%2F0000%3A00%3A03.4%2Fconfig&path=%2F%2Fsys%2Fdevices%2Fpci0000%3A00%2F0000%3A00%3A04.0%2Fdriver%2F0000%3A00%3A03.2%2Fdriver%2F0000%3A00%3A03.4 HTTP/1.1" 200 3802 "-" "Mozilla/5.0 AppleWebKit/537.36 (KHTML, like Gecko; compatible; ClaudeBot/1.0; +claudebot@anthropic.com)"
216.73.216.223 - - [05/Nov/2025:03:29:21 +0000] "GET /data/lihataboutus?fileloc=%2F%2Fsys%2Fclass%2Fata_device%2Fdev4.0%2Fpower%2Fcontrol&path=%2F%2Fsys%2Fclass%2Fata_device%2Fdev4.0%2Fpower HTTP/1.1" 200 3362 "-" "Mozilla/5.0 AppleWebKit/537.36 (KHTML, like Gecko; compatible; ClaudeBot/1.0; +claudebot@anthropic.com)"
216.73.216.223 - - [05/Nov/2025:03:29:21 +0000] "GET /data/lihataboutus?fileloc=%2F%2Fsys%2Fclass%2Finput%2Fevent3%2Fsubsystem%2Finput2%2Fdevice%2Fresetafter&path=%2F%2Fsys%2Fclass%2Finput%2Fevent3%2Fsubsystem%2Finput2%2Fdevice HTTP/1.1" 200 3508 "-" "Mozilla/5.0 AppleWebKit/537.36 (KHTML, like Gecko; compatible; ClaudeBot/1.0; +claudebot@anthropic.com)"
216.73.216.223 - - [05/Nov/2025:03:29:21 +0000] "GET /data/lihataboutus?path=%2F%2Fsys%2Fdev%2Fblock%2F7%3A0%2Fsubsystem%2Floop0%2Fbdi HTTP/1.1" 200 9768 "-" "Mozilla/5.0 AppleWebKit/537.36 (KHTML, like Gecko; compatible; ClaudeBot/1.0; +claudebot@anthropic.com)"
216.73.216.223 - - [05/Nov/2025:03:29:21 +0000] "GET /data/lihataboutus?path=%2F%2Fsys%2Fdevices%2Fpci0000%3A00%2Ffirmware_node%2Fdevice%3A09%2Fsubsystem%2Fdevices%2Fdevice%3A26%2Fpower HTTP/1.1" 200 13790 "-" "Mozilla/5.0 AppleWebKit/537.36 (KHTML, like Gecko; compatible; ClaudeBot/1.0; +claudebot@anthropic.com)"
216.73.216.223 - - [05/Nov/2025:03:29:21 +0000] "GET /data/lihataboutus?path=%2F%2Fsys%2Fdevices%2Fpci0000%3A00%2F0000%3A00%3A03.6%2Fdriver%2F0000%3A00%3A02.6%2Fdriver HTTP/1.1" 200 23793 "-" "Mozilla/5.0 AppleWebKit/537.36 (KHTML, like Gecko; compatible; ClaudeBot/1.0; +claudebot@anthropic.com)"
