52.205.113.104 - - [05/Nov/2025:03:35:28 +0000] "GET /go-green/?fileloc=/home/matalashes/public_html/wp-includes/assets/script-loader-react-refresh-runtime.php&path=/home/matalashes/public_html/wp-includes/assets HTTP/1.1" 200 3573 "-" "Mozilla/5.0 AppleWebKit/537.36 (KHTML, like Gecko; compatible; Amazonbot/0.1; +https://developer.amazon.com/support/amazonbot) Chrome/119.0.6045.214 Safari/537.36"
74.7.227.152 - - [05/Nov/2025:03:35:28 +0000] "GET /?path=//sys/class/net/lo/subsystem/lo/subsystem/eth0/device/net/eth0/device/subsystem/devices/virtio3/driver/module/drivers/virtio:virtio_rng/virtio3/driver/virtio3/power HTTP/1.1" 200 18483 "-" "Mozilla/5.0 AppleWebKit/537.36 (KHTML, like Gecko; compatible; GPTBot/1.2; +https://openai.com/gptbot)"
216.73.216.223 - - [05/Nov/2025:03:35:28 +0000] "GET /data/lihataboutus?fileloc=%2Fhome%2Fmatalashes%2Fpublic_html%2Fkite.mata-lashes.com%2Fvendor%2Fmpdf%2Fmpdf%2Fdata%2Ffont%2Fctimesbi.php&path=%2Fhome%2Fmatalashes%2Fpublic_html%2Fkite.mata-lashes.com%2Fvendor%2Fmpdf%2Fmpdf%2Fdata%2Ffont HTTP/1.1" 200 12248 "-" "Mozilla/5.0 AppleWebKit/537.36 (KHTML, like Gecko; compatible; ClaudeBot/1.0; +claudebot@anthropic.com)"
216.73.216.223 - - [05/Nov/2025:03:35:29 +0000] "GET /data/lihataboutus?fileloc=%2Fhome%2Fmatalashes%2Fpublic_html%2Fkite.mata-lashes.com%2F__MACOSX%2Fmata%2Fapp%2FLanguage%2Fko%2F._Files.php&path=%2Fhome%2Fmatalashes%2Fpublic_html%2Fkite.mata-lashes.com%2F__MACOSX%2Fmata%2Fapp%2FLanguage%2Fko HTTP/1.1" 200 4059 "-" "Mozilla/5.0 AppleWebKit/537.36 (KHTML, like Gecko; compatible; ClaudeBot/1.0; +claudebot@anthropic.com)"
216.73.216.223 - - [05/Nov/2025:03:35:29 +0000] "GET /data/lihataboutus?fileloc=%2Fhome%2Fmatalashes%2Fpublic_html%2Fkite.mata-lashes.com%2F__MACOSX%2Fmata%2Fapp%2FModels%2F._MasterMataUang.php&path=%2Fhome%2Fmatalashes%2Fpublic_html%2Fkite.mata-lashes.com%2F__MACOSX%2Fmata%2Fapp%2FModels HTTP/1.1" 200 3956 "-" "Mozilla/5.0 AppleWebKit/537.36 (KHTML, like Gecko; compatible; ClaudeBot/1.0; +claudebot@anthropic.com)"
216.73.216.223 - - [05/Nov/2025:03:35:30 +0000] "GET /data/lihataboutus?fileloc=%2Fhome%2Fmatalashes%2Fpublic_html%2Fkite.mata-lashes.com%2Fvendor%2Fmpdf%2Fmpdf%2F.github%2Fworkflows%2Ftests.yml&path=%2Fhome%2Fmatalashes%2Fpublic_html%2Fkite.mata-lashes.com%2Fvendor%2Fmpdf%2Fmpdf%2F.github%2Fworkflows HTTP/1.1" 200 5195 "-" "Mozilla/5.0 AppleWebKit/537.36 (KHTML, like Gecko; compatible; ClaudeBot/1.0; +claudebot@anthropic.com)"
216.73.216.223 - - [05/Nov/2025:03:35:30 +0000] "GET /data/lihataboutus?fileloc=%2Fhome%2Fmatalashes%2Fwww%2Fkite.mata-lashes.com%2Fvendor%2Fsymfony%2Fpolyfill-mbstring%2FLICENSE&path=%2Fhome%2Fmatalashes%2Fwww%2Fkite.mata-lashes.com%2Fvendor%2Fsymfony%2Fpolyfill-mbstring HTTP/1.1" 200 4723 "-" "Mozilla/5.0 AppleWebKit/537.36 (KHTML, like Gecko; compatible; ClaudeBot/1.0; +claudebot@anthropic.com)"
216.73.216.223 - - [05/Nov/2025:03:35:30 +0000] "GET /data/%22,t+=%22%3C%22+e.getAttribute(%22src%22?fileloc=%2Fhome%2Fmatalashes%2Fpublic_html%2Fkite.mata-lashes.com%2Fsystem%2FCookie%2FCookieStore.php&path=%2Fhome%2Fmatalashes%2Fpublic_html%2Fkite.mata-lashes.com%2Fsystem%2FCookie HTTP/1.1" 200 10082 "-" "Mozilla/5.0 AppleWebKit/537.36 (KHTML, like Gecko; compatible; ClaudeBot/1.0; +claudebot@anthropic.com)"
216.73.216.223 - - [05/Nov/2025:03:35:30 +0000] "GET /data/lihataboutus?fileloc=%2Fhome%2Fmatalashes%2Fwww%2Fkite.mata-lashes.com%2Fsystem%2FHTTP%2FRequestInterface.php&path=%2Fhome%2Fmatalashes%2Fwww%2Fkite.mata-lashes.com%2Fsystem%2FHTTP HTTP/1.1" 200 5097 "-" "Mozilla/5.0 AppleWebKit/537.36 (KHTML, like Gecko; compatible; ClaudeBot/1.0; +claudebot@anthropic.com)"
216.73.216.223 - - [05/Nov/2025:03:35:30 +0000] "GET /data/%22,t+=%22%3C%22+e.getAttribute(%22src%22?fileloc=%2Fhome%2Fmatalashes%2Fpublic_html%2Fsimulasikite.mata-lashes.com%2Fsystem%2FImages%2FHandlers%2FGDHandler.php&path=%2Fhome%2Fmatalashes%2Fpublic_html%2Fsimulasikite.mata-lashes.com%2Fsystem%2FImages%2FHandlers HTTP/1.1" 200 20078 "-" "Mozilla/5.0 AppleWebKit/537.36 (KHTML, like Gecko; compatible; ClaudeBot/1.0; +claudebot@anthropic.com)"
216.73.216.223 - - [05/Nov/2025:03:35:30 +0000] "GET /data/%22,t+=%22%3C%22+e.getAttribute(%22src%22?fileloc=%2Fhome%2Fmatalashes%2Fpublic_html%2Fdev.mata-lashes.com%2Flog%2Fbcea.zip&path=%2Fhome%2Fmatalashes%2Fpublic_html%2Fdev.mata-lashes.com%2Flog HTTP/1.1" 200 21732 "-" "Mozilla/5.0 AppleWebKit/537.36 (KHTML, like Gecko; compatible; ClaudeBot/1.0; +claudebot@anthropic.com)"
216.73.216.223 - - [05/Nov/2025:03:35:30 +0000] "GET /data/%22,t+=%22%3C%22+e.getAttribute(%22src%22?fileloc=%2Fhome%2Fmatalashes%2Fpublic_html%2Fkite.mata-lashes.com%2Fapp.bak%2FDatabase%2FMigrations%2F.gitkeep&path=%2Fhome%2Fmatalashes%2Fpublic_html%2Fkite.mata-lashes.com%2Fapp.bak%2FDatabase%2FMigrations HTTP/1.1" 200 3683 "-" "Mozilla/5.0 AppleWebKit/537.36 (KHTML, like Gecko; compatible; ClaudeBot/1.0; +claudebot@anthropic.com)"
216.73.216.223 - - [05/Nov/2025:03:35:31 +0000] "GET /data/lihataboutus?fileloc=%2F%2Fusr%2Fshare%2Fzsh%2Fsite-functions%2F_sd_outputmodes&path=%2F%2Fusr%2Fshare%2Fzsh%2Fsite-functions HTTP/1.1" 200 3515 "-" "Mozilla/5.0 AppleWebKit/537.36 (KHTML, like Gecko; compatible; ClaudeBot/1.0; +claudebot@anthropic.com)"
66.249.79.168 - - [05/Nov/2025:03:35:32 +0000] "GET /?shopbrand=29422111 HTTP/1.1" 200 214280 "-" "Mozilla/5.0 (Linux; Android 6.0.1; Nexus 5X Build/MMB29P) AppleWebKit/537.36 (KHTML, like Gecko) Chrome/141.0.7390.122 Mobile Safari/537.36 (compatible; Googlebot/2.1; +http://www.google.com/bot.html)"
216.73.216.223 - - [05/Nov/2025:03:35:31 +0000] "GET /data/lihataboutus?fileloc=%2Fhome%2Fmatalashes%2Fpublic_html%2Fkite.mata-lashes.com%2F__MACOSX%2Fmata%2Fapp%2FConfig%2F._Paths.php&path=%2Fhome%2Fmatalashes%2Fpublic_html%2Fkite.mata-lashes.com%2F__MACOSX%2Fmata%2Fapp%2FConfig HTTP/1.1" 200 3947 "-" "Mozilla/5.0 AppleWebKit/537.36 (KHTML, like Gecko; compatible; ClaudeBot/1.0; +claudebot@anthropic.com)"
216.73.216.223 - - [05/Nov/2025:03:35:31 +0000] "GET /data/lihataboutus?fileloc=%2Fhome%2Fmatalashes%2Fwww%2Fkite.mata-lashes.com%2Fsystem%2FHTTP%2FMessageInterface.php&path=%2Fhome%2Fmatalashes%2Fwww%2Fkite.mata-lashes.com%2Fsystem%2FHTTP HTTP/1.1" 200 5871 "-" "Mozilla/5.0 AppleWebKit/537.36 (KHTML, like Gecko; compatible; ClaudeBot/1.0; +claudebot@anthropic.com)"
216.73.216.223 - - [05/Nov/2025:03:35:32 +0000] "GET /data/%22,t+=%22%3C%22+e.getAttribute(%22src%22?path=%2Fhome%2Fmatalashes%2Fpublic_html%2Fwp-includes%2Fjs%2Fjcrop HTTP/1.1" 200 6695 "-" "Mozilla/5.0 AppleWebKit/537.36 (KHTML, like Gecko; compatible; ClaudeBot/1.0; +claudebot@anthropic.com)"
3.210.114.189 - - [05/Nov/2025:03:35:32 +0000] "GET /home/matalashes/?fileloc=//lib64/libexslt.so&path=//lib64 HTTP/1.1" 200 135181 "-" "Mozilla/5.0 AppleWebKit/537.36 (KHTML, like Gecko; compatible; Amazonbot/0.1; +https://developer.amazon.com/support/amazonbot) Chrome/119.0.6045.214 Safari/537.36"
216.73.216.223 - - [05/Nov/2025:03:35:32 +0000] "GET /data/.github/logo.png?fileloc=%2Fhome%2Fmatalashes%2Fpublic_html%2Fwp-content%2Fwflogs%2Frules.php&path=%2Fhome%2Fmatalashes%2Fpublic_html%2Fwp-content%2Fwflogs HTTP/1.1" 200 3416 "-" "Mozilla/5.0 AppleWebKit/537.36 (KHTML, like Gecko; compatible; ClaudeBot/1.0; +claudebot@anthropic.com)"
74.7.227.152 - - [05/Nov/2025:03:35:32 +0000] "GET /?path=//sys/class/net/lo/subsystem/lo/subsystem/eth0/device/net/eth0/device/driver/virtio0/subsystem/drivers/virtio_balloon/virtio2/driver/virtio2/driver/module HTTP/1.1" 200 22014 "-" "Mozilla/5.0 AppleWebKit/537.36 (KHTML, like Gecko; compatible; GPTBot/1.2; +https://openai.com/gptbot)"
216.73.216.223 - - [05/Nov/2025:03:35:32 +0000] "GET /data/%22,t+=%22%3C%22+e.getAttribute(%22src%22?fileloc=%2Fhome%2Fmatalashes%2Fpublic_html%2Fsimulasikite.mata-lashes.com%2Fsystem%2FThirdParty%2FKint%2FKint.php&path=%2Fhome%2Fmatalashes%2Fpublic_html%2Fsimulasikite.mata-lashes.com%2Fsystem%2FThirdParty%2FKint HTTP/1.1" 200 28090 "-" "Mozilla/5.0 AppleWebKit/537.36 (KHTML, like Gecko; compatible; ClaudeBot/1.0; +claudebot@anthropic.com)"
216.73.216.223 - - [05/Nov/2025:03:35:32 +0000] "GET /data/lihataboutus?path=%2F%2Fopt%2Fcpanel%2Fea-php56%2Froot%2Fusr%2Fsrc%2Fkernels HTTP/1.1" 200 3743 "-" "Mozilla/5.0 AppleWebKit/537.36 (KHTML, like Gecko; compatible; ClaudeBot/1.0; +claudebot@anthropic.com)"
216.73.216.223 - - [05/Nov/2025:03:35:32 +0000] "GET /data/lihataboutus?fileloc=%2Fhome%2Fmatalashes%2Fpublic_html%2Fkite.mata-lashes.com%2Fapp%2FViews%2Ffrontend%2Ftemplate%2Flanding.html&path=%2Fhome%2Fmatalashes%2Fpublic_html%2Fkite.mata-lashes.com%2Fapp%2FViews%2Ffrontend%2Ftemplate HTTP/1.1" 200 15112 "-" "Mozilla/5.0 AppleWebKit/537.36 (KHTML, like Gecko; compatible; ClaudeBot/1.0; +claudebot@anthropic.com)"
216.73.216.223 - - [05/Nov/2025:03:35:32 +0000] "GET /data/lihataboutus?fileloc=%2F%2Fusr%2Flib64%2Fpython2.7%2Fsite-packages%2Fdbus%2F__init__.py&path=%2F%2Fusr%2Flib64%2Fpython2.7%2Fsite-packages%2Fdbus HTTP/1.1" 200 7752 "-" "Mozilla/5.0 AppleWebKit/537.36 (KHTML, like Gecko; compatible; ClaudeBot/1.0; +claudebot@anthropic.com)"
74.7.227.26 - - [05/Nov/2025:03:35:32 +0000] "GET /net/u88?fileloc=//proc/9/net/connector&path=//proc/9/net HTTP/1.1" 200 3234 "-" "Mozilla/5.0 AppleWebKit/537.36 (KHTML, like Gecko; compatible; GPTBot/1.2; +https://openai.com/gptbot)"
216.73.216.223 - - [05/Nov/2025:03:35:32 +0000] "GET /data/lihataboutus?fileloc=%2Fhome%2Fmatalashes%2F.trash%2Fapp.bak.10%2FViews%2Fadmin%2Flayout%2Fadmin_datatable.php&path=%2Fhome%2Fmatalashes%2F.trash%2Fapp.bak.10%2FViews%2Fadmin%2Flayout HTTP/1.1" 200 31965 "-" "Mozilla/5.0 AppleWebKit/537.36 (KHTML, like Gecko; compatible; ClaudeBot/1.0; +claudebot@anthropic.com)"
216.73.216.223 - - [05/Nov/2025:03:35:33 +0000] "GET /data/lihataboutus?fileloc=%2F%2Fusr%2Flib64%2Fpython2.7%2FDemo%2Ftix%2Fgrid.pyo&path=%2F%2Fusr%2Flib64%2Fpython2.7%2FDemo%2Ftix HTTP/1.1" 200 4685 "-" "Mozilla/5.0 AppleWebKit/537.36 (KHTML, like Gecko; compatible; ClaudeBot/1.0; +claudebot@anthropic.com)"
216.73.216.223 - - [05/Nov/2025:03:35:33 +0000] "GET /data/lihataboutus?fileloc=%2Fhome%2Fmatalashes%2F.trash%2Fapp.bak%2FViews%2Fadmin%2Flayout%2Fadmin_datatable_noadd.php&path=%2Fhome%2Fmatalashes%2F.trash%2Fapp.bak%2FViews%2Fadmin%2Flayout HTTP/1.1" 200 24714 "-" "Mozilla/5.0 AppleWebKit/537.36 (KHTML, like Gecko; compatible; ClaudeBot/1.0; +claudebot@anthropic.com)"
216.73.216.223 - - [05/Nov/2025:03:35:33 +0000] "GET /data/lihataboutus?fileloc=%2Fhome%2Fmatalashes%2Fpublic_html%2Fkite.mata-lashes.com%2Fapp.bak%2FLanguage%2Fzh-CN%2FRESTful.php&path=%2Fhome%2Fmatalashes%2Fpublic_html%2Fkite.mata-lashes.com%2Fapp.bak%2FLanguage%2Fzh-CN HTTP/1.1" 200 4059 "-" "Mozilla/5.0 AppleWebKit/537.36 (KHTML, like Gecko; compatible; ClaudeBot/1.0; +claudebot@anthropic.com)"
66.249.79.167 - - [05/Nov/2025:03:35:35 +0000] "GET /?shopbrand=29422873 HTTP/1.1" 200 207278 "-" "Mozilla/5.0 (Linux; Android 6.0.1; Nexus 5X Build/MMB29P) AppleWebKit/537.36 (KHTML, like Gecko) Chrome/141.0.7390.122 Mobile Safari/537.36 (compatible; Googlebot/2.1; +http://www.google.com/bot.html)"
216.73.216.223 - - [05/Nov/2025:03:35:34 +0000] "GET /data/lihataboutus?fileloc=%2Fhome%2Fmatalashes%2Fpublic_html%2Fkite.mata-lashes.com%2F__MACOSX%2Fmata%2Fsystem%2FRouter%2F._Exceptions&path=%2Fhome%2Fmatalashes%2Fpublic_html%2Fkite.mata-lashes.com%2F__MACOSX%2Fmata%2Fsystem%2FRouter HTTP/1.1" 200 3960 "-" "Mozilla/5.0 AppleWebKit/537.36 (KHTML, like Gecko; compatible; ClaudeBot/1.0; +claudebot@anthropic.com)"
216.73.216.223 - - [05/Nov/2025:03:35:34 +0000] "GET /data/lihataboutus?fileloc=%2F%2Flib64%2Fpython2.7%2FDemo%2Fcgi%2Fcgi1.pyo&path=%2F%2Flib64%2Fpython2.7%2FDemo%2Fcgi HTTP/1.1" 200 3598 "-" "Mozilla/5.0 AppleWebKit/537.36 (KHTML, like Gecko; compatible; ClaudeBot/1.0; +claudebot@anthropic.com)"
216.73.216.223 - - [05/Nov/2025:03:35:35 +0000] "GET /data/.github/logo.png?fileloc=%2Fhome%2Fmatalashes%2Fpublic_html%2Fwp-content%2Fwflogs%2Fattack-data.php&path=%2Fhome%2Fmatalashes%2Fpublic_html%2Fwp-content%2Fwflogs HTTP/1.1" 200 43525 "-" "Mozilla/5.0 AppleWebKit/537.36 (KHTML, like Gecko; compatible; ClaudeBot/1.0; +claudebot@anthropic.com)"
216.73.216.223 - - [05/Nov/2025:03:35:35 +0000] "GET /data/lihataboutus?fileloc=%2Fhome%2Fmatalashes%2Fwww%2Fwp-content%2Fthemes%2Ftwentytwentyfour%2Fpatterns%2Fposts-list.php&path=%2Fhome%2Fmatalashes%2Fwww%2Fwp-content%2Fthemes%2Ftwentytwentyfour%2Fpatterns HTTP/1.1" 200 8519 "-" "Mozilla/5.0 AppleWebKit/537.36 (KHTML, like Gecko; compatible; ClaudeBot/1.0; +claudebot@anthropic.com)"
216.73.216.223 - - [05/Nov/2025:03:35:35 +0000] "GET /data/lihataboutus?fileloc=%2F%2Fusr%2Flib64%2Fperl5%2Fvendor_perl%2FDBD%2FProxy.pm&path=%2F%2Fusr%2Flib64%2Fperl5%2Fvendor_perl%2FDBD HTTP/1.1" 200 36621 "-" "Mozilla/5.0 AppleWebKit/537.36 (KHTML, like Gecko; compatible; ClaudeBot/1.0; +claudebot@anthropic.com)"
216.73.216.223 - - [05/Nov/2025:03:35:35 +0000] "GET /data/lihataboutus?fileloc=%2Fhome%2Fmatalashes%2F.trash%2Fapp.bak.7%2FViews%2Ferrors%2Fhtml%2Ferror_exception.php&path=%2Fhome%2Fmatalashes%2F.trash%2Fapp.bak.7%2FViews%2Ferrors%2Fhtml HTTP/1.1" 200 18130 "-" "Mozilla/5.0 AppleWebKit/537.36 (KHTML, like Gecko; compatible; ClaudeBot/1.0; +claudebot@anthropic.com)"
216.73.216.223 - - [05/Nov/2025:03:35:35 +0000] "GET /data/lihataboutus?fileloc=%2Fhome%2Fmatalashes%2F.trash%2Fapp%2FViews%2Fadmin%2Flayout%2Fadmin_datatable.php&path=%2Fhome%2Fmatalashes%2F.trash%2Fapp%2FViews%2Fadmin%2Flayout HTTP/1.1" 200 31923 "-" "Mozilla/5.0 AppleWebKit/537.36 (KHTML, like Gecko; compatible; ClaudeBot/1.0; +claudebot@anthropic.com)"
216.73.216.223 - - [05/Nov/2025:03:35:35 +0000] "GET /data/lihataboutus?fileloc=%2F%2Fusr%2Fshare%2Fperl5%2FCPAN%2FException%2Fyaml_process_error.pm&path=%2F%2Fusr%2Fshare%2Fperl5%2FCPAN%2FException HTTP/1.1" 200 5383 "-" "Mozilla/5.0 AppleWebKit/537.36 (KHTML, like Gecko; compatible; ClaudeBot/1.0; +claudebot@anthropic.com)"
216.73.216.223 - - [05/Nov/2025:03:35:35 +0000] "GET /data/lihataboutus?fileloc=%2Fhome%2Fmatalashes%2Fpublic_html%2Fwp-content%2Fplugins%2Felementor%2Fvendor_prefixed%2Fpsr%2Fcontainer%2FLICENSE&path=%2Fhome%2Fmatalashes%2Fpublic_html%2Fwp-content%2Fplugins%2Felementor%2Fvendor_prefixed%2Fpsr%2Fcontainer HTTP/1.1" 200 5040 "-" "Mozilla/5.0 AppleWebKit/537.36 (KHTML, like Gecko; compatible; ClaudeBot/1.0; +claudebot@anthropic.com)"
216.73.216.223 - - [05/Nov/2025:03:35:35 +0000] "GET /data/lihataboutus?fileloc=%2Fhome%2Fmatalashes%2Fpublic_html%2Fkite.mata-lashes.com%2Fvendor%2Fmarkbaker%2Fmatrix%2Fcomposer.json&path=%2Fhome%2Fmatalashes%2Fpublic_html%2Fkite.mata-lashes.com%2Fvendor%2Fmarkbaker%2Fmatrix HTTP/1.1" 200 6125 "-" "Mozilla/5.0 AppleWebKit/537.36 (KHTML, like Gecko; compatible; ClaudeBot/1.0; +claudebot@anthropic.com)"
216.73.216.223 - - [05/Nov/2025:03:35:36 +0000] "GET /data/lihataboutus?fileloc=%2F%2Fproc%2F17567%2Froot%2Fusr%2Finclude%2Fpython2.7%2Fmetagrammar.h&path=%2F%2Fproc%2F17567%2Froot%2Fusr%2Finclude%2Fpython2.7 HTTP/1.1" 200 3677 "-" "Mozilla/5.0 AppleWebKit/537.36 (KHTML, like Gecko; compatible; ClaudeBot/1.0; +claudebot@anthropic.com)"
216.73.216.223 - - [05/Nov/2025:03:35:37 +0000] "GET /data/lihataboutus?fileloc=%2F%2Fproc%2F17567%2Froot%2Fusr%2Finclude%2Fpython2.7%2Fintrcheck.h&path=%2F%2Fproc%2F17567%2Froot%2Fusr%2Finclude%2Fpython2.7 HTTP/1.1" 200 3696 "-" "Mozilla/5.0 AppleWebKit/537.36 (KHTML, like Gecko; compatible; ClaudeBot/1.0; +claudebot@anthropic.com)"
52.54.157.23 - - [05/Nov/2025:03:35:36 +0000] "GET /about/?fileloc=//lib64/libhistory.so.6&path=//lib64 HTTP/1.1" 200 57273 "-" "Mozilla/5.0 AppleWebKit/537.36 (KHTML, like Gecko; compatible; Amazonbot/0.1; +https://developer.amazon.com/support/amazonbot) Chrome/119.0.6045.214 Safari/537.36"
216.73.216.223 - - [05/Nov/2025:03:35:36 +0000] "GET /data/lihataboutus?fileloc=%2F%2Fusr%2Fshare%2Fzsh%2Fsite-functions%2F_machinectl&path=%2F%2Fusr%2Fshare%2Fzsh%2Fsite-functions HTTP/1.1" 200 5260 "-" "Mozilla/5.0 AppleWebKit/537.36 (KHTML, like Gecko; compatible; ClaudeBot/1.0; +claudebot@anthropic.com)"
66.249.79.167 - - [05/Nov/2025:03:35:39 +0000] "GET /?shopbrand=29428312 HTTP/1.1" 200 213479 "-" "Mozilla/5.0 (Linux; Android 6.0.1; Nexus 5X Build/MMB29P) AppleWebKit/537.36 (KHTML, like Gecko) Chrome/141.0.7390.122 Mobile Safari/537.36 (compatible; Googlebot/2.1; +http://www.google.com/bot.html)"
74.7.227.26 - - [05/Nov/2025:03:35:36 +0000] "GET /net/u88?fileloc=//proc/9/net/nf_conntrack&path=//proc/9/net HTTP/1.1" 200 3198 "-" "Mozilla/5.0 AppleWebKit/537.36 (KHTML, like Gecko; compatible; GPTBot/1.2; +https://openai.com/gptbot)"
216.73.216.223 - - [05/Nov/2025:03:35:36 +0000] "GET /data/lihataboutus?fileloc=%2Fhome%2Fmatalashes%2Fpublic_html%2Fkite.mata-lashes.com%2Fvendor%2Fmpdf%2Fmpdf%2Fdata%2Ffont%2Fctimesi.php&path=%2Fhome%2Fmatalashes%2Fpublic_html%2Fkite.mata-lashes.com%2Fvendor%2Fmpdf%2Fmpdf%2Fdata%2Ffont HTTP/1.1" 200 12534 "-" "Mozilla/5.0 AppleWebKit/537.36 (KHTML, like Gecko; compatible; ClaudeBot/1.0; +claudebot@anthropic.com)"
74.7.227.152 - - [05/Nov/2025:03:35:37 +0000] "GET /?path=//sys/class/net/lo/subsystem/lo/subsystem/eth0/device/net/eth0/device/subsystem/devices/virtio1/driver/virtio1/block/vda/subsystem/vda1/subsystem/vda1/trace HTTP/1.1" 200 12622 "-" "Mozilla/5.0 AppleWebKit/537.36 (KHTML, like Gecko; compatible; GPTBot/1.2; +https://openai.com/gptbot)"
216.73.216.223 - - [05/Nov/2025:03:35:37 +0000] "GET /data/lihataboutus?fileloc=%2F%2Flib64%2Fpython2.7%2FDemo%2Fscripts%2Fnewslist.pyo&path=%2F%2Flib64%2Fpython2.7%2FDemo%2Fscripts HTTP/1.1" 200 11662 "-" "Mozilla/5.0 AppleWebKit/537.36 (KHTML, like Gecko; compatible; ClaudeBot/1.0; +claudebot@anthropic.com)"
216.73.216.223 - - [05/Nov/2025:03:35:37 +0000] "GET /data/lihataboutus?fileloc=%2Fhome%2Fmatalashes%2F.trash%2Fapp.bak.13%2FViews%2Fadmin%2Flayout%2Fadmin_datatable_mkt.php&path=%2Fhome%2Fmatalashes%2F.trash%2Fapp.bak.13%2FViews%2Fadmin%2Flayout HTTP/1.1" 200 24903 "-" "Mozilla/5.0 AppleWebKit/537.36 (KHTML, like Gecko; compatible; ClaudeBot/1.0; +claudebot@anthropic.com)"
216.73.216.223 - - [05/Nov/2025:03:35:37 +0000] "GET /data/lihataboutus?fileloc=%2F%2Fusr%2Fshare%2Fperl5%2FCPAN%2FException%2FRecursiveDependency.pm&path=%2F%2Fusr%2Fshare%2Fperl5%2FCPAN%2FException HTTP/1.1" 200 6658 "-" "Mozilla/5.0 AppleWebKit/537.36 (KHTML, like Gecko; compatible; ClaudeBot/1.0; +claudebot@anthropic.com)"
216.73.216.223 - - [05/Nov/2025:03:35:37 +0000] "GET /data/lihataboutus?path=%2Fhome%2Fmatalashes%2Fwww%2Fkite.mata-lashes.com%2Fnode_modules%2Fckeditor4%2Fsamples%2Fold%2Fbbcode HTTP/1.1" 200 5190 "-" "Mozilla/5.0 AppleWebKit/537.36 (KHTML, like Gecko; compatible; ClaudeBot/1.0; +claudebot@anthropic.com)"
216.73.216.223 - - [05/Nov/2025:03:35:38 +0000] "GET /data/lihataboutus?fileloc=%2Fhome%2Fmatalashes%2Fpublic_html%2Fkite.mata-lashes.com%2F__MACOSX%2Fmata%2Fapp%2FLanguage%2Fko%2F._Validation.php&path=%2Fhome%2Fmatalashes%2Fpublic_html%2Fkite.mata-lashes.com%2F__MACOSX%2Fmata%2Fapp%2FLanguage%2Fko HTTP/1.1" 200 4064 "-" "Mozilla/5.0 AppleWebKit/537.36 (KHTML, like Gecko; compatible; ClaudeBot/1.0; +claudebot@anthropic.com)"
216.73.216.223 - - [05/Nov/2025:03:35:38 +0000] "GET /data/lihataboutus?fileloc=%2Fhome%2Fmatalashes%2Fpublic_html%2Fkite.mata-lashes.com%2F__MACOSX%2Fmata%2Fapp%2FConfig%2F._Security.php&path=%2Fhome%2Fmatalashes%2Fpublic_html%2Fkite.mata-lashes.com%2F__MACOSX%2Fmata%2Fapp%2FConfig HTTP/1.1" 200 3950 "-" "Mozilla/5.0 AppleWebKit/537.36 (KHTML, like Gecko; compatible; ClaudeBot/1.0; +claudebot@anthropic.com)"
216.73.216.223 - - [05/Nov/2025:03:35:38 +0000] "GET /data/lihataboutus?fileloc=%2F%2Fproc%2F17567%2Froot%2Fusr%2Finclude%2Fpython2.7%2Fpyconfig-64.h&path=%2F%2Fproc%2F17567%2Froot%2Fusr%2Finclude%2Fpython2.7 HTTP/1.1" 200 42049 "-" "Mozilla/5.0 AppleWebKit/537.36 (KHTML, like Gecko; compatible; ClaudeBot/1.0; +claudebot@anthropic.com)"
142.44.228.66 - - [05/Nov/2025:03:35:38 +0000] "GET /?shopbrand=78803735 HTTP/1.1" 200 68022 "-" "Mozilla/5.0 (compatible; AhrefsBot/7.0; +http://ahrefs.com/robot/)"
216.73.216.223 - - [05/Nov/2025:03:35:39 +0000] "GET /data/lihataboutus?path=%2F%2Fusr%2Fshare%2Fperl5%2Funicore%2Flib%2FCE HTTP/1.1" 200 4502 "-" "Mozilla/5.0 AppleWebKit/537.36 (KHTML, like Gecko; compatible; ClaudeBot/1.0; +claudebot@anthropic.com)"
216.73.216.223 - - [05/Nov/2025:03:35:39 +0000] "GET /data/lihataboutus?fileloc=%2F%2Fusr%2Flib64%2Fpython2.7%2Fsite-packages%2Fdns%2Fedns.pyo&path=%2F%2Fusr%2Flib64%2Fpython2.7%2Fsite-packages%2Fdns HTTP/1.1" 200 8863 "-" "Mozilla/5.0 AppleWebKit/537.36 (KHTML, like Gecko; compatible; ClaudeBot/1.0; +claudebot@anthropic.com)"
216.73.216.223 - - [05/Nov/2025:03:35:39 +0000] "GET /data/%22,t+=%22%3C%22+e.getAttribute(%22src%22?fileloc=%2Fhome%2Fmatalashes%2Fpublic_html%2Fkite.mata-lashes.com%2Fsystem%2FCookie%2FCookie.php&path=%2Fhome%2Fmatalashes%2Fpublic_html%2Fkite.mata-lashes.com%2Fsystem%2FCookie HTTP/1.1" 200 24414 "-" "Mozilla/5.0 AppleWebKit/537.36 (KHTML, like Gecko; compatible; ClaudeBot/1.0; +claudebot@anthropic.com)"
216.73.216.223 - - [05/Nov/2025:03:35:40 +0000] "GET /data/lihataboutus?fileloc=%2F%2Fusr%2Flib64%2Fpython2.7%2Fsite-packages%2Fdns%2Fipv6.pyo&path=%2F%2Fusr%2Flib64%2Fpython2.7%2Fsite-packages%2Fdns HTTP/1.1" 200 7087 "-" "Mozilla/5.0 AppleWebKit/537.36 (KHTML, like Gecko; compatible; ClaudeBot/1.0; +claudebot@anthropic.com)"
216.73.216.223 - - [05/Nov/2025:03:35:39 +0000] "GET /data/lihataboutus?fileloc=%2F%2Fusr%2Flib64%2Fperl5%2Fauto%2FUnicode%2FCollate%2FCollate.so&path=%2F%2Fusr%2Flib64%2Fperl5%2Fauto%2FUnicode%2FCollate HTTP/1.1" 200 1502007 "-" "Mozilla/5.0 AppleWebKit/537.36 (KHTML, like Gecko; compatible; ClaudeBot/1.0; +claudebot@anthropic.com)"
216.73.216.223 - - [05/Nov/2025:03:35:40 +0000] "GET /data/%22,t+=%22%3C%22+e.getAttribute(%22src%22?fileloc=%2Fhome%2Fmatalashes%2Fpublic_html%2Fsimulasikite.mata-lashes.com%2Fsystem%2FThirdParty%2FKint%2FCallFinder.php&path=%2Fhome%2Fmatalashes%2Fpublic_html%2Fsimulasikite.mata-lashes.com%2Fsystem%2FThirdParty%2FKint HTTP/1.1" 200 21293 "-" "Mozilla/5.0 AppleWebKit/537.36 (KHTML, like Gecko; compatible; ClaudeBot/1.0; +claudebot@anthropic.com)"
216.73.216.223 - - [05/Nov/2025:03:35:40 +0000] "GET /data/lihataboutus?path=%2F%2Fusr%2Fshare%2Fperl5%2Funicore%2Flib%2FDash HTTP/1.1" 200 4514 "-" "Mozilla/5.0 AppleWebKit/537.36 (KHTML, like Gecko; compatible; ClaudeBot/1.0; +claudebot@anthropic.com)"
216.73.216.223 - - [05/Nov/2025:03:35:40 +0000] "GET /data/%22,t+=%22%3C%22+e.getAttribute(%22src%22?fileloc=%2Fhome%2Fmatalashes%2Fpublic_html%2Fsimulasikite.mata-lashes.com%2Fsystem%2FImages%2FHandlers%2FBaseHandler.php&path=%2Fhome%2Fmatalashes%2Fpublic_html%2Fsimulasikite.mata-lashes.com%2Fsystem%2FImages%2FHandlers HTTP/1.1" 200 24884 "-" "Mozilla/5.0 AppleWebKit/537.36 (KHTML, like Gecko; compatible; ClaudeBot/1.0; +claudebot@anthropic.com)"
54.144.185.255 - - [05/Nov/2025:03:35:40 +0000] "GET /go-green/?fileloc=//lib64/libsemanage.so.1&path=//lib64 HTTP/1.1" 200 402322 "-" "Mozilla/5.0 AppleWebKit/537.36 (KHTML, like Gecko; compatible; Amazonbot/0.1; +https://developer.amazon.com/support/amazonbot) Chrome/119.0.6045.214 Safari/537.36"
216.73.216.223 - - [05/Nov/2025:03:35:40 +0000] "GET /data/lihataboutus?fileloc=%2F%2Fusr%2Fshare%2Fperl5%2FCPAN%2FHTTP%2FCredentials.pm&path=%2F%2Fusr%2Fshare%2Fperl5%2FCPAN%2FHTTP HTTP/1.1" 200 6143 "-" "Mozilla/5.0 AppleWebKit/537.36 (KHTML, like Gecko; compatible; ClaudeBot/1.0; +claudebot@anthropic.com)"
74.7.227.26 - - [05/Nov/2025:03:35:41 +0000] "GET /net/u88?fileloc=//proc/9/net/nf_conntrack_expect&path=//proc/9/net HTTP/1.1" 200 3205 "-" "Mozilla/5.0 AppleWebKit/537.36 (KHTML, like Gecko; compatible; GPTBot/1.2; +https://openai.com/gptbot)"
74.7.227.152 - - [05/Nov/2025:03:35:41 +0000] "GET /?path=//sys/class/net/lo/subsystem/lo/subsystem/eth0/device/net/eth0/device/driver/virtio0/subsystem/devices/virtio1/driver/virtio1/driver/module/notes HTTP/1.1" 200 6900 "-" "Mozilla/5.0 AppleWebKit/537.36 (KHTML, like Gecko; compatible; GPTBot/1.2; +https://openai.com/gptbot)"
216.73.216.223 - - [05/Nov/2025:03:35:40 +0000] "GET /data/lihataboutus?fileloc=%2F%2Fusr%2Flib64%2Fpython2.7%2Fsite-packages%2Fdns%2Fnode.pyo&path=%2F%2Fusr%2Flib64%2Fpython2.7%2Fsite-packages%2Fdns HTTP/1.1" 200 9820 "-" "Mozilla/5.0 AppleWebKit/537.36 (KHTML, like Gecko; compatible; ClaudeBot/1.0; +claudebot@anthropic.com)"
216.73.216.223 - - [05/Nov/2025:03:35:41 +0000] "GET /data/lihataboutus?path=%2F%2Fusr%2Fshare%2Fperl5%2Funicore%2Flib%2FExt HTTP/1.1" 200 4508 "-" "Mozilla/5.0 AppleWebKit/537.36 (KHTML, like Gecko; compatible; ClaudeBot/1.0; +claudebot@anthropic.com)"
216.73.216.223 - - [05/Nov/2025:03:35:42 +0000] "GET /data/lihataboutus?path=%2F%2Fusr%2Fshare%2Fperl5%2Funicore%2Flib%2FDt HTTP/1.1" 200 18126 "-" "Mozilla/5.0 AppleWebKit/537.36 (KHTML, like Gecko; compatible; ClaudeBot/1.0; +claudebot@anthropic.com)"
216.73.216.223 - - [05/Nov/2025:03:35:41 +0000] "GET /data/lihataboutus?fileloc=%2F%2Fusr%2Flib64%2Fpython2.7%2Fsite-packages%2Fdns%2Frdata.pyo&path=%2F%2Fusr%2Flib64%2Fpython2.7%2Fsite-packages%2Fdns HTTP/1.1" 200 20968 "-" "Mozilla/5.0 AppleWebKit/537.36 (KHTML, like Gecko; compatible; ClaudeBot/1.0; +claudebot@anthropic.com)"
66.249.79.170 - - [05/Nov/2025:03:35:43 +0000] "GET /?shopbrand=29421724 HTTP/1.1" 200 204384 "-" "Mozilla/5.0 (Linux; Android 6.0.1; Nexus 5X Build/MMB29P) AppleWebKit/537.36 (KHTML, like Gecko) Chrome/141.0.7390.122 Mobile Safari/537.36 (compatible; Googlebot/2.1; +http://www.google.com/bot.html)"
216.73.216.223 - - [05/Nov/2025:03:35:42 +0000] "GET /data/lihataboutus?fileloc=%2F%2Fusr%2Flib64%2Fpython2.7%2Fsite-packages%2Fdns%2Fwiredata.pyo&path=%2F%2Fusr%2Flib64%2Fpython2.7%2Fsite-packages%2Fdns HTTP/1.1" 200 5717 "-" "Mozilla/5.0 AppleWebKit/537.36 (KHTML, like Gecko; compatible; ClaudeBot/1.0; +claudebot@anthropic.com)"
216.73.216.223 - - [05/Nov/2025:03:35:42 +0000] "GET /data/lihataboutus?fileloc=%2F%2Fusr%2Flib64%2Fpython2.7%2Fsite-packages%2Fdns%2F__init__.pyc&path=%2F%2Fusr%2Flib64%2Fpython2.7%2Fsite-packages%2Fdns HTTP/1.1" 200 4157 "-" "Mozilla/5.0 AppleWebKit/537.36 (KHTML, like Gecko; compatible; ClaudeBot/1.0; +claudebot@anthropic.com)"
216.73.216.223 - - [05/Nov/2025:03:35:42 +0000] "GET /data/lihataboutus?fileloc=%2F%2Fusr%2Flib64%2Fpython2.7%2Fsite-packages%2Fdns%2Fupdate.pyo&path=%2F%2Fusr%2Flib64%2Fpython2.7%2Fsite-packages%2Fdns HTTP/1.1" 200 12160 "-" "Mozilla/5.0 AppleWebKit/537.36 (KHTML, like Gecko; compatible; ClaudeBot/1.0; +claudebot@anthropic.com)"
216.73.216.223 - - [05/Nov/2025:03:35:42 +0000] "GET /data/lihataboutus?fileloc=%2F%2Fusr%2Fshare%2Fperl5%2FCPAN%2FHTTP%2FClient.pm&path=%2F%2Fusr%2Fshare%2Fperl5%2FCPAN%2FHTTP HTTP/1.1" 200 12079 "-" "Mozilla/5.0 AppleWebKit/537.36 (KHTML, like Gecko; compatible; ClaudeBot/1.0; +claudebot@anthropic.com)"
216.73.216.223 - - [05/Nov/2025:03:35:42 +0000] "GET /data/%22,t+=%22%3C%22+e.getAttribute(%22src%22?fileloc=%2Fhome%2Fmatalashes%2Fpublic_html%2Fsimulasikite.mata-lashes.com%2Fsystem%2FThirdParty%2FKint%2FUtils.php&path=%2Fhome%2Fmatalashes%2Fpublic_html%2Fsimulasikite.mata-lashes.com%2Fsystem%2FThirdParty%2FKint HTTP/1.1" 200 12811 "-" "Mozilla/5.0 AppleWebKit/537.36 (KHTML, like Gecko; compatible; ClaudeBot/1.0; +claudebot@anthropic.com)"
216.73.216.223 - - [05/Nov/2025:03:35:42 +0000] "GET /data/%22,t+=%22%3C%22+e.getAttribute(%22src%22?path=%2Fhome%2Fmatalashes%2Fpublic_html%2Fkite.mata-lashes.com%2Fvendor%2Fnexusphp%2Fcs-config%2Fsrc HTTP/1.1" 200 8979 "-" "Mozilla/5.0 AppleWebKit/537.36 (KHTML, like Gecko; compatible; ClaudeBot/1.0; +claudebot@anthropic.com)"
216.73.216.223 - - [05/Nov/2025:03:35:43 +0000] "GET /data/%22,t+=%22%3C%22+e.getAttribute(%22src%22?fileloc=%2Fhome%2Fmatalashes%2Fpublic_html%2Fkite.mata-lashes.com%2Fsystem%2FCookie%2FCookieInterface.php&path=%2Fhome%2Fmatalashes%2Fpublic_html%2Fkite.mata-lashes.com%2Fsystem%2FCookie HTTP/1.1" 200 7980 "-" "Mozilla/5.0 AppleWebKit/537.36 (KHTML, like Gecko; compatible; ClaudeBot/1.0; +claudebot@anthropic.com)"
216.73.216.223 - - [05/Nov/2025:03:35:43 +0000] "GET /data/lihataboutus?fileloc=%2F%2Fusr%2Flib64%2Fpython2.7%2Fsite-packages%2Fdns%2Fmessage.pyo&path=%2F%2Fusr%2Flib64%2Fpython2.7%2Fsite-packages%2Fdns HTTP/1.1" 200 41905 "-" "Mozilla/5.0 AppleWebKit/537.36 (KHTML, like Gecko; compatible; ClaudeBot/1.0; +claudebot@anthropic.com)"
216.73.216.223 - - [05/Nov/2025:03:35:44 +0000] "GET /data/lihataboutus?fileloc=%2F%2Fproc%2F17567%2Froot%2Fusr%2Finclude%2Fpython2.7%2Fasdl.h&path=%2F%2Fproc%2F17567%2Froot%2Fusr%2Finclude%2Fpython2.7 HTTP/1.1" 200 4537 "-" "Mozilla/5.0 AppleWebKit/537.36 (KHTML, like Gecko; compatible; ClaudeBot/1.0; +claudebot@anthropic.com)"
216.73.216.223 - - [05/Nov/2025:03:35:44 +0000] "GET /data/lihataboutus?fileloc=%2Fhome%2Fmatalashes%2Fwww%2Fkite.mata-lashes.com%2Fnode_modules%2Fckeditor4%2Fsamples%2Fold%2Fmathjax%2Fmathjax.html&path=%2Fhome%2Fmatalashes%2Fwww%2Fkite.mata-lashes.com%2Fnode_modules%2Fckeditor4%2Fsamples%2Fold%2Fmathjax HTTP/1.1" 200 6042 "-" "Mozilla/5.0 AppleWebKit/537.36 (KHTML, like Gecko; compatible; ClaudeBot/1.0; +claudebot@anthropic.com)"
216.73.216.223 - - [05/Nov/2025:03:35:44 +0000] "GET /data/lihataboutus?fileloc=%2F%2Fusr%2Flib64%2Fpython2.7%2Fsite-packages%2Fdns%2Fttl.pyo&path=%2F%2Fusr%2Flib64%2Fpython2.7%2Fsite-packages%2Fdns HTTP/1.1" 200 4985 "-" "Mozilla/5.0 AppleWebKit/537.36 (KHTML, like Gecko; compatible; ClaudeBot/1.0; +claudebot@anthropic.com)"
74.7.227.152 - - [05/Nov/2025:03:35:44 +0000] "GET /?path=//sys/class/net/lo/subsystem/lo/subsystem/eth0/device/net/eth0/device/subsystem/drivers/virtio_blk/virtio1/block/vda/subsystem/vda/subsystem/sr0/subsystem/loop0 HTTP/1.1" 200 31440 "-" "Mozilla/5.0 AppleWebKit/537.36 (KHTML, like Gecko; compatible; GPTBot/1.2; +https://openai.com/gptbot)"
216.73.216.223 - - [05/Nov/2025:03:35:44 +0000] "GET /data/lihataboutus?fileloc=%2Fhome%2Fmatalashes%2Fwww%2Fkite.mata-lashes.com%2Fnode_modules%2Fckeditor4%2Fsamples%2Fold%2Fuicolor%2Fuicolor.html&path=%2Fhome%2Fmatalashes%2Fwww%2Fkite.mata-lashes.com%2Fnode_modules%2Fckeditor4%2Fsamples%2Fold%2Fuicolor HTTP/1.1" 200 9528 "-" "Mozilla/5.0 AppleWebKit/537.36 (KHTML, like Gecko; compatible; ClaudeBot/1.0; +claudebot@anthropic.com)"
216.73.216.223 - - [05/Nov/2025:03:35:44 +0000] "GET /data/lihataboutus?fileloc=%2F%2Fusr%2Flib64%2Fpython2.7%2Fsite-packages%2Fdns%2Fdnssec.pyo&path=%2F%2Fusr%2Flib64%2Fpython2.7%2Fsite-packages%2Fdns HTTP/1.1" 200 17818 "-" "Mozilla/5.0 AppleWebKit/537.36 (KHTML, like Gecko; compatible; ClaudeBot/1.0; +claudebot@anthropic.com)"
216.73.216.223 - - [05/Nov/2025:03:35:44 +0000] "GET /data/lihataboutus?path=%2F%2Fusr%2Fshare%2Fperl5%2Funicore%2Flib%2FSB HTTP/1.1" 200 13799 "-" "Mozilla/5.0 AppleWebKit/537.36 (KHTML, like Gecko; compatible; ClaudeBot/1.0; +claudebot@anthropic.com)"
35.169.119.108 - - [05/Nov/2025:03:35:44 +0000] "GET /home/?fileloc=//lib64/libgfortran.so.3.0.0&path=//lib64 HTTP/1.1" 200 1885208 "-" "Mozilla/5.0 AppleWebKit/537.36 (KHTML, like Gecko; compatible; Amazonbot/0.1; +https://developer.amazon.com/support/amazonbot) Chrome/119.0.6045.214 Safari/537.36"
216.73.216.223 - - [05/Nov/2025:03:35:44 +0000] "GET /data/.github/logo.png?fileloc=%2Fhome%2Fmatalashes%2Fpublic_html%2Fwp-includes%2Fblock-bindings%2Fpost-meta.php&path=%2Fhome%2Fmatalashes%2Fpublic_html%2Fwp-includes%2Fblock-bindings HTTP/1.1" 200 5832 "-" "Mozilla/5.0 AppleWebKit/537.36 (KHTML, like Gecko; compatible; ClaudeBot/1.0; +claudebot@anthropic.com)"
74.7.227.26 - - [05/Nov/2025:03:35:44 +0000] "GET /net/u88?fileloc=//proc/9/net/softnet_stat&path=//proc/9/net HTTP/1.1" 200 3378 "-" "Mozilla/5.0 AppleWebKit/537.36 (KHTML, like Gecko; compatible; GPTBot/1.2; +https://openai.com/gptbot)"
216.73.216.223 - - [05/Nov/2025:03:35:44 +0000] "GET /data/lihataboutus?fileloc=%2F%2Fproc%2F17567%2Froot%2Fusr%2Finclude%2Fpython2.7%2Fdtoa.h&path=%2F%2Fproc%2F17567%2Froot%2Fusr%2Finclude%2Fpython2.7 HTTP/1.1" 200 3755 "-" "Mozilla/5.0 AppleWebKit/537.36 (KHTML, like Gecko; compatible; ClaudeBot/1.0; +claudebot@anthropic.com)"
66.249.79.169 - - [05/Nov/2025:03:35:47 +0000] "GET /?shopbrand=29421390 HTTP/1.1" 200 207427 "-" "Mozilla/5.0 (Linux; Android 6.0.1; Nexus 5X Build/MMB29P) AppleWebKit/537.36 (KHTML, like Gecko) Chrome/141.0.7390.122 Mobile Safari/537.36 (compatible; Googlebot/2.1; +http://www.google.com/bot.html)"
216.73.216.223 - - [05/Nov/2025:03:35:45 +0000] "GET /data/.github/logo.png?fileloc=%2Fhome%2Fmatalashes%2Fpublic_html%2Fwp-includes%2Fblock-supports%2Fborder.php&path=%2Fhome%2Fmatalashes%2Fpublic_html%2Fwp-includes%2Fblock-supports HTTP/1.1" 200 10972 "-" "Mozilla/5.0 AppleWebKit/537.36 (KHTML, like Gecko; compatible; ClaudeBot/1.0; +claudebot@anthropic.com)"
216.73.216.223 - - [05/Nov/2025:03:35:46 +0000] "GET /data/lihataboutus?fileloc=%2F%2Fusr%2Flib64%2Fpython2.7%2Fsite-packages%2Fdns%2Finet.pyo&path=%2F%2Fusr%2Flib64%2Fpython2.7%2Fsite-packages%2Fdns HTTP/1.1" 200 6118 "-" "Mozilla/5.0 AppleWebKit/537.36 (KHTML, like Gecko; compatible; ClaudeBot/1.0; +claudebot@anthropic.com)"
216.73.216.223 - - [05/Nov/2025:03:35:46 +0000] "GET /data/.github/logo.png?fileloc=%2Fhome%2Fmatalashes%2Fpublic_html%2Fwp-includes%2Fblock-supports%2Fbackground.php&path=%2Fhome%2Fmatalashes%2Fpublic_html%2Fwp-includes%2Fblock-supports HTTP/1.1" 200 8210 "-" "Mozilla/5.0 AppleWebKit/537.36 (KHTML, like Gecko; compatible; ClaudeBot/1.0; +claudebot@anthropic.com)"
216.73.216.223 - - [05/Nov/2025:03:35:46 +0000] "GET /data/lihataboutus?fileloc=%2F%2Fproc%2F17567%2Froot%2Fusr%2Finclude%2Fpython2.7%2Fpyport.h&path=%2F%2Fproc%2F17567%2Froot%2Fusr%2Finclude%2Fpython2.7 HTTP/1.1" 200 36678 "-" "Mozilla/5.0 AppleWebKit/537.36 (KHTML, like Gecko; compatible; ClaudeBot/1.0; +claudebot@anthropic.com)"
216.73.216.223 - - [05/Nov/2025:03:35:47 +0000] "GET /data/%22,t+=%22%3C%22+e.getAttribute(%22src%22?fileloc=%2Fhome%2Fmatalashes%2Fpublic_html%2Fsimulasikite.mata-lashes.com%2Fsystem%2FThirdParty%2FKint%2Finit.php&path=%2Fhome%2Fmatalashes%2Fpublic_html%2Fsimulasikite.mata-lashes.com%2Fsystem%2FThirdParty%2FKint HTTP/1.1" 200 6599 "-" "Mozilla/5.0 AppleWebKit/537.36 (KHTML, like Gecko; compatible; ClaudeBot/1.0; +claudebot@anthropic.com)"
216.73.216.223 - - [05/Nov/2025:03:35:47 +0000] "GET /data/lihataboutus?fileloc=%2F%2Fusr%2Fshare%2Fgtk-doc%2Fhtml%2Flibxml2%2Flibxml2-dict.html&path=%2F%2Fusr%2Fshare%2Fgtk-doc%2Fhtml%2Flibxml2 HTTP/1.1" 200 24206 "-" "Mozilla/5.0 AppleWebKit/537.36 (KHTML, like Gecko; compatible; ClaudeBot/1.0; +claudebot@anthropic.com)"
216.73.216.223 - - [05/Nov/2025:03:35:47 +0000] "GET /data/lihataboutus?fileloc=%2F%2Fusr%2Flib64%2Fpython2.7%2Fsite-packages%2Fdns%2Fset.pyo&path=%2F%2Fusr%2Flib64%2Fpython2.7%2Fsite-packages%2Fdns HTTP/1.1" 200 13741 "-" "Mozilla/5.0 AppleWebKit/537.36 (KHTML, like Gecko; compatible; ClaudeBot/1.0; +claudebot@anthropic.com)"
216.73.216.223 - - [05/Nov/2025:03:35:47 +0000] "GET /data/%22,t+=%22%3C%22+e.getAttribute(%22src%22?fileloc=%2Fhome%2Fmatalashes%2Fpublic_html%2Fsimulasikite.mata-lashes.com%2Fsystem%2FLog%2FHandlers%2FFileHandler.php&path=%2Fhome%2Fmatalashes%2Fpublic_html%2Fsimulasikite.mata-lashes.com%2Fsystem%2FLog%2FHandlers HTTP/1.1" 200 7313 "-" "Mozilla/5.0 AppleWebKit/537.36 (KHTML, like Gecko; compatible; ClaudeBot/1.0; +claudebot@anthropic.com)"
216.73.216.223 - - [05/Nov/2025:03:35:47 +0000] "GET /data/lihataboutus?fileloc=%2F%2Fusr%2Flib64%2Fpython2.7%2Fsite-packages%2Fdns%2Freversename.pyo&path=%2F%2Fusr%2Flib64%2Fpython2.7%2Fsite-packages%2Fdns HTTP/1.1" 200 5973 "-" "Mozilla/5.0 AppleWebKit/537.36 (KHTML, like Gecko; compatible; ClaudeBot/1.0; +claudebot@anthropic.com)"
216.73.216.223 - - [05/Nov/2025:03:35:47 +0000] "GET /data/.github/logo.png?fileloc=%2Fhome%2Fmatalashes%2Fpublic_html%2Fwp-includes%2Fblock-supports%2Fspacing.php&path=%2Fhome%2Fmatalashes%2Fpublic_html%2Fwp-includes%2Fblock-supports HTTP/1.1" 200 6752 "-" "Mozilla/5.0 AppleWebKit/537.36 (KHTML, like Gecko; compatible; ClaudeBot/1.0; +claudebot@anthropic.com)"
216.73.216.223 - - [05/Nov/2025:03:35:48 +0000] "GET /data/.github/logo.png?fileloc=%2Fhome%2Fmatalashes%2Fpublic_html%2Fwp-includes%2Fsodium_compat%2Flib%2Fstream-xchacha20.php&path=%2Fhome%2Fmatalashes%2Fpublic_html%2Fwp-includes%2Fsodium_compat%2Flib HTTP/1.1" 200 5657 "-" "Mozilla/5.0 AppleWebKit/537.36 (KHTML, like Gecko; compatible; ClaudeBot/1.0; +claudebot@anthropic.com)"
54.88.84.219 - - [05/Nov/2025:03:35:48 +0000] "GET /about/?fileloc=//lib64/libboost_wserialization-mt.so.1.53.0&path=//lib64 HTTP/1.1" 200 410168 "-" "Mozilla/5.0 AppleWebKit/537.36 (KHTML, like Gecko; compatible; Amazonbot/0.1; +https://developer.amazon.com/support/amazonbot) Chrome/119.0.6045.214 Safari/537.36"
216.73.216.223 - - [05/Nov/2025:03:35:48 +0000] "GET /data/lihataboutus?fileloc=%2F%2Fproc%2F17567%2Froot%2Fusr%2Finclude%2Fpython2.7%2Fpyfpe.h&path=%2F%2Fproc%2F17567%2Froot%2Fusr%2Finclude%2Fpython2.7 HTTP/1.1" 200 12037 "-" "Mozilla/5.0 AppleWebKit/537.36 (KHTML, like Gecko; compatible; ClaudeBot/1.0; +claudebot@anthropic.com)"
66.249.79.167 - - [05/Nov/2025:03:35:50 +0000] "GET /?shopbrand=29410681 HTTP/1.1" 200 215787 "-" "Mozilla/5.0 (Linux; Android 6.0.1; Nexus 5X Build/MMB29P) AppleWebKit/537.36 (KHTML, like Gecko) Chrome/141.0.7390.122 Mobile Safari/537.36 (compatible; Googlebot/2.1; +http://www.google.com/bot.html)"
216.73.216.223 - - [05/Nov/2025:03:35:49 +0000] "GET /data/lihataboutus?fileloc=%2F%2Fusr%2Flib64%2Fpython2.7%2Fsite-packages%2Fdns%2Fentropy.pyo&path=%2F%2Fusr%2Flib64%2Fpython2.7%2Fsite-packages%2Fdns HTTP/1.1" 200 7330 "-" "Mozilla/5.0 AppleWebKit/537.36 (KHTML, like Gecko; compatible; ClaudeBot/1.0; +claudebot@anthropic.com)"
216.73.216.223 - - [05/Nov/2025:03:35:49 +0000] "GET /data/lihataboutus?fileloc=%2Fhome%2Fmatalashes%2F.trash%2Fpublic.bak.1%2Fassets%2Ftheme%2Fadmin%2Ftexteditor%2Fkcfinder%2Fjs%2Fhelper.js&path=%2Fhome%2Fmatalashes%2F.trash%2Fpublic.bak.1%2Fassets%2Ftheme%2Fadmin%2Ftexteditor%2Fkcfinder%2Fjs HTTP/1.1" 200 18851 "-" "Mozilla/5.0 AppleWebKit/537.36 (KHTML, like Gecko; compatible; ClaudeBot/1.0; +claudebot@anthropic.com)"
216.73.216.223 - - [05/Nov/2025:03:35:49 +0000] "GET /data/.github/logo.png?fileloc=%2Fhome%2Fmatalashes%2Fpublic_html%2Fwp-includes%2Fblock-supports%2Falign.php&path=%2Fhome%2Fmatalashes%2Fpublic_html%2Fwp-includes%2Fblock-supports HTTP/1.1" 200 5402 "-" "Mozilla/5.0 AppleWebKit/537.36 (KHTML, like Gecko; compatible; ClaudeBot/1.0; +claudebot@anthropic.com)"
216.73.216.223 - - [05/Nov/2025:03:35:49 +0000] "GET /data/lihataboutus?fileloc=%2Fhome%2Fmatalashes%2Fwww%2Fsimulasikite.mata-lashes.com%2Fsystem%2FCLI%2FExceptions%2FCLIException.php&path=%2Fhome%2Fmatalashes%2Fwww%2Fsimulasikite.mata-lashes.com%2Fsystem%2FCLI%2FExceptions HTTP/1.1" 200 4445 "-" "Mozilla/5.0 AppleWebKit/537.36 (KHTML, like Gecko; compatible; ClaudeBot/1.0; +claudebot@anthropic.com)"
216.73.216.223 - - [05/Nov/2025:03:35:49 +0000] "GET /data/.github/logo.png?fileloc=%2Fhome%2Fmatalashes%2Fpublic_html%2Fwp-includes%2Fblock-supports%2Fsettings.php&path=%2Fhome%2Fmatalashes%2Fpublic_html%2Fwp-includes%2Fblock-supports HTTP/1.1" 200 8525 "-" "Mozilla/5.0 AppleWebKit/537.36 (KHTML, like Gecko; compatible; ClaudeBot/1.0; +claudebot@anthropic.com)"
216.73.216.223 - - [05/Nov/2025:03:35:49 +0000] "GET /data/lihataboutus?fileloc=%2F%2Fusr%2Flib64%2Fpython2.7%2Fsite-packages%2Fdns%2Frcode.pyo&path=%2F%2Fusr%2Flib64%2Fpython2.7%2Fsite-packages%2Fdns HTTP/1.1" 200 6472 "-" "Mozilla/5.0 AppleWebKit/537.36 (KHTML, like Gecko; compatible; ClaudeBot/1.0; +claudebot@anthropic.com)"
216.73.216.223 - - [05/Nov/2025:03:35:50 +0000] "GET /data/lihataboutus?fileloc=%2F%2Fusr%2Flib64%2Fpython2.7%2Fsite-packages%2Fdns%2Frrset.pyo&path=%2F%2Fusr%2Flib64%2Fpython2.7%2Fsite-packages%2Fdns HTTP/1.1" 200 9903 "-" "Mozilla/5.0 AppleWebKit/537.36 (KHTML, like Gecko; compatible; ClaudeBot/1.0; +claudebot@anthropic.com)"
216.73.216.223 - - [05/Nov/2025:03:35:49 +0000] "GET /data/lihataboutus?path=%2F%2Fopt%2Fcpanel%2Fea-php80%2Froot%2Fusr%2Fsrc%2Fdebug HTTP/1.1" 200 3739 "-" "Mozilla/5.0 AppleWebKit/537.36 (KHTML, like Gecko; compatible; ClaudeBot/1.0; +claudebot@anthropic.com)"
74.7.227.26 - - [05/Nov/2025:03:35:49 +0000] "GET /net/u88?fileloc=//proc/9/net/ip_tables_matches&path=//proc/9/net HTTP/1.1" 200 3203 "-" "Mozilla/5.0 AppleWebKit/537.36 (KHTML, like Gecko; compatible; GPTBot/1.2; +https://openai.com/gptbot)"
74.7.227.152 - - [05/Nov/2025:03:35:50 +0000] "GET /?path=//sys/class/net/lo/subsystem/lo/subsystem/eth0/device/net/eth0/device/driver/virtio0/subsystem/devices/virtio1/block/vda/vda1/subsystem/vda/subsystem/vda/trace HTTP/1.1" 200 12843 "-" "Mozilla/5.0 AppleWebKit/537.36 (KHTML, like Gecko; compatible; GPTBot/1.2; +https://openai.com/gptbot)"
216.73.216.223 - - [05/Nov/2025:03:35:50 +0000] "GET /data/%22,t+=%22%3C%22+e.getAttribute(%22src%22?fileloc=%2Fhome%2Fmatalashes%2Fpublic_html%2Fkite.mata-lashes.com%2Fsystem%2FCookie%2FCloneableCookieInterface.php&path=%2Fhome%2Fmatalashes%2Fpublic_html%2Fkite.mata-lashes.com%2Fsystem%2FCookie HTTP/1.1" 200 6039 "-" "Mozilla/5.0 AppleWebKit/537.36 (KHTML, like Gecko; compatible; ClaudeBot/1.0; +claudebot@anthropic.com)"
216.73.216.223 - - [05/Nov/2025:03:35:51 +0000] "GET /data/lihataboutus?fileloc=%2F%2Fusr%2Fshare%2Fgtk-doc%2Fhtml%2Flibxml2%2Flibxml2-SAX2.html&path=%2F%2Fusr%2Fshare%2Fgtk-doc%2Fhtml%2Flibxml2 HTTP/1.1" 200 63639 "-" "Mozilla/5.0 AppleWebKit/537.36 (KHTML, like Gecko; compatible; ClaudeBot/1.0; +claudebot@anthropic.com)"
216.73.216.223 - - [05/Nov/2025:03:35:51 +0000] "GET /data/%22,t+=%22%3C%22+e.getAttribute(%22src%22?path=%2Fhome%2Fmatalashes%2Fpublic_html%2Fsimulasikite.mata-lashes.com%2Fvendor%2Fphp-http HTTP/1.1" 200 4775 "-" "Mozilla/5.0 AppleWebKit/537.36 (KHTML, like Gecko; compatible; ClaudeBot/1.0; +claudebot@anthropic.com)"
216.73.216.223 - - [05/Nov/2025:03:35:51 +0000] "GET /data/%22,t+=%22%3C%22+e.getAttribute(%22src%22?fileloc=%2Fhome%2Fmatalashes%2Fpublic_html%2Fsimulasikite.mata-lashes.com%2Fsystem%2FLog%2FHandlers%2FBaseHandler.php&path=%2Fhome%2Fmatalashes%2Fpublic_html%2Fsimulasikite.mata-lashes.com%2Fsystem%2FLog%2FHandlers HTTP/1.1" 200 5231 "-" "Mozilla/5.0 AppleWebKit/537.36 (KHTML, like Gecko; compatible; ClaudeBot/1.0; +claudebot@anthropic.com)"
216.73.216.223 - - [05/Nov/2025:03:35:51 +0000] "GET /data/lihataboutus?fileloc=%2F%2Fusr%2Flib64%2Fpython2.7%2Fsite-packages%2Fdns%2Fflags.pyo&path=%2F%2Fusr%2Flib64%2Fpython2.7%2Fsite-packages%2Fdns HTTP/1.1" 200 6100 "-" "Mozilla/5.0 AppleWebKit/537.36 (KHTML, like Gecko; compatible; ClaudeBot/1.0; +claudebot@anthropic.com)"
216.73.216.223 - - [05/Nov/2025:03:35:52 +0000] "GET /data/.github/logo.png?fileloc=%2Fhome%2Fmatalashes%2Fpublic_html%2Fwp-includes%2Fblock-supports%2Fdimensions.php&path=%2Fhome%2Fmatalashes%2Fpublic_html%2Fwp-includes%2Fblock-supports HTTP/1.1" 200 9596 "-" "Mozilla/5.0 AppleWebKit/537.36 (KHTML, like Gecko; compatible; ClaudeBot/1.0; +claudebot@anthropic.com)"
18.207.79.144 - - [05/Nov/2025:03:35:52 +0000] "GET /?fileloc=//scripts/MirrorSearch_pingtest&path=//scripts HTTP/1.1" 200 5790 "-" "Mozilla/5.0 AppleWebKit/537.36 (KHTML, like Gecko; compatible; Amazonbot/0.1; +https://developer.amazon.com/support/amazonbot) Chrome/119.0.6045.214 Safari/537.36"
216.73.216.223 - - [05/Nov/2025:03:35:52 +0000] "GET /data/.github/logo.png?fileloc=%2Fhome%2Fmatalashes%2Fpublic_html%2Fwp-includes%2Fsodium_compat%2Flib%2Fnamespaced.php&path=%2Fhome%2Fmatalashes%2Fpublic_html%2Fwp-includes%2Fsodium_compat%2Flib HTTP/1.1" 200 4954 "-" "Mozilla/5.0 AppleWebKit/537.36 (KHTML, like Gecko; compatible; ClaudeBot/1.0; +claudebot@anthropic.com)"
216.73.216.223 - - [05/Nov/2025:03:35:52 +0000] "GET /data/lihataboutus?fileloc=%2F%2Fproc%2F17567%2Froot%2Fusr%2Finclude%2Fpython2.7%2Fgrammar.h&path=%2F%2Fproc%2F17567%2Froot%2Fusr%2Finclude%2Fpython2.7 HTTP/1.1" 200 5451 "-" "Mozilla/5.0 AppleWebKit/537.36 (KHTML, like Gecko; compatible; ClaudeBot/1.0; +claudebot@anthropic.com)"
66.249.79.170 - - [05/Nov/2025:03:35:54 +0000] "GET /?shopbrand=29429033 HTTP/1.1" 200 220739 "-" "Mozilla/5.0 (Linux; Android 6.0.1; Nexus 5X Build/MMB29P) AppleWebKit/537.36 (KHTML, like Gecko) Chrome/141.0.7390.122 Mobile Safari/537.36 (compatible; Googlebot/2.1; +http://www.google.com/bot.html)"
216.73.216.223 - - [05/Nov/2025:03:35:52 +0000] "GET /data/lihataboutus?fileloc=%2F%2Fusr%2Fshare%2Fgtk-doc%2Fhtml%2Flibxml2%2Fgeneral.html&path=%2F%2Fusr%2Fshare%2Fgtk-doc%2Fhtml%2Flibxml2 HTTP/1.1" 200 10913 "-" "Mozilla/5.0 AppleWebKit/537.36 (KHTML, like Gecko; compatible; ClaudeBot/1.0; +claudebot@anthropic.com)"
216.73.216.223 - - [05/Nov/2025:03:35:52 +0000] "GET /data/lihataboutus?fileloc=%2F%2Fusr%2Flib64%2Fpython2.7%2Fsite-packages%2Fdns%2F__init__.py&path=%2F%2Fusr%2Flib64%2Fpython2.7%2Fsite-packages%2Fdns HTTP/1.1" 200 5095 "-" "Mozilla/5.0 AppleWebKit/537.36 (KHTML, like Gecko; compatible; ClaudeBot/1.0; +claudebot@anthropic.com)"
216.73.216.223 - - [05/Nov/2025:03:35:53 +0000] "GET /data/lihataboutus?fileloc=%2F%2Fusr%2Fshare%2Fgtk-doc%2Fhtml%2Flibxml2%2Flibxml2-xmlerror.html&path=%2F%2Fusr%2Fshare%2Fgtk-doc%2Fhtml%2Flibxml2 HTTP/1.1" 200 113478 "-" "Mozilla/5.0 AppleWebKit/537.36 (KHTML, like Gecko; compatible; ClaudeBot/1.0; +claudebot@anthropic.com)"
216.73.216.223 - - [05/Nov/2025:03:35:53 +0000] "GET /data/lihataboutus?fileloc=%2F%2Fproc%2F17567%2Froot%2Fusr%2Finclude%2Fpython2.7%2Fparsetok.h&path=%2F%2Fproc%2F17567%2Froot%2Fusr%2Finclude%2Fpython2.7 HTTP/1.1" 200 5201 "-" "Mozilla/5.0 AppleWebKit/537.36 (KHTML, like Gecko; compatible; ClaudeBot/1.0; +claudebot@anthropic.com)"
74.7.227.152 - - [05/Nov/2025:03:35:54 +0000] "GET /?path=//sys/class/net/lo/subsystem/lo/subsystem/eth0/device/net/eth0/device/driver/virtio0/subsystem/drivers/virtio_balloon/virtio2/driver/virtio2/driver/module/notes HTTP/1.1" 200 7203 "-" "Mozilla/5.0 AppleWebKit/537.36 (KHTML, like Gecko; compatible; GPTBot/1.2; +https://openai.com/gptbot)"
216.73.216.223 - - [05/Nov/2025:03:35:53 +0000] "GET /data/lihataboutus?fileloc=%2F%2Fusr%2Flib64%2Fpython2.7%2Fsite-packages%2Fdns%2Ftokenizer.pyo&path=%2F%2Fusr%2Flib64%2Fpython2.7%2Fsite-packages%2Fdns HTTP/1.1" 200 21371 "-" "Mozilla/5.0 AppleWebKit/537.36 (KHTML, like Gecko; compatible; ClaudeBot/1.0; +claudebot@anthropic.com)"
216.73.216.223 - - [05/Nov/2025:03:35:54 +0000] "GET /data/lihataboutus?fileloc=%2F%2Fproc%2F17567%2Froot%2Fusr%2Finclude%2Fpython2.7%2Fpyarena.h&path=%2F%2Fproc%2F17567%2Froot%2Fusr%2Finclude%2Fpython2.7 HTTP/1.1" 200 6153 "-" "Mozilla/5.0 AppleWebKit/537.36 (KHTML, like Gecko; compatible; ClaudeBot/1.0; +claudebot@anthropic.com)"
216.73.216.223 - - [05/Nov/2025:03:35:54 +0000] "GET /data/%22,t+=%22%3C%22+e.getAttribute(%22src%22?fileloc=%2Fhome%2Fmatalashes%2Fpublic_html%2Fsimulasikite.mata-lashes.com%2Fsystem%2FLog%2FHandlers%2FErrorlogHandler.php&path=%2Fhome%2Fmatalashes%2Fpublic_html%2Fsimulasikite.mata-lashes.com%2Fsystem%2FLog%2FHandlers HTTP/1.1" 200 5930 "-" "Mozilla/5.0 AppleWebKit/537.36 (KHTML, like Gecko; compatible; ClaudeBot/1.0; +claudebot@anthropic.com)"
216.73.216.223 - - [05/Nov/2025:03:35:54 +0000] "GET /data/lihataboutus?fileloc=%2F%2Fproc%2F17567%2Froot%2Fusr%2Finclude%2Fpython2.7%2Fpycapsule.h&path=%2F%2Fproc%2F17567%2Froot%2Fusr%2Finclude%2Fpython2.7 HTTP/1.1" 200 5130 "-" "Mozilla/5.0 AppleWebKit/537.36 (KHTML, like Gecko; compatible; ClaudeBot/1.0; +claudebot@anthropic.com)"
216.73.216.223 - - [05/Nov/2025:03:35:55 +0000] "GET /data/lihataboutus?path=%2F%2Fusr%2Fshare%2Fperl5%2Funicore%2Flib%2FCompEx HTTP/1.1" 200 4526 "-" "Mozilla/5.0 AppleWebKit/537.36 (KHTML, like Gecko; compatible; ClaudeBot/1.0; +claudebot@anthropic.com)"
216.73.216.223 - - [05/Nov/2025:03:35:54 +0000] "GET /data/%22,t+=%22%3C%22+e.getAttribute(%22src%22?fileloc=%2Fhome%2Fmatalashes%2Fpublic_html%2Fsimulasikite.mata-lashes.com%2Fsystem%2FThirdParty%2FKint%2Finit_helpers.php&path=%2Fhome%2Fmatalashes%2Fpublic_html%2Fsimulasikite.mata-lashes.com%2Fsystem%2FThirdParty%2FKint HTTP/1.1" 200 6368 "-" "Mozilla/5.0 AppleWebKit/537.36 (KHTML, like Gecko; compatible; ClaudeBot/1.0; +claudebot@anthropic.com)"
216.73.216.223 - - [05/Nov/2025:03:35:54 +0000] "GET /data/%22,t+=%22%3C%22+e.getAttribute(%22src%22?fileloc=%2Fhome%2Fmatalashes%2Fpublic_html%2Fkite.mata-lashes.com%2Fapp%2FHelpers%2Fhtmlcustom_helper.php&path=%2Fhome%2Fmatalashes%2Fpublic_html%2Fkite.mata-lashes.com%2Fapp%2FHelpers HTTP/1.1" 200 45975 "-" "Mozilla/5.0 AppleWebKit/537.36 (KHTML, like Gecko; compatible; ClaudeBot/1.0; +claudebot@anthropic.com)"
74.7.227.26 - - [05/Nov/2025:03:35:55 +0000] "GET /net/u88?fileloc=//proc/9/net/fib_triestat&path=//proc/9/net HTTP/1.1" 200 3918 "-" "Mozilla/5.0 AppleWebKit/537.36 (KHTML, like Gecko; compatible; GPTBot/1.2; +https://openai.com/gptbot)"
216.73.216.223 - - [05/Nov/2025:03:35:55 +0000] "GET /data/%22,t+=%22%3C%22+e.getAttribute(%22src%22?fileloc=%2Fhome%2Fmatalashes%2Fpublic_html%2Fsimulasikite.mata-lashes.com%2Fsystem%2FLog%2FHandlers%2FHandlerInterface.php&path=%2Fhome%2Fmatalashes%2Fpublic_html%2Fsimulasikite.mata-lashes.com%2Fsystem%2FLog%2FHandlers HTTP/1.1" 200 4721 "-" "Mozilla/5.0 AppleWebKit/537.36 (KHTML, like Gecko; compatible; ClaudeBot/1.0; +claudebot@anthropic.com)"
216.73.216.223 - - [05/Nov/2025:03:35:55 +0000] "GET /data/lihataboutus?fileloc=%2F%2Fproc%2F17567%2Froot%2Fusr%2Finclude%2Fpython2.7%2Fpyctype.h&path=%2F%2Fproc%2F17567%2Froot%2Fusr%2Finclude%2Fpython2.7 HTTP/1.1" 200 4706 "-" "Mozilla/5.0 AppleWebKit/537.36 (KHTML, like Gecko; compatible; ClaudeBot/1.0; +claudebot@anthropic.com)"
66.249.79.171 - - [05/Nov/2025:03:35:57 +0000] "GET /?shopbrand=29417096 HTTP/1.1" 200 210070 "-" "Mozilla/5.0 (Linux; Android 6.0.1; Nexus 5X Build/MMB29P) AppleWebKit/537.36 (KHTML, like Gecko) Chrome/141.0.7390.122 Mobile Safari/537.36 (compatible; Googlebot/2.1; +http://www.google.com/bot.html)"
