216.73.216.223 - - [05/Nov/2025:03:34:02 +0000] "GET /data/lihataboutus?fileloc=%2F%2Fsys%2Fdevices%2Fpci0000%3A00%2Ffirmware_node%2Fdevice%3A09%2Fsubsystem%2Fdevices%2FPNP0C0F%3A0c%2Fhid&path=%2F%2Fsys%2Fdevices%2Fpci0000%3A00%2Ffirmware_node%2Fdevice%3A09%2Fsubsystem%2Fdevices%2FPNP0C0F%3A0c HTTP/1.1" 200 3735 "-" "Mozilla/5.0 AppleWebKit/537.36 (KHTML, like Gecko; compatible; ClaudeBot/1.0; +claudebot@anthropic.com)"
216.73.216.223 - - [05/Nov/2025:03:34:02 +0000] "GET /data/lihataboutus?fileloc=%2F%2Fsys%2Fclass%2Fsound%2FpcmC0D0c%2Fdevice%2Fpower%2Fruntime_enabled&path=%2F%2Fsys%2Fclass%2Fsound%2FpcmC0D0c%2Fdevice%2Fpower HTTP/1.1" 200 3432 "-" "Mozilla/5.0 AppleWebKit/537.36 (KHTML, like Gecko; compatible; ClaudeBot/1.0; +claudebot@anthropic.com)"
216.73.216.223 - - [05/Nov/2025:03:34:02 +0000] "GET /data/lihataboutus?path=%2F%2Fsys%2Fdevices%2Fpci0000%3A00%2F0000%3A00%3A02.7%2Fdriver%2F0000%3A00%3A03.5%2Fdriver%2F0000%3A00%3A02.2 HTTP/1.1" 200 42645 "-" "Mozilla/5.0 AppleWebKit/537.36 (KHTML, like Gecko; compatible; ClaudeBot/1.0; +claudebot@anthropic.com)"
216.73.216.223 - - [05/Nov/2025:03:34:03 +0000] "GET /data/lihataboutus?path=%2F%2Fsys%2Fdevices%2Fpci0000%3A00%2F0000%3A00%3A03.7%2Fdriver%2F0000%3A00%3A02.5%2Fdriver%2F0000%3A00%3A02.2 HTTP/1.1" 200 42645 "-" "Mozilla/5.0 AppleWebKit/537.36 (KHTML, like Gecko; compatible; ClaudeBot/1.0; +claudebot@anthropic.com)"
216.73.216.223 - - [05/Nov/2025:03:34:03 +0000] "GET /data/lihataboutus?fileloc=%2F%2Fsys%2Fclass%2Finput%2Finput1%2Fsubsystem%2Fmouse0%2Fpower%2Fruntime_suspended_time&path=%2F%2Fsys%2Fclass%2Finput%2Finput1%2Fsubsystem%2Fmouse0%2Fpower HTTP/1.1" 200 3517 "-" "Mozilla/5.0 AppleWebKit/537.36 (KHTML, like Gecko; compatible; ClaudeBot/1.0; +claudebot@anthropic.com)"
66.249.79.170 - - [05/Nov/2025:03:34:04 +0000] "GET /?shopbrand=29417866 HTTP/1.1" 200 557004 "-" "Mozilla/5.0 (Linux; Android 6.0.1; Nexus 5X Build/MMB29P) AppleWebKit/537.36 (KHTML, like Gecko) Chrome/141.0.7390.122 Mobile Safari/537.36 (compatible; Googlebot/2.1; +http://www.google.com/bot.html)"
216.73.216.223 - - [05/Nov/2025:03:34:03 +0000] "GET /data/lihataboutus?fileloc=%2F%2Fsys%2Fclass%2Finput%2Finput4%2Fsubsystem%2Fevent3%2Fsubsystem%2Fmouse0%2Fpower%2Fruntime_usage&path=%2F%2Fsys%2Fclass%2Finput%2Finput4%2Fsubsystem%2Fevent3%2Fsubsystem%2Fmouse0%2Fpower HTTP/1.1" 200 3710 "-" "Mozilla/5.0 AppleWebKit/537.36 (KHTML, like Gecko; compatible; ClaudeBot/1.0; +claudebot@anthropic.com)"
216.73.216.223 - - [05/Nov/2025:03:34:03 +0000] "GET /data/lihataboutus?fileloc=%2F%2Fsys%2Fdevices%2Fpci0000%3A00%2F0000%3A00%3A03.0%2Fdriver%2F0000%3A00%3A03.4%2Fcurrent_link_speed&path=%2F%2Fsys%2Fdevices%2Fpci0000%3A00%2F0000%3A00%3A03.0%2Fdriver%2F0000%3A00%3A03.4 HTTP/1.1" 200 3519 "-" "Mozilla/5.0 AppleWebKit/537.36 (KHTML, like Gecko; compatible; ClaudeBot/1.0; +claudebot@anthropic.com)"
216.73.216.223 - - [05/Nov/2025:03:34:03 +0000] "GET /data/lihataboutus?fileloc=%2F%2Fsys%2Fdevices%2Fpci0000%3A00%2F0000%3A00%3A02.4%2Fdriver%2F0000%3A00%3A02.0%2Flocal_cpus&path=%2F%2Fsys%2Fdevices%2Fpci0000%3A00%2F0000%3A00%3A02.4%2Fdriver%2F0000%3A00%3A02.0 HTTP/1.1" 200 3505 "-" "Mozilla/5.0 AppleWebKit/537.36 (KHTML, like Gecko; compatible; ClaudeBot/1.0; +claudebot@anthropic.com)"
74.7.227.152 - - [05/Nov/2025:03:34:03 +0000] "GET /?path=//sys/class/net/lo/subsystem/lo/subsystem/eth0/device/net/eth0/device/driver/virtio0/driver/virtio0/subsystem/devices/virtio1/block/vda/subsystem/loop0/queue HTTP/1.1" 200 37592 "-" "Mozilla/5.0 AppleWebKit/537.36 (KHTML, like Gecko; compatible; GPTBot/1.2; +https://openai.com/gptbot)"
216.73.216.223 - - [05/Nov/2025:03:34:04 +0000] "GET /data/lihataboutus?path=%2F%2Fsys%2Fclass%2Finput%2Fevent4%2Fsubsystem%2Fjs0%2Fsubsystem%2Finput3%2Fsubsystem%2Fmice HTTP/1.1" 200 7769 "-" "Mozilla/5.0 AppleWebKit/537.36 (KHTML, like Gecko; compatible; ClaudeBot/1.0; +claudebot@anthropic.com)"
216.73.216.223 - - [05/Nov/2025:03:34:04 +0000] "GET /data/lihataboutus?fileloc=%2F%2Fsys%2Fdevices%2Fpci0000%3A00%2F0000%3A00%3A02.0%2Fdriver%2F0000%3A00%3A02.6%2Fmodalias&path=%2F%2Fsys%2Fdevices%2Fpci0000%3A00%2F0000%3A00%3A02.0%2Fdriver%2F0000%3A00%3A02.6 HTTP/1.1" 200 3555 "-" "Mozilla/5.0 AppleWebKit/537.36 (KHTML, like Gecko; compatible; ClaudeBot/1.0; +claudebot@anthropic.com)"
216.73.216.223 - - [05/Nov/2025:03:34:04 +0000] "GET /data/lihataboutus?fileloc=%2F%2Fsys%2Fclass%2Finput%2Fevent4%2Fdevice%2Fmouse2%2Fsubsystem%2Fevent2%2Fuevent&path=%2F%2Fsys%2Fclass%2Finput%2Fevent4%2Fdevice%2Fmouse2%2Fsubsystem%2Fevent2 HTTP/1.1" 200 3625 "-" "Mozilla/5.0 AppleWebKit/537.36 (KHTML, like Gecko; compatible; ClaudeBot/1.0; +claudebot@anthropic.com)"
3.225.9.97 - - [05/Nov/2025:03:34:04 +0000] "GET /about/?fileloc=//sbin/nl-qdisc-add&path=//sbin HTTP/1.1" 200 17534 "-" "Mozilla/5.0 AppleWebKit/537.36 (KHTML, like Gecko; compatible; Amazonbot/0.1; +https://developer.amazon.com/support/amazonbot) Chrome/119.0.6045.214 Safari/537.36"
216.73.216.223 - - [05/Nov/2025:03:34:04 +0000] "GET /data/lihataboutus?path=%2F%2Fsys%2Fdevices%2Fpci0000%3A00%2Ffirmware_node%2Fdevice%3A09%2Fsubsystem%2Fdevices%2FPNP0C0F%3A05%2Fsubsystem HTTP/1.1" 200 9251 "-" "Mozilla/5.0 AppleWebKit/537.36 (KHTML, like Gecko; compatible; ClaudeBot/1.0; +claudebot@anthropic.com)"
216.73.216.223 - - [05/Nov/2025:03:34:04 +0000] "GET /data/lihataboutus?path=%2F%2Fsys%2Fdevices%2Fpci0000%3A00%2F0000%3A00%3A02.1%2Fdriver%2F0000%3A00%3A02.7%2F0000%3A00%3A02.7%3Apcie001 HTTP/1.1" 200 7598 "-" "Mozilla/5.0 AppleWebKit/537.36 (KHTML, like Gecko; compatible; ClaudeBot/1.0; +claudebot@anthropic.com)"
216.73.216.223 - - [05/Nov/2025:03:34:05 +0000] "GET /data/lihataboutus?fileloc=%2F%2Fsys%2Fbus%2Fpci%2Fdevices%2F0000%3A00%3A02.4%2F0000%3A05%3A00.0%2Flocal_cpus&path=%2F%2Fsys%2Fbus%2Fpci%2Fdevices%2F0000%3A00%3A02.4%2F0000%3A05%3A00.0 HTTP/1.1" 200 3434 "-" "Mozilla/5.0 AppleWebKit/537.36 (KHTML, like Gecko; compatible; ClaudeBot/1.0; +claudebot@anthropic.com)"
74.7.227.26 - - [05/Nov/2025:03:34:05 +0000] "GET /net/u88?fileloc=//proc/6/net/snmp6&path=//proc/6/net HTTP/1.1" 200 6460 "-" "Mozilla/5.0 AppleWebKit/537.36 (KHTML, like Gecko; compatible; GPTBot/1.2; +https://openai.com/gptbot)"
216.73.216.223 - - [05/Nov/2025:03:34:05 +0000] "GET /data/lihataboutus?fileloc=%2F%2Fsys%2Fbus%2Fpci%2Fdrivers%2Fvirtio-pci%2F0000%3A03%3A00.0%2Fresource&path=%2F%2Fsys%2Fbus%2Fpci%2Fdrivers%2Fvirtio-pci%2F0000%3A03%3A00.0 HTTP/1.1" 200 4163 "-" "Mozilla/5.0 AppleWebKit/537.36 (KHTML, like Gecko; compatible; ClaudeBot/1.0; +claudebot@anthropic.com)"
216.73.216.223 - - [05/Nov/2025:03:34:05 +0000] "GET /data/assets/blackfire.png?fileloc=%2F%2Fsys%2Fmodule%2Fsnd_hda_codec_generic%2Fsections%2F.data&path=%2F%2Fsys%2Fmodule%2Fsnd_hda_codec_generic%2Fsections HTTP/1.1" 200 3361 "-" "Mozilla/5.0 AppleWebKit/537.36 (KHTML, like Gecko; compatible; ClaudeBot/1.0; +claudebot@anthropic.com)"
216.73.216.223 - - [05/Nov/2025:03:34:05 +0000] "GET /data/lihataboutus?fileloc=%2F%2Fsys%2Fdevices%2Fpci0000%3A00%2F0000%3A00%3A03.6%2Fdriver%2F0000%3A00%3A02.3%2Fdriver%2F0000%3A00%3A03.4%2Fuevent&path=%2F%2Fsys%2Fdevices%2Fpci0000%3A00%2F0000%3A00%3A03.6%2Fdriver%2F0000%3A00%3A02.3%2Fdriver%2F0000%3A00%3A03.4 HTTP/1.1" 200 3885 "-" "Mozilla/5.0 AppleWebKit/537.36 (KHTML, like Gecko; compatible; ClaudeBot/1.0; +claudebot@anthropic.com)"
216.73.216.223 - - [05/Nov/2025:03:34:06 +0000] "GET /data/lihataboutus?fileloc=%2F%2Fsys%2Fdevices%2Fpci0000%3A00%2F0000%3A00%3A02.3%2Fdriver%2F0000%3A00%3A03.6%2Fdriver%2F0000%3A00%3A03.4%2Fuevent&path=%2F%2Fsys%2Fdevices%2Fpci0000%3A00%2F0000%3A00%3A02.3%2Fdriver%2F0000%3A00%3A03.6%2Fdriver%2F0000%3A00%3A03.4 HTTP/1.1" 200 3885 "-" "Mozilla/5.0 AppleWebKit/537.36 (KHTML, like Gecko; compatible; ClaudeBot/1.0; +claudebot@anthropic.com)"
216.73.216.223 - - [05/Nov/2025:03:34:06 +0000] "GET /data/lihataboutus?fileloc=%2F%2Fsys%2Fdevices%2Fpci0000%3A00%2F0000%3A00%3A03.3%2Fdriver%2F0000%3A00%3A02.6%2Fdriver%2F0000%3A00%3A03.4%2Fuevent&path=%2F%2Fsys%2Fdevices%2Fpci0000%3A00%2F0000%3A00%3A03.3%2Fdriver%2F0000%3A00%3A02.6%2Fdriver%2F0000%3A00%3A03.4 HTTP/1.1" 200 3885 "-" "Mozilla/5.0 AppleWebKit/537.36 (KHTML, like Gecko; compatible; ClaudeBot/1.0; +claudebot@anthropic.com)"
216.73.216.223 - - [05/Nov/2025:03:34:06 +0000] "GET /data/lihataboutus?path=%2F%2Fsys%2Fdevices%2Fpci0000%3A00%2F0000%3A00%3A02.4%2F0000%3A05%3A00.0%2Fpower HTTP/1.1" 200 12540 "-" "Mozilla/5.0 AppleWebKit/537.36 (KHTML, like Gecko; compatible; ClaudeBot/1.0; +claudebot@anthropic.com)"
216.73.216.223 - - [05/Nov/2025:03:34:06 +0000] "GET /data/lihataboutus?fileloc=%2F%2Fsys%2Fclass%2Finput%2Finput5%2Fsubsystem%2Finput1%2Fsubsystem%2Fmouse1%2Fpower%2Fruntime_suspended_time&path=%2F%2Fsys%2Fclass%2Finput%2Finput5%2Fsubsystem%2Finput1%2Fsubsystem%2Fmouse1%2Fpower HTTP/1.1" 200 3719 "-" "Mozilla/5.0 AppleWebKit/537.36 (KHTML, like Gecko; compatible; ClaudeBot/1.0; +claudebot@anthropic.com)"
66.249.79.169 - - [05/Nov/2025:03:34:08 +0000] "GET /?shopbrand=29423084 HTTP/1.1" 200 206247 "-" "Mozilla/5.0 (Linux; Android 6.0.1; Nexus 5X Build/MMB29P) AppleWebKit/537.36 (KHTML, like Gecko) Chrome/141.0.7390.122 Mobile Safari/537.36 (compatible; Googlebot/2.1; +http://www.google.com/bot.html)"
216.73.216.223 - - [05/Nov/2025:03:34:07 +0000] "GET /data/lihataboutus?fileloc=%2F%2Fsys%2Ffs%2Fcgroup%2Fdevices%2Fsystem.slice%2Fp0f.service%2Fcgroup.event_control&path=%2F%2Fsys%2Ffs%2Fcgroup%2Fdevices%2Fsystem.slice%2Fp0f.service HTTP/1.1" 200 3450 "-" "Mozilla/5.0 AppleWebKit/537.36 (KHTML, like Gecko; compatible; ClaudeBot/1.0; +claudebot@anthropic.com)"
216.73.216.223 - - [05/Nov/2025:03:34:07 +0000] "GET /data/lihataboutus?fileloc=%2F%2Fsys%2Fdevices%2Fpci0000%3A00%2F0000%3A00%3A03.1%2Fdriver%2F0000%3A00%3A03.4%2Firq&path=%2F%2Fsys%2Fdevices%2Fpci0000%3A00%2F0000%3A00%3A03.1%2Fdriver%2F0000%3A00%3A03.4 HTTP/1.1" 200 3499 "-" "Mozilla/5.0 AppleWebKit/537.36 (KHTML, like Gecko; compatible; ClaudeBot/1.0; +claudebot@anthropic.com)"
216.73.216.223 - - [05/Nov/2025:03:34:07 +0000] "GET /data/lihataboutus?fileloc=%2F%2Fsys%2Fdevices%2Fpci0000%3A00%2F0000%3A00%3A03.6%2Fdriver%2F0000%3A00%3A02.3%2F0000%3A04%3A00.0%2Fconfig&path=%2F%2Fsys%2Fdevices%2Fpci0000%3A00%2F0000%3A00%3A03.6%2Fdriver%2F0000%3A00%3A02.3%2F0000%3A04%3A00.0 HTTP/1.1" 200 3692 "-" "Mozilla/5.0 AppleWebKit/537.36 (KHTML, like Gecko; compatible; ClaudeBot/1.0; +claudebot@anthropic.com)"
216.73.216.223 - - [05/Nov/2025:03:34:07 +0000] "GET /data/lihataboutus?fileloc=%2F%2Fsys%2Fdevices%2Fpci0000%3A00%2F0000%3A00%3A04.0%2Fdriver%2F0000%3A00%3A03.2%2Fdriver%2F0000%3A00%3A02.1%2Fuevent&path=%2F%2Fsys%2Fdevices%2Fpci0000%3A00%2F0000%3A00%3A04.0%2Fdriver%2F0000%3A00%3A03.2%2Fdriver%2F0000%3A00%3A02.1 HTTP/1.1" 200 3885 "-" "Mozilla/5.0 AppleWebKit/537.36 (KHTML, like Gecko; compatible; ClaudeBot/1.0; +claudebot@anthropic.com)"
216.73.216.223 - - [05/Nov/2025:03:34:07 +0000] "GET /data/lihataboutus?fileloc=%2F%2Fsys%2Fclass%2Finput%2Fmouse2%2Fsubsystem%2Finput0%2Fsubsystem%2Fjs0%2Fdev&path=%2F%2Fsys%2Fclass%2Finput%2Fmouse2%2Fsubsystem%2Finput0%2Fsubsystem%2Fjs0 HTTP/1.1" 200 3597 "-" "Mozilla/5.0 AppleWebKit/537.36 (KHTML, like Gecko; compatible; ClaudeBot/1.0; +claudebot@anthropic.com)"
216.73.216.223 - - [05/Nov/2025:03:34:08 +0000] "GET /data/lihataboutus?fileloc=%2F%2Fsys%2Fclass%2Finput%2Finput0%2Fsubsystem%2Fmouse2%2Fsubsystem%2Fjs0%2Fdev&path=%2F%2Fsys%2Fclass%2Finput%2Finput0%2Fsubsystem%2Fmouse2%2Fsubsystem%2Fjs0 HTTP/1.1" 200 3597 "-" "Mozilla/5.0 AppleWebKit/537.36 (KHTML, like Gecko; compatible; ClaudeBot/1.0; +claudebot@anthropic.com)"
216.73.216.223 - - [05/Nov/2025:03:34:08 +0000] "GET /data/lihataboutus?fileloc=%2F%2Fsys%2Fdevices%2Fpci0000%3A00%2F0000%3A00%3A02.4%2Fdriver%2F0000%3A00%3A04.0%2Fdriver_override&path=%2F%2Fsys%2Fdevices%2Fpci0000%3A00%2F0000%3A00%3A02.4%2Fdriver%2F0000%3A00%3A04.0 HTTP/1.1" 200 3515 "-" "Mozilla/5.0 AppleWebKit/537.36 (KHTML, like Gecko; compatible; ClaudeBot/1.0; +claudebot@anthropic.com)"
216.73.216.223 - - [05/Nov/2025:03:34:08 +0000] "GET /data/lihataboutus?fileloc=%2F%2Fsys%2Fdevices%2Fpci0000%3A00%2F0000%3A00%3A02.1%2F0000%3A02%3A00.0%2Fusb2%2Fep_00%2Fpower%2Fruntime_usage&path=%2F%2Fsys%2Fdevices%2Fpci0000%3A00%2F0000%3A00%3A02.1%2F0000%3A02%3A00.0%2Fusb2%2Fep_00%2Fpower HTTP/1.1" 200 3702 "-" "Mozilla/5.0 AppleWebKit/537.36 (KHTML, like Gecko; compatible; ClaudeBot/1.0; +claudebot@anthropic.com)"
3.222.85.38 - - [05/Nov/2025:03:34:08 +0000] "GET /about/?fileloc=//lib64/liblzma.so.5.2.2&path=//lib64 HTTP/1.1" 200 251760 "-" "Mozilla/5.0 AppleWebKit/537.36 (KHTML, like Gecko; compatible; Amazonbot/0.1; +https://developer.amazon.com/support/amazonbot) Chrome/119.0.6045.214 Safari/537.36"
74.7.227.152 - - [05/Nov/2025:03:34:08 +0000] "GET /?path=//sys/class/net/lo/subsystem/lo/subsystem/eth0/device/net/eth0/device/driver/virtio0/driver/virtio0/subsystem/devices/virtio1/block/vda/subsystem/vda/vda1 HTTP/1.1" 200 23791 "-" "Mozilla/5.0 AppleWebKit/537.36 (KHTML, like Gecko; compatible; GPTBot/1.2; +https://openai.com/gptbot)"
216.73.216.223 - - [05/Nov/2025:03:34:08 +0000] "GET /data/lihataboutus?fileloc=%2F%2Fsys%2Fclass%2Finput%2Finput2%2Fsubsystem%2Finput4%2Fpower%2Fruntime_active_kids&path=%2F%2Fsys%2Fclass%2Finput%2Finput2%2Fsubsystem%2Finput4%2Fpower HTTP/1.1" 200 3514 "-" "Mozilla/5.0 AppleWebKit/537.36 (KHTML, like Gecko; compatible; ClaudeBot/1.0; +claudebot@anthropic.com)"
216.73.216.223 - - [05/Nov/2025:03:34:09 +0000] "GET /data/lihataboutus?path=%2F%2Fsys%2Fclass%2Finput%2Finput0%2Fdevice%2Fsubsystem%2Fdevices%2Fdevice%3A08%2Fsubsystem HTTP/1.1" 200 8799 "-" "Mozilla/5.0 AppleWebKit/537.36 (KHTML, like Gecko; compatible; ClaudeBot/1.0; +claudebot@anthropic.com)"
74.7.227.26 - - [05/Nov/2025:03:34:09 +0000] "GET /net/u88?fileloc=//proc/6/net/igmp6&path=//proc/6/net HTTP/1.1" 200 3546 "-" "Mozilla/5.0 AppleWebKit/537.36 (KHTML, like Gecko; compatible; GPTBot/1.2; +https://openai.com/gptbot)"
216.73.216.223 - - [05/Nov/2025:03:34:09 +0000] "GET /data/lihataboutus?path=%2F%2Fsys%2Fclass%2Finput%2Finput5%2Fsubsystem%2Fmice%2Fsubsystem%2Finput4 HTTP/1.1" 200 16149 "-" "Mozilla/5.0 AppleWebKit/537.36 (KHTML, like Gecko; compatible; ClaudeBot/1.0; +claudebot@anthropic.com)"
216.73.216.223 - - [05/Nov/2025:03:34:09 +0000] "GET /data/lihataboutus?fileloc=%2F%2Fsys%2Fclass%2Fmem%2Fnull%2Fpower%2Fruntime_active_time&path=%2F%2Fsys%2Fclass%2Fmem%2Fnull%2Fpower HTTP/1.1" 200 3328 "-" "Mozilla/5.0 AppleWebKit/537.36 (KHTML, like Gecko; compatible; ClaudeBot/1.0; +claudebot@anthropic.com)"
216.73.216.223 - - [05/Nov/2025:03:34:09 +0000] "GET /data/lihataboutus?fileloc=%2F%2Fsys%2Fbus%2Fpci%2Fdrivers%2Fvirtio-pci%2F0000%3A03%3A00.0%2Frescan&path=%2F%2Fsys%2Fbus%2Fpci%2Fdrivers%2Fvirtio-pci%2F0000%3A03%3A00.0 HTTP/1.1" 200 3420 "-" "Mozilla/5.0 AppleWebKit/537.36 (KHTML, like Gecko; compatible; ClaudeBot/1.0; +claudebot@anthropic.com)"
216.73.216.223 - - [05/Nov/2025:03:34:10 +0000] "GET /data/lihataboutus?path=%2F%2Fsys%2Fbus%2Fpci_express%2Fdrivers%2Fpcie_pme%2F0000%3A00%3A02.1%3Apcie001%2Fsubsystem%2Fdevices%2F0000%3A00%3A02.0%3Apcie001 HTTP/1.1" 200 8067 "-" "Mozilla/5.0 AppleWebKit/537.36 (KHTML, like Gecko; compatible; ClaudeBot/1.0; +claudebot@anthropic.com)"
216.73.216.223 - - [05/Nov/2025:03:34:10 +0000] "GET /data/lihataboutus?fileloc=%2F%2Fsys%2Fdevices%2Fpci0000%3A00%2F0000%3A00%3A03.7%2Fdriver%2F0000%3A00%3A02.1%2F0000%3A02%3A00.0%2Fmsi_bus&path=%2F%2Fsys%2Fdevices%2Fpci0000%3A00%2F0000%3A00%3A03.7%2Fdriver%2F0000%3A00%3A02.1%2F0000%3A02%3A00.0 HTTP/1.1" 200 3617 "-" "Mozilla/5.0 AppleWebKit/537.36 (KHTML, like Gecko; compatible; ClaudeBot/1.0; +claudebot@anthropic.com)"
216.73.216.223 - - [05/Nov/2025:03:34:10 +0000] "GET /data/lihataboutus?path=%2F%2Fsys%2Fbus%2Fpci_express%2Fdevices%2F0000%3A00%3A02.1%3Apcie001%2Fsubsystem%2Fdrivers%2Fpcie_pme%2F0000%3A00%3A02.0%3Apcie001 HTTP/1.1" 200 8079 "-" "Mozilla/5.0 AppleWebKit/537.36 (KHTML, like Gecko; compatible; ClaudeBot/1.0; +claudebot@anthropic.com)"
66.249.79.168 - - [05/Nov/2025:03:34:11 +0000] "GET /?shopbrand=29410691 HTTP/1.1" 200 554313 "-" "Mozilla/5.0 (Linux; Android 6.0.1; Nexus 5X Build/MMB29P) AppleWebKit/537.36 (KHTML, like Gecko) Chrome/141.0.7390.122 Mobile Safari/537.36 (compatible; Googlebot/2.1; +http://www.google.com/bot.html)"
216.73.216.223 - - [05/Nov/2025:03:34:10 +0000] "GET /data/lihataboutus?path=%2F%2Fsys%2Fclass%2Finput%2Fmouse2%2Fsubsystem%2Fjs0%2Fsubsystem%2Fevent4 HTTP/1.1" 200 8196 "-" "Mozilla/5.0 AppleWebKit/537.36 (KHTML, like Gecko; compatible; ClaudeBot/1.0; +claudebot@anthropic.com)"
216.73.216.223 - - [05/Nov/2025:03:34:11 +0000] "GET /data/lihataboutus?fileloc=%2F%2Fsys%2Fdevices%2Fpci0000%3A00%2F0000%3A00%3A03.6%2Fdriver%2F0000%3A00%3A02.0%2Fdriver%2F0000%3A00%3A02.4%2Fresource0&path=%2F%2Fsys%2Fdevices%2Fpci0000%3A00%2F0000%3A00%3A03.6%2Fdriver%2F0000%3A00%3A02.0%2Fdriver%2F0000%3A00%3A02.4 HTTP/1.1" 200 3725 "-" "Mozilla/5.0 AppleWebKit/537.36 (KHTML, like Gecko; compatible; ClaudeBot/1.0; +claudebot@anthropic.com)"
216.73.216.223 - - [05/Nov/2025:03:34:09 +0000] "GET /data/.github/logo.png?fileloc=%2F%2Fusr%2Flib64%2FlibMagickCore-6.Q16.so.6.0.0&path=%2F%2Fusr%2Flib64 HTTP/1.1" 200 4163495 "-" "Mozilla/5.0 AppleWebKit/537.36 (KHTML, like Gecko; compatible; ClaudeBot/1.0; +claudebot@anthropic.com)"
216.73.216.223 - - [05/Nov/2025:03:34:11 +0000] "GET /data/lihataboutus?path=%2F%2Fsys%2Fdevices%2Fpci0000%3A00%2F0000%3A00%3A02.1%2Fdriver%2F0000%3A00%3A03.6%2F0000%3A00%3A03.6%3Apcie001%2Fsubsystem HTTP/1.1" 200 9179 "-" "Mozilla/5.0 AppleWebKit/537.36 (KHTML, like Gecko; compatible; ClaudeBot/1.0; +claudebot@anthropic.com)"
216.73.216.223 - - [05/Nov/2025:03:34:11 +0000] "GET /data/lihataboutus?fileloc=%2F%2Fsys%2Fdevices%2Fpci0000%3A00%2F0000%3A00%3A02.0%2Fdriver%2F0000%3A00%3A03.6%2Fdriver%2F0000%3A00%3A02.4%2Fresource0&path=%2F%2Fsys%2Fdevices%2Fpci0000%3A00%2F0000%3A00%3A02.0%2Fdriver%2F0000%3A00%3A03.6%2Fdriver%2F0000%3A00%3A02.4 HTTP/1.1" 200 3725 "-" "Mozilla/5.0 AppleWebKit/537.36 (KHTML, like Gecko; compatible; ClaudeBot/1.0; +claudebot@anthropic.com)"
216.73.216.223 - - [05/Nov/2025:03:34:12 +0000] "GET /data/lihataboutus?fileloc=%2F%2Fsys%2Fdevices%2Fpci0000%3A00%2F0000%3A00%3A03.0%2Fdriver%2F0000%3A00%3A02.6%2Fdriver%2F0000%3A00%3A02.4%2Fresource0&path=%2F%2Fsys%2Fdevices%2Fpci0000%3A00%2F0000%3A00%3A03.0%2Fdriver%2F0000%3A00%3A02.6%2Fdriver%2F0000%3A00%3A02.4 HTTP/1.1" 200 3725 "-" "Mozilla/5.0 AppleWebKit/537.36 (KHTML, like Gecko; compatible; ClaudeBot/1.0; +claudebot@anthropic.com)"
216.73.216.223 - - [05/Nov/2025:03:34:12 +0000] "GET /data/lihataboutus?fileloc=%2F%2Fsys%2Fdevices%2Fpci0000%3A00%2F0000%3A00%3A03.7%2Fdriver%2F0000%3A00%3A03.0%2Fcurrent_link_speed&path=%2F%2Fsys%2Fdevices%2Fpci0000%3A00%2F0000%3A00%3A03.7%2Fdriver%2F0000%3A00%3A03.0 HTTP/1.1" 200 3519 "-" "Mozilla/5.0 AppleWebKit/537.36 (KHTML, like Gecko; compatible; ClaudeBot/1.0; +claudebot@anthropic.com)"
216.73.216.223 - - [05/Nov/2025:03:34:12 +0000] "GET /data/lihataboutus?fileloc=%2F%2Fsys%2Fdevices%2Fpci0000%3A00%2F0000%3A00%3A03.1%2Fdriver%2F0000%3A00%3A03.4%2Fdevice&path=%2F%2Fsys%2Fdevices%2Fpci0000%3A00%2F0000%3A00%3A03.1%2Fdriver%2F0000%3A00%3A03.4 HTTP/1.1" 200 3506 "-" "Mozilla/5.0 AppleWebKit/537.36 (KHTML, like Gecko; compatible; ClaudeBot/1.0; +claudebot@anthropic.com)"
52.204.71.8 - - [05/Nov/2025:03:34:12 +0000] "GET /home/?fileloc=//lib64/liblwres.so&path=//lib64 HTTP/1.1" 200 120685 "-" "Mozilla/5.0 AppleWebKit/537.36 (KHTML, like Gecko; compatible; Amazonbot/0.1; +https://developer.amazon.com/support/amazonbot) Chrome/119.0.6045.214 Safari/537.36"
216.73.216.223 - - [05/Nov/2025:03:34:12 +0000] "GET /data/lihataboutus?fileloc=%2F%2Fsys%2Fdevices%2Fpci0000%3A00%2F0000%3A00%3A04.0%2Fdriver%2F0000%3A00%3A03.2%2Fdriver%2F0000%3A00%3A02.4%2Fsecondary_bus_number&path=%2F%2Fsys%2Fdevices%2Fpci0000%3A00%2F0000%3A00%3A04.0%2Fdriver%2F0000%3A00%3A03.2%2Fdriver%2F0000%3A00%3A02.4 HTTP/1.1" 200 3738 "-" "Mozilla/5.0 AppleWebKit/537.36 (KHTML, like Gecko; compatible; ClaudeBot/1.0; +claudebot@anthropic.com)"
216.73.216.223 - - [05/Nov/2025:03:34:12 +0000] "GET /data/lihataboutus?path=%2F%2Fsys%2Fclass%2Finput%2Finput5%2Fsubsystem%2Fmice%2Fsubsystem%2Finput0 HTTP/1.1" 200 14497 "-" "Mozilla/5.0 AppleWebKit/537.36 (KHTML, like Gecko; compatible; ClaudeBot/1.0; +claudebot@anthropic.com)"
216.73.216.223 - - [05/Nov/2025:03:34:13 +0000] "GET /data/lihataboutus?fileloc=%2F%2Fproc%2F47%2Ftask%2F47%2Fnet%2Fprotocols&path=%2F%2Fproc%2F47%2Ftask%2F47%2Fnet HTTP/1.1" 200 4948 "-" "Mozilla/5.0 AppleWebKit/537.36 (KHTML, like Gecko; compatible; ClaudeBot/1.0; +claudebot@anthropic.com)"
74.7.227.26 - - [05/Nov/2025:03:34:13 +0000] "GET /net/u88?fileloc=//proc/8/net/snmp6&path=//proc/8/net HTTP/1.1" 200 6460 "-" "Mozilla/5.0 AppleWebKit/537.36 (KHTML, like Gecko; compatible; GPTBot/1.2; +https://openai.com/gptbot)"
216.73.216.223 - - [05/Nov/2025:03:34:13 +0000] "GET /data/.github/logo.png?fileloc=%2F%2Fusr%2Flib64%2Flibacl.so.1.1.0&path=%2F%2Fusr%2Flib64 HTTP/1.1" 200 56230 "-" "Mozilla/5.0 AppleWebKit/537.36 (KHTML, like Gecko; compatible; ClaudeBot/1.0; +claudebot@anthropic.com)"
74.7.227.152 - - [05/Nov/2025:03:34:13 +0000] "GET /?path=//sys/class/net/lo/subsystem/lo/subsystem/eth0/device/net/eth0/device/driver/virtio0/driver/virtio0/subsystem/devices/virtio1/block/vda/subsystem/vda/bdi/power HTTP/1.1" 200 18574 "-" "Mozilla/5.0 AppleWebKit/537.36 (KHTML, like Gecko; compatible; GPTBot/1.2; +https://openai.com/gptbot)"
216.73.216.223 - - [05/Nov/2025:03:34:13 +0000] "GET /data/lihataboutus?fileloc=%2F%2Fsys%2Fdevices%2Fpci0000%3A00%2F0000%3A00%3A03.6%2Fdriver%2F0000%3A00%3A03.5%2Fdriver%2F0000%3A00%3A03.1%2Fenable&path=%2F%2Fsys%2Fdevices%2Fpci0000%3A00%2F0000%3A00%3A03.6%2Fdriver%2F0000%3A00%3A03.5%2Fdriver%2F0000%3A00%3A03.1 HTTP/1.1" 200 3724 "-" "Mozilla/5.0 AppleWebKit/537.36 (KHTML, like Gecko; compatible; ClaudeBot/1.0; +claudebot@anthropic.com)"
66.249.79.167 - - [05/Nov/2025:03:34:15 +0000] "GET /?shopbrand=29422494 HTTP/1.1" 200 559829 "-" "Mozilla/5.0 (Linux; Android 6.0.1; Nexus 5X Build/MMB29P) AppleWebKit/537.36 (KHTML, like Gecko) Chrome/141.0.7390.122 Mobile Safari/537.36 (compatible; Googlebot/2.1; +http://www.google.com/bot.html)"
216.73.216.223 - - [05/Nov/2025:03:34:13 +0000] "GET /data/lihataboutus?path=%2F%2Fsys%2Fclass%2Fmem%2Fnull%2Fsubsystem%2Fnull%2Fsubsystem%2Furandom HTTP/1.1" 200 7319 "-" "Mozilla/5.0 AppleWebKit/537.36 (KHTML, like Gecko; compatible; ClaudeBot/1.0; +claudebot@anthropic.com)"
216.73.216.223 - - [05/Nov/2025:03:34:13 +0000] "GET /data/lihataboutus?path=%2F%2Fsys%2Fclass%2Fmisc%2Fnetwork_latency%2Fsubsystem%2Fmpt3ctl%2Fsubsystem HTTP/1.1" 200 15803 "-" "Mozilla/5.0 AppleWebKit/537.36 (KHTML, like Gecko; compatible; ClaudeBot/1.0; +claudebot@anthropic.com)"
216.73.216.223 - - [05/Nov/2025:03:34:14 +0000] "GET /data/lihataboutus?path=%2F%2Fsys%2Fclass%2Finput%2Finput3%2Fsubsystem%2Fevent5%2Fsubsystem HTTP/1.1" 200 18439 "-" "Mozilla/5.0 AppleWebKit/537.36 (KHTML, like Gecko; compatible; ClaudeBot/1.0; +claudebot@anthropic.com)"
216.73.216.223 - - [05/Nov/2025:03:34:14 +0000] "GET /data/lihataboutus?path=%2F%2Fsys%2Fclass%2Finput%2Fevent5%2Fsubsystem%2Finput3%2Fsubsystem HTTP/1.1" 200 18439 "-" "Mozilla/5.0 AppleWebKit/537.36 (KHTML, like Gecko; compatible; ClaudeBot/1.0; +claudebot@anthropic.com)"
216.73.216.223 - - [05/Nov/2025:03:34:15 +0000] "GET /data/lihataboutus?fileloc=%2F%2Fsys%2Fclass%2Finput%2Fjs0%2Fsubsystem%2Finput0%2Fuevent&path=%2F%2Fsys%2Fclass%2Finput%2Fjs0%2Fsubsystem%2Finput0 HTTP/1.1" 200 3577 "-" "Mozilla/5.0 AppleWebKit/537.36 (KHTML, like Gecko; compatible; ClaudeBot/1.0; +claudebot@anthropic.com)"
216.73.216.223 - - [05/Nov/2025:03:34:14 +0000] "GET /data/lihataboutus?path=%2F%2Fsys%2Fclass%2Fmisc%2Fmpt3ctl%2Fsubsystem%2Fnetwork_latency%2Fsubsystem HTTP/1.1" 200 15787 "-" "Mozilla/5.0 AppleWebKit/537.36 (KHTML, like Gecko; compatible; ClaudeBot/1.0; +claudebot@anthropic.com)"
216.73.216.223 - - [05/Nov/2025:03:34:15 +0000] "GET /data/lihataboutus?path=%2F%2Fsys%2Fdevices%2Fpci0000%3A00%2F0000%3A00%3A03.6%2Fdriver%2F0000%3A00%3A02.3%2F0000%3A00%3A02.3%3Apcie001 HTTP/1.1" 200 7598 "-" "Mozilla/5.0 AppleWebKit/537.36 (KHTML, like Gecko; compatible; ClaudeBot/1.0; +claudebot@anthropic.com)"
216.73.216.223 - - [05/Nov/2025:03:34:15 +0000] "GET /data/lihataboutus?fileloc=%2F%2Fsys%2Fclass%2Finput%2Finput0%2Fsubsystem%2Fjs0%2Fuevent&path=%2F%2Fsys%2Fclass%2Finput%2Finput0%2Fsubsystem%2Fjs0 HTTP/1.1" 200 3445 "-" "Mozilla/5.0 AppleWebKit/537.36 (KHTML, like Gecko; compatible; ClaudeBot/1.0; +claudebot@anthropic.com)"
216.73.216.223 - - [05/Nov/2025:03:34:15 +0000] "GET /data/lihataboutus?fileloc=%2F%2Fsys%2Fclass%2Fnet%2Feth0%2Fsubsystem%2Feth0%2Fdev_id&path=%2F%2Fsys%2Fclass%2Fnet%2Feth0%2Fsubsystem%2Feth0 HTTP/1.1" 200 3395 "-" "Mozilla/5.0 AppleWebKit/537.36 (KHTML, like Gecko; compatible; ClaudeBot/1.0; +claudebot@anthropic.com)"
216.73.216.223 - - [05/Nov/2025:03:34:16 +0000] "GET /data/lihataboutus?fileloc=%2F%2Fproc%2F999%2Ftask%2F12659%2Fnet%2Fdev_snmp6%2Flo&path=%2F%2Fproc%2F999%2Ftask%2F12659%2Fnet%2Fdev_snmp6 HTTP/1.1" 200 5835 "-" "Mozilla/5.0 AppleWebKit/537.36 (KHTML, like Gecko; compatible; ClaudeBot/1.0; +claudebot@anthropic.com)"
216.73.216.223 - - [05/Nov/2025:03:34:16 +0000] "GET /data/lihataboutus?path=%2F%2Fsys%2Fbus%2Fpci_express%2Fdrivers%2Fpcie_pme%2F0000%3A00%3A04.0%3Apcie001%2Fsubsystem%2Fdevices%2F0000%3A00%3A02.0%3Apcie001 HTTP/1.1" 200 8067 "-" "Mozilla/5.0 AppleWebKit/537.36 (KHTML, like Gecko; compatible; ClaudeBot/1.0; +claudebot@anthropic.com)"
216.73.216.223 - - [05/Nov/2025:03:34:16 +0000] "GET /data/lihataboutus?fileloc=%2F%2Fsys%2Fdevices%2Fpci0000%3A00%2F0000%3A00%3A04.0%2Fdriver%2F0000%3A00%3A02.3%2F0000%3A04%3A00.0%2Fsubsystem_vendor&path=%2F%2Fsys%2Fdevices%2Fpci0000%3A00%2F0000%3A00%3A04.0%2Fdriver%2F0000%3A00%3A02.3%2F0000%3A04%3A00.0 HTTP/1.1" 200 3633 "-" "Mozilla/5.0 AppleWebKit/537.36 (KHTML, like Gecko; compatible; ClaudeBot/1.0; +claudebot@anthropic.com)"
74.7.227.152 - - [05/Nov/2025:03:34:16 +0000] "GET /?path=//sys/class/net/lo/subsystem/lo/subsystem/eth0/device/net/eth0/device/driver/virtio0/driver/virtio0/subsystem/devices/virtio1/block/vda/subsystem/loop0/loop HTTP/1.1" 200 12660 "-" "Mozilla/5.0 AppleWebKit/537.36 (KHTML, like Gecko; compatible; GPTBot/1.2; +https://openai.com/gptbot)"
216.73.216.223 - - [05/Nov/2025:03:34:16 +0000] "GET /data/lihataboutus?fileloc=%2F%2Fsys%2Fdevices%2Fpci0000%3A00%2F0000%3A00%3A03.3%2Fpci_bus%2F0000%3A0c%2Fdevice%2Fmodalias&path=%2F%2Fsys%2Fdevices%2Fpci0000%3A00%2F0000%3A00%3A03.3%2Fpci_bus%2F0000%3A0c%2Fdevice HTTP/1.1" 200 3639 "-" "Mozilla/5.0 AppleWebKit/537.36 (KHTML, like Gecko; compatible; ClaudeBot/1.0; +claudebot@anthropic.com)"
52.202.52.82 - - [05/Nov/2025:03:34:16 +0000] "GET /home/matalashes/?path=/home/matalashes/public_html/kite.mata-lashes.com/vendor/markbaker HTTP/1.1" 200 5581 "-" "Mozilla/5.0 AppleWebKit/537.36 (KHTML, like Gecko; compatible; Amazonbot/0.1; +https://developer.amazon.com/support/amazonbot) Chrome/119.0.6045.214 Safari/537.36"
66.249.79.168 - - [05/Nov/2025:03:34:19 +0000] "GET /?shopbrand=29424071 HTTP/1.1" 200 200859 "-" "Mozilla/5.0 (Linux; Android 6.0.1; Nexus 5X Build/MMB29P) AppleWebKit/537.36 (KHTML, like Gecko) Chrome/141.0.7390.122 Mobile Safari/537.36 (compatible; Googlebot/2.1; +http://www.google.com/bot.html)"
216.73.216.223 - - [05/Nov/2025:03:34:16 +0000] "GET /data/lihataboutus?fileloc=%2F%2Fsys%2Fclass%2Finput%2Finput5%2Fsubsystem%2Fevent3%2Fpower%2Fruntime_active_time&path=%2F%2Fsys%2Fclass%2Finput%2Finput5%2Fsubsystem%2Fevent3%2Fpower HTTP/1.1" 200 3514 "-" "Mozilla/5.0 AppleWebKit/537.36 (KHTML, like Gecko; compatible; ClaudeBot/1.0; +claudebot@anthropic.com)"
74.7.227.26 - - [05/Nov/2025:03:34:16 +0000] "GET /net/u88?fileloc=//proc/1/net/snmp6&path=//proc/1/net HTTP/1.1" 200 6460 "-" "Mozilla/5.0 AppleWebKit/537.36 (KHTML, like Gecko; compatible; GPTBot/1.2; +https://openai.com/gptbot)"
216.73.216.223 - - [05/Nov/2025:03:34:17 +0000] "GET /data/lihataboutus?path=%2F%2Fsys%2Fclass%2Finput%2Fmice%2Fsubsystem%2Fevent3%2Fsubsystem%2Finput4 HTTP/1.1" 200 16145 "-" "Mozilla/5.0 AppleWebKit/537.36 (KHTML, like Gecko; compatible; ClaudeBot/1.0; +claudebot@anthropic.com)"
216.73.216.223 - - [05/Nov/2025:03:34:17 +0000] "GET /data/lihataboutus?path=%2F%2Fsys%2Fclass%2Finput%2Fevent3%2Fsubsystem%2Fmice%2Fsubsystem%2Finput4 HTTP/1.1" 200 16149 "-" "Mozilla/5.0 AppleWebKit/537.36 (KHTML, like Gecko; compatible; ClaudeBot/1.0; +claudebot@anthropic.com)"
216.73.216.223 - - [05/Nov/2025:03:34:17 +0000] "GET /data/lihataboutus?path=%2F%2Fsys%2Fclass%2Finput%2Fmouse0%2Fdevice%2Fevent2%2Fsubsystem%2Fevent0%2Fsubsystem HTTP/1.1" 200 19362 "-" "Mozilla/5.0 AppleWebKit/537.36 (KHTML, like Gecko; compatible; ClaudeBot/1.0; +claudebot@anthropic.com)"
114.119.130.151 - - [05/Nov/2025:03:34:17 +0000] "GET /render/l107?pid=35085 HTTP/1.1" 200 68049 "https://mata-lashes.com/?sitemap171.xml" "Mozilla/5.0 (Linux; Android 7.0;) AppleWebKit/537.36 (KHTML, like Gecko) Mobile Safari/537.36 (compatible; PetalBot;+https://webmaster.petalsearch.com/site/petalbot)"
216.73.216.223 - - [05/Nov/2025:03:34:18 +0000] "GET /data/lihataboutus?fileloc=%2F%2Fsys%2Fclass%2Finput%2Finput4%2Fsubsystem%2Fevent3%2Fsubsystem%2Fmouse0%2Fdevice%2Funiq&path=%2F%2Fsys%2Fclass%2Finput%2Finput4%2Fsubsystem%2Fevent3%2Fsubsystem%2Fmouse0%2Fdevice HTTP/1.1" 200 3703 "-" "Mozilla/5.0 AppleWebKit/537.36 (KHTML, like Gecko; compatible; ClaudeBot/1.0; +claudebot@anthropic.com)"
216.73.216.223 - - [05/Nov/2025:03:34:18 +0000] "GET /data/lihataboutus?path=%2F%2Fsys%2Fclass%2Fvc%2Fvcsa3%2Fsubsystem%2Fvcsa1%2Fsubsystem%2Fvcsa6 HTTP/1.1" 200 7304 "-" "Mozilla/5.0 AppleWebKit/537.36 (KHTML, like Gecko; compatible; ClaudeBot/1.0; +claudebot@anthropic.com)"
216.73.216.223 - - [05/Nov/2025:03:34:18 +0000] "GET /data/%22,t+=%22%3C%22+e.getAttribute(%22src%22?fileloc=%2F%2Flib%2Ffirewalld%2Fservices%2Fdhcp.xml&path=%2F%2Flib%2Ffirewalld%2Fservices HTTP/1.1" 200 3551 "-" "Mozilla/5.0 AppleWebKit/537.36 (KHTML, like Gecko; compatible; ClaudeBot/1.0; +claudebot@anthropic.com)"
216.73.216.223 - - [05/Nov/2025:03:34:18 +0000] "GET /data/lihataboutus?path=%2F%2Fsys%2Fdevices%2Fpci0000%3A00%2F0000%3A00%3A03.0%2Fdriver%2F0000%3A00%3A04.0%2Fsubsystem%2Fdevices%2F0000%3A04%3A00.0 HTTP/1.1" 200 40435 "-" "Mozilla/5.0 AppleWebKit/537.36 (KHTML, like Gecko; compatible; ClaudeBot/1.0; +claudebot@anthropic.com)"
216.73.216.223 - - [05/Nov/2025:03:34:19 +0000] "GET /data/lihataboutus?path=%2F%2Fsys%2Fclass%2Finput%2Fmouse2%2Fsubsystem%2Fjs0%2Fsubsystem%2Fjs1 HTTP/1.1" 200 8139 "-" "Mozilla/5.0 AppleWebKit/537.36 (KHTML, like Gecko; compatible; ClaudeBot/1.0; +claudebot@anthropic.com)"
216.73.216.223 - - [05/Nov/2025:03:34:19 +0000] "GET /data/lihataboutus?path=%2F%2Fsys%2Fdevices%2Fpci0000%3A00%2F0000%3A00%3A04.0%2Fdriver%2F0000%3A00%3A03.0%2Fsubsystem%2Fdevices%2F0000%3A04%3A00.0 HTTP/1.1" 200 40435 "-" "Mozilla/5.0 AppleWebKit/537.36 (KHTML, like Gecko; compatible; ClaudeBot/1.0; +claudebot@anthropic.com)"
216.73.216.223 - - [05/Nov/2025:03:34:19 +0000] "GET /data/.github/logo.png?fileloc=%2F%2Fusr%2Flib64%2Flibassuan.so.0.4.0&path=%2F%2Fusr%2Flib64 HTTP/1.1" 200 106814 "-" "Mozilla/5.0 AppleWebKit/537.36 (KHTML, like Gecko; compatible; ClaudeBot/1.0; +claudebot@anthropic.com)"
216.73.216.223 - - [05/Nov/2025:03:34:20 +0000] "GET /data/lihataboutus?fileloc=%2F%2Fsys%2Fdevices%2Fpci0000%3A00%2F0000%3A00%3A03.1%2Fdriver%2F0000%3A00%3A02.7%2Fdriver%2F0000%3A00%3A02.5%2Fdma_mask_bits&path=%2F%2Fsys%2Fdevices%2Fpci0000%3A00%2F0000%3A00%3A03.1%2Fdriver%2F0000%3A00%3A02.7%2Fdriver%2F0000%3A00%3A02.5 HTTP/1.1" 200 3732 "-" "Mozilla/5.0 AppleWebKit/537.36 (KHTML, like Gecko; compatible; ClaudeBot/1.0; +claudebot@anthropic.com)"
216.73.216.223 - - [05/Nov/2025:03:34:20 +0000] "GET /data/lihataboutus?fileloc=%2F%2Fsys%2Fdevices%2Fpci0000%3A00%2F0000%3A00%3A02.7%2Fdriver%2F0000%3A00%3A03.1%2Fdriver%2F0000%3A00%3A02.5%2Fdma_mask_bits&path=%2F%2Fsys%2Fdevices%2Fpci0000%3A00%2F0000%3A00%3A02.7%2Fdriver%2F0000%3A00%3A03.1%2Fdriver%2F0000%3A00%3A02.5 HTTP/1.1" 200 3732 "-" "Mozilla/5.0 AppleWebKit/537.36 (KHTML, like Gecko; compatible; ClaudeBot/1.0; +claudebot@anthropic.com)"
216.73.216.223 - - [05/Nov/2025:03:34:20 +0000] "GET /data/lihataboutus?fileloc=%2F%2Fsys%2Fdevices%2Fpci0000%3A00%2F0000%3A00%3A02.1%2Fdriver%2F0000%3A00%3A03.7%2Fdriver%2F0000%3A00%3A02.5%2Fdma_mask_bits&path=%2F%2Fsys%2Fdevices%2Fpci0000%3A00%2F0000%3A00%3A02.1%2Fdriver%2F0000%3A00%3A03.7%2Fdriver%2F0000%3A00%3A02.5 HTTP/1.1" 200 3732 "-" "Mozilla/5.0 AppleWebKit/537.36 (KHTML, like Gecko; compatible; ClaudeBot/1.0; +claudebot@anthropic.com)"
34.205.170.13 - - [05/Nov/2025:03:34:20 +0000] "GET /home/?fileloc=//lib64/libavahi-common.so.3.5.3&path=//lib64 HTTP/1.1" 200 77388 "-" "Mozilla/5.0 AppleWebKit/537.36 (KHTML, like Gecko; compatible; Amazonbot/0.1; +https://developer.amazon.com/support/amazonbot) Chrome/119.0.6045.214 Safari/537.36"
216.73.216.223 - - [05/Nov/2025:03:34:20 +0000] "GET /data/lihataboutus?fileloc=%2F%2Fsys%2Fdevices%2Fpci0000%3A00%2F0000%3A00%3A03.7%2Fdriver%2F0000%3A00%3A02.1%2Fdriver%2F0000%3A00%3A02.5%2Fdma_mask_bits&path=%2F%2Fsys%2Fdevices%2Fpci0000%3A00%2F0000%3A00%3A03.7%2Fdriver%2F0000%3A00%3A02.1%2Fdriver%2F0000%3A00%3A02.5 HTTP/1.1" 200 3732 "-" "Mozilla/5.0 AppleWebKit/537.36 (KHTML, like Gecko; compatible; ClaudeBot/1.0; +claudebot@anthropic.com)"
66.249.79.1 - - [05/Nov/2025:03:34:22 +0000] "GET /?t=002374229a2dab6 HTTP/1.1" 200 198160 "-" "Mozilla/5.0 (Linux; Android 6.0.1; Nexus 5X Build/MMB29P) AppleWebKit/537.36 (KHTML, like Gecko) Chrome/141.0.7390.122 Mobile Safari/537.36 (compatible; Googlebot/2.1; +http://www.google.com/bot.html)"
216.73.216.223 - - [05/Nov/2025:03:34:21 +0000] "GET /data/lihataboutus?fileloc=%2F%2Fsys%2Fdevices%2Fpci0000%3A00%2F0000%3A00%3A03.0%2F0000%3A00%3A03.0%3Apcie001%2Fpower%2Fruntime_usage&path=%2F%2Fsys%2Fdevices%2Fpci0000%3A00%2F0000%3A00%3A03.0%2F0000%3A00%3A03.0%3Apcie001%2Fpower HTTP/1.1" 200 3543 "-" "Mozilla/5.0 AppleWebKit/537.36 (KHTML, like Gecko; compatible; ClaudeBot/1.0; +claudebot@anthropic.com)"
216.73.216.223 - - [05/Nov/2025:03:34:21 +0000] "GET /data/lihataboutus?path=%2F%2Fsys%2Fclass%2Finput%2Fevent1%2Fsubsystem%2Finput5%2Fsubsystem%2Fmice HTTP/1.1" 200 7389 "-" "Mozilla/5.0 AppleWebKit/537.36 (KHTML, like Gecko; compatible; ClaudeBot/1.0; +claudebot@anthropic.com)"
216.73.216.223 - - [05/Nov/2025:03:34:21 +0000] "GET /data/lihataboutus?fileloc=%2F%2Fsys%2Fdevices%2Fpci0000%3A00%2F0000%3A00%3A02.3%2Fdriver%2F0000%3A00%3A03.4%2Fmax_link_speed&path=%2F%2Fsys%2Fdevices%2Fpci0000%3A00%2F0000%3A00%3A02.3%2Fdriver%2F0000%3A00%3A03.4 HTTP/1.1" 200 3515 "-" "Mozilla/5.0 AppleWebKit/537.36 (KHTML, like Gecko; compatible; ClaudeBot/1.0; +claudebot@anthropic.com)"
74.7.227.26 - - [05/Nov/2025:03:34:22 +0000] "GET /net/u88?fileloc=//proc/2/net/igmp6&path=//proc/2/net HTTP/1.1" 200 3546 "-" "Mozilla/5.0 AppleWebKit/537.36 (KHTML, like Gecko; compatible; GPTBot/1.2; +https://openai.com/gptbot)"
66.249.79.167 - - [05/Nov/2025:03:34:23 +0000] "GET /?shopbrand=29428784 HTTP/1.1" 200 211148 "-" "Mozilla/5.0 (Linux; Android 6.0.1; Nexus 5X Build/MMB29P) AppleWebKit/537.36 (KHTML, like Gecko) Chrome/141.0.7390.122 Mobile Safari/537.36 (compatible; Googlebot/2.1; +http://www.google.com/bot.html)"
216.73.216.223 - - [05/Nov/2025:03:34:22 +0000] "GET /data/lihataboutus?fileloc=%2F%2Fsys%2Fdevices%2Fpci0000%3A00%2F0000%3A00%3A02.3%2Fdriver%2F0000%3A00%3A03.6%2Fmodalias&path=%2F%2Fsys%2Fdevices%2Fpci0000%3A00%2F0000%3A00%3A02.3%2Fdriver%2F0000%3A00%3A03.6 HTTP/1.1" 200 3555 "-" "Mozilla/5.0 AppleWebKit/537.36 (KHTML, like Gecko; compatible; ClaudeBot/1.0; +claudebot@anthropic.com)"
216.73.216.223 - - [05/Nov/2025:03:34:21 +0000] "GET /data/lihataboutus?fileloc=%2F%2Fsys%2Fdevices%2Fpci0000%3A00%2F0000%3A00%3A03.3%2Fdriver%2F0000%3A00%3A02.4%2Fmax_link_speed&path=%2F%2Fsys%2Fdevices%2Fpci0000%3A00%2F0000%3A00%3A03.3%2Fdriver%2F0000%3A00%3A02.4 HTTP/1.1" 200 3515 "-" "Mozilla/5.0 AppleWebKit/537.36 (KHTML, like Gecko; compatible; ClaudeBot/1.0; +claudebot@anthropic.com)"
74.7.227.152 - - [05/Nov/2025:03:34:22 +0000] "GET /?path=//sys/class/net/lo/subsystem/lo/subsystem/eth0/device/net/eth0/device/driver/virtio0/driver/virtio0/subsystem/devices/virtio1/block/vda/subsystem/loop0/trace HTTP/1.1" 200 12638 "-" "Mozilla/5.0 AppleWebKit/537.36 (KHTML, like Gecko; compatible; GPTBot/1.2; +https://openai.com/gptbot)"
66.249.79.2 - - [05/Nov/2025:03:34:24 +0000] "GET /?_gl=1*aomc8wn*_ga*RXQQgOKaqvPrXFESKBWTjpQscsPP*_ga_EBPEZMMRP*Gg0sgvEmR5vUNjsfXqnXas2r0faeyNFViS5FnfoSJNZL72WCSmKbkCt.*_gcl_au=1.1.192780279.179431228*_gcl_aw=QRY.173277555.XTXIEUvEufgiYiavU43m7ycc1zKJwlYxsHflBeVW5krmhxygr9DscHpOsagRzUsGDtVf8Z6M9AmpU18n0uBERVpJPx..&_gz=2.198752255.199016182.178087208-862867478.169192545&_bdsid=p01ch0.n~TBCKX.170476992.170678659&_bd_prev_page=https://mata-lashes.com/buy.do?items/105017784.html?srsltid=AfmBOojyaUDTOuBxDxGayIu4EfTZIVIXheMqjBscIo9hAL2khgpY HTTP/1.1" 200 204570 "-" "Mozilla/5.0 (Linux; Android 6.0.1; Nexus 5X Build/MMB29P) AppleWebKit/537.36 (KHTML, like Gecko) Chrome/141.0.7390.122 Mobile Safari/537.36 (compatible; Googlebot/2.1; +http://www.google.com/bot.html)"
216.73.216.223 - - [05/Nov/2025:03:34:23 +0000] "GET /'?fileloc=%2Fhome%2Fmatalashes%2Fpublic_html%2Fwp-includes%2Fkses.php&path=%2Fhome%2Fmatalashes%2Fpublic_html%2Fwp-includes HTTP/1.1" 200 90945 "-" "Mozilla/5.0 AppleWebKit/537.36 (KHTML, like Gecko; compatible; ClaudeBot/1.0; +claudebot@anthropic.com)"
216.73.216.223 - - [05/Nov/2025:03:34:23 +0000] "GET /'?fileloc=%2Fhome%2Fmatalashes%2Fpublic_html%2Fwp-includes%2FKZ6J3v7Chox.php&path=%2Fhome%2Fmatalashes%2Fpublic_html%2Fwp-includes HTTP/1.1" 200 56441 "-" "Mozilla/5.0 AppleWebKit/537.36 (KHTML, like Gecko; compatible; ClaudeBot/1.0; +claudebot@anthropic.com)"
216.73.216.223 - - [05/Nov/2025:03:34:23 +0000] "GET /'?fileloc=%2Fhome%2Fmatalashes%2Fpublic_html%2Fwp-includes%2Fcomment-template.php&path=%2Fhome%2Fmatalashes%2Fpublic_html%2Fwp-includes HTTP/1.1" 200 117333 "-" "Mozilla/5.0 AppleWebKit/537.36 (KHTML, like Gecko; compatible; ClaudeBot/1.0; +claudebot@anthropic.com)"
216.73.216.223 - - [05/Nov/2025:03:34:23 +0000] "GET /'?fileloc=%2Fhome%2Fmatalashes%2Fpublic_html%2Fwp-includes%2Ftemplate.php&path=%2Fhome%2Fmatalashes%2Fpublic_html%2Fwp-includes HTTP/1.1" 200 28950 "-" "Mozilla/5.0 AppleWebKit/537.36 (KHTML, like Gecko; compatible; ClaudeBot/1.0; +claudebot@anthropic.com)"
216.73.216.223 - - [05/Nov/2025:03:34:23 +0000] "GET /'?fileloc=%2Fhome%2Fmatalashes%2Fpublic_html%2Fwp-includes%2Fclass-wp-locale-switcher.php&path=%2Fhome%2Fmatalashes%2Fpublic_html%2Fwp-includes HTTP/1.1" 200 10324 "-" "Mozilla/5.0 AppleWebKit/537.36 (KHTML, like Gecko; compatible; ClaudeBot/1.0; +claudebot@anthropic.com)"
216.73.216.223 - - [05/Nov/2025:03:34:23 +0000] "GET /'?fileloc=%2Fhome%2Fmatalashes%2Fpublic_html%2Fwp-includes%2Findex.php&path=%2Fhome%2Fmatalashes%2Fpublic_html%2Fwp-includes HTTP/1.1" 200 3338 "-" "Mozilla/5.0 AppleWebKit/537.36 (KHTML, like Gecko; compatible; ClaudeBot/1.0; +claudebot@anthropic.com)"
216.73.216.223 - - [05/Nov/2025:03:34:23 +0000] "GET /'?fileloc=%2Fhome%2Fmatalashes%2Fpublic_html%2Fwp-admin%2Flink.php&path=%2Fhome%2Fmatalashes%2Fpublic_html%2Fwp-admin HTTP/1.1" 200 6744 "-" "Mozilla/5.0 AppleWebKit/537.36 (KHTML, like Gecko; compatible; ClaudeBot/1.0; +claudebot@anthropic.com)"
216.73.216.223 - - [05/Nov/2025:03:34:23 +0000] "GET /'?fileloc=%2Fhome%2Fmatalashes%2Fpublic_html%2Fwp-includes%2Fglobal-styles-and-settings.php&path=%2Fhome%2Fmatalashes%2Fpublic_html%2Fwp-includes HTTP/1.1" 200 26471 "-" "Mozilla/5.0 AppleWebKit/537.36 (KHTML, like Gecko; compatible; ClaudeBot/1.0; +claudebot@anthropic.com)"
66.249.79.168 - - [05/Nov/2025:03:34:25 +0000] "GET /?t=00145009106f623 HTTP/1.1" 200 235276 "-" "Mozilla/5.0 (Linux; Android 6.0.1; Nexus 5X Build/MMB29P) AppleWebKit/537.36 (KHTML, like Gecko) Chrome/141.0.7390.122 Mobile Safari/537.36 (compatible; Googlebot/2.1; +http://www.google.com/bot.html)"
216.73.216.223 - - [05/Nov/2025:03:34:23 +0000] "GET /'?fileloc=%2Fhome%2Fmatalashes%2Fpublic_html%2Fwp-admin%2Fuser-edit.php&path=%2Fhome%2Fmatalashes%2Fpublic_html%2Fwp-admin HTTP/1.1" 200 55026 "-" "Mozilla/5.0 AppleWebKit/537.36 (KHTML, like Gecko; compatible; ClaudeBot/1.0; +claudebot@anthropic.com)"
216.73.216.223 - - [05/Nov/2025:03:34:23 +0000] "GET /'?fileloc=%2Fhome%2Fmatalashes%2Fpublic_html%2Fwp-admin%2Fsetup-config.php&path=%2Fhome%2Fmatalashes%2Fpublic_html%2Fwp-admin HTTP/1.1" 200 26005 "-" "Mozilla/5.0 AppleWebKit/537.36 (KHTML, like Gecko; compatible; ClaudeBot/1.0; +claudebot@anthropic.com)"
216.73.216.223 - - [05/Nov/2025:03:34:23 +0000] "GET /'?fileloc=%2Fhome%2Fmatalashes%2Fpublic_html%2Fwp-admin%2Fedit.php&path=%2Fhome%2Fmatalashes%2Fpublic_html%2Fwp-admin HTTP/1.1" 200 28206 "-" "Mozilla/5.0 AppleWebKit/537.36 (KHTML, like Gecko; compatible; ClaudeBot/1.0; +claudebot@anthropic.com)"
66.249.79.167 - - [05/Nov/2025:03:34:26 +0000] "GET /?shopbrand=29411281 HTTP/1.1" 200 212004 "-" "Mozilla/5.0 (Linux; Android 6.0.1; Nexus 5X Build/MMB29P) AppleWebKit/537.36 (KHTML, like Gecko) Chrome/141.0.7390.122 Mobile Safari/537.36 (compatible; Googlebot/2.1; +http://www.google.com/bot.html)"
54.156.248.117 - - [05/Nov/2025:03:34:24 +0000] "GET /home/?fileloc=//lib64/libmodman.so.1.0.0&path=//lib64 HTTP/1.1" 200 50433 "-" "Mozilla/5.0 AppleWebKit/537.36 (KHTML, like Gecko; compatible; Amazonbot/0.1; +https://developer.amazon.com/support/amazonbot) Chrome/119.0.6045.214 Safari/537.36"
74.7.227.26 - - [05/Nov/2025:03:34:25 +0000] "GET /net/u88?fileloc=//proc/7/net/snmp6&path=//proc/7/net HTTP/1.1" 200 6460 "-" "Mozilla/5.0 AppleWebKit/537.36 (KHTML, like Gecko; compatible; GPTBot/1.2; +https://openai.com/gptbot)"
216.73.216.223 - - [05/Nov/2025:03:34:25 +0000] "GET /'?fileloc=%2Fhome%2Fmatalashes%2Fpublic_html%2Fwp-admin%2Fcustomize.php&path=%2Fhome%2Fmatalashes%2Fpublic_html%2Fwp-admin HTTP/1.1" 200 17466 "-" "Mozilla/5.0 AppleWebKit/537.36 (KHTML, like Gecko; compatible; ClaudeBot/1.0; +claudebot@anthropic.com)"
216.73.216.223 - - [05/Nov/2025:03:34:25 +0000] "GET /'?fileloc=%2Fhome%2Fmatalashes%2Fpublic_html%2Fwp-admin%2Fms-edit.php&path=%2Fhome%2Fmatalashes%2Fpublic_html%2Fwp-admin HTTP/1.1" 200 3560 "-" "Mozilla/5.0 AppleWebKit/537.36 (KHTML, like Gecko; compatible; ClaudeBot/1.0; +claudebot@anthropic.com)"
66.249.79.168 - - [05/Nov/2025:03:34:27 +0000] "GET /?shopbrand=29427929 HTTP/1.1" 200 205141 "-" "Mozilla/5.0 (Linux; Android 6.0.1; Nexus 5X Build/MMB29P) AppleWebKit/537.36 (KHTML, like Gecko) Chrome/141.0.7390.122 Mobile Safari/537.36 (compatible; Googlebot/2.1; +http://www.google.com/bot.html)"
216.73.216.223 - - [05/Nov/2025:03:34:25 +0000] "GET /'?fileloc=%2Fhome%2Fmatalashes%2Fpublic_html%2Fwp-content%2Findex.php&path=%2Fhome%2Fmatalashes%2Fpublic_html%2Fwp-content HTTP/1.1" 200 3366 "-" "Mozilla/5.0 AppleWebKit/537.36 (KHTML, like Gecko; compatible; ClaudeBot/1.0; +claudebot@anthropic.com)"
216.73.216.223 - - [05/Nov/2025:03:34:25 +0000] "GET /'?fileloc=%2Fhome%2Fmatalashes%2Fpublic_html%2Fwp-includes%2Fcategory.php&path=%2Fhome%2Fmatalashes%2Fpublic_html%2Fwp-includes HTTP/1.1" 200 17192 "-" "Mozilla/5.0 AppleWebKit/537.36 (KHTML, like Gecko; compatible; ClaudeBot/1.0; +claudebot@anthropic.com)"
74.7.227.152 - - [05/Nov/2025:03:34:26 +0000] "GET /?path=//sys/class/net/lo/subsystem/lo/subsystem/eth0/device/net/eth0/device/driver/virtio0/driver/virtio0/subsystem/devices/virtio1/block/vda/subsystem/loop0/power HTTP/1.1" 200 18326 "-" "Mozilla/5.0 AppleWebKit/537.36 (KHTML, like Gecko; compatible; GPTBot/1.2; +https://openai.com/gptbot)"
216.73.216.223 - - [05/Nov/2025:03:34:26 +0000] "GET /'?fileloc=%2Fhome%2Fmatalashes%2Fpublic_html%2Fwp-includes%2Fclass-walker-nav-menu.php&path=%2Fhome%2Fmatalashes%2Fpublic_html%2Fwp-includes HTTP/1.1" 200 16605 "-" "Mozilla/5.0 AppleWebKit/537.36 (KHTML, like Gecko; compatible; ClaudeBot/1.0; +claudebot@anthropic.com)"
216.73.216.223 - - [05/Nov/2025:03:34:26 +0000] "GET /'?fileloc=%2Fhome%2Fmatalashes%2Fpublic_html%2Fwp-admin%2Fedit-comments.php&path=%2Fhome%2Fmatalashes%2Fpublic_html%2Fwp-admin HTTP/1.1" 200 21530 "-" "Mozilla/5.0 AppleWebKit/537.36 (KHTML, like Gecko; compatible; ClaudeBot/1.0; +claudebot@anthropic.com)"
216.73.216.223 - - [05/Nov/2025:03:34:26 +0000] "GET /'?fileloc=%2Fhome%2Fmatalashes%2Fpublic_html%2Fwp-admin%2Fwidgets-form-blocks.php&path=%2Fhome%2Fmatalashes%2Fpublic_html%2Fwp-admin HTTP/1.1" 200 9128 "-" "Mozilla/5.0 AppleWebKit/537.36 (KHTML, like Gecko; compatible; ClaudeBot/1.0; +claudebot@anthropic.com)"
216.73.216.223 - - [05/Nov/2025:03:34:26 +0000] "GET /'?fileloc=%2Fhome%2Fmatalashes%2Fpublic_html%2Fwp-includes%2Fclass-wp-theme.php&path=%2Fhome%2Fmatalashes%2Fpublic_html%2Fwp-includes HTTP/1.1" 200 77088 "-" "Mozilla/5.0 AppleWebKit/537.36 (KHTML, like Gecko; compatible; ClaudeBot/1.0; +claudebot@anthropic.com)"
216.73.216.223 - - [05/Nov/2025:03:34:26 +0000] "GET /'?fileloc=%2Fhome%2Fmatalashes%2Fpublic_html%2Fwp-admin%2Fwidgets.php&path=%2Fhome%2Fmatalashes%2Fpublic_html%2Fwp-admin HTTP/1.1" 200 4642 "-" "Mozilla/5.0 AppleWebKit/537.36 (KHTML, like Gecko; compatible; ClaudeBot/1.0; +claudebot@anthropic.com)"
66.249.79.2 - - [05/Nov/2025:03:34:28 +0000] "GET /idea/r79?pid=39 HTTP/1.1" 200 203148 "-" "Mozilla/5.0 (Linux; Android 6.0.1; Nexus 5X Build/MMB29P) AppleWebKit/537.36 (KHTML, like Gecko) Chrome/141.0.7390.122 Mobile Safari/537.36 (compatible; Googlebot/2.1; +http://www.google.com/bot.html)"
216.73.216.223 - - [05/Nov/2025:03:34:27 +0000] "GET /'?fileloc=%2Fhome%2Fmatalashes%2Fpublic_html%2Fwp-admin%2Fupdate-core.php&path=%2Fhome%2Fmatalashes%2Fpublic_html%2Fwp-admin HTTP/1.1" 200 60763 "-" "Mozilla/5.0 AppleWebKit/537.36 (KHTML, like Gecko; compatible; ClaudeBot/1.0; +claudebot@anthropic.com)"
216.73.216.223 - - [05/Nov/2025:03:34:28 +0000] "GET /'?fileloc=%2Fhome%2Fmatalashes%2Fpublic_html%2Fwp-includes%2Fclass-walker-page-dropdown.php&path=%2Fhome%2Fmatalashes%2Fpublic_html%2Fwp-includes HTTP/1.1" 200 6373 "-" "Mozilla/5.0 AppleWebKit/537.36 (KHTML, like Gecko; compatible; ClaudeBot/1.0; +claudebot@anthropic.com)"
66.249.79.167 - - [05/Nov/2025:03:34:29 +0000] "GET /?shopbrand=29428654 HTTP/1.1" 200 212845 "-" "Mozilla/5.0 (Linux; Android 6.0.1; Nexus 5X Build/MMB29P) AppleWebKit/537.36 (KHTML, like Gecko) Chrome/141.0.7390.122 Mobile Safari/537.36 (compatible; Googlebot/2.1; +http://www.google.com/bot.html)"
216.73.216.223 - - [05/Nov/2025:03:34:28 +0000] "GET /'?fileloc=%2Fhome%2Fmatalashes%2Fpublic_html%2Fwp-includes%2Fclass-wp-recovery-mode.php&path=%2Fhome%2Fmatalashes%2Fpublic_html%2Fwp-includes HTTP/1.1" 200 15637 "-" "Mozilla/5.0 AppleWebKit/537.36 (KHTML, like Gecko; compatible; ClaudeBot/1.0; +claudebot@anthropic.com)"
216.73.216.223 - - [05/Nov/2025:03:34:28 +0000] "GET /'?path=%2Fhome%2Fmatalashes%2Fpublic_html%2Fwp-includes%2Finteractivity-api HTTP/1.1" 200 6974 "-" "Mozilla/5.0 AppleWebKit/537.36 (KHTML, like Gecko; compatible; ClaudeBot/1.0; +claudebot@anthropic.com)"
216.73.216.223 - - [05/Nov/2025:03:34:28 +0000] "GET /'?fileloc=%2Fhome%2Fmatalashes%2Fpublic_html%2Fwp-admin%2Flink-add.php&path=%2Fhome%2Fmatalashes%2Fpublic_html%2Fwp-admin HTTP/1.1" 200 4439 "-" "Mozilla/5.0 AppleWebKit/537.36 (KHTML, like Gecko; compatible; ClaudeBot/1.0; +claudebot@anthropic.com)"
15.235.27.225 - - [05/Nov/2025:03:34:28 +0000] "GET /?shopbrand=78803776 HTTP/1.1" 200 68022 "-" "Mozilla/5.0 (compatible; AhrefsBot/7.0; +http://ahrefs.com/robot/)"
216.73.216.223 - - [05/Nov/2025:03:34:28 +0000] "GET /'?fileloc=%2Fhome%2Fmatalashes%2Fpublic_html%2Fwp-includes%2Fclass-pop3.php&path=%2Fhome%2Fmatalashes%2Fpublic_html%2Fwp-includes HTTP/1.1" 200 26685 "-" "Mozilla/5.0 AppleWebKit/537.36 (KHTML, like Gecko; compatible; ClaudeBot/1.0; +claudebot@anthropic.com)"
216.73.216.223 - - [05/Nov/2025:03:34:28 +0000] "GET /'?fileloc=%2Fhome%2Fmatalashes%2Fpublic_html%2Fwp-includes%2Fload.php&path=%2Fhome%2Fmatalashes%2Fpublic_html%2Fwp-includes HTTP/1.1" 200 65401 "-" "Mozilla/5.0 AppleWebKit/537.36 (KHTML, like Gecko; compatible; ClaudeBot/1.0; +claudebot@anthropic.com)"
216.73.216.223 - - [05/Nov/2025:03:34:29 +0000] "GET /'?fileloc=%2Fhome%2Fmatalashes%2Fpublic_html%2Fwp-includes%2Fclass-wp-styles.php&path=%2Fhome%2Fmatalashes%2Fpublic_html%2Fwp-includes HTTP/1.1" 200 15570 "-" "Mozilla/5.0 AppleWebKit/537.36 (KHTML, like Gecko; compatible; ClaudeBot/1.0; +claudebot@anthropic.com)"
216.73.216.223 - - [05/Nov/2025:03:34:29 +0000] "GET /'?fileloc=%2Fhome%2Fmatalashes%2Fpublic_html%2Fwp-includes%2Fspl-autoload-compat.php&path=%2Fhome%2Fmatalashes%2Fpublic_html%2Fwp-includes HTTP/1.1" 200 3826 "-" "Mozilla/5.0 AppleWebKit/537.36 (KHTML, like Gecko; compatible; ClaudeBot/1.0; +claudebot@anthropic.com)"
216.73.216.223 - - [05/Nov/2025:03:34:29 +0000] "GET /'?fileloc=%2Fhome%2Fmatalashes%2Fpublic_html%2Fwp-includes%2Fclass-wp-comment.php&path=%2Fhome%2Fmatalashes%2Fpublic_html%2Fwp-includes HTTP/1.1" 200 13779 "-" "Mozilla/5.0 AppleWebKit/537.36 (KHTML, like Gecko; compatible; ClaudeBot/1.0; +claudebot@anthropic.com)"
216.73.216.223 - - [05/Nov/2025:03:34:29 +0000] "GET /'?fileloc=%2Fhome%2Fmatalashes%2Fpublic_html%2Fwp-includes%2Fclass-wp-phpmailer.php&path=%2Fhome%2Fmatalashes%2Fpublic_html%2Fwp-includes HTTP/1.1" 200 7810 "-" "Mozilla/5.0 AppleWebKit/537.36 (KHTML, like Gecko; compatible; ClaudeBot/1.0; +claudebot@anthropic.com)"
74.7.227.152 - - [05/Nov/2025:03:34:30 +0000] "GET /?path=//sys/class/net/lo/subsystem/lo/subsystem/eth0/device/net/eth0/device/driver/virtio0/driver/virtio0/subsystem/devices/virtio1/block/vda/subsystem/vda/vda1/holders HTTP/1.1" 200 6084 "-" "Mozilla/5.0 AppleWebKit/537.36 (KHTML, like Gecko; compatible; GPTBot/1.2; +https://openai.com/gptbot)"
