216.73.216.223 - - [05/Nov/2025:03:20:10 +0000] "GET /data/lihataboutus?fileloc=%2Fhome%2Fmatalashes%2Fwww%2Fkite.mata-lashes.com%2Fvendor%2Fgoogle%2Fapiclient%2FLICENSE&path=%2Fhome%2Fmatalashes%2Fwww%2Fkite.mata-lashes.com%2Fvendor%2Fgoogle%2Fapiclient HTTP/1.1" 200 14071 "-" "Mozilla/5.0 AppleWebKit/537.36 (KHTML, like Gecko; compatible; ClaudeBot/1.0; +claudebot@anthropic.com)"
216.73.216.223 - - [05/Nov/2025:03:20:10 +0000] "GET /data/lihataboutus?fileloc=%2Fhome%2Fmatalashes%2F.trash%2Fapp%2FViews%2Fadmin%2Flayout%2F.DS_Store&path=%2Fhome%2Fmatalashes%2F.trash%2Fapp%2FViews%2Fadmin%2Flayout HTTP/1.1" 200 9673 "-" "Mozilla/5.0 AppleWebKit/537.36 (KHTML, like Gecko; compatible; ClaudeBot/1.0; +claudebot@anthropic.com)"
216.73.216.223 - - [05/Nov/2025:03:20:10 +0000] "GET /data/lihataboutus?fileloc=%2F%2Fsys%2Fdevices%2Fpci0000%3A00%2Ffirmware_node%2Fdevice%3A28%2Fphysical_node%2Fi2c-0%2Fdelete_device&path=%2F%2Fsys%2Fdevices%2Fpci0000%3A00%2Ffirmware_node%2Fdevice%3A28%2Fphysical_node%2Fi2c-0 HTTP/1.1" 200 3627 "-" "Mozilla/5.0 AppleWebKit/537.36 (KHTML, like Gecko; compatible; ClaudeBot/1.0; +claudebot@anthropic.com)"
216.73.216.223 - - [05/Nov/2025:03:20:11 +0000] "GET /data/lihataboutus?fileloc=%2F%2Fusr%2Fsrc%2Fkernels%2F3.10.0-1160.114.2.el7.x86_64%2Ffs%2Ffuse%2FKconfig&path=%2F%2Fusr%2Fsrc%2Fkernels%2F3.10.0-1160.114.2.el7.x86_64%2Ffs%2Ffuse HTTP/1.1" 200 4508 "-" "Mozilla/5.0 AppleWebKit/537.36 (KHTML, like Gecko; compatible; ClaudeBot/1.0; +claudebot@anthropic.com)"
216.73.216.223 - - [05/Nov/2025:03:20:11 +0000] "GET /data/lihataboutus?fileloc=%2F%2Fusr%2Fshare%2Fterminfo%2Fc%2Fcitoh-comp&path=%2F%2Fusr%2Fshare%2Fterminfo%2Fc HTTP/1.1" 200 4216 "-" "Mozilla/5.0 AppleWebKit/537.36 (KHTML, like Gecko; compatible; ClaudeBot/1.0; +claudebot@anthropic.com)"
216.73.216.223 - - [05/Nov/2025:03:20:11 +0000] "GET /data/lihataboutus?fileloc=%2F%2Fproc%2F17567%2Froot%2Fusr%2Finclude%2Ferr.h&path=%2F%2Fproc%2F17567%2Froot%2Fusr%2Finclude HTTP/1.1" 200 5609 "-" "Mozilla/5.0 AppleWebKit/537.36 (KHTML, like Gecko; compatible; ClaudeBot/1.0; +claudebot@anthropic.com)"
216.73.216.223 - - [05/Nov/2025:03:20:11 +0000] "GET /data/lihataboutus?fileloc=%2F%2Fproc%2F17567%2Froot%2Fusr%2Flib64%2Flibevent_pthreads-2.0.so.5&path=%2F%2Fproc%2F17567%2Froot%2Fusr%2Flib64 HTTP/1.1" 200 16832 "-" "Mozilla/5.0 AppleWebKit/537.36 (KHTML, like Gecko; compatible; ClaudeBot/1.0; +claudebot@anthropic.com)"
216.73.216.223 - - [05/Nov/2025:03:20:11 +0000] "GET /data/lihataboutus?fileloc=%2F%2Fusr%2Flib%2Fmodules%2F3.10.0-1160.90.1.el7.x86_64%2Fbuild%2Finclude%2Fconfig%2Flibfc.h&path=%2F%2Fusr%2Flib%2Fmodules%2F3.10.0-1160.90.1.el7.x86_64%2Fbuild%2Finclude%2Fconfig HTTP/1.1" 200 3611 "-" "Mozilla/5.0 AppleWebKit/537.36 (KHTML, like Gecko; compatible; ClaudeBot/1.0; +claudebot@anthropic.com)"
216.73.216.223 - - [05/Nov/2025:03:20:12 +0000] "GET /data/%22,t+=%22%3C%22+e.getAttribute(%22src%22?fileloc=%2F%2Fusr%2Flib64%2Flibpam.so.0&path=%2F%2Fusr%2Flib64 HTTP/1.1" 200 91669 "-" "Mozilla/5.0 AppleWebKit/537.36 (KHTML, like Gecko; compatible; ClaudeBot/1.0; +claudebot@anthropic.com)"
216.73.216.223 - - [05/Nov/2025:03:20:12 +0000] "GET /data/lihataboutus?path=%2F%2Fusr%2Fsrc%2Fkernels%2F3.10.0-1160.118.1.el7.x86_64%2Finclude%2Fconfig%2Fiso9660 HTTP/1.1" 200 4846 "-" "Mozilla/5.0 AppleWebKit/537.36 (KHTML, like Gecko; compatible; ClaudeBot/1.0; +claudebot@anthropic.com)"
216.73.216.223 - - [05/Nov/2025:03:20:12 +0000] "GET /data/lihataboutus?fileloc=%2F%2Fusr%2Fsrc%2Fkernels%2F3.10.0-1160.108.1.el7.x86_64%2Fdrivers%2Fs390%2Fnet%2FMakefile&path=%2F%2Fusr%2Fsrc%2Fkernels%2F3.10.0-1160.108.1.el7.x86_64%2Fdrivers%2Fs390%2Fnet HTTP/1.1" 200 4164 "-" "Mozilla/5.0 AppleWebKit/537.36 (KHTML, like Gecko; compatible; ClaudeBot/1.0; +claudebot@anthropic.com)"
216.73.216.223 - - [05/Nov/2025:03:20:12 +0000] "GET /data/lihataboutus?fileloc=%2F%2Fusr%2Fshare%2Fzoneinfo%2Fposix%2FAtlantic%2FFaroe&path=%2F%2Fusr%2Fshare%2Fzoneinfo%2Fposix%2FAtlantic HTTP/1.1" 200 5825 "-" "Mozilla/5.0 AppleWebKit/537.36 (KHTML, like Gecko; compatible; ClaudeBot/1.0; +claudebot@anthropic.com)"
216.73.216.223 - - [05/Nov/2025:03:20:12 +0000] "GET /data/lihataboutus?fileloc=%2Fhome%2Fmatalashes%2Fwww%2Fkite.mata-lashes.com%2Fwritable%2Flogs%2Flog-2025-03-12.log&path=%2Fhome%2Fmatalashes%2Fwww%2Fkite.mata-lashes.com%2Fwritable%2Flogs HTTP/1.1" 200 24448 "-" "Mozilla/5.0 AppleWebKit/537.36 (KHTML, like Gecko; compatible; ClaudeBot/1.0; +claudebot@anthropic.com)"
216.73.216.223 - - [05/Nov/2025:03:20:11 +0000] "GET /data/lihataboutus?path=%2Fhome%2Fmatalashes%2Fwww%2Fsimulasikite.mata-lashes.com%2F__MACOSX%2Fmata%2Ftests%2F_support%2FWidgets HTTP/1.1" 200 7506 "-" "Mozilla/5.0 AppleWebKit/537.36 (KHTML, like Gecko; compatible; ClaudeBot/1.0; +claudebot@anthropic.com)"
216.73.216.223 - - [05/Nov/2025:03:20:13 +0000] "GET /data/%22,t+=%22%3C%22+e.getAttribute(%22src%22?fileloc=%2F%2Flib64%2Fperl5%2FNDBM_File.pm&path=%2F%2Flib64%2Fperl5 HTTP/1.1" 200 5867 "-" "Mozilla/5.0 AppleWebKit/537.36 (KHTML, like Gecko; compatible; ClaudeBot/1.0; +claudebot@anthropic.com)"
66.249.79.1 - - [05/Nov/2025:03:20:14 +0000] "GET /?shopbrand=5867244 HTTP/1.1" 200 228332 "-" "Mozilla/5.0 (Linux; Android 6.0.1; Nexus 5X Build/MMB29P) AppleWebKit/537.36 (KHTML, like Gecko) Chrome/141.0.7390.122 Mobile Safari/537.36 (compatible; Googlebot/2.1; +http://www.google.com/bot.html)"
52.44.148.203 - - [05/Nov/2025:03:20:13 +0000] "GET /about/?fileloc=//bin/look&path=//bin HTTP/1.1" 200 17888 "-" "Mozilla/5.0 AppleWebKit/537.36 (KHTML, like Gecko; compatible; Amazonbot/0.1; +https://developer.amazon.com/support/amazonbot) Chrome/119.0.6045.214 Safari/537.36"
216.73.216.223 - - [05/Nov/2025:03:20:13 +0000] "GET /data/%22,t+=%22%3C%22+e.getAttribute(%22src%22?fileloc=%2F%2Flib64%2Fperl5%2FConfig_git.pl&path=%2F%2Flib64%2Fperl5 HTTP/1.1" 200 3659 "-" "Mozilla/5.0 AppleWebKit/537.36 (KHTML, like Gecko; compatible; ClaudeBot/1.0; +claudebot@anthropic.com)"
216.73.216.223 - - [05/Nov/2025:03:20:13 +0000] "GET /data/lihataboutus?fileloc=%2F%2Fusr%2Fshare%2Fterminfo%2Ft%2Ftvi912c-vb&path=%2F%2Fusr%2Fshare%2Fterminfo%2Ft HTTP/1.1" 200 5539 "-" "Mozilla/5.0 AppleWebKit/537.36 (KHTML, like Gecko; compatible; ClaudeBot/1.0; +claudebot@anthropic.com)"
216.73.216.223 - - [05/Nov/2025:03:20:14 +0000] "GET /data/lihataboutus?fileloc=%2F%2Fsys%2Fmodule%2Flibcrc32c%2Fholders%2Fnf_nat%2Fholders%2Fnf_nat_ipv6%2Fsrcversion&path=%2F%2Fsys%2Fmodule%2Flibcrc32c%2Fholders%2Fnf_nat%2Fholders%2Fnf_nat_ipv6 HTTP/1.1" 200 3576 "-" "Mozilla/5.0 AppleWebKit/537.36 (KHTML, like Gecko; compatible; ClaudeBot/1.0; +claudebot@anthropic.com)"
216.73.216.223 - - [05/Nov/2025:03:20:13 +0000] "GET /data/lihataboutus?path=%2F%2Fusr%2Fsrc%2Fkernels%2F3.10.0-1160.119.1.el7.x86_64%2Farch%2Fmips%2Fdec HTTP/1.1" 200 5640 "-" "Mozilla/5.0 AppleWebKit/537.36 (KHTML, like Gecko; compatible; ClaudeBot/1.0; +claudebot@anthropic.com)"
216.73.216.223 - - [05/Nov/2025:03:20:14 +0000] "GET /data/lihataboutus?fileloc=%2Fhome%2Fmatalashes%2F.trash%2Fapp%2FLanguage%2Fja%2FSession.php&path=%2Fhome%2Fmatalashes%2F.trash%2Fapp%2FLanguage%2Fja HTTP/1.1" 200 5141 "-" "Mozilla/5.0 AppleWebKit/537.36 (KHTML, like Gecko; compatible; ClaudeBot/1.0; +claudebot@anthropic.com)"
216.73.216.223 - - [05/Nov/2025:03:20:14 +0000] "GET /data/lihataboutus?path=%2F%2Fusr%2Fsrc%2Fkernels%2F3.10.0-1160.118.1.el7.x86_64%2Finclude%2Fconfig%2Fiommu HTTP/1.1" 200 7813 "-" "Mozilla/5.0 AppleWebKit/537.36 (KHTML, like Gecko; compatible; ClaudeBot/1.0; +claudebot@anthropic.com)"
216.73.216.223 - - [05/Nov/2025:03:20:14 +0000] "GET /data/lihataboutus?path=%2F%2Fusr%2Fsrc%2Fkernels%2F3.10.0-1160.90.1.el7.x86_64%2Fsound%2Fsoc%2Fcodecs HTTP/1.1" 200 5787 "-" "Mozilla/5.0 AppleWebKit/537.36 (KHTML, like Gecko; compatible; ClaudeBot/1.0; +claudebot@anthropic.com)"
216.73.216.223 - - [05/Nov/2025:03:20:14 +0000] "GET /data/lihataboutus?fileloc=%2F%2Fusr%2Fshare%2Fterminfo%2Fc%2Fcons50r-m&path=%2F%2Fusr%2Fshare%2Fterminfo%2Fc HTTP/1.1" 200 5331 "-" "Mozilla/5.0 AppleWebKit/537.36 (KHTML, like Gecko; compatible; ClaudeBot/1.0; +claudebot@anthropic.com)"
216.73.216.223 - - [05/Nov/2025:03:20:14 +0000] "GET /data/lihataboutus?fileloc=%2F%2Fproc%2F17567%2Froot%2Fusr%2Finclude%2Fregex.h&path=%2F%2Fproc%2F17567%2Froot%2Fusr%2Finclude HTTP/1.1" 200 26069 "-" "Mozilla/5.0 AppleWebKit/537.36 (KHTML, like Gecko; compatible; ClaudeBot/1.0; +claudebot@anthropic.com)"
216.73.216.223 - - [05/Nov/2025:03:20:14 +0000] "GET /data/lihataboutus?path=%2F%2Fusr%2Fsrc%2Fkernels%2F3.10.0-1160.118.1.el7.x86_64%2Finclude%2Fconfig%2Fuidgid HTTP/1.1" 200 4727 "-" "Mozilla/5.0 AppleWebKit/537.36 (KHTML, like Gecko; compatible; ClaudeBot/1.0; +claudebot@anthropic.com)"
216.73.216.223 - - [05/Nov/2025:03:20:15 +0000] "GET /data/%22,t+=%22%3C%22+e.getAttribute(%22src%22?fileloc=%2F%2Fusr%2Flib64%2Flibxcb-xv.so.0.0.0&path=%2F%2Fusr%2Flib64 HTTP/1.1" 200 42628 "-" "Mozilla/5.0 AppleWebKit/537.36 (KHTML, like Gecko; compatible; ClaudeBot/1.0; +claudebot@anthropic.com)"
216.73.216.223 - - [05/Nov/2025:03:20:15 +0000] "GET /data/lihataboutus?fileloc=%2Fhome%2Fmatalashes%2F.trash%2Fapp.bak.15%2FModels%2FReportPengeluaranhasilproduksi.php&path=%2Fhome%2Fmatalashes%2F.trash%2Fapp.bak.15%2FModels HTTP/1.1" 200 5548 "-" "Mozilla/5.0 AppleWebKit/537.36 (KHTML, like Gecko; compatible; ClaudeBot/1.0; +claudebot@anthropic.com)"
216.73.216.223 - - [05/Nov/2025:03:20:15 +0000] "GET /data/lihataboutus?fileloc=%2F%2Fusr%2Flib%2Fmodules%2F3.10.0-1160.90.1.el7.x86_64%2Fbuild%2Finclude%2Fconfig%2Ffutex.h&path=%2F%2Fusr%2Flib%2Fmodules%2F3.10.0-1160.90.1.el7.x86_64%2Fbuild%2Finclude%2Fconfig HTTP/1.1" 200 3611 "-" "Mozilla/5.0 AppleWebKit/537.36 (KHTML, like Gecko; compatible; ClaudeBot/1.0; +claudebot@anthropic.com)"
216.73.216.223 - - [05/Nov/2025:03:20:16 +0000] "GET /data/lihataboutus?fileloc=%2F%2Fusr%2Flib%2Fmodules%2F3.10.0-1160.90.1.el7.x86_64%2Fbuild%2Finclude%2Fconfig%2Fkexec.h&path=%2F%2Fusr%2Flib%2Fmodules%2F3.10.0-1160.90.1.el7.x86_64%2Fbuild%2Finclude%2Fconfig HTTP/1.1" 200 3611 "-" "Mozilla/5.0 AppleWebKit/537.36 (KHTML, like Gecko; compatible; ClaudeBot/1.0; +claudebot@anthropic.com)"
216.73.216.223 - - [05/Nov/2025:03:20:16 +0000] "GET /data/lihataboutus?fileloc=%2Fhome%2Fmatalashes%2Fwww%2FconfigHZQ%2FJump%2F0-matalashes%2Fwp-includes%2FytAKuPZcwoL.php&path=%2Fhome%2Fmatalashes%2Fwww%2FconfigHZQ%2FJump%2F0-matalashes%2Fwp-includes HTTP/1.1" 200 41621 "-" "Mozilla/5.0 AppleWebKit/537.36 (KHTML, like Gecko; compatible; ClaudeBot/1.0; +claudebot@anthropic.com)"
216.73.216.223 - - [05/Nov/2025:03:20:16 +0000] "GET /data/lihataboutus?fileloc=%2F%2Fusr%2Fsrc%2Fkernels%2F3.10.0-1160.108.1.el7.x86_64%2Farch%2Farm%2Fmach-davinci%2FMakefile&path=%2F%2Fusr%2Fsrc%2Fkernels%2F3.10.0-1160.108.1.el7.x86_64%2Farch%2Farm%2Fmach-davinci HTTP/1.1" 200 5218 "-" "Mozilla/5.0 AppleWebKit/537.36 (KHTML, like Gecko; compatible; ClaudeBot/1.0; +claudebot@anthropic.com)"
216.73.216.223 - - [05/Nov/2025:03:20:15 +0000] "GET /data/lihataboutus?fileloc=%2F%2Fproc%2F17567%2Froot%2Fusr%2Flib64%2Flibmysqlclient_r.so&path=%2F%2Fproc%2F17567%2Froot%2Fusr%2Flib64 HTTP/1.1" 200 565994 "-" "Mozilla/5.0 AppleWebKit/537.36 (KHTML, like Gecko; compatible; ClaudeBot/1.0; +claudebot@anthropic.com)"
216.73.216.223 - - [05/Nov/2025:03:20:16 +0000] "GET /data/lihataboutus?fileloc=%2F%2Fusr%2Flib%2Fmodules%2F3.10.0-1160.90.1.el7.x86_64%2Fbuild%2Finclude%2Fconfig%2Fsysctl.h&path=%2F%2Fusr%2Flib%2Fmodules%2F3.10.0-1160.90.1.el7.x86_64%2Fbuild%2Finclude%2Fconfig HTTP/1.1" 200 3612 "-" "Mozilla/5.0 AppleWebKit/537.36 (KHTML, like Gecko; compatible; ClaudeBot/1.0; +claudebot@anthropic.com)"
216.73.216.223 - - [05/Nov/2025:03:20:16 +0000] "GET /data/lihataboutus?fileloc=%2Fhome%2Fmatalashes%2F.trash%2Fapp.bak%2FViews%2Ffrontend%2Ftemplate%2Ffavorites.html&path=%2Fhome%2Fmatalashes%2F.trash%2Fapp.bak%2FViews%2Ffrontend%2Ftemplate HTTP/1.1" 200 34159 "-" "Mozilla/5.0 AppleWebKit/537.36 (KHTML, like Gecko; compatible; ClaudeBot/1.0; +claudebot@anthropic.com)"
216.73.216.223 - - [05/Nov/2025:03:20:17 +0000] "GET /data/lihataboutus?fileloc=%2F%2Fusr%2Fshare%2Fterminfo%2Fc%2Fc100-rv-4p&path=%2F%2Fusr%2Fshare%2Fterminfo%2Fc HTTP/1.1" 200 4647 "-" "Mozilla/5.0 AppleWebKit/537.36 (KHTML, like Gecko; compatible; ClaudeBot/1.0; +claudebot@anthropic.com)"
216.73.216.223 - - [05/Nov/2025:03:20:18 +0000] "GET /data/lihataboutus?fileloc=%2F%2Fproc%2F17567%2Froot%2Fusr%2Flib64%2Flibevent_openssl-2.0.so.5&path=%2F%2Fproc%2F17567%2Froot%2Fusr%2Flib64 HTTP/1.1" 200 36488 "-" "Mozilla/5.0 AppleWebKit/537.36 (KHTML, like Gecko; compatible; ClaudeBot/1.0; +claudebot@anthropic.com)"
66.249.79.1 - - [05/Nov/2025:03:20:18 +0000] "GET /?shopbrand=69499671 HTTP/1.1" 200 208176 "-" "Mozilla/5.0 (Linux; Android 6.0.1; Nexus 5X Build/MMB29P) AppleWebKit/537.36 (KHTML, like Gecko) Chrome/141.0.7390.122 Mobile Safari/537.36 (compatible; Googlebot/2.1; +http://www.google.com/bot.html)"
52.6.5.24 - - [05/Nov/2025:03:20:16 +0000] "GET /about/?fileloc=//bin/stapdyn&path=//bin HTTP/1.1" 200 325742 "-" "Mozilla/5.0 AppleWebKit/537.36 (KHTML, like Gecko; compatible; Amazonbot/0.1; +https://developer.amazon.com/support/amazonbot) Chrome/119.0.6045.214 Safari/537.36"
216.73.216.223 - - [05/Nov/2025:03:20:17 +0000] "GET /data/lihataboutus?fileloc=%2F%2Fsys%2Fdevices%2Fpci0000%3A00%2Ffirmware_node%2Fdevice%3A28%2Fphysical_node%2Fnuma_node&path=%2F%2Fsys%2Fdevices%2Fpci0000%3A00%2Ffirmware_node%2Fdevice%3A28%2Fphysical_node HTTP/1.1" 200 3525 "-" "Mozilla/5.0 AppleWebKit/537.36 (KHTML, like Gecko; compatible; ClaudeBot/1.0; +claudebot@anthropic.com)"
216.73.216.223 - - [05/Nov/2025:03:20:17 +0000] "GET /data/lihataboutus?fileloc=%2F%2Fusr%2Flib%2Fmodules%2F3.10.0-1160.90.1.el7.x86_64%2Fbuild%2Finclude%2Fconfig%2Fcompat.h&path=%2F%2Fusr%2Flib%2Fmodules%2F3.10.0-1160.90.1.el7.x86_64%2Fbuild%2Finclude%2Fconfig HTTP/1.1" 200 3612 "-" "Mozilla/5.0 AppleWebKit/537.36 (KHTML, like Gecko; compatible; ClaudeBot/1.0; +claudebot@anthropic.com)"
216.73.216.223 - - [05/Nov/2025:03:20:17 +0000] "GET /data/lihataboutus?path=%2F%2Fusr%2Fsrc%2Fkernels%2F3.10.0-1160.118.1.el7.x86_64%2Finclude%2Fconfig%2Fnfp HTTP/1.1" 200 4700 "-" "Mozilla/5.0 AppleWebKit/537.36 (KHTML, like Gecko; compatible; ClaudeBot/1.0; +claudebot@anthropic.com)"
216.73.216.223 - - [05/Nov/2025:03:20:17 +0000] "GET /data/%22,t+=%22%3C%22+e.getAttribute(%22src%22?path=%2F%2Flib%2Frpm%2Fplatform%2Fsparcv9-linux HTTP/1.1" 200 4413 "-" "Mozilla/5.0 AppleWebKit/537.36 (KHTML, like Gecko; compatible; ClaudeBot/1.0; +claudebot@anthropic.com)"
216.73.216.223 - - [05/Nov/2025:03:20:18 +0000] "GET /data/lihataboutus?fileloc=%2F%2Flib%2Fgcc%2Fx86_64-redhat-linux%2F4.8.5%2Flibgcov.a&path=%2F%2Flib%2Fgcc%2Fx86_64-redhat-linux%2F4.8.5 HTTP/1.1" 200 64396 "-" "Mozilla/5.0 AppleWebKit/537.36 (KHTML, like Gecko; compatible; ClaudeBot/1.0; +claudebot@anthropic.com)"
216.73.216.223 - - [05/Nov/2025:03:20:18 +0000] "GET /data/lihataboutus?fileloc=%2F%2Fusr%2Fsrc%2Fkernels%2F3.10.0-1160.119.1.el7.x86_64%2Farch%2Fs390%2Fmath-emu%2FMakefile&path=%2F%2Fusr%2Fsrc%2Fkernels%2F3.10.0-1160.119.1.el7.x86_64%2Farch%2Fs390%2Fmath-emu HTTP/1.1" 200 3735 "-" "Mozilla/5.0 AppleWebKit/537.36 (KHTML, like Gecko; compatible; ClaudeBot/1.0; +claudebot@anthropic.com)"
216.73.216.223 - - [05/Nov/2025:03:20:18 +0000] "GET /data/lihataboutus?fileloc=%2F%2Fsys%2Fmodule%2Fsnd%2Fholders%2Fsnd_hda_codec_generic%2Frhelversion&path=%2F%2Fsys%2Fmodule%2Fsnd%2Fholders%2Fsnd_hda_codec_generic HTTP/1.1" 200 3388 "-" "Mozilla/5.0 AppleWebKit/537.36 (KHTML, like Gecko; compatible; ClaudeBot/1.0; +claudebot@anthropic.com)"
216.73.216.223 - - [05/Nov/2025:03:20:18 +0000] "GET /data/lihataboutus?fileloc=%2F%2Fusr%2Fshare%2Fterminfo%2Fc%2Fcdc456&path=%2F%2Fusr%2Fshare%2Fterminfo%2Fc HTTP/1.1" 200 4157 "-" "Mozilla/5.0 AppleWebKit/537.36 (KHTML, like Gecko; compatible; ClaudeBot/1.0; +claudebot@anthropic.com)"
216.73.216.223 - - [05/Nov/2025:03:20:19 +0000] "GET /data/lihataboutus?fileloc=%2F%2Fusr%2Fsrc%2Fkernels%2F3.10.0-1160.108.1.el7.x86_64%2Fdrivers%2Fmtd%2Fmaps%2FKconfig&path=%2F%2Fusr%2Fsrc%2Fkernels%2F3.10.0-1160.108.1.el7.x86_64%2Fdrivers%2Fmtd%2Fmaps HTTP/1.1" 200 18994 "-" "Mozilla/5.0 AppleWebKit/537.36 (KHTML, like Gecko; compatible; ClaudeBot/1.0; +claudebot@anthropic.com)"
216.73.216.223 - - [05/Nov/2025:03:20:19 +0000] "GET /data/lihataboutus?fileloc=%2F%2Fusr%2Fsrc%2Fkernels%2F3.10.0-1160.108.1.el7.x86_64%2Farch%2Ftile%2FKconfig.debug&path=%2F%2Fusr%2Fsrc%2Fkernels%2F3.10.0-1160.108.1.el7.x86_64%2Farch%2Ftile HTTP/1.1" 200 4655 "-" "Mozilla/5.0 AppleWebKit/537.36 (KHTML, like Gecko; compatible; ClaudeBot/1.0; +claudebot@anthropic.com)"
216.73.216.223 - - [05/Nov/2025:03:20:19 +0000] "GET /data/lihataboutus?path=%2F%2Fusr%2Fsrc%2Fkernels%2F3.10.0-1160.108.1.el7.x86_64%2Farch%2Favr32%2Flib HTTP/1.1" 200 4811 "-" "Mozilla/5.0 AppleWebKit/537.36 (KHTML, like Gecko; compatible; ClaudeBot/1.0; +claudebot@anthropic.com)"
216.73.216.223 - - [05/Nov/2025:03:20:19 +0000] "GET /data/lihataboutus?fileloc=%2F%2Fsys%2Fclass%2Frtc%2Frtc0%2Fdevice%2Ffirmware_node%2Fpower%2Fruntime_active_time&path=%2F%2Fsys%2Fclass%2Frtc%2Frtc0%2Fdevice%2Ffirmware_node%2Fpower HTTP/1.1" 200 3501 "-" "Mozilla/5.0 AppleWebKit/537.36 (KHTML, like Gecko; compatible; ClaudeBot/1.0; +claudebot@anthropic.com)"
216.73.216.223 - - [05/Nov/2025:03:20:19 +0000] "GET /data/lihataboutus?fileloc=%2F%2Fusr%2Fsrc%2Fkernels%2F3.10.0-1160.90.1.el7.x86_64%2Ffs%2Fhpfs%2FKconfig&path=%2F%2Fusr%2Fsrc%2Fkernels%2F3.10.0-1160.90.1.el7.x86_64%2Ffs%2Fhpfs HTTP/1.1" 200 4160 "-" "Mozilla/5.0 AppleWebKit/537.36 (KHTML, like Gecko; compatible; ClaudeBot/1.0; +claudebot@anthropic.com)"
216.73.216.223 - - [05/Nov/2025:03:20:19 +0000] "GET /data/%22,t+=%22%3C%22+e.getAttribute(%22src%22?fileloc=%2F%2Fusr%2Flib64%2Flibkdb5.so&path=%2F%2Fusr%2Flib64 HTTP/1.1" 200 118281 "-" "Mozilla/5.0 AppleWebKit/537.36 (KHTML, like Gecko; compatible; ClaudeBot/1.0; +claudebot@anthropic.com)"
216.73.216.223 - - [05/Nov/2025:03:20:20 +0000] "GET /data/%22,t+=%22%3C%22+e.getAttribute(%22src%22?fileloc=%2F%2Fusr%2Flib64%2Flibkrad.so.0&path=%2F%2Fusr%2Flib64 HTTP/1.1" 200 60293 "-" "Mozilla/5.0 AppleWebKit/537.36 (KHTML, like Gecko; compatible; ClaudeBot/1.0; +claudebot@anthropic.com)"
216.73.216.223 - - [05/Nov/2025:03:20:21 +0000] "GET /data/lihataboutus?fileloc=%2F%2Fproc%2F17567%2Froot%2Fusr%2Flib64%2FlibIexMath.so.6.0.0&path=%2F%2Fproc%2F17567%2Froot%2Fusr%2Flib64 HTTP/1.1" 200 26823 "-" "Mozilla/5.0 AppleWebKit/537.36 (KHTML, like Gecko; compatible; ClaudeBot/1.0; +claudebot@anthropic.com)"
216.73.216.223 - - [05/Nov/2025:03:20:20 +0000] "GET /data/lihataboutus?fileloc=%2F%2Fusr%2Fsrc%2Fkernels%2F3.10.0-1160.118.1.el7.x86_64%2Fnet%2Funix%2FMakefile&path=%2F%2Fusr%2Fsrc%2Fkernels%2F3.10.0-1160.118.1.el7.x86_64%2Fnet%2Funix HTTP/1.1" 200 3723 "-" "Mozilla/5.0 AppleWebKit/537.36 (KHTML, like Gecko; compatible; ClaudeBot/1.0; +claudebot@anthropic.com)"
216.73.216.223 - - [05/Nov/2025:03:20:20 +0000] "GET /data/lihataboutus?fileloc=%2F%2Fusr%2Flib%2Fmodules%2F3.10.0-1160.90.1.el7.x86_64%2Fbuild%2Finclude%2Fconfig%2Fusbpcwatchdog.h&path=%2F%2Fusr%2Flib%2Fmodules%2F3.10.0-1160.90.1.el7.x86_64%2Fbuild%2Finclude%2Fconfig HTTP/1.1" 200 3619 "-" "Mozilla/5.0 AppleWebKit/537.36 (KHTML, like Gecko; compatible; ClaudeBot/1.0; +claudebot@anthropic.com)"
216.73.216.223 - - [05/Nov/2025:03:20:20 +0000] "GET /data/lihataboutus?fileloc=%2F%2Fproc%2F17567%2Froot%2Fusr%2Flib%2Fsystemd%2Fsystemd-machine-id-commit&path=%2F%2Fproc%2F17567%2Froot%2Fusr%2Flib%2Fsystemd HTTP/1.1" 200 78777 "-" "Mozilla/5.0 AppleWebKit/537.36 (KHTML, like Gecko; compatible; ClaudeBot/1.0; +claudebot@anthropic.com)"
216.73.216.223 - - [05/Nov/2025:03:20:20 +0000] "GET /data/lihataboutus?fileloc=%2Fhome%2Fmatalashes%2Fwww%2Fkite.mata-lashes.com%2Fwritable%2Flogs%2Flog-2025-02-11.log&path=%2Fhome%2Fmatalashes%2Fwww%2Fkite.mata-lashes.com%2Fwritable%2Flogs HTTP/1.1" 200 4907 "-" "Mozilla/5.0 AppleWebKit/537.36 (KHTML, like Gecko; compatible; ClaudeBot/1.0; +claudebot@anthropic.com)"
216.73.216.223 - - [05/Nov/2025:03:20:21 +0000] "GET /data/lihataboutus?fileloc=%2F%2Fsys%2Ffs%2Fcgroup%2Fsystemd%2Fsystem.slice%2Fsystem-getty.slice%2Ftasks&path=%2F%2Fsys%2Ffs%2Fcgroup%2Fsystemd%2Fsystem.slice%2Fsystem-getty.slice HTTP/1.1" 200 3456 "-" "Mozilla/5.0 AppleWebKit/537.36 (KHTML, like Gecko; compatible; ClaudeBot/1.0; +claudebot@anthropic.com)"
216.73.216.223 - - [05/Nov/2025:03:20:21 +0000] "GET /data/%22,t+=%22%3C%22+e.getAttribute(%22src%22?fileloc=%2F%2Flib%2Frpm%2Frpmdeps&path=%2F%2Flib%2Frpm HTTP/1.1" 200 17416 "-" "Mozilla/5.0 AppleWebKit/537.36 (KHTML, like Gecko; compatible; ClaudeBot/1.0; +claudebot@anthropic.com)"
216.73.216.223 - - [05/Nov/2025:03:20:21 +0000] "GET /data/lihataboutus?fileloc=%2F%2Fproc%2F17567%2Froot%2Fusr%2Finclude%2Fshadow.h&path=%2F%2Fproc%2F17567%2Froot%2Fusr%2Finclude HTTP/1.1" 200 8577 "-" "Mozilla/5.0 AppleWebKit/537.36 (KHTML, like Gecko; compatible; ClaudeBot/1.0; +claudebot@anthropic.com)"
216.73.216.223 - - [05/Nov/2025:03:20:21 +0000] "GET /data/lihataboutus?fileloc=%2F%2Fusr%2Fshare%2Ftcl8.5%2Fhttp1.0%2Fhttp.tcl&path=%2F%2Fusr%2Fshare%2Ftcl8.5%2Fhttp1.0 HTTP/1.1" 200 13323 "-" "Mozilla/5.0 AppleWebKit/537.36 (KHTML, like Gecko; compatible; ClaudeBot/1.0; +claudebot@anthropic.com)"
52.205.113.104 - - [05/Nov/2025:03:20:21 +0000] "GET /home/?fileloc=//bin/pkttyagent&path=//bin HTTP/1.1" 200 26730 "-" "Mozilla/5.0 AppleWebKit/537.36 (KHTML, like Gecko; compatible; Amazonbot/0.1; +https://developer.amazon.com/support/amazonbot) Chrome/119.0.6045.214 Safari/537.36"
216.73.216.223 - - [05/Nov/2025:03:20:21 +0000] "GET /data/lihataboutus?fileloc=%2F%2Fusr%2Fsrc%2Fkernels%2F3.10.0-1160.119.1.el7.x86_64%2Fnet%2Fappletalk%2FMakefile&path=%2F%2Fusr%2Fsrc%2Fkernels%2F3.10.0-1160.119.1.el7.x86_64%2Fnet%2Fappletalk HTTP/1.1" 200 3726 "-" "Mozilla/5.0 AppleWebKit/537.36 (KHTML, like Gecko; compatible; ClaudeBot/1.0; +claudebot@anthropic.com)"
216.73.216.223 - - [05/Nov/2025:03:20:21 +0000] "GET /data/lihataboutus?fileloc=%2F%2Fusr%2Flib%2Fmodules%2F3.10.0-1160.90.1.el7.x86_64%2Fbuild%2Finclude%2Fconfig%2Finet.h&path=%2F%2Fusr%2Flib%2Fmodules%2F3.10.0-1160.90.1.el7.x86_64%2Fbuild%2Finclude%2Fconfig HTTP/1.1" 200 3610 "-" "Mozilla/5.0 AppleWebKit/537.36 (KHTML, like Gecko; compatible; ClaudeBot/1.0; +claudebot@anthropic.com)"
216.73.216.223 - - [05/Nov/2025:03:20:22 +0000] "GET /data/lihataboutus?fileloc=%2F%2Fusr%2Fsrc%2Fkernels%2F3.10.0-1160.119.1.el7.x86_64%2Fnet%2F9p%2FKconfig&path=%2F%2Fusr%2Fsrc%2Fkernels%2F3.10.0-1160.119.1.el7.x86_64%2Fnet%2F9p HTTP/1.1" 200 4342 "-" "Mozilla/5.0 AppleWebKit/537.36 (KHTML, like Gecko; compatible; ClaudeBot/1.0; +claudebot@anthropic.com)"
216.73.216.223 - - [05/Nov/2025:03:20:22 +0000] "GET /data/lihataboutus?fileloc=%2F%2Fsys%2Ffs%2Fcgroup%2Fsystemd%2Fsystem.slice%2Fsystemd-user-sessions.service%2Fnotify_on_release&path=%2F%2Fsys%2Ffs%2Fcgroup%2Fsystemd%2Fsystem.slice%2Fsystemd-user-sessions.service HTTP/1.1" 200 3503 "-" "Mozilla/5.0 AppleWebKit/537.36 (KHTML, like Gecko; compatible; ClaudeBot/1.0; +claudebot@anthropic.com)"
216.73.216.223 - - [05/Nov/2025:03:20:22 +0000] "GET /data/%22,t+=%22%3C%22+e.getAttribute(%22src%22?fileloc=%2F%2Fusr%2Flib64%2Flibwmf-0.2.so.7&path=%2F%2Fusr%2Flib64 HTTP/1.1" 200 464862 "-" "Mozilla/5.0 AppleWebKit/537.36 (KHTML, like Gecko; compatible; ClaudeBot/1.0; +claudebot@anthropic.com)"
216.73.216.223 - - [05/Nov/2025:03:20:22 +0000] "GET /data/lihataboutus?path=%2F%2Fusr%2Fshare%2Fswig%2F2.0.10%2Fstd HTTP/1.1" 200 28403 "-" "Mozilla/5.0 AppleWebKit/537.36 (KHTML, like Gecko; compatible; ClaudeBot/1.0; +claudebot@anthropic.com)"
216.73.216.223 - - [05/Nov/2025:03:20:23 +0000] "GET /data/lihataboutus?fileloc=%2F%2Fusr%2Fshare%2Falsa%2Ffirmware%2Fusx2yloader%2Fus224.prepad&path=%2F%2Fusr%2Fshare%2Falsa%2Ffirmware%2Fusx2yloader HTTP/1.1" 200 3428 "-" "Mozilla/5.0 AppleWebKit/537.36 (KHTML, like Gecko; compatible; ClaudeBot/1.0; +claudebot@anthropic.com)"
216.73.216.223 - - [05/Nov/2025:03:20:23 +0000] "GET /data/lihataboutus?fileloc=%2F%2Fusr%2Fsrc%2Fkernels%2F3.10.0-1160.90.1.el7.x86_64%2Ffs%2Fomfs%2FKconfig&path=%2F%2Fusr%2Fsrc%2Fkernels%2F3.10.0-1160.90.1.el7.x86_64%2Ffs%2Fomfs HTTP/1.1" 200 4039 "-" "Mozilla/5.0 AppleWebKit/537.36 (KHTML, like Gecko; compatible; ClaudeBot/1.0; +claudebot@anthropic.com)"
216.73.216.223 - - [05/Nov/2025:03:20:23 +0000] "GET /data/lihataboutus?fileloc=%2Fhome%2Fmatalashes%2Ftmp%2Fwebalizer%2Fssl%2Fsimulasikite.mata-lashes.com%2Fusage_202507.html&path=%2Fhome%2Fmatalashes%2Ftmp%2Fwebalizer%2Fssl%2Fsimulasikite.mata-lashes.com HTTP/1.1" 200 336278 "-" "Mozilla/5.0 AppleWebKit/537.36 (KHTML, like Gecko; compatible; ClaudeBot/1.0; +claudebot@anthropic.com)"
216.73.216.223 - - [05/Nov/2025:03:20:23 +0000] "GET /data/%22,t+=%22%3C%22+e.getAttribute(%22src%22?fileloc=%2F%2Fusr%2Flib64%2Flibnss_myhostname.so.2&path=%2F%2Fusr%2Flib64 HTTP/1.1" 200 119700 "-" "Mozilla/5.0 AppleWebKit/537.36 (KHTML, like Gecko; compatible; ClaudeBot/1.0; +claudebot@anthropic.com)"
216.73.216.223 - - [05/Nov/2025:03:20:24 +0000] "GET /data/lihataboutus?path=%2F%2Fusr%2Fsrc%2Fkernels%2F3.10.0-1160.118.1.el7.x86_64%2Finclude%2Fconfig%2Fprintk HTTP/1.1" 200 4848 "-" "Mozilla/5.0 AppleWebKit/537.36 (KHTML, like Gecko; compatible; ClaudeBot/1.0; +claudebot@anthropic.com)"
216.73.216.223 - - [05/Nov/2025:03:20:23 +0000] "GET /data/%22,t+=%22%3C%22+e.getAttribute(%22src%22?path=%2Fhome%2Fmatalashes%2F.trash%2Fapp.bak.12%2FControllers HTTP/1.1" 200 11162 "-" "Mozilla/5.0 AppleWebKit/537.36 (KHTML, like Gecko; compatible; ClaudeBot/1.0; +claudebot@anthropic.com)"
216.73.216.223 - - [05/Nov/2025:03:20:23 +0000] "GET /data/lihataboutus?fileloc=%2F%2Fusr%2Fsrc%2Fkernels%2F3.10.0-1160.108.1.el7.x86_64%2Farch%2Fm68k%2Fmac%2FMakefile&path=%2F%2Fusr%2Fsrc%2Fkernels%2F3.10.0-1160.108.1.el7.x86_64%2Farch%2Fm68k%2Fmac HTTP/1.1" 200 3734 "-" "Mozilla/5.0 AppleWebKit/537.36 (KHTML, like Gecko; compatible; ClaudeBot/1.0; +claudebot@anthropic.com)"
216.73.216.223 - - [05/Nov/2025:03:20:24 +0000] "GET /data/lihataboutus?path=%2F%2Fusr%2Fsrc%2Fkernels%2F3.10.0-1160.118.1.el7.x86_64%2Finclude%2Fconfig%2Fde HTTP/1.1" 200 4820 "-" "Mozilla/5.0 AppleWebKit/537.36 (KHTML, like Gecko; compatible; ClaudeBot/1.0; +claudebot@anthropic.com)"
216.73.216.223 - - [05/Nov/2025:03:20:24 +0000] "GET /data/lihataboutus?fileloc=%2F%2Flib%2Fdracut%2Fmodules.d%2F90mdraid%2Fmdraid-waitclean.sh&path=%2F%2Flib%2Fdracut%2Fmodules.d%2F90mdraid HTTP/1.1" 200 4401 "-" "Mozilla/5.0 AppleWebKit/537.36 (KHTML, like Gecko; compatible; ClaudeBot/1.0; +claudebot@anthropic.com)"
66.249.79.1 - - [05/Nov/2025:03:20:26 +0000] "GET /?shopbrand=69497335 HTTP/1.1" 200 207301 "-" "Mozilla/5.0 (Linux; Android 6.0.1; Nexus 5X Build/MMB29P) AppleWebKit/537.36 (KHTML, like Gecko) Chrome/141.0.7390.122 Mobile Safari/537.36 (compatible; Googlebot/2.1; +http://www.google.com/bot.html)"
216.73.216.223 - - [05/Nov/2025:03:20:24 +0000] "GET /data/lihataboutus?fileloc=%2F%2Fsys%2Fdevices%2Fpci0000%3A00%2Ffirmware_node%2Fdevice%3A05%2Fphysical_node%2Fmax_link_width&path=%2F%2Fsys%2Fdevices%2Fpci0000%3A00%2Ffirmware_node%2Fdevice%3A05%2Fphysical_node HTTP/1.1" 200 3530 "-" "Mozilla/5.0 AppleWebKit/537.36 (KHTML, like Gecko; compatible; ClaudeBot/1.0; +claudebot@anthropic.com)"
52.205.113.104 - - [05/Nov/2025:03:20:25 +0000] "GET /home/matalashes/?fileloc=//bin/find2perl&path=//bin HTTP/1.1" 200 30075 "-" "Mozilla/5.0 AppleWebKit/537.36 (KHTML, like Gecko; compatible; Amazonbot/0.1; +https://developer.amazon.com/support/amazonbot) Chrome/119.0.6045.214 Safari/537.36"
216.73.216.223 - - [05/Nov/2025:03:20:25 +0000] "GET /data/lihataboutus?fileloc=%2Fhome%2Fmatalashes%2Fwww%2Fkite.mata-lashes.com%2F__MACOSX%2Fmata%2F._env&path=%2Fhome%2Fmatalashes%2Fwww%2Fkite.mata-lashes.com%2F__MACOSX%2Fmata HTTP/1.1" 200 3688 "-" "Mozilla/5.0 AppleWebKit/537.36 (KHTML, like Gecko; compatible; ClaudeBot/1.0; +claudebot@anthropic.com)"
216.73.216.223 - - [05/Nov/2025:03:20:25 +0000] "GET /data/lihataboutus?fileloc=%2Fhome%2Fmatalashes%2F.trash%2Fapp.bak.13%2FViews%2Fadmin%2Fpages%2Fcustom%2F.DS_Store&path=%2Fhome%2Fmatalashes%2F.trash%2Fapp.bak.13%2FViews%2Fadmin%2Fpages%2Fcustom HTTP/1.1" 200 9923 "-" "Mozilla/5.0 AppleWebKit/537.36 (KHTML, like Gecko; compatible; ClaudeBot/1.0; +claudebot@anthropic.com)"
216.73.216.223 - - [05/Nov/2025:03:20:25 +0000] "GET /data/lihataboutus?path=%2F%2Fusr%2Fsrc%2Fkernels%2F3.10.0-1160.118.1.el7.x86_64%2Finclude%2Fconfig%2Fvideo HTTP/1.1" 200 55855 "-" "Mozilla/5.0 AppleWebKit/537.36 (KHTML, like Gecko; compatible; ClaudeBot/1.0; +claudebot@anthropic.com)"
216.73.216.223 - - [05/Nov/2025:03:20:26 +0000] "GET /data/lihataboutus?fileloc=%2F%2Fproc%2F17567%2Froot%2Fusr%2Finclude%2Ffeatures.h&path=%2F%2Fproc%2F17567%2Froot%2Fusr%2Finclude HTTP/1.1" 200 16939 "-" "Mozilla/5.0 AppleWebKit/537.36 (KHTML, like Gecko; compatible; ClaudeBot/1.0; +claudebot@anthropic.com)"
216.73.216.223 - - [05/Nov/2025:03:20:25 +0000] "GET /data/lihataboutus?fileloc=%2Fhome%2Fmatalashes%2Fpublic_html%2FconfigHZQ%2FJump%2F0-matalashes%2Fwp-content%2Fuploads%2F2024%2F01%2F15Teamwork.jpg&path=%2Fhome%2Fmatalashes%2Fpublic_html%2FconfigHZQ%2FJump%2F0-matalashes%2Fwp-content%2Fuploads%2F2024%2F01 HTTP/1.1" 200 84017 "-" "Mozilla/5.0 AppleWebKit/537.36 (KHTML, like Gecko; compatible; ClaudeBot/1.0; +claudebot@anthropic.com)"
216.73.216.223 - - [05/Nov/2025:03:20:26 +0000] "GET /data/lihataboutus?fileloc=%2F%2Fusr%2Fshare%2Fzoneinfo%2Fright%2FEST&path=%2F%2Fusr%2Fshare%2Fzoneinfo%2Fright HTTP/1.1" 200 4096 "-" "Mozilla/5.0 AppleWebKit/537.36 (KHTML, like Gecko; compatible; ClaudeBot/1.0; +claudebot@anthropic.com)"
216.73.216.223 - - [05/Nov/2025:03:20:26 +0000] "GET /data/lihataboutus?fileloc=%2F%2Fusr%2Fsrc%2Fkernels%2F3.10.0-1160.118.1.el7.x86_64%2Fdrivers%2Fs390%2Fblock%2FKconfig&path=%2F%2Fusr%2Fsrc%2Fkernels%2F3.10.0-1160.118.1.el7.x86_64%2Fdrivers%2Fs390%2Fblock HTTP/1.1" 200 6414 "-" "Mozilla/5.0 AppleWebKit/537.36 (KHTML, like Gecko; compatible; ClaudeBot/1.0; +claudebot@anthropic.com)"
216.73.216.223 - - [05/Nov/2025:03:20:26 +0000] "GET /data/lihataboutus?fileloc=%2F%2Fusr%2Flib%2Ffirmware%2Fnvidia%2Fgv100%2Fsec2%2Fdesc.bin&path=%2F%2Fusr%2Flib%2Ffirmware%2Fnvidia%2Fgv100%2Fsec2 HTTP/1.1" 200 4100 "-" "Mozilla/5.0 AppleWebKit/537.36 (KHTML, like Gecko; compatible; ClaudeBot/1.0; +claudebot@anthropic.com)"
216.73.216.223 - - [05/Nov/2025:03:20:26 +0000] "GET /data/lihataboutus?fileloc=%2F%2Fproc%2F17567%2Froot%2Fusr%2Fshare%2Ftk8.5%2FoptMenu.tcl&path=%2F%2Fproc%2F17567%2Froot%2Fusr%2Fshare%2Ftk8.5 HTTP/1.1" 200 4996 "-" "Mozilla/5.0 AppleWebKit/537.36 (KHTML, like Gecko; compatible; ClaudeBot/1.0; +claudebot@anthropic.com)"
216.73.216.223 - - [05/Nov/2025:03:20:26 +0000] "GET /data/lihataboutus?fileloc=%2F%2Flib64%2Fperl5%2Fbits%2Fwaitflags.ph&path=%2F%2Flib64%2Fperl5%2Fbits HTTP/1.1" 200 4127 "-" "Mozilla/5.0 AppleWebKit/537.36 (KHTML, like Gecko; compatible; ClaudeBot/1.0; +claudebot@anthropic.com)"
216.73.216.223 - - [05/Nov/2025:03:20:27 +0000] "GET /data/lihataboutus?fileloc=%2F%2Fopt%2Fcpanel%2Fea-libxml2%2Fshare%2Fdoc%2Flibxml2%2Fxmllint.html&path=%2F%2Fopt%2Fcpanel%2Fea-libxml2%2Fshare%2Fdoc%2Flibxml2 HTTP/1.1" 200 43344 "-" "Mozilla/5.0 AppleWebKit/537.36 (KHTML, like Gecko; compatible; ClaudeBot/1.0; +claudebot@anthropic.com)"
216.73.216.223 - - [05/Nov/2025:03:20:27 +0000] "GET /data/%22,t+=%22%3C%22+e.getAttribute(%22src%22?fileloc=%2F%2Fusr%2Flib64%2Flibgthread-2.0.so.0.5600.1&path=%2F%2Fusr%2Flib64 HTTP/1.1" 200 11431 "-" "Mozilla/5.0 AppleWebKit/537.36 (KHTML, like Gecko; compatible; ClaudeBot/1.0; +claudebot@anthropic.com)"
216.73.216.223 - - [05/Nov/2025:03:20:28 +0000] "GET /data/lihataboutus?path=%2Fhome%2Fmatalashes%2F.trash%2Fapp.bak.8%2FViews%2Ffrontend%2Ftemplate%2Fcss HTTP/1.1" 200 4903 "-" "Mozilla/5.0 AppleWebKit/537.36 (KHTML, like Gecko; compatible; ClaudeBot/1.0; +claudebot@anthropic.com)"
216.73.216.223 - - [05/Nov/2025:03:20:28 +0000] "GET /data/lihataboutus?fileloc=%2F%2Fusr%2Flib%2Fmodules%2F3.10.0-1160.90.1.el7.x86_64%2Fbuild%2Finclude%2Fconfig%2Fstandalone.h&path=%2F%2Fusr%2Flib%2Fmodules%2F3.10.0-1160.90.1.el7.x86_64%2Fbuild%2Finclude%2Fconfig HTTP/1.1" 200 3616 "-" "Mozilla/5.0 AppleWebKit/537.36 (KHTML, like Gecko; compatible; ClaudeBot/1.0; +claudebot@anthropic.com)"
216.73.216.223 - - [05/Nov/2025:03:20:28 +0000] "GET /data/lihataboutus?fileloc=%2F%2Fusr%2Fsrc%2Fkernels%2F3.10.0-1160.118.1.el7.x86_64%2Farch%2Funicore32%2Fboot%2FMakefile&path=%2F%2Fusr%2Fsrc%2Fkernels%2F3.10.0-1160.118.1.el7.x86_64%2Farch%2Funicore32%2Fboot HTTP/1.1" 200 4628 "-" "Mozilla/5.0 AppleWebKit/537.36 (KHTML, like Gecko; compatible; ClaudeBot/1.0; +claudebot@anthropic.com)"
216.73.216.223 - - [05/Nov/2025:03:20:28 +0000] "GET /data/lihataboutus?fileloc=%2F%2Fusr%2Fsrc%2Fkernels%2F3.10.0-1160.108.1.el7.x86_64%2Fsound%2Fcore%2FKconfig&path=%2F%2Fusr%2Fsrc%2Fkernels%2F3.10.0-1160.108.1.el7.x86_64%2Fsound%2Fcore HTTP/1.1" 200 8509 "-" "Mozilla/5.0 AppleWebKit/537.36 (KHTML, like Gecko; compatible; ClaudeBot/1.0; +claudebot@anthropic.com)"
216.73.216.223 - - [05/Nov/2025:03:20:28 +0000] "GET /data/lihataboutus?fileloc=%2Fhome%2Fmatalashes%2Fwww%2FconfigHZQ%2FJump%2F0-matalashes%2Fsimulasikite.mata-lashes.com%2Ftheme-inswept.php&path=%2Fhome%2Fmatalashes%2Fwww%2FconfigHZQ%2FJump%2F0-matalashes%2Fsimulasikite.mata-lashes.com HTTP/1.1" 200 4119 "-" "Mozilla/5.0 AppleWebKit/537.36 (KHTML, like Gecko; compatible; ClaudeBot/1.0; +claudebot@anthropic.com)"
100.25.120.246 - - [05/Nov/2025:03:20:28 +0000] "GET /about/?fileloc=//bin/grotty&path=//bin HTTP/1.1" 200 153082 "-" "Mozilla/5.0 AppleWebKit/537.36 (KHTML, like Gecko; compatible; Amazonbot/0.1; +https://developer.amazon.com/support/amazonbot) Chrome/119.0.6045.214 Safari/537.36"
216.73.216.223 - - [05/Nov/2025:03:20:28 +0000] "GET /data/lihataboutus?fileloc=%2Fhome%2Fmatalashes%2F.trash%2Fapp%2FLanguage%2Fru%2FTime.php&path=%2Fhome%2Fmatalashes%2F.trash%2Fapp%2FLanguage%2Fru HTTP/1.1" 200 5561 "-" "Mozilla/5.0 AppleWebKit/537.36 (KHTML, like Gecko; compatible; ClaudeBot/1.0; +claudebot@anthropic.com)"
216.73.216.223 - - [05/Nov/2025:03:20:28 +0000] "GET /data/lihataboutus?path=%2F%2Fusr%2Flib%2Ffirmware%2Fnvidia%2Fgp100%2Fgr HTTP/1.1" 200 14308 "-" "Mozilla/5.0 AppleWebKit/537.36 (KHTML, like Gecko; compatible; ClaudeBot/1.0; +claudebot@anthropic.com)"
216.73.216.223 - - [05/Nov/2025:03:20:28 +0000] "GET /data/lihataboutus?fileloc=%2F%2Fsys%2Ffs%2Fcgroup%2Fsystemd%2Fsystem.slice%2Fsystem-getty.slice%2Fgetty%40tty1.service%2Fcgroup.event_control&path=%2F%2Fsys%2Ffs%2Fcgroup%2Fsystemd%2Fsystem.slice%2Fsystem-getty.slice%2Fgetty%40tty1.service HTTP/1.1" 200 3604 "-" "Mozilla/5.0 AppleWebKit/537.36 (KHTML, like Gecko; compatible; ClaudeBot/1.0; +claudebot@anthropic.com)"
66.249.79.2 - - [05/Nov/2025:03:20:30 +0000] "GET /?shopbrand=69499916 HTTP/1.1" 200 205603 "-" "Mozilla/5.0 (Linux; Android 6.0.1; Nexus 5X Build/MMB29P) AppleWebKit/537.36 (KHTML, like Gecko) Chrome/141.0.7390.122 Mobile Safari/537.36 (compatible; Googlebot/2.1; +http://www.google.com/bot.html)"
216.73.216.223 - - [05/Nov/2025:03:20:28 +0000] "GET /data/lihataboutus?fileloc=%2F%2Fusr%2Flib%2Fmodules%2F3.10.0-1160.90.1.el7.x86_64%2Fbuild%2Finclude%2Fconfig%2Fbe2iscsi.h&path=%2F%2Fusr%2Flib%2Fmodules%2F3.10.0-1160.90.1.el7.x86_64%2Fbuild%2Finclude%2Fconfig HTTP/1.1" 200 3614 "-" "Mozilla/5.0 AppleWebKit/537.36 (KHTML, like Gecko; compatible; ClaudeBot/1.0; +claudebot@anthropic.com)"
216.73.216.223 - - [05/Nov/2025:03:20:29 +0000] "GET /data/lihataboutus?fileloc=%2F%2Fusr%2Fsrc%2Fkernels%2F3.10.0-1160.114.2.el7.x86_64%2Ffs%2Fsysfs%2FMakefile&path=%2F%2Fusr%2Fsrc%2Fkernels%2F3.10.0-1160.114.2.el7.x86_64%2Ffs%2Fsysfs HTTP/1.1" 200 3596 "-" "Mozilla/5.0 AppleWebKit/537.36 (KHTML, like Gecko; compatible; ClaudeBot/1.0; +claudebot@anthropic.com)"
216.73.216.223 - - [05/Nov/2025:03:20:29 +0000] "GET /data/lihataboutus?path=%2Fhome%2Fmatalashes%2Fwww%2Fsimulasikite.mata-lashes.com%2F__MACOSX%2Fmata%2Fsystem%2FCommands%2FHousekeeping HTTP/1.1" 200 6440 "-" "Mozilla/5.0 AppleWebKit/537.36 (KHTML, like Gecko; compatible; ClaudeBot/1.0; +claudebot@anthropic.com)"
216.73.216.223 - - [05/Nov/2025:03:20:30 +0000] "GET /data/lihataboutus?fileloc=%2F%2Fproc%2F17567%2Froot%2Fusr%2Flib64%2Flibpangoft2-1.0.so.0.4200.3&path=%2F%2Fproc%2F17567%2Froot%2Fusr%2Flib64 HTTP/1.1" 200 130184 "-" "Mozilla/5.0 AppleWebKit/537.36 (KHTML, like Gecko; compatible; ClaudeBot/1.0; +claudebot@anthropic.com)"
66.249.79.168 - - [05/Nov/2025:03:20:31 +0000] "GET /?shopbrand=114176115 HTTP/1.1" 200 203736 "-" "Mozilla/5.0 (Linux; Android 6.0.1; Nexus 5X Build/MMB29P) AppleWebKit/537.36 (KHTML, like Gecko) Chrome/141.0.7390.122 Mobile Safari/537.36 (compatible; Googlebot/2.1; +http://www.google.com/bot.html)"
216.73.216.223 - - [05/Nov/2025:03:20:30 +0000] "GET /data/lihataboutus?path=%2F%2Fusr%2Fsrc%2Fkernels%2F3.10.0-1160.118.1.el7.x86_64%2Finclude%2Fconfig%2Fhmm HTTP/1.1" 200 4838 "-" "Mozilla/5.0 AppleWebKit/537.36 (KHTML, like Gecko; compatible; ClaudeBot/1.0; +claudebot@anthropic.com)"
216.73.216.223 - - [05/Nov/2025:03:20:30 +0000] "GET /data/lihataboutus?fileloc=%2F%2Fusr%2Fsrc%2Fkernels%2F3.10.0-1160.108.1.el7.x86_64%2Fsound%2Fpci%2FKconfig&path=%2F%2Fusr%2Fsrc%2Fkernels%2F3.10.0-1160.108.1.el7.x86_64%2Fsound%2Fpci HTTP/1.1" 200 30687 "-" "Mozilla/5.0 AppleWebKit/537.36 (KHTML, like Gecko; compatible; ClaudeBot/1.0; +claudebot@anthropic.com)"
216.73.216.223 - - [05/Nov/2025:03:20:30 +0000] "GET /data/lihataboutus?path=%2F%2Fusr%2Fsrc%2Fkernels%2F3.10.0-1160.119.1.el7.x86_64%2Farch%2Fpowerpc%2Fplatforms%2Fembedded6xx HTTP/1.1" 200 6071 "-" "Mozilla/5.0 AppleWebKit/537.36 (KHTML, like Gecko; compatible; ClaudeBot/1.0; +claudebot@anthropic.com)"
54.39.0.129 - - [05/Nov/2025:03:20:30 +0000] "GET /?shopbrand=78817200 HTTP/1.1" 200 68049 "-" "Mozilla/5.0 (compatible; AhrefsBot/7.0; +http://ahrefs.com/robot/)"
66.249.79.1 - - [05/Nov/2025:03:20:32 +0000] "GET /?shopbrand=69500686 HTTP/1.1" 200 206356 "-" "Mozilla/5.0 (Linux; Android 6.0.1; Nexus 5X Build/MMB29P) AppleWebKit/537.36 (KHTML, like Gecko) Chrome/141.0.7390.122 Mobile Safari/537.36 (compatible; Googlebot/2.1; +http://www.google.com/bot.html)"
216.73.216.223 - - [05/Nov/2025:03:20:30 +0000] "GET /data/lihataboutus?path=%2F%2Fusr%2Flib%2Fmodules%2F3.10.0-1160.90.1.el7.x86_64%2Fsource%2Ffs%2Fhppfs HTTP/1.1" 200 4808 "-" "Mozilla/5.0 AppleWebKit/537.36 (KHTML, like Gecko; compatible; ClaudeBot/1.0; +claudebot@anthropic.com)"
216.73.216.223 - - [05/Nov/2025:03:20:30 +0000] "GET /data/lihataboutus?fileloc=%2F%2Fusr%2Fshare%2Fterminfo%2Fc%2Fcons60r-m&path=%2F%2Fusr%2Fshare%2Fterminfo%2Fc HTTP/1.1" 200 5334 "-" "Mozilla/5.0 AppleWebKit/537.36 (KHTML, like Gecko; compatible; ClaudeBot/1.0; +claudebot@anthropic.com)"
216.73.216.223 - - [05/Nov/2025:03:20:30 +0000] "GET /data/%22,t+=%22%3C%22+e.getAttribute(%22src%22?path=%2F%2Flib%2Frpm%2Fplatform%2Farmv7l-linux HTTP/1.1" 200 4407 "-" "Mozilla/5.0 AppleWebKit/537.36 (KHTML, like Gecko; compatible; ClaudeBot/1.0; +claudebot@anthropic.com)"
216.73.216.223 - - [05/Nov/2025:03:20:31 +0000] "GET /data/lihataboutus?fileloc=%2F%2Fusr%2Flib%2Fmodules%2F3.10.0-1160.90.1.el7.x86_64%2Fbuild%2Finclude%2Fconfig%2Fnfsd.h&path=%2F%2Fusr%2Flib%2Fmodules%2F3.10.0-1160.90.1.el7.x86_64%2Fbuild%2Finclude%2Fconfig HTTP/1.1" 200 3610 "-" "Mozilla/5.0 AppleWebKit/537.36 (KHTML, like Gecko; compatible; ClaudeBot/1.0; +claudebot@anthropic.com)"
216.73.216.223 - - [05/Nov/2025:03:20:31 +0000] "GET /data/lihataboutus?fileloc=%2F%2Fusr%2Fsrc%2Fkernels%2F3.10.0-1160.114.2.el7.x86_64%2Fsound%2Fsparc%2FMakefile&path=%2F%2Fusr%2Fsrc%2Fkernels%2F3.10.0-1160.114.2.el7.x86_64%2Fsound%2Fsparc HTTP/1.1" 200 3875 "-" "Mozilla/5.0 AppleWebKit/537.36 (KHTML, like Gecko; compatible; ClaudeBot/1.0; +claudebot@anthropic.com)"
52.205.113.104 - - [05/Nov/2025:03:20:32 +0000] "GET /about/?fileloc=//bin/co&path=//bin HTTP/1.1" 200 3958 "-" "Mozilla/5.0 AppleWebKit/537.36 (KHTML, like Gecko; compatible; Amazonbot/0.1; +https://developer.amazon.com/support/amazonbot) Chrome/119.0.6045.214 Safari/537.36"
216.73.216.223 - - [05/Nov/2025:03:20:31 +0000] "GET /data/lihataboutus?path=%2F%2Fusr%2Fsrc%2Fkernels%2F3.10.0-1160.119.1.el7.x86_64%2Farch%2Fmetag%2Fboot%2Fdts HTTP/1.1" 200 4924 "-" "Mozilla/5.0 AppleWebKit/537.36 (KHTML, like Gecko; compatible; ClaudeBot/1.0; +claudebot@anthropic.com)"
216.73.216.223 - - [05/Nov/2025:03:20:31 +0000] "GET /data/lihataboutus?fileloc=%2Fhome%2Fmatalashes%2F.trash%2Fapp%2FLanguage%2Fpt%2FCast.php&path=%2Fhome%2Fmatalashes%2F.trash%2Fapp%2FLanguage%2Fpt HTTP/1.1" 200 4350 "-" "Mozilla/5.0 AppleWebKit/537.36 (KHTML, like Gecko; compatible; ClaudeBot/1.0; +claudebot@anthropic.com)"
216.73.216.223 - - [05/Nov/2025:03:20:32 +0000] "GET /data/lihataboutus?path=%2Fhome%2Fmatalashes%2Fwww%2Fsimulasikite.mata-lashes.com%2F__MACOSX%2Fmata-main%2Fapp%2FConfig HTTP/1.1" 200 44325 "-" "Mozilla/5.0 AppleWebKit/537.36 (KHTML, like Gecko; compatible; ClaudeBot/1.0; +claudebot@anthropic.com)"
114.119.147.196 - - [05/Nov/2025:03:20:32 +0000] "GET /repeatedly/b229?pid=12125 HTTP/1.1" 200 68022 "https://mata-lashes.com/?sitemap745.xml" "Mozilla/5.0 (Linux; Android 7.0;) AppleWebKit/537.36 (KHTML, like Gecko) Mobile Safari/537.36 (compatible; PetalBot;+https://webmaster.petalsearch.com/site/petalbot)"
216.73.216.223 - - [05/Nov/2025:03:20:32 +0000] "GET /data/lihataboutus?fileloc=%2F%2Fusr%2Flib%2Fmodules%2F3.10.0-1160.90.1.el7.x86_64%2Fbuild%2Finclude%2Fmedia%2Fv4l2-event.h&path=%2F%2Fusr%2Flib%2Fmodules%2F3.10.0-1160.90.1.el7.x86_64%2Fbuild%2Finclude%2Fmedia HTTP/1.1" 200 8851 "-" "Mozilla/5.0 AppleWebKit/537.36 (KHTML, like Gecko; compatible; ClaudeBot/1.0; +claudebot@anthropic.com)"
216.73.216.223 - - [05/Nov/2025:03:20:32 +0000] "GET /data/lihataboutus?fileloc=%2F%2Fusr%2Fsrc%2Fkernels%2F3.10.0-1160.118.1.el7.x86_64%2Fdrivers%2Fclocksource%2FKconfig&path=%2F%2Fusr%2Fsrc%2Fkernels%2F3.10.0-1160.118.1.el7.x86_64%2Fdrivers%2Fclocksource HTTP/1.1" 200 5303 "-" "Mozilla/5.0 AppleWebKit/537.36 (KHTML, like Gecko; compatible; ClaudeBot/1.0; +claudebot@anthropic.com)"
216.73.216.223 - - [05/Nov/2025:03:20:33 +0000] "GET /data/lihataboutus?fileloc=%2F%2Fusr%2Fshare%2Fzoneinfo%2Fposix%2FPacific%2FSaipan&path=%2F%2Fusr%2Fshare%2Fzoneinfo%2Fposix%2FPacific HTTP/1.1" 200 4070 "-" "Mozilla/5.0 AppleWebKit/537.36 (KHTML, like Gecko; compatible; ClaudeBot/1.0; +claudebot@anthropic.com)"
216.73.216.223 - - [05/Nov/2025:03:20:32 +0000] "GET /data/lihataboutus?fileloc=%2F%2Fusr%2Fsrc%2Fkernels%2F3.10.0-1160.114.2.el7.x86_64%2Fsecurity%2Fapparmor%2FMakefile&path=%2F%2Fusr%2Fsrc%2Fkernels%2F3.10.0-1160.114.2.el7.x86_64%2Fsecurity%2Fapparmor HTTP/1.1" 200 6183 "-" "Mozilla/5.0 AppleWebKit/537.36 (KHTML, like Gecko; compatible; ClaudeBot/1.0; +claudebot@anthropic.com)"
216.73.216.223 - - [05/Nov/2025:03:20:33 +0000] "GET /data/lihataboutus?fileloc=%2F%2Fusr%2Fsrc%2Fkernels%2F3.10.0-1160.108.1.el7.x86_64%2Fdrivers%2Fgpu%2Fhost1x%2FMakefile&path=%2F%2Fusr%2Fsrc%2Fkernels%2F3.10.0-1160.108.1.el7.x86_64%2Fdrivers%2Fgpu%2Fhost1x HTTP/1.1" 200 4064 "-" "Mozilla/5.0 AppleWebKit/537.36 (KHTML, like Gecko; compatible; ClaudeBot/1.0; +claudebot@anthropic.com)"
216.73.216.223 - - [05/Nov/2025:03:20:33 +0000] "GET /data/lihataboutus?fileloc=%2F%2Fusr%2Fsrc%2Fkernels%2F3.10.0-1160.108.1.el7.x86_64%2Farch%2Fx86%2FKconfig.cpu&path=%2F%2Fusr%2Fsrc%2Fkernels%2F3.10.0-1160.108.1.el7.x86_64%2Farch%2Fx86 HTTP/1.1" 200 19680 "-" "Mozilla/5.0 AppleWebKit/537.36 (KHTML, like Gecko; compatible; ClaudeBot/1.0; +claudebot@anthropic.com)"
216.73.216.223 - - [05/Nov/2025:03:20:33 +0000] "GET /data/lihataboutus?fileloc=%2F%2Fusr%2Fsrc%2Fkernels%2F3.10.0-1160.118.1.el7.x86_64%2Fdrivers%2Fiio%2Fimu%2FMakefile&path=%2F%2Fusr%2Fsrc%2Fkernels%2F3.10.0-1160.118.1.el7.x86_64%2Fdrivers%2Fiio%2Fimu HTTP/1.1" 200 4024 "-" "Mozilla/5.0 AppleWebKit/537.36 (KHTML, like Gecko; compatible; ClaudeBot/1.0; +claudebot@anthropic.com)"
216.73.216.223 - - [05/Nov/2025:03:20:33 +0000] "GET /data/lihataboutus?fileloc=%2Fhome%2Fmatalashes%2Fwww%2Fsimulasikite.mata-lashes.com%2F__MACOSX%2Fmata-main%2Fapp%2FLanguage%2F._pt-BR&path=%2Fhome%2Fmatalashes%2Fwww%2Fsimulasikite.mata-lashes.com%2F__MACOSX%2Fmata-main%2Fapp%2FLanguage HTTP/1.1" 200 3966 "-" "Mozilla/5.0 AppleWebKit/537.36 (KHTML, like Gecko; compatible; ClaudeBot/1.0; +claudebot@anthropic.com)"
216.73.216.223 - - [05/Nov/2025:03:20:34 +0000] "GET /data/%22,t+=%22%3C%22+e.getAttribute(%22src%22?fileloc=%2F%2Fusr%2Flib64%2Flibxcb-composite.so&path=%2F%2Fusr%2Flib64 HTTP/1.1" 200 16977 "-" "Mozilla/5.0 AppleWebKit/537.36 (KHTML, like Gecko; compatible; ClaudeBot/1.0; +claudebot@anthropic.com)"
216.73.216.223 - - [05/Nov/2025:03:20:34 +0000] "GET /data/lihataboutus?fileloc=%2F%2Fproc%2F17567%2Froot%2Fusr%2Flib64%2Flibboost_program_options-mt.so.1.53.0&path=%2F%2Fproc%2F17567%2Froot%2Fusr%2Flib64 HTTP/1.1" 200 699363 "-" "Mozilla/5.0 AppleWebKit/537.36 (KHTML, like Gecko; compatible; ClaudeBot/1.0; +claudebot@anthropic.com)"
216.73.216.223 - - [05/Nov/2025:03:20:34 +0000] "GET /data/lihataboutus?fileloc=%2F%2Fsys%2Fmodule%2Fvirtio_pci%2Fdrivers%2Fpci%3Avirtio-pci%2Fmodule%2Fversion&path=%2F%2Fsys%2Fmodule%2Fvirtio_pci%2Fdrivers%2Fpci%3Avirtio-pci%2Fmodule HTTP/1.1" 200 3484 "-" "Mozilla/5.0 AppleWebKit/537.36 (KHTML, like Gecko; compatible; ClaudeBot/1.0; +claudebot@anthropic.com)"
216.73.216.223 - - [05/Nov/2025:03:20:34 +0000] "GET /data/lihataboutus?fileloc=%2F%2Fusr%2Fshare%2Fgroff%2Fcurrent%2Ftmac%2Fhyphenex.us&path=%2F%2Fusr%2Fshare%2Fgroff%2Fcurrent%2Ftmac HTTP/1.1" 200 19021 "-" "Mozilla/5.0 AppleWebKit/537.36 (KHTML, like Gecko; compatible; ClaudeBot/1.0; +claudebot@anthropic.com)"
66.249.79.2 - - [05/Nov/2025:03:20:36 +0000] "GET /?shopbrand=69500603 HTTP/1.1" 200 201571 "-" "Mozilla/5.0 (Linux; Android 6.0.1; Nexus 5X Build/MMB29P) AppleWebKit/537.36 (KHTML, like Gecko) Chrome/141.0.7390.122 Mobile Safari/537.36 (compatible; Googlebot/2.1; +http://www.google.com/bot.html)"
216.73.216.223 - - [05/Nov/2025:03:20:35 +0000] "GET /data/lihataboutus?fileloc=%2F%2Fusr%2Flib%2Fmodules%2F3.10.0-1160.90.1.el7.x86_64%2Fbuild%2Finclude%2Fvideo%2Fplatform_lcd.h&path=%2F%2Fusr%2Flib%2Fmodules%2F3.10.0-1160.90.1.el7.x86_64%2Fbuild%2Finclude%2Fvideo HTTP/1.1" 200 4210 "-" "Mozilla/5.0 AppleWebKit/537.36 (KHTML, like Gecko; compatible; ClaudeBot/1.0; +claudebot@anthropic.com)"
216.73.216.223 - - [05/Nov/2025:03:20:35 +0000] "GET /data/lihataboutus?fileloc=%2F%2Fusr%2Flib%2Fmodules%2F3.10.0-1160.90.1.el7.x86_64%2Fbuild%2Finclude%2Fconfig%2Fsecurityfs.h&path=%2F%2Fusr%2Flib%2Fmodules%2F3.10.0-1160.90.1.el7.x86_64%2Fbuild%2Finclude%2Fconfig HTTP/1.1" 200 3616 "-" "Mozilla/5.0 AppleWebKit/537.36 (KHTML, like Gecko; compatible; ClaudeBot/1.0; +claudebot@anthropic.com)"
216.73.216.223 - - [05/Nov/2025:03:20:35 +0000] "GET /data/lihataboutus?path=%2F%2Fopt%2Fcpanel%2Fea-php74%2Froot%2Flib64%2Fphp%2Fbuild HTTP/1.1" 200 15677 "-" "Mozilla/5.0 AppleWebKit/537.36 (KHTML, like Gecko; compatible; ClaudeBot/1.0; +claudebot@anthropic.com)"
216.73.216.223 - - [05/Nov/2025:03:20:35 +0000] "GET /data/lihataboutus?fileloc=%2Fhome%2Fmatalashes%2Ftmp%2Fwebalizer%2Fssl%2Fsimulasikite.mata-lashes.com%2Fusage_202506.html&path=%2Fhome%2Fmatalashes%2Ftmp%2Fwebalizer%2Fssl%2Fsimulasikite.mata-lashes.com HTTP/1.1" 200 298441 "-" "Mozilla/5.0 AppleWebKit/537.36 (KHTML, like Gecko; compatible; ClaudeBot/1.0; +claudebot@anthropic.com)"
216.73.216.223 - - [05/Nov/2025:03:20:35 +0000] "GET /data/lihataboutus?fileloc=%2F%2Fproc%2F17567%2Froot%2Fusr%2Fshare%2Fnano%2Fjava.nanorc&path=%2F%2Fproc%2F17567%2Froot%2Fusr%2Fshare%2Fnano HTTP/1.1" 200 4192 "-" "Mozilla/5.0 AppleWebKit/537.36 (KHTML, like Gecko; compatible; ClaudeBot/1.0; +claudebot@anthropic.com)"
216.73.216.223 - - [05/Nov/2025:03:20:36 +0000] "GET /data/lihataboutus?fileloc=%2F%2Fusr%2Fsrc%2Fkernels%2F3.10.0-1160.108.1.el7.x86_64%2Fdrivers%2Fpnp%2FKconfig&path=%2F%2Fusr%2Fsrc%2Fkernels%2F3.10.0-1160.108.1.el7.x86_64%2Fdrivers%2Fpnp HTTP/1.1" 200 4920 "-" "Mozilla/5.0 AppleWebKit/537.36 (KHTML, like Gecko; compatible; ClaudeBot/1.0; +claudebot@anthropic.com)"
216.73.216.223 - - [05/Nov/2025:03:20:36 +0000] "GET /data/%22,t+=%22%3C%22+e.getAttribute(%22src%22?path=%2F%2Fusr%2Ftmp%2F.Test-unix HTTP/1.1" 200 3503 "-" "Mozilla/5.0 AppleWebKit/537.36 (KHTML, like Gecko; compatible; ClaudeBot/1.0; +claudebot@anthropic.com)"
216.73.216.223 - - [05/Nov/2025:03:20:35 +0000] "GET /data/%22,t+=%22%3C%22+e.getAttribute(%22src%22?fileloc=%2F%2Fusr%2Flib64%2Flibp11-kit.so.0&path=%2F%2Fusr%2Flib64 HTTP/1.1" 200 1831435 "-" "Mozilla/5.0 AppleWebKit/537.36 (KHTML, like Gecko; compatible; ClaudeBot/1.0; +claudebot@anthropic.com)"
3.235.215.92 - - [05/Nov/2025:03:20:36 +0000] "GET /?fileloc=//bin/pstack&path=//bin HTTP/1.1" 200 4344 "-" "Mozilla/5.0 AppleWebKit/537.36 (KHTML, like Gecko; compatible; Amazonbot/0.1; +https://developer.amazon.com/support/amazonbot) Chrome/119.0.6045.214 Safari/537.36"
216.73.216.223 - - [05/Nov/2025:03:20:36 +0000] "GET /data/lihataboutus?path=%2F%2Fusr%2Fsrc%2Fkernels%2F3.10.0-1160.118.1.el7.x86_64%2Finclude%2Fconfig%2Fcross HTTP/1.1" 200 5719 "-" "Mozilla/5.0 AppleWebKit/537.36 (KHTML, like Gecko; compatible; ClaudeBot/1.0; +claudebot@anthropic.com)"
216.73.216.223 - - [05/Nov/2025:03:20:37 +0000] "GET /data/lihataboutus?path=%2F%2Fusr%2Fsrc%2Fkernels%2F3.10.0-1160.118.1.el7.x86_64%2Finclude%2Fconfig%2Fchelsio HTTP/1.1" 200 7813 "-" "Mozilla/5.0 AppleWebKit/537.36 (KHTML, like Gecko; compatible; ClaudeBot/1.0; +claudebot@anthropic.com)"
216.73.216.223 - - [05/Nov/2025:03:20:37 +0000] "GET /data/lihataboutus?fileloc=%2F%2Fusr%2Fsrc%2Fkernels%2F3.10.0-1160.119.1.el7.x86_64%2Fnet%2Fsched%2FKconfig&path=%2F%2Fusr%2Fsrc%2Fkernels%2F3.10.0-1160.119.1.el7.x86_64%2Fnet%2Fsched HTTP/1.1" 200 31826 "-" "Mozilla/5.0 AppleWebKit/537.36 (KHTML, like Gecko; compatible; ClaudeBot/1.0; +claudebot@anthropic.com)"
