23.23.99.55 - - [05/Nov/2025:03:27:56 +0000] "GET /about/?path=/home/matalashes/public_html/kite.mata-lashes.com/system/CLI HTTP/1.1" 200 10778 "-" "Mozilla/5.0 AppleWebKit/537.36 (KHTML, like Gecko; compatible; Amazonbot/0.1; +https://developer.amazon.com/support/amazonbot) Chrome/119.0.6045.214 Safari/537.36"
66.249.79.3 - - [05/Nov/2025:03:27:58 +0000] "GET /?shopbrand=56604538 HTTP/1.1" 200 559453 "-" "Mozilla/5.0 (Linux; Android 6.0.1; Nexus 5X Build/MMB29P) AppleWebKit/537.36 (KHTML, like Gecko) Chrome/141.0.7390.122 Mobile Safari/537.36 (compatible; Googlebot/2.1; +http://www.google.com/bot.html)"
216.73.216.223 - - [05/Nov/2025:03:27:57 +0000] "GET /data/lihataboutus?fileloc=%2F%2Fusr%2Flib%2Fkbd%2Fkeymaps%2Fxkb%2Fnl.map.gz&path=%2F%2Fusr%2Flib%2Fkbd%2Fkeymaps%2Fxkb HTTP/1.1" 200 10562 "-" "Mozilla/5.0 AppleWebKit/537.36 (KHTML, like Gecko; compatible; ClaudeBot/1.0; +claudebot@anthropic.com)"
74.7.227.152 - - [05/Nov/2025:03:27:57 +0000] "GET /?path=//sys/class/net/lo/subsystem/lo/subsystem/eth0/device/net/eth0/device/subsystem/devices/virtio1/driver/virtio1/block/vda/subsystem/vda/subsystem/loop0/trace HTTP/1.1" 200 12620 "-" "Mozilla/5.0 AppleWebKit/537.36 (KHTML, like Gecko; compatible; GPTBot/1.2; +https://openai.com/gptbot)"
216.73.216.223 - - [05/Nov/2025:03:27:57 +0000] "GET /data/lihataboutus?fileloc=%2F%2Fusr%2Flib%2Fkbd%2Fkeymaps%2Fxkb%2Ffr-latin9_nodeadkeys.map.gz&path=%2F%2Fusr%2Flib%2Fkbd%2Fkeymaps%2Fxkb HTTP/1.1" 200 10572 "-" "Mozilla/5.0 AppleWebKit/537.36 (KHTML, like Gecko; compatible; ClaudeBot/1.0; +claudebot@anthropic.com)"
216.73.216.223 - - [05/Nov/2025:03:27:57 +0000] "GET /data/lihataboutus?fileloc=%2F%2Fusr%2Flib%2Fkbd%2Fkeymaps%2Fxkb%2Fhu-102_qwerty_comma_dead.map.gz&path=%2F%2Fusr%2Flib%2Fkbd%2Fkeymaps%2Fxkb HTTP/1.1" 200 10489 "-" "Mozilla/5.0 AppleWebKit/537.36 (KHTML, like Gecko; compatible; ClaudeBot/1.0; +claudebot@anthropic.com)"
216.73.216.223 - - [05/Nov/2025:03:27:57 +0000] "GET /data/lihataboutus?fileloc=%2F%2Fusr%2Flib%2Fkbd%2Fkeymaps%2Fxkb%2Fme-latinunicodeyz.map.gz&path=%2F%2Fusr%2Flib%2Fkbd%2Fkeymaps%2Fxkb HTTP/1.1" 200 10746 "-" "Mozilla/5.0 AppleWebKit/537.36 (KHTML, like Gecko; compatible; ClaudeBot/1.0; +claudebot@anthropic.com)"
66.249.79.2 - - [05/Nov/2025:03:27:59 +0000] "GET /?shopbrand=73575040 HTTP/1.1" 200 228668 "-" "Mozilla/5.0 (Linux; Android 6.0.1; Nexus 5X Build/MMB29P) AppleWebKit/537.36 (KHTML, like Gecko) Chrome/141.0.7390.122 Mobile Safari/537.36 (compatible; Googlebot/2.1; +http://www.google.com/bot.html)"
74.7.227.26 - - [05/Nov/2025:03:27:57 +0000] "GET /net/u88?fileloc=//proc/8/net/ip6_mr_vif&path=//proc/8/net HTTP/1.1" 200 3251 "-" "Mozilla/5.0 AppleWebKit/537.36 (KHTML, like Gecko; compatible; GPTBot/1.2; +https://openai.com/gptbot)"
216.73.216.223 - - [05/Nov/2025:03:27:58 +0000] "GET /data/lihataboutus?fileloc=%2F%2Fusr%2Flib%2Fkbd%2Fkeymaps%2Fxkb%2Fit-winkeys.map.gz&path=%2F%2Fusr%2Flib%2Fkbd%2Fkeymaps%2Fxkb HTTP/1.1" 200 10350 "-" "Mozilla/5.0 AppleWebKit/537.36 (KHTML, like Gecko; compatible; ClaudeBot/1.0; +claudebot@anthropic.com)"
216.73.216.223 - - [05/Nov/2025:03:27:58 +0000] "GET /data/lihataboutus?fileloc=%2F%2Fusr%2Flib%2Fkbd%2Fkeymaps%2Fxkb%2Fsy-ku_f.map.gz&path=%2F%2Fusr%2Flib%2Fkbd%2Fkeymaps%2Fxkb HTTP/1.1" 200 10287 "-" "Mozilla/5.0 AppleWebKit/537.36 (KHTML, like Gecko; compatible; ClaudeBot/1.0; +claudebot@anthropic.com)"
216.73.216.223 - - [05/Nov/2025:03:27:58 +0000] "GET /data/lihataboutus?fileloc=%2F%2Fusr%2Flib%2Fkbd%2Fkeymaps%2Fxkb%2Flv-ergonomic.map.gz&path=%2F%2Fusr%2Flib%2Fkbd%2Fkeymaps%2Fxkb HTTP/1.1" 200 10221 "-" "Mozilla/5.0 AppleWebKit/537.36 (KHTML, like Gecko; compatible; ClaudeBot/1.0; +claudebot@anthropic.com)"
216.73.216.223 - - [05/Nov/2025:03:27:59 +0000] "GET /data/lihataboutus?fileloc=%2F%2Fusr%2Flib%2Fkbd%2Fkeymaps%2Fxkb%2Fde-ro.map.gz&path=%2F%2Fusr%2Flib%2Fkbd%2Fkeymaps%2Fxkb HTTP/1.1" 200 10562 "-" "Mozilla/5.0 AppleWebKit/537.36 (KHTML, like Gecko; compatible; ClaudeBot/1.0; +claudebot@anthropic.com)"
216.73.216.223 - - [05/Nov/2025:03:27:59 +0000] "GET /data/lihataboutus?fileloc=%2F%2Fusr%2Flib%2Fkbd%2Fkeymaps%2Fxkb%2Frs-latinunicode.map.gz&path=%2F%2Fusr%2Flib%2Fkbd%2Fkeymaps%2Fxkb HTTP/1.1" 200 10571 "-" "Mozilla/5.0 AppleWebKit/537.36 (KHTML, like Gecko; compatible; ClaudeBot/1.0; +claudebot@anthropic.com)"
216.73.216.223 - - [05/Nov/2025:03:27:59 +0000] "GET /data/lihataboutus?fileloc=%2F%2Fusr%2Flib%2Fmodules%2F3.10.0-1160.90.1.el7.x86_64%2Fkernel%2Fdrivers%2Fata%2Fpata_arasan_cf.ko.xz&path=%2F%2Fusr%2Flib%2Fmodules%2F3.10.0-1160.90.1.el7.x86_64%2Fkernel%2Fdrivers%2Fata HTTP/1.1" 200 17099 "-" "Mozilla/5.0 AppleWebKit/537.36 (KHTML, like Gecko; compatible; ClaudeBot/1.0; +claudebot@anthropic.com)"
216.73.216.223 - - [05/Nov/2025:03:27:59 +0000] "GET /data/lihataboutus?fileloc=%2F%2Fusr%2Flib%2Fkbd%2Fkeymaps%2Fxkb%2Fch-de_sundeadkeys.map.gz&path=%2F%2Fusr%2Flib%2Fkbd%2Fkeymaps%2Fxkb HTTP/1.1" 200 10566 "-" "Mozilla/5.0 AppleWebKit/537.36 (KHTML, like Gecko; compatible; ClaudeBot/1.0; +claudebot@anthropic.com)"
216.73.216.223 - - [05/Nov/2025:03:27:59 +0000] "GET /data/lihataboutus?fileloc=%2F%2Fusr%2Fshare%2Falsa%2Fcards%2FAureon71.conf&path=%2F%2Fusr%2Fshare%2Falsa%2Fcards HTTP/1.1" 200 5907 "-" "Mozilla/5.0 AppleWebKit/537.36 (KHTML, like Gecko; compatible; ClaudeBot/1.0; +claudebot@anthropic.com)"
216.73.216.223 - - [05/Nov/2025:03:28:00 +0000] "GET /data/lihataboutus?fileloc=%2F%2Fusr%2Flib%2Fkbd%2Fkeymaps%2Fxkb%2Fie-CloGaelach.map.gz&path=%2F%2Fusr%2Flib%2Fkbd%2Fkeymaps%2Fxkb HTTP/1.1" 200 12121 "-" "Mozilla/5.0 AppleWebKit/537.36 (KHTML, like Gecko; compatible; ClaudeBot/1.0; +claudebot@anthropic.com)"
216.73.216.223 - - [05/Nov/2025:03:28:00 +0000] "GET /data/lihataboutus?fileloc=%2F%2Fusr%2Flib%2Fkbd%2Fkeymaps%2Fxkb%2Fes-mac.map.gz&path=%2F%2Fusr%2Flib%2Fkbd%2Fkeymaps%2Fxkb HTTP/1.1" 200 10814 "-" "Mozilla/5.0 AppleWebKit/537.36 (KHTML, like Gecko; compatible; ClaudeBot/1.0; +claudebot@anthropic.com)"
54.39.0.131 - - [05/Nov/2025:03:28:00 +0000] "GET /?shopbrand=78811810 HTTP/1.1" 200 68022 "-" "Mozilla/5.0 (compatible; AhrefsBot/7.0; +http://ahrefs.com/robot/)"
44.193.102.198 - - [05/Nov/2025:03:28:00 +0000] "GET /home/matalashes/?path=/home/matalashes/public_html/simulasikite.mata-lashes.com/vendor/composer HTTP/1.1" 200 19588 "-" "Mozilla/5.0 AppleWebKit/537.36 (KHTML, like Gecko; compatible; Amazonbot/0.1; +https://developer.amazon.com/support/amazonbot) Chrome/119.0.6045.214 Safari/537.36"
216.73.216.223 - - [05/Nov/2025:03:28:00 +0000] "GET /data/lihataboutus?fileloc=%2F%2Fusr%2Flib%2Fkbd%2Fkeymaps%2Fxkb%2Fgb-dvorak.map.gz&path=%2F%2Fusr%2Flib%2Fkbd%2Fkeymaps%2Fxkb HTTP/1.1" 200 11472 "-" "Mozilla/5.0 AppleWebKit/537.36 (KHTML, like Gecko; compatible; ClaudeBot/1.0; +claudebot@anthropic.com)"
216.73.216.223 - - [05/Nov/2025:03:28:00 +0000] "GET /data/lihataboutus?fileloc=%2F%2Fusr%2Fshare%2Falsa%2Fcards%2FVX222.conf&path=%2F%2Fusr%2Fshare%2Falsa%2Fcards HTTP/1.1" 200 4127 "-" "Mozilla/5.0 AppleWebKit/537.36 (KHTML, like Gecko; compatible; ClaudeBot/1.0; +claudebot@anthropic.com)"
66.249.79.2 - - [05/Nov/2025:03:28:03 +0000] "GET /?shopbrand=73574057 HTTP/1.1" 200 561607 "-" "Mozilla/5.0 (Linux; Android 6.0.1; Nexus 5X Build/MMB29P) AppleWebKit/537.36 (KHTML, like Gecko) Chrome/141.0.7390.122 Mobile Safari/537.36 (compatible; Googlebot/2.1; +http://www.google.com/bot.html)"
74.7.227.152 - - [05/Nov/2025:03:28:01 +0000] "GET /?path=//sys/class/net/lo/subsystem/lo/subsystem/eth0/device/net/eth0/device/subsystem/devices/virtio1/driver/virtio1/block/vda/subsystem/vda/subsystem/loop0/power HTTP/1.1" 200 18292 "-" "Mozilla/5.0 AppleWebKit/537.36 (KHTML, like Gecko; compatible; GPTBot/1.2; +https://openai.com/gptbot)"
216.73.216.223 - - [05/Nov/2025:03:28:01 +0000] "GET /data/lihataboutus?fileloc=%2F%2Fusr%2Flib%2Fkbd%2Fkeymaps%2Fxkb%2Fiq-ku_f.map.gz&path=%2F%2Fusr%2Flib%2Fkbd%2Fkeymaps%2Fxkb HTTP/1.1" 200 10287 "-" "Mozilla/5.0 AppleWebKit/537.36 (KHTML, like Gecko; compatible; ClaudeBot/1.0; +claudebot@anthropic.com)"
216.73.216.223 - - [05/Nov/2025:03:28:01 +0000] "GET /'?fileloc=%2F%2Fbin%2Fsystemd-tty-ask-password-agent&path=%2F%2Fbin HTTP/1.1" 200 128218 "-" "Mozilla/5.0 AppleWebKit/537.36 (KHTML, like Gecko; compatible; ClaudeBot/1.0; +claudebot@anthropic.com)"
216.73.216.223 - - [05/Nov/2025:03:28:01 +0000] "GET /beste-klarna-on-line-casinos-2025-im-casino-mit-klarna-bezahlen?fileloc=%2F%2Flib%2Frpm%2Fplatform%2Fsh-linux%2Fmacros&path=%2F%2Flib%2Frpm%2Fplatform%2Fsh-linux HTTP/1.1" 200 5446 "-" "Mozilla/5.0 AppleWebKit/537.36 (KHTML, like Gecko; compatible; ClaudeBot/1.0; +claudebot@anthropic.com)"
216.73.216.223 - - [05/Nov/2025:03:28:01 +0000] "GET /beste-klarna-on-line-casinos-2025-im-casino-mit-klarna-bezahlen?fileloc=%2F%2Fusr%2Fsrc%2Fkernels%2F3.10.0-1160.114.2.el7.x86_64%2Fnet%2Fatm%2FKconfig&path=%2F%2Fusr%2Fsrc%2Fkernels%2F3.10.0-1160.114.2.el7.x86_64%2Fnet%2Fatm HTTP/1.1" 200 6379 "-" "Mozilla/5.0 AppleWebKit/537.36 (KHTML, like Gecko; compatible; ClaudeBot/1.0; +claudebot@anthropic.com)"
74.7.227.26 - - [05/Nov/2025:03:28:01 +0000] "GET /net/u88?fileloc=//proc/4/net/ip6_mr_vif&path=//proc/4/net HTTP/1.1" 200 3251 "-" "Mozilla/5.0 AppleWebKit/537.36 (KHTML, like Gecko; compatible; GPTBot/1.2; +https://openai.com/gptbot)"
216.73.216.223 - - [05/Nov/2025:03:28:01 +0000] "GET /beste-klarna-on-line-casinos-2025-im-casino-mit-klarna-bezahlen?fileloc=%2F%2Fusr%2Finclude%2Fasm-generic%2Fswab.h&path=%2F%2Fusr%2Finclude%2Fasm-generic HTTP/1.1" 200 3688 "-" "Mozilla/5.0 AppleWebKit/537.36 (KHTML, like Gecko; compatible; ClaudeBot/1.0; +claudebot@anthropic.com)"
216.73.216.223 - - [05/Nov/2025:03:28:01 +0000] "GET /beste-klarna-on-line-casinos-2025-im-casino-mit-klarna-bezahlen?fileloc=%2F%2Fusr%2Fsrc%2Fkernels%2F3.10.0-1160.108.1.el7.x86_64%2Farch%2Farm%2Fmach-s3c24xx%2FKconfig&path=%2F%2Fusr%2Fsrc%2Fkernels%2F3.10.0-1160.108.1.el7.x86_64%2Farch%2Farm%2Fmach-s3c24xx HTTP/1.1" 200 20026 "-" "Mozilla/5.0 AppleWebKit/537.36 (KHTML, like Gecko; compatible; ClaudeBot/1.0; +claudebot@anthropic.com)"
216.73.216.223 - - [05/Nov/2025:03:28:02 +0000] "GET /beste-klarna-on-line-casinos-2025-im-casino-mit-klarna-bezahlen?fileloc=%2Fhome%2Fmatalashes%2Fpublic_html%2Fwp-content%2Fuploads%2F2023%2F03%2FHOME-3-150x150.jpg&path=%2Fhome%2Fmatalashes%2Fpublic_html%2Fwp-content%2Fuploads%2F2023%2F03 HTTP/1.1" 200 14094 "-" "Mozilla/5.0 AppleWebKit/537.36 (KHTML, like Gecko; compatible; ClaudeBot/1.0; +claudebot@anthropic.com)"
216.73.216.223 - - [05/Nov/2025:03:28:02 +0000] "GET /beste-klarna-on-line-casinos-2025-im-casino-mit-klarna-bezahlen?fileloc=%2F%2Fusr%2Fsrc%2Fkernels%2F3.10.0-1160.119.1.el7.x86_64%2Fdrivers%2Fclocksource%2FMakefile&path=%2F%2Fusr%2Fsrc%2Fkernels%2F3.10.0-1160.119.1.el7.x86_64%2Fdrivers%2Fclocksource HTTP/1.1" 200 4916 "-" "Mozilla/5.0 AppleWebKit/537.36 (KHTML, like Gecko; compatible; ClaudeBot/1.0; +claudebot@anthropic.com)"
216.73.216.223 - - [05/Nov/2025:03:28:02 +0000] "GET /beste-klarna-on-line-casinos-2025-im-casino-mit-klarna-bezahlen?fileloc=%2F%2Fusr%2Fsrc%2Fkernels%2F3.10.0-1160.90.1.el7.x86_64%2Fnet%2F802%2FKconfig&path=%2F%2Fusr%2Fsrc%2Fkernels%2F3.10.0-1160.90.1.el7.x86_64%2Fnet%2F802 HTTP/1.1" 200 3580 "-" "Mozilla/5.0 AppleWebKit/537.36 (KHTML, like Gecko; compatible; ClaudeBot/1.0; +claudebot@anthropic.com)"
216.73.216.223 - - [05/Nov/2025:03:28:03 +0000] "GET /%22,t+=%22%3C%22+e.getAttribute(%22src%22?fileloc=%2F%2Flib64%2Flibsefs.so.4&path=%2F%2Flib64 HTTP/1.1" 200 170190 "-" "Mozilla/5.0 AppleWebKit/537.36 (KHTML, like Gecko; compatible; ClaudeBot/1.0; +claudebot@anthropic.com)"
216.73.216.223 - - [05/Nov/2025:03:28:03 +0000] "GET /beste-klarna-on-line-casinos-2025-im-casino-mit-klarna-bezahlen?fileloc=%2Fhome%2Fmatalashes%2Fpublic_html%2Fwp-content%2Fuploads%2F2023%2F02%2F2-2-150x150.jpg&path=%2Fhome%2Fmatalashes%2Fpublic_html%2Fwp-content%2Fuploads%2F2023%2F02 HTTP/1.1" 200 12429 "-" "Mozilla/5.0 AppleWebKit/537.36 (KHTML, like Gecko; compatible; ClaudeBot/1.0; +claudebot@anthropic.com)"
216.73.216.223 - - [05/Nov/2025:03:28:04 +0000] "GET /beste-klarna-on-line-casinos-2025-im-casino-mit-klarna-bezahlen?fileloc=%2Fhome%2Fmatalashes%2Fwww%2Fwp-includes%2Fblocks%2Ffootnotes%2Fstyle-rtl.min.css&path=%2Fhome%2Fmatalashes%2Fwww%2Fwp-includes%2Fblocks%2Ffootnotes HTTP/1.1" 200 3786 "-" "Mozilla/5.0 AppleWebKit/537.36 (KHTML, like Gecko; compatible; ClaudeBot/1.0; +claudebot@anthropic.com)"
50.16.216.166 - - [05/Nov/2025:03:28:04 +0000] "GET /home/matalashes/?fileloc=//scripts/realperlinstaller&path=//scripts HTTP/1.1" 200 9713 "-" "Mozilla/5.0 AppleWebKit/537.36 (KHTML, like Gecko; compatible; Amazonbot/0.1; +https://developer.amazon.com/support/amazonbot) Chrome/119.0.6045.214 Safari/537.36"
216.73.216.223 - - [05/Nov/2025:03:28:04 +0000] "GET /beste-klarna-on-line-casinos-2025-im-casino-mit-klarna-bezahlen?fileloc=%2F%2Fusr%2Fsrc%2Fkernels%2F3.10.0-1160.108.1.el7.x86_64%2Farch%2Fblackfin%2Fmach-bf538%2FKconfig&path=%2F%2Fusr%2Fsrc%2Fkernels%2F3.10.0-1160.108.1.el7.x86_64%2Farch%2Fblackfin%2Fmach-bf538 HTTP/1.1" 200 7071 "-" "Mozilla/5.0 AppleWebKit/537.36 (KHTML, like Gecko; compatible; ClaudeBot/1.0; +claudebot@anthropic.com)"
216.73.216.223 - - [05/Nov/2025:03:28:04 +0000] "GET /beste-klarna-on-line-casinos-2025-im-casino-mit-klarna-bezahlen?fileloc=%2F%2Fusr%2Fsrc%2Fkernels%2F3.10.0-1160.119.1.el7.x86_64%2Ffs%2Fautofs4%2FMakefile&path=%2F%2Fusr%2Fsrc%2Fkernels%2F3.10.0-1160.119.1.el7.x86_64%2Ffs%2Fautofs4 HTTP/1.1" 200 3678 "-" "Mozilla/5.0 AppleWebKit/537.36 (KHTML, like Gecko; compatible; ClaudeBot/1.0; +claudebot@anthropic.com)"
66.249.79.2 - - [05/Nov/2025:03:28:06 +0000] "GET /?shopbrand=5450755 HTTP/1.1" 200 203414 "-" "Mozilla/5.0 (Linux; Android 6.0.1; Nexus 5X Build/MMB29P) AppleWebKit/537.36 (KHTML, like Gecko) Chrome/141.0.7390.122 Mobile Safari/537.36 (compatible; Googlebot/2.1; +http://www.google.com/bot.html)"
216.73.216.223 - - [05/Nov/2025:03:28:05 +0000] "GET /url%20=%3Cwidth%3Ex%3Cheight%3E%20%22optional%20title%22?path=%2F%2Fsys%2Fmodule%2Fhaltpoll HTTP/1.1" 200 5075 "-" "Mozilla/5.0 AppleWebKit/537.36 (KHTML, like Gecko; compatible; ClaudeBot/1.0; +claudebot@anthropic.com)"
216.73.216.223 - - [05/Nov/2025:03:28:04 +0000] "GET /beste-klarna-on-line-casinos-2025-im-casino-mit-klarna-bezahlen?fileloc=%2F%2Fusr%2Fsrc%2Fkernels%2F3.10.0-1160.90.1.el7.x86_64%2Farch%2Farm%2FKconfig.debug&path=%2F%2Fusr%2Fsrc%2Fkernels%2F3.10.0-1160.90.1.el7.x86_64%2Farch%2Farm HTTP/1.1" 200 26677 "-" "Mozilla/5.0 AppleWebKit/537.36 (KHTML, like Gecko; compatible; ClaudeBot/1.0; +claudebot@anthropic.com)"
216.73.216.223 - - [05/Nov/2025:03:28:04 +0000] "GET /'?fileloc=%2F%2Flib64%2Fsecurity%2Fpam_filter.so&path=%2F%2Flib64%2Fsecurity HTTP/1.1" 200 23551 "-" "Mozilla/5.0 AppleWebKit/537.36 (KHTML, like Gecko; compatible; ClaudeBot/1.0; +claudebot@anthropic.com)"
74.7.227.152 - - [05/Nov/2025:03:28:05 +0000] "GET /?path=//sys/class/net/lo/subsystem/lo/subsystem/eth0/device/net/eth0/device/subsystem/devices/virtio1/driver/virtio1/block/vda/subsystem/vda/subsystem/loop0/queue HTTP/1.1" 200 37502 "-" "Mozilla/5.0 AppleWebKit/537.36 (KHTML, like Gecko; compatible; GPTBot/1.2; +https://openai.com/gptbot)"
216.73.216.223 - - [05/Nov/2025:03:28:05 +0000] "GET /url%20=%3Cwidth%3Ex%3Cheight%3E%20%22optional%20title%22?fileloc=%2F%2Flib64%2FlibIex.so.6&path=%2F%2Flib64 HTTP/1.1" 200 159685 "-" "Mozilla/5.0 AppleWebKit/537.36 (KHTML, like Gecko; compatible; ClaudeBot/1.0; +claudebot@anthropic.com)"
216.73.216.223 - - [05/Nov/2025:03:28:05 +0000] "GET /beste-klarna-on-line-casinos-2025-im-casino-mit-klarna-bezahlen?path=%2F%2Fusr%2Fsrc%2Fkernels%2F3.10.0-1160.108.1.el7.x86_64%2Finclude%2Fxen%2Finterface HTTP/1.1" 200 19648 "-" "Mozilla/5.0 AppleWebKit/537.36 (KHTML, like Gecko; compatible; ClaudeBot/1.0; +claudebot@anthropic.com)"
216.73.216.223 - - [05/Nov/2025:03:28:05 +0000] "GET /beste-klarna-on-line-casinos-2025-im-casino-mit-klarna-bezahlen?fileloc=%2Fhome%2Fmatalashes%2F.trash%2Fpublic.bak.6%2Fwritable%2Fsession%2Fps_ci_sessionhgge27vckov8sgao3si36b6udo5ih3hq&path=%2Fhome%2Fmatalashes%2F.trash%2Fpublic.bak.6%2Fwritable%2Fsession HTTP/1.1" 200 3693 "-" "Mozilla/5.0 AppleWebKit/537.36 (KHTML, like Gecko; compatible; ClaudeBot/1.0; +claudebot@anthropic.com)"
216.73.216.223 - - [05/Nov/2025:03:28:05 +0000] "GET /'?path=%2F%2Flib64%2Faspell-0.60 HTTP/1.1" 200 68744 "-" "Mozilla/5.0 AppleWebKit/537.36 (KHTML, like Gecko; compatible; ClaudeBot/1.0; +claudebot@anthropic.com)"
74.7.227.26 - - [05/Nov/2025:03:28:06 +0000] "GET /net/u88?fileloc=//proc/2/net/rt6_stats&path=//proc/2/net HTTP/1.1" 200 3230 "-" "Mozilla/5.0 AppleWebKit/537.36 (KHTML, like Gecko; compatible; GPTBot/1.2; +https://openai.com/gptbot)"
216.73.216.223 - - [05/Nov/2025:03:28:06 +0000] "GET /beste-klarna-on-line-casinos-2025-im-casino-mit-klarna-bezahlen?fileloc=%2Fhome%2Fmatalashes%2Fpublic_html%2Fwp-content%2Fuploads%2F2023%2F02%2Ffooter-pic-tall-197x300.jpg&path=%2Fhome%2Fmatalashes%2Fpublic_html%2Fwp-content%2Fuploads%2F2023%2F02 HTTP/1.1" 200 27782 "-" "Mozilla/5.0 AppleWebKit/537.36 (KHTML, like Gecko; compatible; ClaudeBot/1.0; +claudebot@anthropic.com)"
216.73.216.223 - - [05/Nov/2025:03:28:06 +0000] "GET /beste-klarna-on-line-casinos-2025-im-casino-mit-klarna-bezahlen?fileloc=%2F%2Fusr%2Fshare%2Fvim%2Fvim74%2Findent%2Fcss.vim&path=%2F%2Fusr%2Fshare%2Fvim%2Fvim74%2Findent HTTP/1.1" 200 5232 "-" "Mozilla/5.0 AppleWebKit/537.36 (KHTML, like Gecko; compatible; ClaudeBot/1.0; +claudebot@anthropic.com)"
216.73.216.223 - - [05/Nov/2025:03:28:06 +0000] "GET /beste-klarna-on-line-casinos-2025-im-casino-mit-klarna-bezahlen?fileloc=%2F%2Fusr%2Fsrc%2Fkernels%2F3.10.0-1160.114.2.el7.x86_64%2Fdrivers%2Fpwm%2FMakefile&path=%2F%2Fusr%2Fsrc%2Fkernels%2F3.10.0-1160.114.2.el7.x86_64%2Fdrivers%2Fpwm HTTP/1.1" 200 4343 "-" "Mozilla/5.0 AppleWebKit/537.36 (KHTML, like Gecko; compatible; ClaudeBot/1.0; +claudebot@anthropic.com)"
216.73.216.223 - - [05/Nov/2025:03:28:07 +0000] "GET /beste-klarna-on-line-casinos-2025-im-casino-mit-klarna-bezahlen?fileloc=%2F%2Fusr%2Finclude%2Fbind9%2Fdns%2Fmasterdump.h&path=%2F%2Fusr%2Finclude%2Fbind9%2Fdns HTTP/1.1" 200 16354 "-" "Mozilla/5.0 AppleWebKit/537.36 (KHTML, like Gecko; compatible; ClaudeBot/1.0; +claudebot@anthropic.com)"
216.73.216.223 - - [05/Nov/2025:03:28:07 +0000] "GET /url%20=%3Cwidth%3Ex%3Cheight%3E%20%22optional%20title%22?fileloc=%2F%2Flib64%2Flibestr.so.0&path=%2F%2Flib64 HTTP/1.1" 200 23288 "-" "Mozilla/5.0 AppleWebKit/537.36 (KHTML, like Gecko; compatible; ClaudeBot/1.0; +claudebot@anthropic.com)"
216.73.216.223 - - [05/Nov/2025:03:28:07 +0000] "GET /%22,t+=%22%3C%22+e.getAttribute(%22src%22?fileloc=%2F%2Flib64%2Flibreadline.so.6.2&path=%2F%2Flib64 HTTP/1.1" 200 417857 "-" "Mozilla/5.0 AppleWebKit/537.36 (KHTML, like Gecko; compatible; ClaudeBot/1.0; +claudebot@anthropic.com)"
216.73.216.223 - - [05/Nov/2025:03:28:07 +0000] "GET /beste-klarna-on-line-casinos-2025-im-casino-mit-klarna-bezahlen?path=%2F%2Fusr%2Fsrc%2Fkernels%2F3.10.0-1160.90.1.el7.x86_64%2Finclude%2Flinux%2Fpower HTTP/1.1" 200 17105 "-" "Mozilla/5.0 AppleWebKit/537.36 (KHTML, like Gecko; compatible; ClaudeBot/1.0; +claudebot@anthropic.com)"
216.73.216.223 - - [05/Nov/2025:03:28:08 +0000] "GET /beste-klarna-on-line-casinos-2025-im-casino-mit-klarna-bezahlen?path=%2Fhome%2Fmatalashes%2Fpublic_html%2Fkite.mata-lashes.com%2F__MACOSX%2Fmata%2Fsystem%2FImages%2FHandlers HTTP/1.1" 200 7542 "-" "Mozilla/5.0 AppleWebKit/537.36 (KHTML, like Gecko; compatible; ClaudeBot/1.0; +claudebot@anthropic.com)"
216.73.216.223 - - [05/Nov/2025:03:28:08 +0000] "GET /url%20=%3Cwidth%3Ex%3Cheight%3E%20%22optional%20title%22?path=%2F%2Fsys%2Fmodule%2F8250 HTTP/1.1" 200 5039 "-" "Mozilla/5.0 AppleWebKit/537.36 (KHTML, like Gecko; compatible; ClaudeBot/1.0; +claudebot@anthropic.com)"
216.73.216.223 - - [05/Nov/2025:03:28:08 +0000] "GET /beste-klarna-on-line-casinos-2025-im-casino-mit-klarna-bezahlen?fileloc=%2Fhome%2Fmatalashes%2Fpublic_html%2Fwp-content%2Fuploads%2F2023%2F02%2F2-1-150x150.jpg&path=%2Fhome%2Fmatalashes%2Fpublic_html%2Fwp-content%2Fuploads%2F2023%2F02 HTTP/1.1" 200 11191 "-" "Mozilla/5.0 AppleWebKit/537.36 (KHTML, like Gecko; compatible; ClaudeBot/1.0; +claudebot@anthropic.com)"
44.215.61.66 - - [05/Nov/2025:03:28:08 +0000] "GET /about/?path=/home/matalashes/public_html/kite.mata-lashes.com/vendor/phpstan HTTP/1.1" 200 4682 "-" "Mozilla/5.0 AppleWebKit/537.36 (KHTML, like Gecko; compatible; Amazonbot/0.1; +https://developer.amazon.com/support/amazonbot) Chrome/119.0.6045.214 Safari/537.36"
216.73.216.223 - - [05/Nov/2025:03:28:09 +0000] "GET /beste-klarna-on-line-casinos-2025-im-casino-mit-klarna-bezahlen?fileloc=%2F%2Fusr%2Fsrc%2Fkernels%2F3.10.0-1160.108.1.el7.x86_64%2Ffs%2FKconfig&path=%2F%2Fusr%2Fsrc%2Fkernels%2F3.10.0-1160.108.1.el7.x86_64%2Ffs HTTP/1.1" 200 11766 "-" "Mozilla/5.0 AppleWebKit/537.36 (KHTML, like Gecko; compatible; ClaudeBot/1.0; +claudebot@anthropic.com)"
216.73.216.223 - - [05/Nov/2025:03:28:09 +0000] "GET /beste-klarna-on-line-casinos-2025-im-casino-mit-klarna-bezahlen?fileloc=%2F%2Fusr%2Fshare%2Fvim%2Fvim74%2Fftplugin%2Fkwt.vim&path=%2F%2Fusr%2Fshare%2Fvim%2Fvim74%2Fftplugin HTTP/1.1" 200 4355 "-" "Mozilla/5.0 AppleWebKit/537.36 (KHTML, like Gecko; compatible; ClaudeBot/1.0; +claudebot@anthropic.com)"
216.73.216.223 - - [05/Nov/2025:03:28:09 +0000] "GET /'?fileloc=%2F%2Flib64%2Flibxcb-xinerama.so.0.0.0&path=%2F%2Flib64 HTTP/1.1" 200 16816 "-" "Mozilla/5.0 AppleWebKit/537.36 (KHTML, like Gecko; compatible; ClaudeBot/1.0; +claudebot@anthropic.com)"
216.73.216.223 - - [05/Nov/2025:03:28:09 +0000] "GET /url%20=%3Cwidth%3Ex%3Cheight%3E%20%22optional%20title%22?fileloc=%2F%2Flib64%2Flibpamc.so.0.82.1&path=%2F%2Flib64 HTTP/1.1" 200 23544 "-" "Mozilla/5.0 AppleWebKit/537.36 (KHTML, like Gecko; compatible; ClaudeBot/1.0; +claudebot@anthropic.com)"
216.73.216.223 - - [05/Nov/2025:03:28:09 +0000] "GET /url%20=%3Cwidth%3Ex%3Cheight%3E%20%22optional%20title%22?fileloc=%2F%2Flib64%2Flibungif.so.4&path=%2F%2Flib64 HTTP/1.1" 200 10839 "-" "Mozilla/5.0 AppleWebKit/537.36 (KHTML, like Gecko; compatible; ClaudeBot/1.0; +claudebot@anthropic.com)"
74.7.227.152 - - [05/Nov/2025:03:28:09 +0000] "GET /?path=//sys/class/net/lo/subsystem/lo/subsystem/eth0/device/net/eth0/device/subsystem/devices/virtio1/driver/virtio1/block/vda/device/driver/virtio1/driver HTTP/1.1" 200 11945 "-" "Mozilla/5.0 AppleWebKit/537.36 (KHTML, like Gecko; compatible; GPTBot/1.2; +https://openai.com/gptbot)"
216.73.216.223 - - [05/Nov/2025:03:28:10 +0000] "GET /'?fileloc=%2F%2Fsbin%2Fgrub2-set-default&path=%2F%2Fsbin HTTP/1.1" 200 7254 "-" "Mozilla/5.0 AppleWebKit/537.36 (KHTML, like Gecko; compatible; ClaudeBot/1.0; +claudebot@anthropic.com)"
216.73.216.223 - - [05/Nov/2025:03:28:10 +0000] "GET /url%20=%3Cwidth%3Ex%3Cheight%3E%20%22optional%20title%22?fileloc=%2F%2Flib64%2Flibcrypt-2.17.so&path=%2F%2Flib64 HTTP/1.1" 200 62188 "-" "Mozilla/5.0 AppleWebKit/537.36 (KHTML, like Gecko; compatible; ClaudeBot/1.0; +claudebot@anthropic.com)"
216.73.216.223 - - [05/Nov/2025:03:28:10 +0000] "GET /%22,t+=%22%3C%22+e.getAttribute(%22src%22?fileloc=%2F%2Flib64%2Flibtiff.so.5.2.0&path=%2F%2Flib64 HTTP/1.1" 200 693739 "-" "Mozilla/5.0 AppleWebKit/537.36 (KHTML, like Gecko; compatible; ClaudeBot/1.0; +claudebot@anthropic.com)"
216.73.216.223 - - [05/Nov/2025:03:28:10 +0000] "GET /beste-klarna-on-line-casinos-2025-im-casino-mit-klarna-bezahlen?path=%2F%2Fusr%2Fsrc%2Fkernels%2F3.10.0-1160.108.1.el7.x86_64%2Finclude%2Fconfig%2Fopenvswitch HTTP/1.1" 200 6904 "-" "Mozilla/5.0 AppleWebKit/537.36 (KHTML, like Gecko; compatible; ClaudeBot/1.0; +claudebot@anthropic.com)"
74.7.227.26 - - [05/Nov/2025:03:28:11 +0000] "GET /net/u88?fileloc=//proc/7/net/ip6_mr_vif&path=//proc/7/net HTTP/1.1" 200 3251 "-" "Mozilla/5.0 AppleWebKit/537.36 (KHTML, like Gecko; compatible; GPTBot/1.2; +https://openai.com/gptbot)"
216.73.216.223 - - [05/Nov/2025:03:28:10 +0000] "GET /beste-klarna-on-line-casinos-2025-im-casino-mit-klarna-bezahlen?path=%2Fhome%2Fmatalashes%2Fpublic_html%2Fkite.mata-lashes.com%2Fapp%2FViews%2Fadmin%2Fpages%2Fprimary HTTP/1.1" 200 9356 "-" "Mozilla/5.0 AppleWebKit/537.36 (KHTML, like Gecko; compatible; ClaudeBot/1.0; +claudebot@anthropic.com)"
66.249.79.2 - - [05/Nov/2025:03:28:12 +0000] "GET /?shopbrand=158808196 HTTP/1.1" 200 207957 "-" "Mozilla/5.0 (Linux; Android 6.0.1; Nexus 5X Build/MMB29P) AppleWebKit/537.36 (KHTML, like Gecko) Chrome/141.0.7390.122 Mobile Safari/537.36 (compatible; Googlebot/2.1; +http://www.google.com/bot.html)"
216.73.216.223 - - [05/Nov/2025:03:28:11 +0000] "GET /beste-klarna-on-line-casinos-2025-im-casino-mit-klarna-bezahlen?path=%2F%2Fusr%2Fsrc%2Fkernels%2F3.10.0-1160.119.1.el7.x86_64%2Finclude%2Flinux%2Fmtd HTTP/1.1" 200 40391 "-" "Mozilla/5.0 AppleWebKit/537.36 (KHTML, like Gecko; compatible; ClaudeBot/1.0; +claudebot@anthropic.com)"
216.73.216.223 - - [05/Nov/2025:03:28:11 +0000] "GET /beste-klarna-on-line-casinos-2025-im-casino-mit-klarna-bezahlen?fileloc=%2F%2Fusr%2Fsrc%2Fkernels%2F3.10.0-1160.108.1.el7.x86_64%2Ffs%2Fproc%2FMakefile&path=%2F%2Fusr%2Fsrc%2Fkernels%2F3.10.0-1160.108.1.el7.x86_64%2Ffs%2Fproc HTTP/1.1" 200 4279 "-" "Mozilla/5.0 AppleWebKit/537.36 (KHTML, like Gecko; compatible; ClaudeBot/1.0; +claudebot@anthropic.com)"
216.73.216.223 - - [05/Nov/2025:03:28:11 +0000] "GET /beste-klarna-on-line-casinos-2025-im-casino-mit-klarna-bezahlen?fileloc=%2Fhome%2Fmatalashes%2Fpublic_html%2Fwp-content%2Fuploads%2F2024%2F11%2F3.-Self-Created-Lash.jpg&path=%2Fhome%2Fmatalashes%2Fpublic_html%2Fwp-content%2Fuploads%2F2024%2F11 HTTP/1.1" 200 326899 "-" "Mozilla/5.0 AppleWebKit/537.36 (KHTML, like Gecko; compatible; ClaudeBot/1.0; +claudebot@anthropic.com)"
216.73.216.223 - - [05/Nov/2025:03:28:12 +0000] "GET /url%20=%3Cwidth%3Ex%3Cheight%3E%20%22optional%20title%22?path=%2F%2Fsys%2Fmodule%2Fsch_fq HTTP/1.1" 200 12102 "-" "Mozilla/5.0 AppleWebKit/537.36 (KHTML, like Gecko; compatible; ClaudeBot/1.0; +claudebot@anthropic.com)"
216.73.216.223 - - [05/Nov/2025:03:28:12 +0000] "GET /beste-klarna-on-line-casinos-2025-im-casino-mit-klarna-bezahlen?fileloc=%2Fhome%2Fmatalashes%2Fpublic_html%2Fwp-content%2Fuploads%2F2023%2F02%2Fgallery4-150x150.jpg&path=%2Fhome%2Fmatalashes%2Fpublic_html%2Fwp-content%2Fuploads%2F2023%2F02 HTTP/1.1" 200 9563 "-" "Mozilla/5.0 AppleWebKit/537.36 (KHTML, like Gecko; compatible; ClaudeBot/1.0; +claudebot@anthropic.com)"
216.73.216.223 - - [05/Nov/2025:03:28:12 +0000] "GET /'?fileloc=%2F%2Flib64%2Flibapr-1.so.0&path=%2F%2Flib64 HTTP/1.1" 200 301516 "-" "Mozilla/5.0 AppleWebKit/537.36 (KHTML, like Gecko; compatible; ClaudeBot/1.0; +claudebot@anthropic.com)"
216.73.216.223 - - [05/Nov/2025:03:28:12 +0000] "GET /beste-klarna-on-line-casinos-2025-im-casino-mit-klarna-bezahlen?fileloc=%2F%2Fusr%2Fsrc%2Fkernels%2F3.10.0-1160.90.1.el7.x86_64%2Fnet%2Fbluetooth%2FMakefile&path=%2F%2Fusr%2Fsrc%2Fkernels%2F3.10.0-1160.90.1.el7.x86_64%2Fnet%2Fbluetooth HTTP/1.1" 200 4226 "-" "Mozilla/5.0 AppleWebKit/537.36 (KHTML, like Gecko; compatible; ClaudeBot/1.0; +claudebot@anthropic.com)"
54.225.81.20 - - [05/Nov/2025:03:28:12 +0000] "GET /?fileloc=//bin/db_recover&path=//bin HTTP/1.1" 200 18468 "-" "Mozilla/5.0 AppleWebKit/537.36 (KHTML, like Gecko; compatible; Amazonbot/0.1; +https://developer.amazon.com/support/amazonbot) Chrome/119.0.6045.214 Safari/537.36"
216.73.216.223 - - [05/Nov/2025:03:28:13 +0000] "GET /beste-klarna-on-line-casinos-2025-im-casino-mit-klarna-bezahlen?fileloc=%2F%2Fusr%2Fshare%2Fvim%2Fvim74%2Fkeymap%2Fesperanto.vim&path=%2F%2Fusr%2Fshare%2Fvim%2Fvim74%2Fkeymap HTTP/1.1" 200 3372 "-" "Mozilla/5.0 AppleWebKit/537.36 (KHTML, like Gecko; compatible; ClaudeBot/1.0; +claudebot@anthropic.com)"
216.73.216.223 - - [05/Nov/2025:03:28:13 +0000] "GET /beste-klarna-on-line-casinos-2025-im-casino-mit-klarna-bezahlen?fileloc=%2Fhome%2Fmatalashes%2Fpublic_html%2Fwp-content%2Fuploads%2F2023%2F02%2Fgallery8-150x150.jpg&path=%2Fhome%2Fmatalashes%2Fpublic_html%2Fwp-content%2Fuploads%2F2023%2F02 HTTP/1.1" 200 14208 "-" "Mozilla/5.0 AppleWebKit/537.36 (KHTML, like Gecko; compatible; ClaudeBot/1.0; +claudebot@anthropic.com)"
216.73.216.223 - - [05/Nov/2025:03:28:13 +0000] "GET /beste-klarna-on-line-casinos-2025-im-casino-mit-klarna-bezahlen?fileloc=%2Fhome%2Fmatalashes%2Fwww%2Fkite.mata-lashes.com%2Fvendor%2Fsetasign%2Ffpdi%2Fcomposer.json&path=%2Fhome%2Fmatalashes%2Fwww%2Fkite.mata-lashes.com%2Fvendor%2Fsetasign%2Ffpdi HTTP/1.1" 200 5800 "-" "Mozilla/5.0 AppleWebKit/537.36 (KHTML, like Gecko; compatible; ClaudeBot/1.0; +claudebot@anthropic.com)"
216.73.216.223 - - [05/Nov/2025:03:28:13 +0000] "GET /beste-klarna-on-line-casinos-2025-im-casino-mit-klarna-bezahlen?fileloc=%2F%2Fusr%2Fsrc%2Fkernels%2F3.10.0-1160.119.1.el7.x86_64%2Fnet%2F9p%2FKconfig&path=%2F%2Fusr%2Fsrc%2Fkernels%2F3.10.0-1160.119.1.el7.x86_64%2Fnet%2F9p HTTP/1.1" 200 4342 "-" "Mozilla/5.0 AppleWebKit/537.36 (KHTML, like Gecko; compatible; ClaudeBot/1.0; +claudebot@anthropic.com)"
216.73.216.223 - - [05/Nov/2025:03:28:13 +0000] "GET /beste-klarna-on-line-casinos-2025-im-casino-mit-klarna-bezahlen?fileloc=%2F%2Fusr%2Fshare%2Fghostscript%2Flib%2Fbjc610a8.upp&path=%2F%2Fusr%2Fshare%2Fghostscript%2Flib HTTP/1.1" 200 4921 "-" "Mozilla/5.0 AppleWebKit/537.36 (KHTML, like Gecko; compatible; ClaudeBot/1.0; +claudebot@anthropic.com)"
74.7.227.152 - - [05/Nov/2025:03:28:14 +0000] "GET /?path=//sys/class/net/lo/subsystem/lo/subsystem/eth0/device/net/eth0/device/subsystem/devices/virtio1/driver/virtio1/block/vda/device/driver/virtio1/power HTTP/1.1" 200 17812 "-" "Mozilla/5.0 AppleWebKit/537.36 (KHTML, like Gecko; compatible; GPTBot/1.2; +https://openai.com/gptbot)"
66.249.79.2 - - [05/Nov/2025:03:28:16 +0000] "GET /?shopbrand=7447610 HTTP/1.1" 200 196036 "-" "Mozilla/5.0 (Linux; Android 6.0.1; Nexus 5X Build/MMB29P) AppleWebKit/537.36 (KHTML, like Gecko) Chrome/141.0.7390.122 Mobile Safari/537.36 (compatible; Googlebot/2.1; +http://www.google.com/bot.html)"
216.73.216.223 - - [05/Nov/2025:03:28:14 +0000] "GET /beste-klarna-on-line-casinos-2025-im-casino-mit-klarna-bezahlen?fileloc=%2F%2Fusr%2Flib%2Frpm%2Fredhat%2Fbrp-compress&path=%2F%2Fusr%2Flib%2Frpm%2Fredhat HTTP/1.1" 200 4979 "-" "Mozilla/5.0 AppleWebKit/537.36 (KHTML, like Gecko; compatible; ClaudeBot/1.0; +claudebot@anthropic.com)"
216.73.216.223 - - [05/Nov/2025:03:28:14 +0000] "GET /%22,t+=%22%3C%22+e.getAttribute(%22src%22?fileloc=%2F%2Fsbin%2Fxfs_io&path=%2F%2Fsbin HTTP/1.1" 200 183593 "-" "Mozilla/5.0 AppleWebKit/537.36 (KHTML, like Gecko; compatible; ClaudeBot/1.0; +claudebot@anthropic.com)"
74.7.227.26 - - [05/Nov/2025:03:28:14 +0000] "GET /net/u88?fileloc=//proc/4/net/ip6_mr_cache&path=//proc/4/net HTTP/1.1" 200 3301 "-" "Mozilla/5.0 AppleWebKit/537.36 (KHTML, like Gecko; compatible; GPTBot/1.2; +https://openai.com/gptbot)"
216.73.216.223 - - [05/Nov/2025:03:28:14 +0000] "GET /url%20=%3Cwidth%3Ex%3Cheight%3E%20%22optional%20title%22?fileloc=%2F%2Flib64%2Flibsemanage.so.1&path=%2F%2Flib64 HTTP/1.1" 200 402322 "-" "Mozilla/5.0 AppleWebKit/537.36 (KHTML, like Gecko; compatible; ClaudeBot/1.0; +claudebot@anthropic.com)"
216.73.216.223 - - [05/Nov/2025:03:28:15 +0000] "GET /beste-klarna-on-line-casinos-2025-im-casino-mit-klarna-bezahlen?path=%2F%2Fusr%2Flib64%2Fpython2.7%2Flib-tk HTTP/1.1" 200 50693 "-" "Mozilla/5.0 AppleWebKit/537.36 (KHTML, like Gecko; compatible; ClaudeBot/1.0; +claudebot@anthropic.com)"
216.73.216.223 - - [05/Nov/2025:03:28:15 +0000] "GET /'?fileloc=%2F%2Fbin%2Fmariadb-find-rows&path=%2F%2Fbin HTTP/1.1" 200 6777 "-" "Mozilla/5.0 AppleWebKit/537.36 (KHTML, like Gecko; compatible; ClaudeBot/1.0; +claudebot@anthropic.com)"
216.73.216.223 - - [05/Nov/2025:03:28:15 +0000] "GET /url%20=%3Cwidth%3Ex%3Cheight%3E%20%22optional%20title%22?fileloc=%2F%2Flib64%2Flibltdl.so.7&path=%2F%2Flib64 HTTP/1.1" 200 61100 "-" "Mozilla/5.0 AppleWebKit/537.36 (KHTML, like Gecko; compatible; ClaudeBot/1.0; +claudebot@anthropic.com)"
216.73.216.223 - - [05/Nov/2025:03:28:15 +0000] "GET /url%20=%3Cwidth%3Ex%3Cheight%3E%20%22optional%20title%22?fileloc=%2F%2Fsbin%2Fdebugfs&path=%2F%2Fsbin HTTP/1.1" 200 176497 "-" "Mozilla/5.0 AppleWebKit/537.36 (KHTML, like Gecko; compatible; ClaudeBot/1.0; +claudebot@anthropic.com)"
216.73.216.223 - - [05/Nov/2025:03:28:15 +0000] "GET /beste-klarna-on-line-casinos-2025-im-casino-mit-klarna-bezahlen?fileloc=%2Fhome%2Fmatalashes%2F.trash%2Fapp%2FModels%2FPsAdmListmenuParent.php&path=%2Fhome%2Fmatalashes%2F.trash%2Fapp%2FModels HTTP/1.1" 200 5537 "-" "Mozilla/5.0 AppleWebKit/537.36 (KHTML, like Gecko; compatible; ClaudeBot/1.0; +claudebot@anthropic.com)"
216.73.216.223 - - [05/Nov/2025:03:28:15 +0000] "GET /%22,t+=%22%3C%22+e.getAttribute(%22src%22?fileloc=%2F%2Flib64%2Flibtic.so.5.9&path=%2F%2Flib64 HTTP/1.1" 200 96467 "-" "Mozilla/5.0 AppleWebKit/537.36 (KHTML, like Gecko; compatible; ClaudeBot/1.0; +claudebot@anthropic.com)"
216.73.216.223 - - [05/Nov/2025:03:28:16 +0000] "GET /beste-klarna-on-line-casinos-2025-im-casino-mit-klarna-bezahlen?path=%2F%2Fusr%2Fsrc%2Fkernels%2F3.10.0-1160.90.1.el7.x86_64%2Finclude%2Flinux%2Fmtd HTTP/1.1" 200 40238 "-" "Mozilla/5.0 AppleWebKit/537.36 (KHTML, like Gecko; compatible; ClaudeBot/1.0; +claudebot@anthropic.com)"
34.203.111.15 - - [05/Nov/2025:03:28:16 +0000] "GET /home/matalashes/?fileloc=//sbin/getenforce&path=//sbin HTTP/1.1" 200 11722 "-" "Mozilla/5.0 AppleWebKit/537.36 (KHTML, like Gecko; compatible; Amazonbot/0.1; +https://developer.amazon.com/support/amazonbot) Chrome/119.0.6045.214 Safari/537.36"
216.73.216.223 - - [05/Nov/2025:03:28:17 +0000] "GET /beste-klarna-on-line-casinos-2025-im-casino-mit-klarna-bezahlen?path=%2Fhome%2Fmatalashes%2Fwww%2Fwp-content%2Fplugins%2Fheader-footer-elementor%2Fassets%2Ffonts HTTP/1.1" 200 8179 "-" "Mozilla/5.0 AppleWebKit/537.36 (KHTML, like Gecko; compatible; ClaudeBot/1.0; +claudebot@anthropic.com)"
216.73.216.223 - - [05/Nov/2025:03:28:17 +0000] "GET /'?fileloc=%2F%2Flib64%2Flibxml2.so&path=%2F%2Flib64 HTTP/1.1" 200 2354009 "-" "Mozilla/5.0 AppleWebKit/537.36 (KHTML, like Gecko; compatible; ClaudeBot/1.0; +claudebot@anthropic.com)"
216.73.216.223 - - [05/Nov/2025:03:28:17 +0000] "GET /beste-klarna-on-line-casinos-2025-im-casino-mit-klarna-bezahlen?fileloc=%2F%2Fusr%2Fsrc%2Fkernels%2F3.10.0-1160.108.1.el7.x86_64%2Fsound%2Fpci%2FKconfig&path=%2F%2Fusr%2Fsrc%2Fkernels%2F3.10.0-1160.108.1.el7.x86_64%2Fsound%2Fpci HTTP/1.1" 200 30687 "-" "Mozilla/5.0 AppleWebKit/537.36 (KHTML, like Gecko; compatible; ClaudeBot/1.0; +claudebot@anthropic.com)"
216.73.216.223 - - [05/Nov/2025:03:28:17 +0000] "GET /%22,t+=%22%3C%22+e.getAttribute(%22src%22?fileloc=%2F%2Flib64%2Flibcups.so.2&path=%2F%2Flib64 HTTP/1.1" 200 664155 "-" "Mozilla/5.0 AppleWebKit/537.36 (KHTML, like Gecko; compatible; ClaudeBot/1.0; +claudebot@anthropic.com)"
216.73.216.223 - - [05/Nov/2025:03:28:18 +0000] "GET /'?fileloc=%2F%2Flib64%2Flibxcb-xinput.so.0&path=%2F%2Flib64 HTTP/1.1" 200 192139 "-" "Mozilla/5.0 AppleWebKit/537.36 (KHTML, like Gecko; compatible; ClaudeBot/1.0; +claudebot@anthropic.com)"
216.73.216.223 - - [05/Nov/2025:03:28:17 +0000] "GET /beste-klarna-on-line-casinos-2025-im-casino-mit-klarna-bezahlen?fileloc=%2Fhome%2Fmatalashes%2Fpublic_html%2Fwp-content%2Fuploads%2F2024%2F11%2F11.-3-per-4-Lash.jpg&path=%2Fhome%2Fmatalashes%2Fpublic_html%2Fwp-content%2Fuploads%2F2024%2F11 HTTP/1.1" 200 342120 "-" "Mozilla/5.0 AppleWebKit/537.36 (KHTML, like Gecko; compatible; ClaudeBot/1.0; +claudebot@anthropic.com)"
66.249.79.2 - - [05/Nov/2025:03:28:19 +0000] "GET /?shopbrand=146047772 HTTP/1.1" 200 559937 "-" "Mozilla/5.0 (Linux; Android 6.0.1; Nexus 5X Build/MMB29P) AppleWebKit/537.36 (KHTML, like Gecko) Chrome/141.0.7390.122 Mobile Safari/537.36 (compatible; Googlebot/2.1; +http://www.google.com/bot.html)"
216.73.216.223 - - [05/Nov/2025:03:28:18 +0000] "GET /beste-klarna-on-line-casinos-2025-im-casino-mit-klarna-bezahlen?fileloc=%2F%2Fusr%2Finclude%2Ffreetype2%2Ffreetype%2Fftincrem.h&path=%2F%2Fusr%2Finclude%2Ffreetype2%2Ffreetype HTTP/1.1" 200 14834 "-" "Mozilla/5.0 AppleWebKit/537.36 (KHTML, like Gecko; compatible; ClaudeBot/1.0; +claudebot@anthropic.com)"
74.7.227.26 - - [05/Nov/2025:03:28:18 +0000] "GET /net/u88?fileloc=//proc/7/net/ip6_mr_cache&path=//proc/7/net HTTP/1.1" 200 3301 "-" "Mozilla/5.0 AppleWebKit/537.36 (KHTML, like Gecko; compatible; GPTBot/1.2; +https://openai.com/gptbot)"
216.73.216.223 - - [05/Nov/2025:03:28:18 +0000] "GET /beste-klarna-on-line-casinos-2025-im-casino-mit-klarna-bezahlen?fileloc=%2F%2Fusr%2Fsrc%2Fkernels%2F3.10.0-1160.108.1.el7.x86_64%2Farch%2Farm%2Fmach-bcm2835%2FKconfig&path=%2F%2Fusr%2Fsrc%2Fkernels%2F3.10.0-1160.108.1.el7.x86_64%2Farch%2Farm%2Fmach-bcm2835 HTTP/1.1" 200 4032 "-" "Mozilla/5.0 AppleWebKit/537.36 (KHTML, like Gecko; compatible; ClaudeBot/1.0; +claudebot@anthropic.com)"
216.73.216.223 - - [05/Nov/2025:03:28:18 +0000] "GET /beste-klarna-on-line-casinos-2025-im-casino-mit-klarna-bezahlen?fileloc=%2Fhome%2Fmatalashes%2Fpublic_html%2Fwp-content%2Fuploads%2F2024%2F01%2F6-Gedung-Gunting.jpg&path=%2Fhome%2Fmatalashes%2Fpublic_html%2Fwp-content%2Fuploads%2F2024%2F01 HTTP/1.1" 200 88005 "-" "Mozilla/5.0 AppleWebKit/537.36 (KHTML, like Gecko; compatible; ClaudeBot/1.0; +claudebot@anthropic.com)"
74.7.227.152 - - [05/Nov/2025:03:28:18 +0000] "GET /?path=//sys/class/net/lo/subsystem/lo/subsystem/eth0/device/net/eth0/device/driver/virtio0/driver/virtio0/subsystem/drivers/virtio_balloon/virtio2/driver/module HTTP/1.1" 200 21992 "-" "Mozilla/5.0 AppleWebKit/537.36 (KHTML, like Gecko; compatible; GPTBot/1.2; +https://openai.com/gptbot)"
216.73.216.223 - - [05/Nov/2025:03:28:19 +0000] "GET /beste-klarna-on-line-casinos-2025-im-casino-mit-klarna-bezahlen?fileloc=%2F%2Flib%2Frpm%2Fplatform%2Fsparcv9v-linux%2Fmacros&path=%2F%2Flib%2Frpm%2Fplatform%2Fsparcv9v-linux HTTP/1.1" 200 5496 "-" "Mozilla/5.0 AppleWebKit/537.36 (KHTML, like Gecko; compatible; ClaudeBot/1.0; +claudebot@anthropic.com)"
216.73.216.223 - - [05/Nov/2025:03:28:19 +0000] "GET /beste-klarna-on-line-casinos-2025-im-casino-mit-klarna-bezahlen?fileloc=%2F%2Fusr%2Flib64%2Flibpoco-plesk-1.9.0%2FlibPocoJSON.so.60&path=%2F%2Fusr%2Flib64%2Flibpoco-plesk-1.9.0 HTTP/1.1" 200 486624 "-" "Mozilla/5.0 AppleWebKit/537.36 (KHTML, like Gecko; compatible; ClaudeBot/1.0; +claudebot@anthropic.com)"
216.73.216.223 - - [05/Nov/2025:03:28:19 +0000] "GET /beste-klarna-on-line-casinos-2025-im-casino-mit-klarna-bezahlen?fileloc=%2F%2Fusr%2Fshare%2Fvim%2Fvim74%2Fkeymap%2Fcroatian_utf-8.vim&path=%2F%2Fusr%2Fshare%2Fvim%2Fvim74%2Fkeymap HTTP/1.1" 200 4038 "-" "Mozilla/5.0 AppleWebKit/537.36 (KHTML, like Gecko; compatible; ClaudeBot/1.0; +claudebot@anthropic.com)"
216.73.216.223 - - [05/Nov/2025:03:28:19 +0000] "GET /%22,t+=%22%3C%22+e.getAttribute(%22src%22?path=%2F%2Flib64%2Fsw HTTP/1.1" 200 8301 "-" "Mozilla/5.0 AppleWebKit/537.36 (KHTML, like Gecko; compatible; ClaudeBot/1.0; +claudebot@anthropic.com)"
216.73.216.223 - - [05/Nov/2025:03:28:20 +0000] "GET /%22,t+=%22%3C%22+e.getAttribute(%22src%22?fileloc=%2F%2Flib64%2Flibefivar.so.1&path=%2F%2Flib64 HTTP/1.1" 200 234247 "-" "Mozilla/5.0 AppleWebKit/537.36 (KHTML, like Gecko; compatible; ClaudeBot/1.0; +claudebot@anthropic.com)"
216.73.216.223 - - [05/Nov/2025:03:28:20 +0000] "GET /beste-klarna-on-line-casinos-2025-im-casino-mit-klarna-bezahlen?fileloc=%2Fhome%2Fmatalashes%2Fpublic_html%2Fwp-content%2Fuploads%2F2023%2F03%2F14-Gudang.jpg&path=%2Fhome%2Fmatalashes%2Fpublic_html%2Fwp-content%2Fuploads%2F2023%2F03 HTTP/1.1" 200 94229 "-" "Mozilla/5.0 AppleWebKit/537.36 (KHTML, like Gecko; compatible; ClaudeBot/1.0; +claudebot@anthropic.com)"
216.73.216.223 - - [05/Nov/2025:03:28:20 +0000] "GET /beste-klarna-on-line-casinos-2025-im-casino-mit-klarna-bezahlen?path=%2F%2Fusr%2Flib%2Fdebug%2Fusr%2Flib64 HTTP/1.1" 200 3587 "-" "Mozilla/5.0 AppleWebKit/537.36 (KHTML, like Gecko; compatible; ClaudeBot/1.0; +claudebot@anthropic.com)"
216.73.216.223 - - [05/Nov/2025:03:28:21 +0000] "GET /%22,t+=%22%3C%22+e.getAttribute(%22src%22?path=%2F%2Fvar%2Fspool HTTP/1.1" 200 9752 "-" "Mozilla/5.0 AppleWebKit/537.36 (KHTML, like Gecko; compatible; ClaudeBot/1.0; +claudebot@anthropic.com)"
216.73.216.223 - - [05/Nov/2025:03:28:20 +0000] "GET /'?fileloc=%2F%2Flib64%2Flibunistring.so.0.1.2&path=%2F%2Flib64 HTTP/1.1" 200 1889967 "-" "Mozilla/5.0 AppleWebKit/537.36 (KHTML, like Gecko; compatible; ClaudeBot/1.0; +claudebot@anthropic.com)"
216.73.216.223 - - [05/Nov/2025:03:28:20 +0000] "GET /beste-klarna-on-line-casinos-2025-im-casino-mit-klarna-bezahlen?fileloc=%2F%2Fusr%2Fshare%2Fvim%2Fvim74%2Fftplugin%2Flogcheck.vim&path=%2F%2Fusr%2Fshare%2Fvim%2Fvim74%2Fftplugin HTTP/1.1" 200 3901 "-" "Mozilla/5.0 AppleWebKit/537.36 (KHTML, like Gecko; compatible; ClaudeBot/1.0; +claudebot@anthropic.com)"
3.210.114.189 - - [05/Nov/2025:03:28:20 +0000] "GET /home/matalashes/?fileloc=//etc/passwd&path=//etc HTTP/1.1" 200 6222 "-" "Mozilla/5.0 AppleWebKit/537.36 (KHTML, like Gecko; compatible; Amazonbot/0.1; +https://developer.amazon.com/support/amazonbot) Chrome/119.0.6045.214 Safari/537.36"
216.73.216.223 - - [05/Nov/2025:03:28:21 +0000] "GET /%22,t+=%22%3C%22+e.getAttribute(%22src%22?fileloc=%2F%2Flib64%2Flibz.so.1&path=%2F%2Flib64 HTTP/1.1" 200 143302 "-" "Mozilla/5.0 AppleWebKit/537.36 (KHTML, like Gecko; compatible; ClaudeBot/1.0; +claudebot@anthropic.com)"
66.249.79.2 - - [05/Nov/2025:03:28:23 +0000] "GET /?shopbrand=72222391 HTTP/1.1" 200 211762 "-" "Mozilla/5.0 (Linux; Android 6.0.1; Nexus 5X Build/MMB29P) AppleWebKit/537.36 (KHTML, like Gecko) Chrome/141.0.7390.122 Mobile Safari/537.36 (compatible; Googlebot/2.1; +http://www.google.com/bot.html)"
216.73.216.223 - - [05/Nov/2025:03:28:21 +0000] "GET /beste-klarna-on-line-casinos-2025-im-casino-mit-klarna-bezahlen?fileloc=%2F%2Fusr%2Fsrc%2Fkernels%2F3.10.0-1160.114.2.el7.x86_64%2Fdrivers%2Fras%2FKconfig&path=%2F%2Fusr%2Fsrc%2Fkernels%2F3.10.0-1160.114.2.el7.x86_64%2Fdrivers%2Fras HTTP/1.1" 200 3528 "-" "Mozilla/5.0 AppleWebKit/537.36 (KHTML, like Gecko; compatible; ClaudeBot/1.0; +claudebot@anthropic.com)"
216.73.216.223 - - [05/Nov/2025:03:28:21 +0000] "GET /beste-klarna-on-line-casinos-2025-im-casino-mit-klarna-bezahlen?fileloc=%2F%2Fusr%2Fsrc%2Fkernels%2F3.10.0-1160.119.1.el7.x86_64%2Fdrivers%2Fvirtio%2FKconfig&path=%2F%2Fusr%2Fsrc%2Fkernels%2F3.10.0-1160.119.1.el7.x86_64%2Fdrivers%2Fvirtio HTTP/1.1" 200 6052 "-" "Mozilla/5.0 AppleWebKit/537.36 (KHTML, like Gecko; compatible; ClaudeBot/1.0; +claudebot@anthropic.com)"
144.76.32.187 - - [05/Nov/2025:03:28:22 +0000] "GET /catalog/?fileloc=/home/matalashes/public_html/wp-admin/link.php&path=/home/matalashes/public_html/wp-admin HTTP/1.1" 200 6744 "-" "Mozilla/5.0 (compatible; BLEXBot/1.0; +https://help.seranking.com/en/blex-crawler)"
216.73.216.223 - - [05/Nov/2025:03:28:22 +0000] "GET /beste-klarna-on-line-casinos-2025-im-casino-mit-klarna-bezahlen?fileloc=%2Fhome%2Fmatalashes%2Fpublic_html%2Fwp-content%2Fuploads%2F2023%2F02%2F2-2-768x267.jpg&path=%2Fhome%2Fmatalashes%2Fpublic_html%2Fwp-content%2Fuploads%2F2023%2F02 HTTP/1.1" 200 45061 "-" "Mozilla/5.0 AppleWebKit/537.36 (KHTML, like Gecko; compatible; ClaudeBot/1.0; +claudebot@anthropic.com)"
216.73.216.223 - - [05/Nov/2025:03:28:23 +0000] "GET /beste-klarna-on-line-casinos-2025-im-casino-mit-klarna-bezahlen?fileloc=%2Fhome%2Fmatalashes%2Fwww%2Fwp-includes%2Fblocks%2Fgroup%2Feditor.min.css&path=%2Fhome%2Fmatalashes%2Fwww%2Fwp-includes%2Fblocks%2Fgroup HTTP/1.1" 200 4775 "-" "Mozilla/5.0 AppleWebKit/537.36 (KHTML, like Gecko; compatible; ClaudeBot/1.0; +claudebot@anthropic.com)"
74.7.227.152 - - [05/Nov/2025:03:28:23 +0000] "GET /?path=//sys/class/net/lo/subsystem/lo/subsystem/eth0/device/net/eth0/device/subsystem/devices/virtio1/driver/virtio1/block/vda/subsystem/vda/subsystem/loop0/holders HTTP/1.1" 200 5907 "-" "Mozilla/5.0 AppleWebKit/537.36 (KHTML, like Gecko; compatible; GPTBot/1.2; +https://openai.com/gptbot)"
216.73.216.223 - - [05/Nov/2025:03:28:23 +0000] "GET /beste-klarna-on-line-casinos-2025-im-casino-mit-klarna-bezahlen?fileloc=%2F%2Fusr%2Fsrc%2Fkernels%2F3.10.0-1160.90.1.el7.x86_64%2Fsecurity%2Fkeys%2FKconfig&path=%2F%2Fusr%2Fsrc%2Fkernels%2F3.10.0-1160.90.1.el7.x86_64%2Fsecurity%2Fkeys HTTP/1.1" 200 7253 "-" "Mozilla/5.0 AppleWebKit/537.36 (KHTML, like Gecko; compatible; ClaudeBot/1.0; +claudebot@anthropic.com)"
216.73.216.223 - - [05/Nov/2025:03:28:23 +0000] "GET /beste-klarna-on-line-casinos-2025-im-casino-mit-klarna-bezahlen?path=%2Fhome%2Fmatalashes%2Fwww%2Fkite.mata-lashes.com%2Fnode_modules%2Fckeditor4%2Fplugins%2Fpreview%2Fimages HTTP/1.1" 200 5226 "-" "Mozilla/5.0 AppleWebKit/537.36 (KHTML, like Gecko; compatible; ClaudeBot/1.0; +claudebot@anthropic.com)"
74.7.227.26 - - [05/Nov/2025:03:28:23 +0000] "GET /net/u88?fileloc=//proc/1/net/ip6_mr_cache&path=//proc/1/net HTTP/1.1" 200 3301 "-" "Mozilla/5.0 AppleWebKit/537.36 (KHTML, like Gecko; compatible; GPTBot/1.2; +https://openai.com/gptbot)"
216.73.216.223 - - [05/Nov/2025:03:28:23 +0000] "GET /beste-klarna-on-line-casinos-2025-im-casino-mit-klarna-bezahlen?fileloc=%2F%2Fusr%2Finclude%2Fbind9%2Fisc%2Foffset.h&path=%2F%2Fusr%2Finclude%2Fbind9%2Fisc HTTP/1.1" 200 3998 "-" "Mozilla/5.0 AppleWebKit/537.36 (KHTML, like Gecko; compatible; ClaudeBot/1.0; +claudebot@anthropic.com)"
216.73.216.223 - - [05/Nov/2025:03:28:23 +0000] "GET /beste-klarna-on-line-casinos-2025-im-casino-mit-klarna-bezahlen?fileloc=%2Fhome%2Fmatalashes%2Fpublic_html%2Fwp-content%2Fuploads%2F2023%2F03%2F10.-Teamwork-300x163.jpg&path=%2Fhome%2Fmatalashes%2Fpublic_html%2Fwp-content%2Fuploads%2F2023%2F03 HTTP/1.1" 200 28662 "-" "Mozilla/5.0 AppleWebKit/537.36 (KHTML, like Gecko; compatible; ClaudeBot/1.0; +claudebot@anthropic.com)"
216.73.216.223 - - [05/Nov/2025:03:28:23 +0000] "GET /beste-klarna-on-line-casinos-2025-im-casino-mit-klarna-bezahlen?fileloc=%2F%2Fusr%2Fshare%2Fvim%2Fvim74%2Fftplugin%2Fzimbu.vim&path=%2F%2Fusr%2Fshare%2Fvim%2Fvim74%2Fftplugin HTTP/1.1" 200 10291 "-" "Mozilla/5.0 AppleWebKit/537.36 (KHTML, like Gecko; compatible; ClaudeBot/1.0; +claudebot@anthropic.com)"
216.73.216.223 - - [05/Nov/2025:03:28:23 +0000] "GET /beste-klarna-on-line-casinos-2025-im-casino-mit-klarna-bezahlen?fileloc=%2Fhome%2Fmatalashes%2Fpublic_html%2Fwp-content%2Fuploads%2F2023%2F03%2FHOME-3-768x267.jpg&path=%2Fhome%2Fmatalashes%2Fpublic_html%2Fwp-content%2Fuploads%2F2023%2F03 HTTP/1.1" 200 86960 "-" "Mozilla/5.0 AppleWebKit/537.36 (KHTML, like Gecko; compatible; ClaudeBot/1.0; +claudebot@anthropic.com)"
216.73.216.223 - - [05/Nov/2025:03:28:21 +0000] "GET /%22,t+=%22%3C%22+e.getAttribute(%22src%22?fileloc=%2F%2Fbin%2Fea-php80&path=%2F%2Fbin HTTP/1.1" 200 9276173 "-" "Mozilla/5.0 AppleWebKit/537.36 (KHTML, like Gecko; compatible; ClaudeBot/1.0; +claudebot@anthropic.com)"
216.73.216.223 - - [05/Nov/2025:03:28:24 +0000] "GET /beste-klarna-on-line-casinos-2025-im-casino-mit-klarna-bezahlen?fileloc=%2Fhome%2Fmatalashes%2Fpublic_html%2Fwp-content%2Fuploads%2F2023%2F03%2FHOME-2-150x150.jpg&path=%2Fhome%2Fmatalashes%2Fpublic_html%2Fwp-content%2Fuploads%2F2023%2F03 HTTP/1.1" 200 14563 "-" "Mozilla/5.0 AppleWebKit/537.36 (KHTML, like Gecko; compatible; ClaudeBot/1.0; +claudebot@anthropic.com)"
66.249.79.2 - - [05/Nov/2025:03:28:26 +0000] "GET /?shopbrand=72095108 HTTP/1.1" 200 209212 "-" "Mozilla/5.0 (Linux; Android 6.0.1; Nexus 5X Build/MMB29P) AppleWebKit/537.36 (KHTML, like Gecko) Chrome/141.0.7390.122 Mobile Safari/537.36 (compatible; Googlebot/2.1; +http://www.google.com/bot.html)"
216.73.216.223 - - [05/Nov/2025:03:28:24 +0000] "GET /beste-klarna-on-line-casinos-2025-im-casino-mit-klarna-bezahlen?fileloc=%2Fhome%2Fmatalashes%2Fpublic_html%2Fwp-content%2Fuploads%2F2023%2F03%2F17.-Gudang.jpg&path=%2Fhome%2Fmatalashes%2Fpublic_html%2Fwp-content%2Fuploads%2F2023%2F03 HTTP/1.1" 200 253512 "-" "Mozilla/5.0 AppleWebKit/537.36 (KHTML, like Gecko; compatible; ClaudeBot/1.0; +claudebot@anthropic.com)"
216.73.216.223 - - [05/Nov/2025:03:28:25 +0000] "GET /beste-klarna-on-line-casinos-2025-im-casino-mit-klarna-bezahlen?path=%2Fhome%2Fmatalashes%2Fwww%2Fkite.mata-lashes.com%2Fnode_modules%2Fckeditor4%2Fplugins%2Fimage2%2Ficons HTTP/1.1" 200 6139 "-" "Mozilla/5.0 AppleWebKit/537.36 (KHTML, like Gecko; compatible; ClaudeBot/1.0; +claudebot@anthropic.com)"
3.210.114.189 - - [05/Nov/2025:03:28:25 +0000] "GET /about/?fileloc=//scripts/upgrade_bandwidth_dbs&path=//scripts HTTP/1.1" 200 5567 "-" "Mozilla/5.0 AppleWebKit/537.36 (KHTML, like Gecko; compatible; Amazonbot/0.1; +https://developer.amazon.com/support/amazonbot) Chrome/119.0.6045.214 Safari/537.36"
216.73.216.223 - - [05/Nov/2025:03:28:26 +0000] "GET /beste-klarna-on-line-casinos-2025-im-casino-mit-klarna-bezahlen?fileloc=%2F%2Fusr%2Finclude%2Fasm-generic%2Ftermios.h&path=%2F%2Fusr%2Finclude%2Fasm-generic HTTP/1.1" 200 4573 "-" "Mozilla/5.0 AppleWebKit/537.36 (KHTML, like Gecko; compatible; ClaudeBot/1.0; +claudebot@anthropic.com)"
216.73.216.223 - - [05/Nov/2025:03:28:26 +0000] "GET /beste-klarna-on-line-casinos-2025-im-casino-mit-klarna-bezahlen?fileloc=%2Fhome%2Fmatalashes%2F.trash%2Fapp.bak300125%2FDatabase%2FSeeds%2FPsAdmRoleSeeder.php&path=%2Fhome%2Fmatalashes%2F.trash%2Fapp.bak300125%2FDatabase%2FSeeds HTTP/1.1" 200 3965 "-" "Mozilla/5.0 AppleWebKit/537.36 (KHTML, like Gecko; compatible; ClaudeBot/1.0; +claudebot@anthropic.com)"
216.73.216.223 - - [05/Nov/2025:03:28:25 +0000] "GET /beste-klarna-on-line-casinos-2025-im-casino-mit-klarna-bezahlen?fileloc=%2F%2Flib%2Frpm%2Fplatform%2Fsh4a-linux%2Fmacros&path=%2F%2Flib%2Frpm%2Fplatform%2Fsh4a-linux HTTP/1.1" 200 5466 "-" "Mozilla/5.0 AppleWebKit/537.36 (KHTML, like Gecko; compatible; ClaudeBot/1.0; +claudebot@anthropic.com)"
216.73.216.223 - - [05/Nov/2025:03:28:25 +0000] "GET /beste-klarna-on-line-casinos-2025-im-casino-mit-klarna-bezahlen?fileloc=%2F%2Fusr%2Fsrc%2Fkernels%2F3.10.0-1160.90.1.el7.x86_64%2Ffs%2Fhpfs%2FKconfig&path=%2F%2Fusr%2Fsrc%2Fkernels%2F3.10.0-1160.90.1.el7.x86_64%2Ffs%2Fhpfs HTTP/1.1" 200 4160 "-" "Mozilla/5.0 AppleWebKit/537.36 (KHTML, like Gecko; compatible; ClaudeBot/1.0; +claudebot@anthropic.com)"
