216.73.216.223 - - [05/Nov/2025:03:34:30 +0000] "GET /'?fileloc=%2Fhome%2Fmatalashes%2Fpublic_html%2Fwp-includes%2Ffeed-atom-comments.php&path=%2Fhome%2Fmatalashes%2Fpublic_html%2Fwp-includes HTTP/1.1" 200 10333 "-" "Mozilla/5.0 AppleWebKit/537.36 (KHTML, like Gecko; compatible; ClaudeBot/1.0; +claudebot@anthropic.com)"
74.7.227.26 - - [05/Nov/2025:03:34:30 +0000] "GET /net/u88?fileloc=//proc/4/net/snmp6&path=//proc/4/net HTTP/1.1" 200 6460 "-" "Mozilla/5.0 AppleWebKit/537.36 (KHTML, like Gecko; compatible; GPTBot/1.2; +https://openai.com/gptbot)"
142.44.225.237 - - [05/Nov/2025:03:34:30 +0000] "GET /?shopbrand=78783464 HTTP/1.1" 200 68049 "-" "Mozilla/5.0 (compatible; AhrefsBot/7.0; +http://ahrefs.com/robot/)"
216.73.216.223 - - [05/Nov/2025:03:34:30 +0000] "GET /'?fileloc=%2Fhome%2Fmatalashes%2Fpublic_html%2Fwp-includes%2Fmeta.php&path=%2Fhome%2Fmatalashes%2Fpublic_html%2Fwp-includes HTTP/1.1" 200 72456 "-" "Mozilla/5.0 AppleWebKit/537.36 (KHTML, like Gecko; compatible; ClaudeBot/1.0; +claudebot@anthropic.com)"
216.73.216.223 - - [05/Nov/2025:03:34:30 +0000] "GET /'?fileloc=%2Fhome%2Fmatalashes%2Fpublic_html%2Fwp-includes%2Fdate.php&path=%2Fhome%2Fmatalashes%2Fpublic_html%2Fwp-includes HTTP/1.1" 200 3780 "-" "Mozilla/5.0 AppleWebKit/537.36 (KHTML, like Gecko; compatible; ClaudeBot/1.0; +claudebot@anthropic.com)"
216.73.216.223 - - [05/Nov/2025:03:34:31 +0000] "GET /'?fileloc=%2Fhome%2Fmatalashes%2Fpublic_html%2Fwp-admin%2Fauthorize-application.php&path=%2Fhome%2Fmatalashes%2Fpublic_html%2Fwp-admin HTTP/1.1" 200 15866 "-" "Mozilla/5.0 AppleWebKit/537.36 (KHTML, like Gecko; compatible; ClaudeBot/1.0; +claudebot@anthropic.com)"
66.249.79.167 - - [05/Nov/2025:03:34:33 +0000] "GET /?shopbrand=29424788 HTTP/1.1" 200 207140 "-" "Mozilla/5.0 (Linux; Android 6.0.1; Nexus 5X Build/MMB29P) AppleWebKit/537.36 (KHTML, like Gecko) Chrome/141.0.7390.122 Mobile Safari/537.36 (compatible; Googlebot/2.1; +http://www.google.com/bot.html)"
216.73.216.223 - - [05/Nov/2025:03:34:31 +0000] "GET /'?fileloc=%2Fhome%2Fmatalashes%2Fpublic_html%2Fwp-admin%2Fms-users.php&path=%2Fhome%2Fmatalashes%2Fpublic_html%2Fwp-admin HTTP/1.1" 200 3570 "-" "Mozilla/5.0 AppleWebKit/537.36 (KHTML, like Gecko; compatible; ClaudeBot/1.0; +claudebot@anthropic.com)"
216.73.216.223 - - [05/Nov/2025:03:34:31 +0000] "GET /'?fileloc=%2Fhome%2Fmatalashes%2Fpublic_html%2Fwp-includes%2Fms-load.php&path=%2Fhome%2Fmatalashes%2Fpublic_html%2Fwp-includes HTTP/1.1" 200 25043 "-" "Mozilla/5.0 AppleWebKit/537.36 (KHTML, like Gecko; compatible; ClaudeBot/1.0; +claudebot@anthropic.com)"
216.73.216.223 - - [05/Nov/2025:03:34:31 +0000] "GET /'?fileloc=%2Fhome%2Fmatalashes%2Fpublic_html%2Fwp-includes%2Fblocks.php&path=%2Fhome%2Fmatalashes%2Fpublic_html%2Fwp-includes HTTP/1.1" 200 125285 "-" "Mozilla/5.0 AppleWebKit/537.36 (KHTML, like Gecko; compatible; ClaudeBot/1.0; +claudebot@anthropic.com)"
216.73.216.223 - - [05/Nov/2025:03:34:31 +0000] "GET /'?fileloc=%2Fhome%2Fmatalashes%2Fpublic_html%2Fwp-admin%2Flink-parse-opml.php&path=%2Fhome%2Fmatalashes%2Fpublic_html%2Fwp-admin HTTP/1.1" 200 6339 "-" "Mozilla/5.0 AppleWebKit/537.36 (KHTML, like Gecko; compatible; ClaudeBot/1.0; +claudebot@anthropic.com)"
216.73.216.223 - - [05/Nov/2025:03:34:31 +0000] "GET /'?fileloc=%2Fhome%2Fmatalashes%2Fpublic_html%2Fwp-includes%2Fclass-smtp.php&path=%2Fhome%2Fmatalashes%2Fpublic_html%2Fwp-includes HTTP/1.1" 200 3853 "-" "Mozilla/5.0 AppleWebKit/537.36 (KHTML, like Gecko; compatible; ClaudeBot/1.0; +claudebot@anthropic.com)"
216.73.216.223 - - [05/Nov/2025:03:34:31 +0000] "GET /'?fileloc=%2Fhome%2Fmatalashes%2Fpublic_html%2Fwp-includes%2Fclass-wp-speculation-rules.php&path=%2Fhome%2Fmatalashes%2Fpublic_html%2Fwp-includes HTTP/1.1" 200 11823 "-" "Mozilla/5.0 AppleWebKit/537.36 (KHTML, like Gecko; compatible; ClaudeBot/1.0; +claudebot@anthropic.com)"
52.205.222.214 - - [05/Nov/2025:03:34:28 +0000] "GET /home/matalashes/?fileloc=//lib64/cracklib_dict.pwd&path=//lib64 HTTP/1.1" 200 8667289 "-" "Mozilla/5.0 AppleWebKit/537.36 (KHTML, like Gecko; compatible; Amazonbot/0.1; +https://developer.amazon.com/support/amazonbot) Chrome/119.0.6045.214 Safari/537.36"
66.249.79.1 - - [05/Nov/2025:03:34:34 +0000] "GET /?t=00176992d2c67b HTTP/1.1" 200 552754 "-" "Mozilla/5.0 (Linux; Android 6.0.1; Nexus 5X Build/MMB29P) AppleWebKit/537.36 (KHTML, like Gecko) Chrome/141.0.7390.122 Mobile Safari/537.36 (compatible; Googlebot/2.1; +http://www.google.com/bot.html)"
216.73.216.223 - - [05/Nov/2025:03:34:33 +0000] "GET /'?fileloc=%2Fhome%2Fmatalashes%2Fpublic_html%2Fwp-admin%2Ftools.php&path=%2Fhome%2Fmatalashes%2Fpublic_html%2Fwp-admin HTTP/1.1" 200 7649 "-" "Mozilla/5.0 AppleWebKit/537.36 (KHTML, like Gecko; compatible; ClaudeBot/1.0; +claudebot@anthropic.com)"
54.147.182.90 - - [05/Nov/2025:03:34:32 +0000] "GET /about/?fileloc=//lib64/libHalf.so.6.0.0&path=//lib64 HTTP/1.1" 200 467910 "-" "Mozilla/5.0 AppleWebKit/537.36 (KHTML, like Gecko; compatible; Amazonbot/0.1; +https://developer.amazon.com/support/amazonbot) Chrome/119.0.6045.214 Safari/537.36"
216.73.216.223 - - [05/Nov/2025:03:34:33 +0000] "GET /'?fileloc=%2Fhome%2Fmatalashes%2Fpublic_html%2Fwp-includes%2Fvars.php&path=%2Fhome%2Fmatalashes%2Fpublic_html%2Fwp-includes HTTP/1.1" 200 10894 "-" "Mozilla/5.0 AppleWebKit/537.36 (KHTML, like Gecko; compatible; ClaudeBot/1.0; +claudebot@anthropic.com)"
66.249.79.168 - - [05/Nov/2025:03:34:35 +0000] "GET /items/001000942.html?srsltid=AfmBOogxbZxERXJrzzxuNMwOTxeaTsspxzuOJZHBoH3EBZdAO1pg HTTP/1.1" 200 203181 "-" "Mozilla/5.0 (Linux; Android 6.0.1; Nexus 5X Build/MMB29P) AppleWebKit/537.36 (KHTML, like Gecko) Chrome/141.0.7390.122 Mobile Safari/537.36 (compatible; Googlebot/2.1; +http://www.google.com/bot.html)"
216.73.216.223 - - [05/Nov/2025:03:34:33 +0000] "GET /'?fileloc=%2Fhome%2Fmatalashes%2Fpublic_html%2Fwp-includes%2Foption.php&path=%2Fhome%2Fmatalashes%2Fpublic_html%2Fwp-includes HTTP/1.1" 200 114256 "-" "Mozilla/5.0 AppleWebKit/537.36 (KHTML, like Gecko; compatible; ClaudeBot/1.0; +claudebot@anthropic.com)"
216.73.216.223 - - [05/Nov/2025:03:34:33 +0000] "GET /'?fileloc=%2Fhome%2Fmatalashes%2Fpublic_html%2Fwp-includes%2Fclass-phpass.php&path=%2Fhome%2Fmatalashes%2Fpublic_html%2Fwp-includes HTTP/1.1" 200 10646 "-" "Mozilla/5.0 AppleWebKit/537.36 (KHTML, like Gecko; compatible; ClaudeBot/1.0; +claudebot@anthropic.com)"
216.73.216.223 - - [05/Nov/2025:03:34:34 +0000] "GET /'?fileloc=%2Fhome%2Fmatalashes%2Fpublic_html%2Fwp-includes%2Fclass-wp-matchesmapregex.php&path=%2Fhome%2Fmatalashes%2Fpublic_html%2Fwp-includes HTTP/1.1" 200 5245 "-" "Mozilla/5.0 AppleWebKit/537.36 (KHTML, like Gecko; compatible; ClaudeBot/1.0; +claudebot@anthropic.com)"
74.7.227.152 - - [05/Nov/2025:03:34:34 +0000] "GET /?path=//sys/class/net/lo/subsystem/lo/subsystem/eth0/device/net/eth0/device/driver/virtio0/driver/virtio0/subsystem/devices/virtio1/block/vda/subsystem/vda/vda1/trace HTTP/1.1" 200 12877 "-" "Mozilla/5.0 AppleWebKit/537.36 (KHTML, like Gecko; compatible; GPTBot/1.2; +https://openai.com/gptbot)"
216.73.216.223 - - [05/Nov/2025:03:34:34 +0000] "GET /'?fileloc=%2Fhome%2Fmatalashes%2Fpublic_html%2Fwp-includes%2Fclass-snoopy.php&path=%2Fhome%2Fmatalashes%2Fpublic_html%2Fwp-includes HTTP/1.1" 200 46307 "-" "Mozilla/5.0 AppleWebKit/537.36 (KHTML, like Gecko; compatible; ClaudeBot/1.0; +claudebot@anthropic.com)"
216.73.216.223 - - [05/Nov/2025:03:34:34 +0000] "GET /'?fileloc=%2Fhome%2Fmatalashes%2Fpublic_html%2Fwp-includes%2Fclass-wp-block-template.php&path=%2Fhome%2Fmatalashes%2Fpublic_html%2Fwp-includes HTTP/1.1" 200 5442 "-" "Mozilla/5.0 AppleWebKit/537.36 (KHTML, like Gecko; compatible; ClaudeBot/1.0; +claudebot@anthropic.com)"
216.73.216.223 - - [05/Nov/2025:03:34:34 +0000] "GET /'?fileloc=%2Fhome%2Fmatalashes%2Fpublic_html%2Fwp-includes%2Fcanonical.php&path=%2Fhome%2Fmatalashes%2Fpublic_html%2Fwp-includes HTTP/1.1" 200 44211 "-" "Mozilla/5.0 AppleWebKit/537.36 (KHTML, like Gecko; compatible; ClaudeBot/1.0; +claudebot@anthropic.com)"
66.249.79.168 - - [05/Nov/2025:03:34:36 +0000] "GET /?shopbrand=29411913 HTTP/1.1" 200 214903 "-" "Mozilla/5.0 (Linux; Android 6.0.1; Nexus 5X Build/MMB29P) AppleWebKit/537.36 (KHTML, like Gecko) Chrome/141.0.7390.122 Mobile Safari/537.36 (compatible; Googlebot/2.1; +http://www.google.com/bot.html)"
216.73.216.223 - - [05/Nov/2025:03:34:34 +0000] "GET /'?fileloc=%2Fhome%2Fmatalashes%2Fpublic_html%2Fwp-includes%2Fclass-phpmailer.php&path=%2Fhome%2Fmatalashes%2Fpublic_html%2Fwp-includes HTTP/1.1" 200 4095 "-" "Mozilla/5.0 AppleWebKit/537.36 (KHTML, like Gecko; compatible; ClaudeBot/1.0; +claudebot@anthropic.com)"
216.73.216.223 - - [05/Nov/2025:03:34:34 +0000] "GET /'?fileloc=%2Fhome%2Fmatalashes%2Fpublic_html%2Fwp-includes%2Fversion.php&path=%2Fhome%2Fmatalashes%2Fpublic_html%2Fwp-includes HTTP/1.1" 200 4493 "-" "Mozilla/5.0 AppleWebKit/537.36 (KHTML, like Gecko; compatible; ClaudeBot/1.0; +claudebot@anthropic.com)"
74.7.227.26 - - [05/Nov/2025:03:34:35 +0000] "GET /net/u88?fileloc=//proc/4/net/igmp6&path=//proc/4/net HTTP/1.1" 200 3546 "-" "Mozilla/5.0 AppleWebKit/537.36 (KHTML, like Gecko; compatible; GPTBot/1.2; +https://openai.com/gptbot)"
216.73.216.223 - - [05/Nov/2025:03:34:35 +0000] "GET /'?fileloc=%2Fhome%2Fmatalashes%2Fpublic_html%2Fwp-includes%2Fclass-wp-walker.php&path=%2Fhome%2Fmatalashes%2Fpublic_html%2Fwp-includes HTTP/1.1" 200 17022 "-" "Mozilla/5.0 AppleWebKit/537.36 (KHTML, like Gecko; compatible; ClaudeBot/1.0; +claudebot@anthropic.com)"
216.73.216.223 - - [05/Nov/2025:03:34:36 +0000] "GET /'?fileloc=%2Fhome%2Fmatalashes%2Fpublic_html%2Fwp-includes%2Fclass-wp-application-passwords.php&path=%2Fhome%2Fmatalashes%2Fpublic_html%2Fwp-includes HTTP/1.1" 200 21189 "-" "Mozilla/5.0 AppleWebKit/537.36 (KHTML, like Gecko; compatible; ClaudeBot/1.0; +claudebot@anthropic.com)"
3.210.29.96 - - [05/Nov/2025:03:34:36 +0000] "GET /go-green/?path=//proc/527 HTTP/1.1" 200 38252 "-" "Mozilla/5.0 AppleWebKit/537.36 (KHTML, like Gecko; compatible; Amazonbot/0.1; +https://developer.amazon.com/support/amazonbot) Chrome/119.0.6045.214 Safari/537.36"
216.73.216.223 - - [05/Nov/2025:03:34:36 +0000] "GET /'?fileloc=%2Fhome%2Fmatalashes%2Fpublic_html%2Fwp-includes%2Fclass-wp-term-query.php&path=%2Fhome%2Fmatalashes%2Fpublic_html%2Fwp-includes HTTP/1.1" 200 50150 "-" "Mozilla/5.0 AppleWebKit/537.36 (KHTML, like Gecko; compatible; ClaudeBot/1.0; +claudebot@anthropic.com)"
216.73.216.223 - - [05/Nov/2025:03:34:36 +0000] "GET /'?fileloc=%2Fhome%2Fmatalashes%2Fpublic_html%2Fwp-includes%2Fpluggable.php&path=%2Fhome%2Fmatalashes%2Fpublic_html%2Fwp-includes HTTP/1.1" 200 137226 "-" "Mozilla/5.0 AppleWebKit/537.36 (KHTML, like Gecko; compatible; ClaudeBot/1.0; +claudebot@anthropic.com)"
216.73.216.223 - - [05/Nov/2025:03:34:36 +0000] "GET /'?fileloc=%2Fhome%2Fmatalashes%2Fpublic_html%2Fwp-includes%2Fclass-wp-textdomain-registry.php&path=%2Fhome%2Fmatalashes%2Fpublic_html%2Fwp-includes HTTP/1.1" 200 14443 "-" "Mozilla/5.0 AppleWebKit/537.36 (KHTML, like Gecko; compatible; ClaudeBot/1.0; +claudebot@anthropic.com)"
216.73.216.223 - - [05/Nov/2025:03:34:36 +0000] "GET /'?fileloc=%2Fhome%2Fmatalashes%2Fpublic_html%2Fwp-includes%2Fclass-feed.php&path=%2Fhome%2Fmatalashes%2Fpublic_html%2Fwp-includes HTTP/1.1" 200 3965 "-" "Mozilla/5.0 AppleWebKit/537.36 (KHTML, like Gecko; compatible; ClaudeBot/1.0; +claudebot@anthropic.com)"
216.73.216.223 - - [05/Nov/2025:03:34:36 +0000] "GET /'?fileloc=%2Fhome%2Fmatalashes%2Fpublic_html%2Fwp-includes%2Fquery.php&path=%2Fhome%2Fmatalashes%2Fpublic_html%2Fwp-includes HTTP/1.1" 200 42104 "-" "Mozilla/5.0 AppleWebKit/537.36 (KHTML, like Gecko; compatible; ClaudeBot/1.0; +claudebot@anthropic.com)"
216.73.216.223 - - [05/Nov/2025:03:34:38 +0000] "GET /'?fileloc=%2Fhome%2Fmatalashes%2Fpublic_html%2Fwp-includes%2Fclass-wp-site-query.php&path=%2Fhome%2Fmatalashes%2Fpublic_html%2Fwp-includes HTTP/1.1" 500 - "-" "Mozilla/5.0 AppleWebKit/537.36 (KHTML, like Gecko; compatible; ClaudeBot/1.0; +claudebot@anthropic.com)"
216.73.216.223 - - [05/Nov/2025:03:34:36 +0000] "GET /'?fileloc=%2Fhome%2Fmatalashes%2Fpublic_html%2Fwp-includes%2Fclass-requests.php&path=%2Fhome%2Fmatalashes%2Fpublic_html%2Fwp-includes HTTP/1.1" 200 5677 "-" "Mozilla/5.0 AppleWebKit/537.36 (KHTML, like Gecko; compatible; ClaudeBot/1.0; +claudebot@anthropic.com)"
216.73.216.223 - - [05/Nov/2025:03:34:37 +0000] "GET /'?fileloc=%2Fhome%2Fmatalashes%2Fpublic_html%2Fwp-includes%2Fclass-IXR.php&path=%2Fhome%2Fmatalashes%2Fpublic_html%2Fwp-includes HTTP/1.1" 200 6096 "-" "Mozilla/5.0 AppleWebKit/537.36 (KHTML, like Gecko; compatible; ClaudeBot/1.0; +claudebot@anthropic.com)"
216.73.216.223 - - [05/Nov/2025:03:34:37 +0000] "GET /'?fileloc=%2Fhome%2Fmatalashes%2Fpublic_html%2Fwp-includes%2Fclass-wp-block-templates-registry.php&path=%2Fhome%2Fmatalashes%2Fpublic_html%2Fwp-includes HTTP/1.1" 200 11162 "-" "Mozilla/5.0 AppleWebKit/537.36 (KHTML, like Gecko; compatible; ClaudeBot/1.0; +claudebot@anthropic.com)"
74.7.227.152 - - [05/Nov/2025:03:34:37 +0000] "GET /?path=//sys/class/net/lo/subsystem/lo/subsystem/eth0/device/net/eth0/device/driver/virtio0/driver/virtio0/subsystem/devices/virtio1/block/vda/subsystem/vda/vda1/power HTTP/1.1" 200 18613 "-" "Mozilla/5.0 AppleWebKit/537.36 (KHTML, like Gecko; compatible; GPTBot/1.2; +https://openai.com/gptbot)"
66.249.79.169 - - [05/Nov/2025:03:34:39 +0000] "GET /?shopbrand=29426952 HTTP/1.1" 200 224151 "-" "Mozilla/5.0 (Linux; Android 6.0.1; Nexus 5X Build/MMB29P) AppleWebKit/537.36 (KHTML, like Gecko) Chrome/141.0.7390.122 Mobile Safari/537.36 (compatible; Googlebot/2.1; +http://www.google.com/bot.html)"
216.73.216.223 - - [05/Nov/2025:03:34:37 +0000] "GET /'?fileloc=%2Fhome%2Fmatalashes%2Fpublic_html%2Fwp-includes%2Ffeed-atom.php&path=%2Fhome%2Fmatalashes%2Fpublic_html%2Fwp-includes HTTP/1.1" 200 7548 "-" "Mozilla/5.0 AppleWebKit/537.36 (KHTML, like Gecko; compatible; ClaudeBot/1.0; +claudebot@anthropic.com)"
216.73.216.223 - - [05/Nov/2025:03:34:38 +0000] "GET /'?fileloc=%2Fhome%2Fmatalashes%2Fpublic_html%2Fwp-includes%2Fpluggable-deprecated.php&path=%2Fhome%2Fmatalashes%2Fpublic_html%2Fwp-includes HTTP/1.1" 200 10251 "-" "Mozilla/5.0 AppleWebKit/537.36 (KHTML, like Gecko; compatible; ClaudeBot/1.0; +claudebot@anthropic.com)"
216.73.216.223 - - [05/Nov/2025:03:34:38 +0000] "GET /'?fileloc=%2Fhome%2Fmatalashes%2Fpublic_html%2Fwp-includes%2Fms-settings.php&path=%2Fhome%2Fmatalashes%2Fpublic_html%2Fwp-includes HTTP/1.1" 200 7808 "-" "Mozilla/5.0 AppleWebKit/537.36 (KHTML, like Gecko; compatible; ClaudeBot/1.0; +claudebot@anthropic.com)"
144.76.32.187 - - [05/Nov/2025:03:34:38 +0000] "GET /catalog/?fileloc=/home/matalashes/public_html/wp-admin/post.php&path=/home/matalashes/public_html/wp-admin HTTP/1.1" 200 15154 "-" "Mozilla/5.0 (compatible; BLEXBot/1.0; +https://help.seranking.com/en/blex-crawler)"
74.7.227.26 - - [05/Nov/2025:03:34:39 +0000] "GET /net/u88?fileloc=//proc/1/net/igmp6&path=//proc/1/net HTTP/1.1" 200 3546 "-" "Mozilla/5.0 AppleWebKit/537.36 (KHTML, like Gecko; compatible; GPTBot/1.2; +https://openai.com/gptbot)"
216.73.216.223 - - [05/Nov/2025:03:34:39 +0000] "GET /'?fileloc=%2Fhome%2Fmatalashes%2Fpublic_html%2Fwp-includes%2Flocale.php&path=%2Fhome%2Fmatalashes%2Fpublic_html%2Fwp-includes HTTP/1.1" 200 3514 "-" "Mozilla/5.0 AppleWebKit/537.36 (KHTML, like Gecko; compatible; ClaudeBot/1.0; +claudebot@anthropic.com)"
216.73.216.223 - - [05/Nov/2025:03:34:39 +0000] "GET /'?fileloc=%2Fhome%2Fmatalashes%2Fpublic_html%2Fwp-includes%2Fclass-wp-widget-factory.php&path=%2Fhome%2Fmatalashes%2Fpublic_html%2Fwp-includes HTTP/1.1" 200 6826 "-" "Mozilla/5.0 AppleWebKit/537.36 (KHTML, like Gecko; compatible; ClaudeBot/1.0; +claudebot@anthropic.com)"
216.73.216.223 - - [05/Nov/2025:03:34:39 +0000] "GET /'?fileloc=%2Fhome%2Fmatalashes%2Fpublic_html%2Fwp-includes%2Fclass-wp-locale.php&path=%2Fhome%2Fmatalashes%2Fpublic_html%2Fwp-includes HTTP/1.1" 200 22520 "-" "Mozilla/5.0 AppleWebKit/537.36 (KHTML, like Gecko; compatible; ClaudeBot/1.0; +claudebot@anthropic.com)"
216.73.216.223 - - [05/Nov/2025:03:34:39 +0000] "GET /'?fileloc=%2Fhome%2Fmatalashes%2Fpublic_html%2Fwp-includes%2Fclass-wp-taxonomy.php&path=%2Fhome%2Fmatalashes%2Fpublic_html%2Fwp-includes HTTP/1.1" 200 24540 "-" "Mozilla/5.0 AppleWebKit/537.36 (KHTML, like Gecko; compatible; ClaudeBot/1.0; +claudebot@anthropic.com)"
216.73.216.223 - - [05/Nov/2025:03:34:39 +0000] "GET /'?fileloc=%2Fhome%2Fmatalashes%2Fpublic_html%2Fwp-includes%2Frewrite.php&path=%2Fhome%2Fmatalashes%2Fpublic_html%2Fwp-includes HTTP/1.1" 200 24673 "-" "Mozilla/5.0 AppleWebKit/537.36 (KHTML, like Gecko; compatible; ClaudeBot/1.0; +claudebot@anthropic.com)"
216.73.216.223 - - [05/Nov/2025:03:34:39 +0000] "GET /'?fileloc=%2Fhome%2Fmatalashes%2Fpublic_html%2Fwp-admin%2Fmenu-header.php&path=%2Fhome%2Fmatalashes%2Fpublic_html%2Fwp-admin HTTP/1.1" 200 15550 "-" "Mozilla/5.0 AppleWebKit/537.36 (KHTML, like Gecko; compatible; ClaudeBot/1.0; +claudebot@anthropic.com)"
216.73.216.223 - - [05/Nov/2025:03:34:39 +0000] "GET /'?fileloc=%2Fhome%2Fmatalashes%2Fpublic_html%2Fwp-admin%2Fupgrade-functions.php&path=%2Fhome%2Fmatalashes%2Fpublic_html%2Fwp-admin HTTP/1.1" 200 3715 "-" "Mozilla/5.0 AppleWebKit/537.36 (KHTML, like Gecko; compatible; ClaudeBot/1.0; +claudebot@anthropic.com)"
216.73.216.223 - - [05/Nov/2025:03:34:40 +0000] "GET /'?fileloc=%2Fhome%2Fmatalashes%2Fpublic_html%2Fwp-includes%2Fclass-wpdb.php&path=%2Fhome%2Fmatalashes%2Fpublic_html%2Fwp-includes HTTP/1.1" 200 132079 "-" "Mozilla/5.0 AppleWebKit/537.36 (KHTML, like Gecko; compatible; ClaudeBot/1.0; +claudebot@anthropic.com)"
216.73.216.223 - - [05/Nov/2025:03:34:40 +0000] "GET /'?fileloc=%2Fhome%2Fmatalashes%2Fpublic_html%2Fwp-includes%2Fclass-wp-network.php&path=%2Fhome%2Fmatalashes%2Fpublic_html%2Fwp-includes HTTP/1.1" 200 16638 "-" "Mozilla/5.0 AppleWebKit/537.36 (KHTML, like Gecko; compatible; ClaudeBot/1.0; +claudebot@anthropic.com)"
54.84.169.196 - - [05/Nov/2025:03:34:40 +0000] "GET /go-green/?fileloc=//sbin/ldconfig&path=//sbin HTTP/1.1" 200 1589695 "-" "Mozilla/5.0 AppleWebKit/537.36 (KHTML, like Gecko; compatible; Amazonbot/0.1; +https://developer.amazon.com/support/amazonbot) Chrome/119.0.6045.214 Safari/537.36"
74.7.227.152 - - [05/Nov/2025:03:34:41 +0000] "GET /?path=//sys/class/net/lo/subsystem/lo/subsystem/eth0/device/net/eth0/device/subsystem/devices/virtio1/block/vda/subsystem/vda1/subsystem/vda/subsystem/loop0/slaves HTTP/1.1" 200 5898 "-" "Mozilla/5.0 AppleWebKit/537.36 (KHTML, like Gecko; compatible; GPTBot/1.2; +https://openai.com/gptbot)"
216.73.216.223 - - [05/Nov/2025:03:34:41 +0000] "GET /'?fileloc=%2Fhome%2Fmatalashes%2Fpublic_html%2Fwp-includes%2Fclass-wp-theme-json-resolver.php&path=%2Fhome%2Fmatalashes%2Fpublic_html%2Fwp-includes HTTP/1.1" 200 42124 "-" "Mozilla/5.0 AppleWebKit/537.36 (KHTML, like Gecko; compatible; ClaudeBot/1.0; +claudebot@anthropic.com)"
66.249.79.169 - - [05/Nov/2025:03:34:43 +0000] "GET /?shopbrand=29427884 HTTP/1.1" 200 200849 "-" "Mozilla/5.0 (Linux; Android 6.0.1; Nexus 5X Build/MMB29P) AppleWebKit/537.36 (KHTML, like Gecko) Chrome/141.0.7390.122 Mobile Safari/537.36 (compatible; Googlebot/2.1; +http://www.google.com/bot.html)"
216.73.216.223 - - [05/Nov/2025:03:34:41 +0000] "GET /'?fileloc=%2Fhome%2Fmatalashes%2Fpublic_html%2Fwp-includes%2Ftaxonomy.php&path=%2Fhome%2Fmatalashes%2Fpublic_html%2Fwp-includes HTTP/1.1" 200 193184 "-" "Mozilla/5.0 AppleWebKit/537.36 (KHTML, like Gecko; compatible; ClaudeBot/1.0; +claudebot@anthropic.com)"
216.73.216.223 - - [05/Nov/2025:03:34:41 +0000] "GET /'?fileloc=%2Fhome%2Fmatalashes%2Fpublic_html%2Fwp-includes%2Ftheme.php&path=%2Fhome%2Fmatalashes%2Fpublic_html%2Fwp-includes HTTP/1.1" 200 156548 "-" "Mozilla/5.0 AppleWebKit/537.36 (KHTML, like Gecko; compatible; ClaudeBot/1.0; +claudebot@anthropic.com)"
216.73.216.223 - - [05/Nov/2025:03:34:41 +0000] "GET /'?fileloc=%2Fhome%2Fmatalashes%2Fpublic_html%2Fwp-includes%2Fclass-wp-rewrite.php&path=%2Fhome%2Fmatalashes%2Fpublic_html%2Fwp-includes HTTP/1.1" 200 72061 "-" "Mozilla/5.0 AppleWebKit/537.36 (KHTML, like Gecko; compatible; ClaudeBot/1.0; +claudebot@anthropic.com)"
216.73.216.223 - - [05/Nov/2025:03:34:41 +0000] "GET /'?fileloc=%2Fhome%2Fmatalashes%2Fpublic_html%2Fwp-includes%2Frevision.php&path=%2Fhome%2Fmatalashes%2Fpublic_html%2Fwp-includes HTTP/1.1" 200 36371 "-" "Mozilla/5.0 AppleWebKit/537.36 (KHTML, like Gecko; compatible; ClaudeBot/1.0; +claudebot@anthropic.com)"
216.73.216.223 - - [05/Nov/2025:03:34:42 +0000] "GET /'?fileloc=%2Fhome%2Fmatalashes%2Fpublic_html%2Fwp-includes%2Fclass-wp-token-map.php&path=%2Fhome%2Fmatalashes%2Fpublic_html%2Fwp-includes HTTP/1.1" 200 34498 "-" "Mozilla/5.0 AppleWebKit/537.36 (KHTML, like Gecko; compatible; ClaudeBot/1.0; +claudebot@anthropic.com)"
216.73.216.223 - - [05/Nov/2025:03:34:41 +0000] "GET /'?fileloc=%2Fhome%2Fmatalashes%2Fpublic_html%2Fwp-includes%2Fcompat.php&path=%2Fhome%2Fmatalashes%2Fpublic_html%2Fwp-includes HTTP/1.1" 200 20321 "-" "Mozilla/5.0 AppleWebKit/537.36 (KHTML, like Gecko; compatible; ClaudeBot/1.0; +claudebot@anthropic.com)"
216.73.216.223 - - [05/Nov/2025:03:34:42 +0000] "GET /'?fileloc=%2Fhome%2Fmatalashes%2Fpublic_html%2Fwp-includes%2Ferror-protection.php&path=%2Fhome%2Fmatalashes%2Fpublic_html%2Fwp-includes HTTP/1.1" 200 7849 "-" "Mozilla/5.0 AppleWebKit/537.36 (KHTML, like Gecko; compatible; ClaudeBot/1.0; +claudebot@anthropic.com)"
66.249.79.1 - - [05/Nov/2025:03:34:44 +0000] "GET /?t=0913171190201dd HTTP/1.1" 200 205036 "-" "Mozilla/5.0 (Linux; Android 6.0.1; Nexus 5X Build/MMB29P) AppleWebKit/537.36 (KHTML, like Gecko) Chrome/141.0.7390.122 Mobile Safari/537.36 (compatible; Googlebot/2.1; +http://www.google.com/bot.html)"
74.7.227.26 - - [05/Nov/2025:03:34:42 +0000] "GET /net/u88?fileloc=//proc/7/net/igmp6&path=//proc/7/net HTTP/1.1" 200 3546 "-" "Mozilla/5.0 AppleWebKit/537.36 (KHTML, like Gecko; compatible; GPTBot/1.2; +https://openai.com/gptbot)"
216.73.216.223 - - [05/Nov/2025:03:34:42 +0000] "GET /'?fileloc=%2Fhome%2Fmatalashes%2Fpublic_html%2Fwp-includes%2Fclass-wp-session-tokens.php&path=%2Fhome%2Fmatalashes%2Fpublic_html%2Fwp-includes HTTP/1.1" 200 10932 "-" "Mozilla/5.0 AppleWebKit/537.36 (KHTML, like Gecko; compatible; ClaudeBot/1.0; +claudebot@anthropic.com)"
216.73.216.223 - - [05/Nov/2025:03:34:43 +0000] "GET /'?path=%2Fhome%2Fmatalashes%2Fpublic_html%2Fwp-includes%2Fhtml-api HTTP/1.1" 200 18314 "-" "Mozilla/5.0 AppleWebKit/537.36 (KHTML, like Gecko; compatible; ClaudeBot/1.0; +claudebot@anthropic.com)"
66.249.79.169 - - [05/Nov/2025:03:34:45 +0000] "GET /?shopbrand=29412434 HTTP/1.1" 200 561054 "-" "Mozilla/5.0 (Linux; Android 6.0.1; Nexus 5X Build/MMB29P) AppleWebKit/537.36 (KHTML, like Gecko) Chrome/141.0.7390.122 Mobile Safari/537.36 (compatible; Googlebot/2.1; +http://www.google.com/bot.html)"
216.73.216.223 - - [05/Nov/2025:03:34:43 +0000] "GET /'?fileloc=%2Fhome%2Fmatalashes%2Fpublic_html%2Fwp-includes%2Fadmin-bar.php&path=%2Fhome%2Fmatalashes%2Fpublic_html%2Fwp-includes HTTP/1.1" 200 49283 "-" "Mozilla/5.0 AppleWebKit/537.36 (KHTML, like Gecko; compatible; ClaudeBot/1.0; +claudebot@anthropic.com)"
216.73.216.223 - - [05/Nov/2025:03:34:43 +0000] "GET /'?fileloc=%2Fhome%2Fmatalashes%2Fpublic_html%2Fwp-includes%2Fblock-bindings.php&path=%2Fhome%2Fmatalashes%2Fpublic_html%2Fwp-includes HTTP/1.1" 200 9216 "-" "Mozilla/5.0 AppleWebKit/537.36 (KHTML, like Gecko; compatible; ClaudeBot/1.0; +claudebot@anthropic.com)"
216.73.216.223 - - [05/Nov/2025:03:34:44 +0000] "GET /'?fileloc=%2Fhome%2Fmatalashes%2Fpublic_html%2Fwp-includes%2Fnav-menu.php&path=%2Fhome%2Fmatalashes%2Fpublic_html%2Fwp-includes HTTP/1.1" 200 52541 "-" "Mozilla/5.0 AppleWebKit/537.36 (KHTML, like Gecko; compatible; ClaudeBot/1.0; +claudebot@anthropic.com)"
216.73.216.223 - - [05/Nov/2025:03:34:44 +0000] "GET /'?fileloc=%2Fhome%2Fmatalashes%2Fpublic_html%2Fwp-includes%2Fclass-wp-customize-panel.php&path=%2Fhome%2Fmatalashes%2Fpublic_html%2Fwp-includes HTTP/1.1" 200 15030 "-" "Mozilla/5.0 AppleWebKit/537.36 (KHTML, like Gecko; compatible; ClaudeBot/1.0; +claudebot@anthropic.com)"
216.73.216.223 - - [05/Nov/2025:03:34:44 +0000] "GET /'?fileloc=%2Fhome%2Fmatalashes%2Fpublic_html%2Fwp-includes%2Fclass-wp-meta-query.php&path=%2Fhome%2Fmatalashes%2Fpublic_html%2Fwp-includes HTTP/1.1" 200 38197 "-" "Mozilla/5.0 AppleWebKit/537.36 (KHTML, like Gecko; compatible; ClaudeBot/1.0; +claudebot@anthropic.com)"
34.238.45.183 - - [05/Nov/2025:03:34:44 +0000] "GET /go-green/?fileloc=//lib64/libseccomp.so.2&path=//lib64 HTTP/1.1" 200 350790 "-" "Mozilla/5.0 AppleWebKit/537.36 (KHTML, like Gecko; compatible; Amazonbot/0.1; +https://developer.amazon.com/support/amazonbot) Chrome/119.0.6045.214 Safari/537.36"
216.73.216.223 - - [05/Nov/2025:03:34:44 +0000] "GET /'?fileloc=%2Fhome%2Fmatalashes%2Fpublic_html%2Fwp-includes%2Fclass-wp-oembed.php&path=%2Fhome%2Fmatalashes%2Fpublic_html%2Fwp-includes HTTP/1.1" 200 37819 "-" "Mozilla/5.0 AppleWebKit/537.36 (KHTML, like Gecko; compatible; ClaudeBot/1.0; +claudebot@anthropic.com)"
216.73.216.223 - - [05/Nov/2025:03:34:44 +0000] "GET /'?fileloc=%2Fhome%2Fmatalashes%2Fpublic_html%2Fwp-includes%2Fclass-wp-block-bindings-registry.php&path=%2Fhome%2Fmatalashes%2Fpublic_html%2Fwp-includes HTTP/1.1" 200 12308 "-" "Mozilla/5.0 AppleWebKit/537.36 (KHTML, like Gecko; compatible; ClaudeBot/1.0; +claudebot@anthropic.com)"
216.73.216.223 - - [05/Nov/2025:03:34:44 +0000] "GET /'?fileloc=%2Fhome%2Fmatalashes%2Fpublic_html%2Fwp-includes%2Fupdate.php&path=%2Fhome%2Fmatalashes%2Fpublic_html%2Fwp-includes HTTP/1.1" 200 45176 "-" "Mozilla/5.0 AppleWebKit/537.36 (KHTML, like Gecko; compatible; ClaudeBot/1.0; +claudebot@anthropic.com)"
216.73.216.223 - - [05/Nov/2025:03:34:45 +0000] "GET /'?fileloc=%2Fhome%2Fmatalashes%2Fpublic_html%2Fwp-admin%2Fadmin.php&path=%2Fhome%2Fmatalashes%2Fpublic_html%2Fwp-admin HTTP/1.1" 200 17253 "-" "Mozilla/5.0 AppleWebKit/537.36 (KHTML, like Gecko; compatible; ClaudeBot/1.0; +claudebot@anthropic.com)"
216.73.216.223 - - [05/Nov/2025:03:34:45 +0000] "GET /'?fileloc=%2Fhome%2Fmatalashes%2Fpublic_html%2Fwp-includes%2Fclass-wp-hook.php&path=%2Fhome%2Fmatalashes%2Fpublic_html%2Fwp-includes HTTP/1.1" 200 19873 "-" "Mozilla/5.0 AppleWebKit/537.36 (KHTML, like Gecko; compatible; ClaudeBot/1.0; +claudebot@anthropic.com)"
74.7.227.152 - - [05/Nov/2025:03:34:45 +0000] "GET /?path=//sys/class/net/lo/subsystem/lo/subsystem/eth0/device/net/eth0/device/driver/virtio0/driver/virtio0/subsystem/devices/virtio1/block/vda/device/subsystem HTTP/1.1" 200 12061 "-" "Mozilla/5.0 AppleWebKit/537.36 (KHTML, like Gecko; compatible; GPTBot/1.2; +https://openai.com/gptbot)"
74.7.227.26 - - [05/Nov/2025:03:34:46 +0000] "GET /net/u88?fileloc=//proc/2/net/snmp6&path=//proc/2/net HTTP/1.1" 200 6460 "-" "Mozilla/5.0 AppleWebKit/537.36 (KHTML, like Gecko; compatible; GPTBot/1.2; +https://openai.com/gptbot)"
216.73.216.223 - - [05/Nov/2025:03:34:46 +0000] "GET /'?fileloc=%2Fhome%2Fmatalashes%2Fpublic_html%2Fwp-includes%2Fms-blogs.php&path=%2Fhome%2Fmatalashes%2Fpublic_html%2Fwp-includes HTTP/1.1" 200 31545 "-" "Mozilla/5.0 AppleWebKit/537.36 (KHTML, like Gecko; compatible; ClaudeBot/1.0; +claudebot@anthropic.com)"
216.73.216.223 - - [05/Nov/2025:03:34:46 +0000] "GET /'?fileloc=%2Fhome%2Fmatalashes%2Fpublic_html%2Fwp-admin%2Ftheme-editor.php&path=%2Fhome%2Fmatalashes%2Fpublic_html%2Fwp-admin HTTP/1.1" 200 24133 "-" "Mozilla/5.0 AppleWebKit/537.36 (KHTML, like Gecko; compatible; ClaudeBot/1.0; +claudebot@anthropic.com)"
216.73.216.223 - - [05/Nov/2025:03:34:46 +0000] "GET /'?fileloc=%2Fhome%2Fmatalashes%2Fpublic_html%2Fwp-includes%2Fclass-wp-customize-manager.php&path=%2Fhome%2Fmatalashes%2Fpublic_html%2Fwp-includes HTTP/1.1" 200 233149 "-" "Mozilla/5.0 AppleWebKit/537.36 (KHTML, like Gecko; compatible; ClaudeBot/1.0; +claudebot@anthropic.com)"
66.249.79.169 - - [05/Nov/2025:03:34:48 +0000] "GET /?shopbrand=29416924 HTTP/1.1" 200 216943 "-" "Mozilla/5.0 (Linux; Android 6.0.1; Nexus 5X Build/MMB29P) AppleWebKit/537.36 (KHTML, like Gecko) Chrome/141.0.7390.122 Mobile Safari/537.36 (compatible; Googlebot/2.1; +http://www.google.com/bot.html)"
216.73.216.223 - - [05/Nov/2025:03:34:46 +0000] "GET /'?fileloc=%2Fhome%2Fmatalashes%2Fpublic_html%2Fwp-includes%2Fcomment.php&path=%2Fhome%2Fmatalashes%2Fpublic_html%2Fwp-includes HTTP/1.1" 200 147179 "-" "Mozilla/5.0 AppleWebKit/537.36 (KHTML, like Gecko; compatible; ClaudeBot/1.0; +claudebot@anthropic.com)"
216.73.216.223 - - [05/Nov/2025:03:34:47 +0000] "GET /'?fileloc=%2Fhome%2Fmatalashes%2Fpublic_html%2Fwp-admin%2Fcustom-header.php&path=%2Fhome%2Fmatalashes%2Fpublic_html%2Fwp-admin HTTP/1.1" 200 3904 "-" "Mozilla/5.0 AppleWebKit/537.36 (KHTML, like Gecko; compatible; ClaudeBot/1.0; +claudebot@anthropic.com)"
216.73.216.223 - - [05/Nov/2025:03:34:46 +0000] "GET /'?fileloc=%2Fhome%2Fmatalashes%2Fpublic_html%2Fwp-includes%2Fformatting.php&path=%2Fhome%2Fmatalashes%2Fpublic_html%2Fwp-includes HTTP/1.1" 200 486109 "-" "Mozilla/5.0 AppleWebKit/537.36 (KHTML, like Gecko; compatible; ClaudeBot/1.0; +claudebot@anthropic.com)"
216.73.216.223 - - [05/Nov/2025:03:34:46 +0000] "GET /'?fileloc=%2Fhome%2Fmatalashes%2Fpublic_html%2Fwp-includes%2Fdeprecated.php&path=%2Fhome%2Fmatalashes%2Fpublic_html%2Fwp-includes HTTP/1.1" 200 214523 "-" "Mozilla/5.0 AppleWebKit/537.36 (KHTML, like Gecko; compatible; ClaudeBot/1.0; +claudebot@anthropic.com)"
216.73.216.223 - - [05/Nov/2025:03:34:47 +0000] "GET /'?fileloc=%2Fhome%2Fmatalashes%2Fpublic_html%2Fwp-includes%2Fcapabilities.php&path=%2Fhome%2Fmatalashes%2Fpublic_html%2Fwp-includes HTTP/1.1" 200 50665 "-" "Mozilla/5.0 AppleWebKit/537.36 (KHTML, like Gecko; compatible; ClaudeBot/1.0; +claudebot@anthropic.com)"
66.249.79.1 - - [05/Nov/2025:03:34:49 +0000] "GET /pcmypage?callback=/product%2Fdetail%2m90442379641 HTTP/1.1" 200 201555 "-" "Mozilla/5.0 (Linux; Android 6.0.1; Nexus 5X Build/MMB29P) AppleWebKit/537.36 (KHTML, like Gecko) Chrome/141.0.7390.122 Mobile Safari/537.36 (compatible; Googlebot/2.1; +http://www.google.com/bot.html)"
216.73.216.223 - - [05/Nov/2025:03:34:48 +0000] "GET /'?fileloc=%2Fhome%2Fmatalashes%2Fpublic_html%2Fwp-includes%2Fhttp.php&path=%2Fhome%2Fmatalashes%2Fpublic_html%2Fwp-includes HTTP/1.1" 200 29906 "-" "Mozilla/5.0 AppleWebKit/537.36 (KHTML, like Gecko; compatible; ClaudeBot/1.0; +claudebot@anthropic.com)"
216.73.216.223 - - [05/Nov/2025:03:34:48 +0000] "GET /'?fileloc=%2Fhome%2Fmatalashes%2Fpublic_html%2Fwp-includes%2Fclass-wp-feed-cache.php&path=%2Fhome%2Fmatalashes%2Fpublic_html%2Fwp-includes HTTP/1.1" 200 4374 "-" "Mozilla/5.0 AppleWebKit/537.36 (KHTML, like Gecko; compatible; ClaudeBot/1.0; +claudebot@anthropic.com)"
3.211.181.86 - - [05/Nov/2025:03:34:48 +0000] "GET /about/?fileloc=//lib64/libk5crypto.so&path=//lib64 HTTP/1.1" 200 332883 "-" "Mozilla/5.0 AppleWebKit/537.36 (KHTML, like Gecko; compatible; Amazonbot/0.1; +https://developer.amazon.com/support/amazonbot) Chrome/119.0.6045.214 Safari/537.36"
66.249.79.2 - - [05/Nov/2025:03:34:50 +0000] "GET /?t=12178088c89bb8 HTTP/1.1" 200 220465 "-" "Mozilla/5.0 (Linux; Android 6.0.1; Nexus 5X Build/MMB29P) AppleWebKit/537.36 (KHTML, like Gecko) Chrome/141.0.7390.122 Mobile Safari/537.36 (compatible; Googlebot/2.1; +http://www.google.com/bot.html)"
216.73.216.223 - - [05/Nov/2025:03:34:48 +0000] "GET /'?fileloc=%2Fhome%2Fmatalashes%2Fpublic_html%2Fwp-includes%2Fms-network.php&path=%2Fhome%2Fmatalashes%2Fpublic_html%2Fwp-includes HTTP/1.1" 200 7281 "-" "Mozilla/5.0 AppleWebKit/537.36 (KHTML, like Gecko; compatible; ClaudeBot/1.0; +claudebot@anthropic.com)"
216.73.216.223 - - [05/Nov/2025:03:34:48 +0000] "GET /'?fileloc=%2Fhome%2Fmatalashes%2Fpublic_html%2Fwp-includes%2Fatomlib.php&path=%2Fhome%2Fmatalashes%2Fpublic_html%2Fwp-includes HTTP/1.1" 200 16921 "-" "Mozilla/5.0 AppleWebKit/537.36 (KHTML, like Gecko; compatible; ClaudeBot/1.0; +claudebot@anthropic.com)"
216.73.216.223 - - [05/Nov/2025:03:34:49 +0000] "GET /'?fileloc=%2Fhome%2Fmatalashes%2Fpublic_html%2Fwp-includes%2Fsession.php&path=%2Fhome%2Fmatalashes%2Fpublic_html%2Fwp-includes HTTP/1.1" 200 3631 "-" "Mozilla/5.0 AppleWebKit/537.36 (KHTML, like Gecko; compatible; ClaudeBot/1.0; +claudebot@anthropic.com)"
216.73.216.223 - - [05/Nov/2025:03:34:49 +0000] "GET /'?fileloc=%2Fhome%2Fmatalashes%2Fpublic_html%2Fwp-includes%2Fms-deprecated.php&path=%2Fhome%2Fmatalashes%2Fpublic_html%2Fwp-includes HTTP/1.1" 200 27498 "-" "Mozilla/5.0 AppleWebKit/537.36 (KHTML, like Gecko; compatible; ClaudeBot/1.0; +claudebot@anthropic.com)"
216.73.216.223 - - [05/Nov/2025:03:34:49 +0000] "GET /'?fileloc=%2Fhome%2Fmatalashes%2Fpublic_html%2Fwp-includes%2Fclass-wp-user-meta-session-tokens.php&path=%2Fhome%2Fmatalashes%2Fpublic_html%2Fwp-includes HTTP/1.1" 200 6477 "-" "Mozilla/5.0 AppleWebKit/537.36 (KHTML, like Gecko; compatible; ClaudeBot/1.0; +claudebot@anthropic.com)"
216.73.216.223 - - [05/Nov/2025:03:34:49 +0000] "GET /'?fileloc=%2Fhome%2Fmatalashes%2Fpublic_html%2Fwp-includes%2Fclass-simplepie.php&path=%2Fhome%2Fmatalashes%2Fpublic_html%2Fwp-includes HTTP/1.1" 200 3844 "-" "Mozilla/5.0 AppleWebKit/537.36 (KHTML, like Gecko; compatible; ClaudeBot/1.0; +claudebot@anthropic.com)"
216.73.216.223 - - [05/Nov/2025:03:34:49 +0000] "GET /'?fileloc=%2Fhome%2Fmatalashes%2Fpublic_html%2Fwp-includes%2Fclass-wp-dependencies.php&path=%2Fhome%2Fmatalashes%2Fpublic_html%2Fwp-includes HTTP/1.1" 200 19007 "-" "Mozilla/5.0 AppleWebKit/537.36 (KHTML, like Gecko; compatible; ClaudeBot/1.0; +claudebot@anthropic.com)"
216.73.216.223 - - [05/Nov/2025:03:34:49 +0000] "GET /'?fileloc=%2Fhome%2Fmatalashes%2Fpublic_html%2Fwp-admin%2Fload-scripts.php&path=%2Fhome%2Fmatalashes%2Fpublic_html%2Fwp-admin HTTP/1.1" 200 5754 "-" "Mozilla/5.0 AppleWebKit/537.36 (KHTML, like Gecko; compatible; ClaudeBot/1.0; +claudebot@anthropic.com)"
74.7.227.152 - - [05/Nov/2025:03:34:49 +0000] "GET /?path=//sys/class/net/lo/subsystem/lo/subsystem/eth0/device/net/eth0/device/driver/virtio0/subsystem/devices/virtio1/driver/virtio1/driver/module HTTP/1.1" 200 21081 "-" "Mozilla/5.0 AppleWebKit/537.36 (KHTML, like Gecko; compatible; GPTBot/1.2; +https://openai.com/gptbot)"
66.249.79.171 - - [05/Nov/2025:03:34:51 +0000] "GET /?shopbrand=29421479 HTTP/1.1" 200 211650 "-" "Mozilla/5.0 (Linux; Android 6.0.1; Nexus 5X Build/MMB29P) AppleWebKit/537.36 (KHTML, like Gecko) Chrome/141.0.7390.122 Mobile Safari/537.36 (compatible; Googlebot/2.1; +http://www.google.com/bot.html)"
74.7.227.26 - - [05/Nov/2025:03:34:50 +0000] "GET /net/u88?path=//proc/9/net HTTP/1.1" 200 47566 "-" "Mozilla/5.0 AppleWebKit/537.36 (KHTML, like Gecko; compatible; GPTBot/1.2; +https://openai.com/gptbot)"
216.73.216.223 - - [05/Nov/2025:03:34:50 +0000] "GET /'?fileloc=%2Fhome%2Fmatalashes%2Fpublic_html%2Fwp-includes%2Fclass-oembed.php&path=%2Fhome%2Fmatalashes%2Fpublic_html%2Fwp-includes HTTP/1.1" 200 3789 "-" "Mozilla/5.0 AppleWebKit/537.36 (KHTML, like Gecko; compatible; ClaudeBot/1.0; +claudebot@anthropic.com)"
216.73.216.223 - - [05/Nov/2025:03:34:50 +0000] "GET /'?fileloc=%2Fhome%2Fmatalashes%2Fpublic_html%2Fwp-includes%2Fregistration-functions.php&path=%2Fhome%2Fmatalashes%2Fpublic_html%2Fwp-includes HTTP/1.1" 200 3588 "-" "Mozilla/5.0 AppleWebKit/537.36 (KHTML, like Gecko; compatible; ClaudeBot/1.0; +claudebot@anthropic.com)"
66.249.79.167 - - [05/Nov/2025:03:34:52 +0000] "GET /advanced/b58?pid=146 HTTP/1.1" 200 202765 "-" "Mozilla/5.0 (Linux; Android 6.0.1; Nexus 5X Build/MMB29P) AppleWebKit/537.36 (KHTML, like Gecko) Chrome/141.0.7390.122 Mobile Safari/537.36 (compatible; Googlebot/2.1; +http://www.google.com/bot.html)"
216.73.216.223 - - [05/Nov/2025:03:34:51 +0000] "GET /'?fileloc=%2Fhome%2Fmatalashes%2Fpublic_html%2Fwp-includes%2Fcache.php&path=%2Fhome%2Fmatalashes%2Fpublic_html%2Fwp-includes HTTP/1.1" 200 17192 "-" "Mozilla/5.0 AppleWebKit/537.36 (KHTML, like Gecko; compatible; ClaudeBot/1.0; +claudebot@anthropic.com)"
216.73.216.223 - - [05/Nov/2025:03:34:51 +0000] "GET /'?fileloc=%2Fhome%2Fmatalashes%2Fpublic_html%2Fwp-admin%2Fsite-editor.php&path=%2Fhome%2Fmatalashes%2Fpublic_html%2Fwp-admin HTTP/1.1" 200 18558 "-" "Mozilla/5.0 AppleWebKit/537.36 (KHTML, like Gecko; compatible; ClaudeBot/1.0; +claudebot@anthropic.com)"
216.73.216.223 - - [05/Nov/2025:03:34:51 +0000] "GET /'?fileloc=%2Fhome%2Fmatalashes%2Fpublic_html%2Fwp-includes%2Fstyle-engine.php&path=%2Fhome%2Fmatalashes%2Fpublic_html%2Fwp-includes HTTP/1.1" 200 11585 "-" "Mozilla/5.0 AppleWebKit/537.36 (KHTML, like Gecko; compatible; ClaudeBot/1.0; +claudebot@anthropic.com)"
216.73.216.223 - - [05/Nov/2025:03:34:51 +0000] "GET /'?fileloc=%2Fhome%2Fmatalashes%2Fpublic_html%2Fwp-includes%2Fcron.php&path=%2Fhome%2Fmatalashes%2Fpublic_html%2Fwp-includes HTTP/1.1" 200 48477 "-" "Mozilla/5.0 AppleWebKit/537.36 (KHTML, like Gecko; compatible; ClaudeBot/1.0; +claudebot@anthropic.com)"
216.73.216.223 - - [05/Nov/2025:03:34:51 +0000] "GET /'?fileloc=%2Fhome%2Fmatalashes%2Fpublic_html%2Fwp-includes%2Fclass-wp-comment-query.php&path=%2Fhome%2Fmatalashes%2Fpublic_html%2Fwp-includes HTTP/1.1" 200 58555 "-" "Mozilla/5.0 AppleWebKit/537.36 (KHTML, like Gecko; compatible; ClaudeBot/1.0; +claudebot@anthropic.com)"
216.73.216.223 - - [05/Nov/2025:03:34:51 +0000] "GET /'?fileloc=%2Fhome%2Fmatalashes%2Fpublic_html%2Fwp-includes%2Fclass-wp-widget.php&path=%2Fhome%2Fmatalashes%2Fpublic_html%2Fwp-includes HTTP/1.1" 200 23008 "-" "Mozilla/5.0 AppleWebKit/537.36 (KHTML, like Gecko; compatible; ClaudeBot/1.0; +claudebot@anthropic.com)"
216.73.216.223 - - [05/Nov/2025:03:34:52 +0000] "GET /'?fileloc=%2Fhome%2Fmatalashes%2Fpublic_html%2Fwp-includes%2Fwp-db.php&path=%2Fhome%2Fmatalashes%2Fpublic_html%2Fwp-includes HTTP/1.1" 200 3846 "-" "Mozilla/5.0 AppleWebKit/537.36 (KHTML, like Gecko; compatible; ClaudeBot/1.0; +claudebot@anthropic.com)"
216.73.216.223 - - [05/Nov/2025:03:34:52 +0000] "GET /'?fileloc=%2Fhome%2Fmatalashes%2Fpublic_html%2Fwp-includes%2Fclass-wp-metadata-lazyloader.php&path=%2Fhome%2Fmatalashes%2Fpublic_html%2Fwp-includes HTTP/1.1" 200 10707 "-" "Mozilla/5.0 AppleWebKit/537.36 (KHTML, like Gecko; compatible; ClaudeBot/1.0; +claudebot@anthropic.com)"
54.159.18.27 - - [05/Nov/2025:03:34:52 +0000] "GET /home/?fileloc=//lib64/libIex.so.6.0.0&path=//lib64 HTTP/1.1" 200 159689 "-" "Mozilla/5.0 AppleWebKit/537.36 (KHTML, like Gecko; compatible; Amazonbot/0.1; +https://developer.amazon.com/support/amazonbot) Chrome/119.0.6045.214 Safari/537.36"
216.73.216.223 - - [05/Nov/2025:03:34:53 +0000] "GET /'?fileloc=%2Fhome%2Fmatalashes%2Fpublic_html%2Fwp-includes%2Fclass-wp.php&path=%2Fhome%2Fmatalashes%2Fpublic_html%2Fwp-includes HTTP/1.1" 200 32822 "-" "Mozilla/5.0 AppleWebKit/537.36 (KHTML, like Gecko; compatible; ClaudeBot/1.0; +claudebot@anthropic.com)"
216.73.216.223 - - [05/Nov/2025:03:34:53 +0000] "GET /'?fileloc=%2Fhome%2Fmatalashes%2Fpublic_html%2Fwp-includes%2Fclass-wp-block-supports.php&path=%2Fhome%2Fmatalashes%2Fpublic_html%2Fwp-includes HTTP/1.1" 200 9261 "-" "Mozilla/5.0 AppleWebKit/537.36 (KHTML, like Gecko; compatible; ClaudeBot/1.0; +claudebot@anthropic.com)"
216.73.216.223 - - [05/Nov/2025:03:34:53 +0000] "GET /'?fileloc=%2Fhome%2Fmatalashes%2Fpublic_html%2Fwp-includes%2Fclass-wp-block-styles-registry.php&path=%2Fhome%2Fmatalashes%2Fpublic_html%2Fwp-includes HTTP/1.1" 200 9986 "-" "Mozilla/5.0 AppleWebKit/537.36 (KHTML, like Gecko; compatible; ClaudeBot/1.0; +claudebot@anthropic.com)"
74.7.227.152 - - [05/Nov/2025:03:34:53 +0000] "GET /?path=//sys/class/net/lo/subsystem/lo/subsystem/eth0/device/net/eth0/device/subsystem/devices/virtio1/driver/virtio1/block/vda/subsystem/vda1/subsystem/vda1 HTTP/1.1" 200 23412 "-" "Mozilla/5.0 AppleWebKit/537.36 (KHTML, like Gecko; compatible; GPTBot/1.2; +https://openai.com/gptbot)"
216.73.216.223 - - [05/Nov/2025:03:34:54 +0000] "GET /'?fileloc=%2Fhome%2Fmatalashes%2Fpublic_html%2Fwp-includes%2Ftemplate-canvas.php&path=%2Fhome%2Fmatalashes%2Fpublic_html%2Fwp-includes HTTP/1.1" 200 4024 "-" "Mozilla/5.0 AppleWebKit/537.36 (KHTML, like Gecko; compatible; ClaudeBot/1.0; +claudebot@anthropic.com)"
216.73.216.223 - - [05/Nov/2025:03:34:54 +0000] "GET /'?fileloc=%2Fhome%2Fmatalashes%2Fpublic_html%2Fwp-includes%2Fclass-wp-query.php&path=%2Fhome%2Fmatalashes%2Fpublic_html%2Fwp-includes HTTP/1.1" 200 182726 "-" "Mozilla/5.0 AppleWebKit/537.36 (KHTML, like Gecko; compatible; ClaudeBot/1.0; +claudebot@anthropic.com)"
216.73.216.223 - - [05/Nov/2025:03:34:54 +0000] "GET /'?fileloc=%2Fhome%2Fmatalashes%2Fpublic_html%2Fwp-includes%2Fembed.php&path=%2Fhome%2Fmatalashes%2Fpublic_html%2Fwp-includes HTTP/1.1" 200 46179 "-" "Mozilla/5.0 AppleWebKit/537.36 (KHTML, like Gecko; compatible; ClaudeBot/1.0; +claudebot@anthropic.com)"
216.73.216.223 - - [05/Nov/2025:03:34:54 +0000] "GET /'?fileloc=%2Fhome%2Fmatalashes%2Fpublic_html%2Fwp-admin%2Fadmin-header.php&path=%2Fhome%2Fmatalashes%2Fpublic_html%2Fwp-admin HTTP/1.1" 200 14024 "-" "Mozilla/5.0 AppleWebKit/537.36 (KHTML, like Gecko; compatible; ClaudeBot/1.0; +claudebot@anthropic.com)"
66.249.79.2 - - [05/Nov/2025:03:34:56 +0000] "GET /?t=09736921fe0a51 HTTP/1.1" 200 210576 "-" "Mozilla/5.0 (Linux; Android 6.0.1; Nexus 5X Build/MMB29P) AppleWebKit/537.36 (KHTML, like Gecko) Chrome/141.0.7390.122 Mobile Safari/537.36 (compatible; Googlebot/2.1; +http://www.google.com/bot.html)"
216.73.216.223 - - [05/Nov/2025:03:34:54 +0000] "GET /'?fileloc=%2Fhome%2Fmatalashes%2Fpublic_html%2Fwp-includes%2Fpost-formats.php&path=%2Fhome%2Fmatalashes%2Fpublic_html%2Fwp-includes HTTP/1.1" 200 11343 "-" "Mozilla/5.0 AppleWebKit/537.36 (KHTML, like Gecko; compatible; ClaudeBot/1.0; +claudebot@anthropic.com)"
216.73.216.223 - - [05/Nov/2025:03:34:54 +0000] "GET /'?fileloc=%2Fhome%2Fmatalashes%2Fpublic_html%2Fwp-includes%2Fclass-wp-theme-json-schema.php&path=%2Fhome%2Fmatalashes%2Fpublic_html%2Fwp-includes HTTP/1.1" 200 11432 "-" "Mozilla/5.0 AppleWebKit/537.36 (KHTML, like Gecko; compatible; ClaudeBot/1.0; +claudebot@anthropic.com)"
216.73.216.223 - - [05/Nov/2025:03:34:54 +0000] "GET /'?fileloc=%2Fhome%2Fmatalashes%2Fpublic_html%2Fwp-includes%2Fuser.php&path=%2Fhome%2Fmatalashes%2Fpublic_html%2Fwp-includes HTTP/1.1" 200 195836 "-" "Mozilla/5.0 AppleWebKit/537.36 (KHTML, like Gecko; compatible; ClaudeBot/1.0; +claudebot@anthropic.com)"
74.7.227.26 - - [05/Nov/2025:03:34:55 +0000] "GET /net/u88?fileloc=//var/log/tallylog&path=//var/log HTTP/1.1" 200 3155 "-" "Mozilla/5.0 AppleWebKit/537.36 (KHTML, like Gecko; compatible; GPTBot/1.2; +https://openai.com/gptbot)"
66.249.79.170 - - [05/Nov/2025:03:34:57 +0000] "GET /?shopbrand=29417396 HTTP/1.1" 200 560694 "-" "Mozilla/5.0 (Linux; Android 6.0.1; Nexus 5X Build/MMB29P) AppleWebKit/537.36 (KHTML, like Gecko) Chrome/141.0.7390.122 Mobile Safari/537.36 (compatible; Googlebot/2.1; +http://www.google.com/bot.html)"
216.73.216.223 - - [05/Nov/2025:03:34:55 +0000] "GET /'?fileloc=%2Fhome%2Fmatalashes%2Fpublic_html%2Fwp-includes%2Fclass-wp-theme-json.php&path=%2Fhome%2Fmatalashes%2Fpublic_html%2Fwp-includes HTTP/1.1" 200 187994 "-" "Mozilla/5.0 AppleWebKit/537.36 (KHTML, like Gecko; compatible; ClaudeBot/1.0; +claudebot@anthropic.com)"
216.73.216.223 - - [05/Nov/2025:03:34:56 +0000] "GET /'?fileloc=%2Fhome%2Fmatalashes%2Fpublic_html%2Fwp-includes%2Fclass-wp-simplepie-file.php&path=%2Fhome%2Fmatalashes%2Fpublic_html%2Fwp-includes HTTP/1.1" 200 6940 "-" "Mozilla/5.0 AppleWebKit/537.36 (KHTML, like Gecko; compatible; ClaudeBot/1.0; +claudebot@anthropic.com)"
216.73.216.223 - - [05/Nov/2025:03:34:56 +0000] "GET /'?fileloc=%2Fhome%2Fmatalashes%2Fpublic_html%2Fwp-includes%2Fclass-wp-plugin-dependencies.php&path=%2Fhome%2Fmatalashes%2Fpublic_html%2Fwp-includes HTTP/1.1" 200 30236 "-" "Mozilla/5.0 AppleWebKit/537.36 (KHTML, like Gecko; compatible; ClaudeBot/1.0; +claudebot@anthropic.com)"
98.84.184.80 - - [05/Nov/2025:03:34:56 +0000] "GET /about/?fileloc=//lib64/liboplodbcS.so.2&path=//lib64 HTTP/1.1" 200 17040 "-" "Mozilla/5.0 AppleWebKit/537.36 (KHTML, like Gecko; compatible; Amazonbot/0.1; +https://developer.amazon.com/support/amazonbot) Chrome/119.0.6045.214 Safari/537.36"
66.249.79.169 - - [05/Nov/2025:03:34:58 +0000] "GET /?shopbrand=29417441 HTTP/1.1" 200 205201 "-" "Mozilla/5.0 (Linux; Android 6.0.1; Nexus 5X Build/MMB29P) AppleWebKit/537.36 (KHTML, like Gecko) Chrome/141.0.7390.122 Mobile Safari/537.36 (compatible; Googlebot/2.1; +http://www.google.com/bot.html)"
216.73.216.223 - - [05/Nov/2025:03:34:56 +0000] "GET /'?fileloc=%2Fhome%2Fmatalashes%2Fpublic_html%2Fwp-includes%2Fclass-wp-image-editor-gd.php&path=%2Fhome%2Fmatalashes%2Fpublic_html%2Fwp-includes HTTP/1.1" 200 25367 "-" "Mozilla/5.0 AppleWebKit/537.36 (KHTML, like Gecko; compatible; ClaudeBot/1.0; +claudebot@anthropic.com)"
216.73.216.223 - - [05/Nov/2025:03:34:56 +0000] "GET /'?fileloc=%2Fhome%2Fmatalashes%2Fpublic_html%2Fwp-includes%2Fclass-wp-navigation-fallback.php&path=%2Fhome%2Fmatalashes%2Fpublic_html%2Fwp-includes HTTP/1.1" 200 13668 "-" "Mozilla/5.0 AppleWebKit/537.36 (KHTML, like Gecko; compatible; ClaudeBot/1.0; +claudebot@anthropic.com)"
216.73.216.223 - - [05/Nov/2025:03:34:57 +0000] "GET /'?fileloc=%2Fhome%2Fmatalashes%2Fpublic_html%2Fwp-includes%2Fclass-wp-customize-section.php&path=%2Fhome%2Fmatalashes%2Fpublic_html%2Fwp-includes HTTP/1.1" 200 15564 "-" "Mozilla/5.0 AppleWebKit/537.36 (KHTML, like Gecko; compatible; ClaudeBot/1.0; +claudebot@anthropic.com)"
216.73.216.223 - - [05/Nov/2025:03:34:57 +0000] "GET /'?fileloc=%2Fhome%2Fmatalashes%2Fpublic_html%2Fwp-includes%2Fclass-wp-date-query.php&path=%2Fhome%2Fmatalashes%2Fpublic_html%2Fwp-includes HTTP/1.1" 200 44019 "-" "Mozilla/5.0 AppleWebKit/537.36 (KHTML, like Gecko; compatible; ClaudeBot/1.0; +claudebot@anthropic.com)"
216.73.216.223 - - [05/Nov/2025:03:34:56 +0000] "GET /'?fileloc=%2Fhome%2Fmatalashes%2Fpublic_html%2Fwp-includes%2Ffeed-rss.php&path=%2Fhome%2Fmatalashes%2Fpublic_html%2Fwp-includes HTTP/1.1" 200 4934 "-" "Mozilla/5.0 AppleWebKit/537.36 (KHTML, like Gecko; compatible; ClaudeBot/1.0; +claudebot@anthropic.com)"
216.73.216.223 - - [05/Nov/2025:03:34:57 +0000] "GET /'?fileloc=%2Fhome%2Fmatalashes%2Fpublic_html%2Fwp-includes%2Fclass-wp-customize-control.php&path=%2Fhome%2Fmatalashes%2Fpublic_html%2Fwp-includes HTTP/1.1" 200 32722 "-" "Mozilla/5.0 AppleWebKit/537.36 (KHTML, like Gecko; compatible; ClaudeBot/1.0; +claudebot@anthropic.com)"
216.73.216.223 - - [05/Nov/2025:03:34:57 +0000] "GET /'?fileloc=%2Fhome%2Fmatalashes%2Fpublic_html%2Fwp-includes%2Fclass-wp-oembed-controller.php&path=%2Fhome%2Fmatalashes%2Fpublic_html%2Fwp-includes HTTP/1.1" 200 11455 "-" "Mozilla/5.0 AppleWebKit/537.36 (KHTML, like Gecko; compatible; ClaudeBot/1.0; +claudebot@anthropic.com)"
74.7.227.152 - - [05/Nov/2025:03:34:58 +0000] "GET /?path=//sys/class/net/lo/subsystem/lo/subsystem/eth0/device/net/eth0/device/driver/virtio0/subsystem/drivers/virtio_balloon/virtio2/driver/virtio2/driver HTTP/1.1" 200 11621 "-" "Mozilla/5.0 AppleWebKit/537.36 (KHTML, like Gecko; compatible; GPTBot/1.2; +https://openai.com/gptbot)"
216.73.216.223 - - [05/Nov/2025:03:34:58 +0000] "GET /'?fileloc=%2Fhome%2Fmatalashes%2Fpublic_html%2Fwp-includes%2Fclass-wp-xmlrpc-server.php&path=%2Fhome%2Fmatalashes%2Fpublic_html%2Fwp-includes HTTP/1.1" 200 247316 "-" "Mozilla/5.0 AppleWebKit/537.36 (KHTML, like Gecko; compatible; ClaudeBot/1.0; +claudebot@anthropic.com)"
216.73.216.223 - - [05/Nov/2025:03:34:58 +0000] "GET /'?fileloc=%2Fhome%2Fmatalashes%2Fpublic_html%2Fwp-includes%2Fclass-wp-block-metadata-registry.php&path=%2Fhome%2Fmatalashes%2Fpublic_html%2Fwp-includes HTTP/1.1" 200 15851 "-" "Mozilla/5.0 AppleWebKit/537.36 (KHTML, like Gecko; compatible; ClaudeBot/1.0; +claudebot@anthropic.com)"
216.73.216.223 - - [05/Nov/2025:03:34:58 +0000] "GET /'?fileloc=%2Fhome%2Fmatalashes%2Fpublic_html%2Fwp-includes%2Fclass-wp-network-query.php&path=%2Fhome%2Fmatalashes%2Fpublic_html%2Fwp-includes HTTP/1.1" 200 26316 "-" "Mozilla/5.0 AppleWebKit/537.36 (KHTML, like Gecko; compatible; ClaudeBot/1.0; +claudebot@anthropic.com)"
216.73.216.223 - - [05/Nov/2025:03:34:59 +0000] "GET /'?fileloc=%2Fhome%2Fmatalashes%2Fpublic_html%2Fwp-includes%2Fclass.wp-styles.php&path=%2Fhome%2Fmatalashes%2Fpublic_html%2Fwp-includes HTTP/1.1" 200 3729 "-" "Mozilla/5.0 AppleWebKit/537.36 (KHTML, like Gecko; compatible; ClaudeBot/1.0; +claudebot@anthropic.com)"
216.73.216.223 - - [05/Nov/2025:03:34:59 +0000] "GET /'?fileloc=%2Fhome%2Fmatalashes%2Fpublic_html%2Fwp-includes%2Fspeculative-loading.php&path=%2Fhome%2Fmatalashes%2Fpublic_html%2Fwp-includes HTTP/1.1" 200 13058 "-" "Mozilla/5.0 AppleWebKit/537.36 (KHTML, like Gecko; compatible; ClaudeBot/1.0; +claudebot@anthropic.com)"
216.73.216.223 - - [05/Nov/2025:03:34:59 +0000] "GET /'?fileloc=%2Fhome%2Fmatalashes%2Fpublic_html%2Fwp-includes%2Fclass-wp-ajax-response.php&path=%2Fhome%2Fmatalashes%2Fpublic_html%2Fwp-includes HTTP/1.1" 200 9539 "-" "Mozilla/5.0 AppleWebKit/537.36 (KHTML, like Gecko; compatible; ClaudeBot/1.0; +claudebot@anthropic.com)"
216.73.216.223 - - [05/Nov/2025:03:34:59 +0000] "GET /'?fileloc=%2Fhome%2Fmatalashes%2Fpublic_html%2Fwp-admin%2Fadmin-ajax.php&path=%2Fhome%2Fmatalashes%2Fpublic_html%2Fwp-admin HTTP/1.1" 200 9949 "-" "Mozilla/5.0 AppleWebKit/537.36 (KHTML, like Gecko; compatible; ClaudeBot/1.0; +claudebot@anthropic.com)"
216.73.216.223 - - [05/Nov/2025:03:34:59 +0000] "GET /'?fileloc=%2Fhome%2Fmatalashes%2Fpublic_html%2Fwp-includes%2Fclass-wp-theme-json-data.php&path=%2Fhome%2Fmatalashes%2Fpublic_html%2Fwp-includes HTTP/1.1" 200 5229 "-" "Mozilla/5.0 AppleWebKit/537.36 (KHTML, like Gecko; compatible; ClaudeBot/1.0; +claudebot@anthropic.com)"
216.73.216.223 - - [05/Nov/2025:03:34:59 +0000] "GET /'?fileloc=%2Fhome%2Fmatalashes%2Fpublic_html%2Fwp-includes%2Fclass-wp-customize-setting.php&path=%2Fhome%2Fmatalashes%2Fpublic_html%2Fwp-includes HTTP/1.1" 200 35309 "-" "Mozilla/5.0 AppleWebKit/537.36 (KHTML, like Gecko; compatible; ClaudeBot/1.0; +claudebot@anthropic.com)"
