216.73.216.223 - - [05/Nov/2025:03:25:33 +0000] "GET /beste-klarna-on-line-casinos-2025-im-casino-mit-klarna-bezahlen?fileloc=%2Fhome%2Fmatalashes%2Fwww%2Fkite.mata-lashes.com%2F.git%2Fobjects%2F3c%2F372ab76e4d414c8b5487ef0fef1ea6a5eb5d9e&path=%2Fhome%2Fmatalashes%2Fwww%2Fkite.mata-lashes.com%2F.git%2Fobjects%2F3c HTTP/1.1" 200 4011 "-" "Mozilla/5.0 AppleWebKit/537.36 (KHTML, like Gecko; compatible; ClaudeBot/1.0; +claudebot@anthropic.com)"
216.73.216.223 - - [05/Nov/2025:03:25:34 +0000] "GET /beste-klarna-on-line-casinos-2025-im-casino-mit-klarna-bezahlen?fileloc=%2F%2Flib64%2Fpython3.6%2Fdistutils%2Fcommand%2F__pycache__%2F__init__.cpython-36.opt-2.pyc&path=%2F%2Flib64%2Fpython3.6%2Fdistutils%2Fcommand%2F__pycache__ HTTP/1.1" 200 3878 "-" "Mozilla/5.0 AppleWebKit/537.36 (KHTML, like Gecko; compatible; ClaudeBot/1.0; +claudebot@anthropic.com)"
216.73.216.223 - - [05/Nov/2025:03:25:34 +0000] "GET /beste-klarna-on-line-casinos-2025-im-casino-mit-klarna-bezahlen?fileloc=%2F%2Fusr%2Fsrc%2Fkernels%2F3.10.0-1160.119.1.el7.x86_64%2Finclude%2Fmath-emu%2Fop-8.h&path=%2F%2Fusr%2Fsrc%2Fkernels%2F3.10.0-1160.119.1.el7.x86_64%2Finclude%2Fmath-emu HTTP/1.1" 200 7527 "-" "Mozilla/5.0 AppleWebKit/537.36 (KHTML, like Gecko; compatible; ClaudeBot/1.0; +claudebot@anthropic.com)"
216.73.216.223 - - [05/Nov/2025:03:25:33 +0000] "GET /url%20=%3Cwidth%3Ex%3Cheight%3E%20%22optional%20title%22?fileloc=%2F%2Flib64%2Flibmysqlclient.so.15&path=%2F%2Flib64 HTTP/1.1" 200 3040516 "-" "Mozilla/5.0 AppleWebKit/537.36 (KHTML, like Gecko; compatible; ClaudeBot/1.0; +claudebot@anthropic.com)"
216.73.216.223 - - [05/Nov/2025:03:25:34 +0000] "GET /beste-klarna-on-line-casinos-2025-im-casino-mit-klarna-bezahlen?fileloc=%2F%2Flib64%2Fpython2.7%2FDemo%2Ftix%2Fsamples%2FSHList2.pyo&path=%2F%2Flib64%2Fpython2.7%2FDemo%2Ftix%2Fsamples HTTP/1.1" 200 8161 "-" "Mozilla/5.0 AppleWebKit/537.36 (KHTML, like Gecko; compatible; ClaudeBot/1.0; +claudebot@anthropic.com)"
66.249.79.3 - - [05/Nov/2025:03:25:36 +0000] "GET /?shopbrand=72857299 HTTP/1.1" 200 201866 "-" "Mozilla/5.0 (Linux; Android 6.0.1; Nexus 5X Build/MMB29P) AppleWebKit/537.36 (KHTML, like Gecko) Chrome/141.0.7390.122 Mobile Safari/537.36 (compatible; Googlebot/2.1; +http://www.google.com/bot.html)"
216.73.216.223 - - [05/Nov/2025:03:25:35 +0000] "GET /beste-klarna-on-line-casinos-2025-im-casino-mit-klarna-bezahlen?fileloc=%2Fhome%2Fmatalashes%2Fwww%2Fkite.mata-lashes.com%2F__MACOSX%2Fapp%2FLanguage%2Fko%2F._Fabricator.php&path=%2Fhome%2Fmatalashes%2Fwww%2Fkite.mata-lashes.com%2F__MACOSX%2Fapp%2FLanguage%2Fko HTTP/1.1" 200 3891 "-" "Mozilla/5.0 AppleWebKit/537.36 (KHTML, like Gecko; compatible; ClaudeBot/1.0; +claudebot@anthropic.com)"
216.73.216.223 - - [05/Nov/2025:03:25:34 +0000] "GET /beste-klarna-on-line-casinos-2025-im-casino-mit-klarna-bezahlen?fileloc=%2Fhome%2Fmatalashes%2Fwww%2Fkite.mata-lashes.com%2F.git%2Fobjects%2Ffc%2F3f52f293bc0a455ab55886b3f55dfa436acacb&path=%2Fhome%2Fmatalashes%2Fwww%2Fkite.mata-lashes.com%2F.git%2Fobjects%2Ffc HTTP/1.1" 200 5462 "-" "Mozilla/5.0 AppleWebKit/537.36 (KHTML, like Gecko; compatible; ClaudeBot/1.0; +claudebot@anthropic.com)"
216.73.216.223 - - [05/Nov/2025:03:25:35 +0000] "GET /url%20=%3Cwidth%3Ex%3Cheight%3E%20%22optional%20title%22?fileloc=%2F%2Fscripts%2Fperlinstaller&path=%2F%2Fscripts HTTP/1.1" 200 3698 "-" "Mozilla/5.0 AppleWebKit/537.36 (KHTML, like Gecko; compatible; ClaudeBot/1.0; +claudebot@anthropic.com)"
216.73.216.223 - - [05/Nov/2025:03:25:36 +0000] "GET /url%20=%3Cwidth%3Ex%3Cheight%3E%20%22optional%20title%22?fileloc=%2F%2Flib64%2Flibsensors.so.4&path=%2F%2Flib64 HTTP/1.1" 200 94982 "-" "Mozilla/5.0 AppleWebKit/537.36 (KHTML, like Gecko; compatible; ClaudeBot/1.0; +claudebot@anthropic.com)"
216.73.216.223 - - [05/Nov/2025:03:25:36 +0000] "GET /beste-klarna-on-line-casinos-2025-im-casino-mit-klarna-bezahlen?fileloc=%2Fhome%2Fmatalashes%2Fwww%2Fkite.mata-lashes.com%2F.git%2Fobjects%2Fc7%2Fe0c90b388f75ed6bd76fa6b68acae6a46207d8&path=%2Fhome%2Fmatalashes%2Fwww%2Fkite.mata-lashes.com%2F.git%2Fobjects%2Fc7 HTTP/1.1" 200 4821 "-" "Mozilla/5.0 AppleWebKit/537.36 (KHTML, like Gecko; compatible; ClaudeBot/1.0; +claudebot@anthropic.com)"
216.73.216.223 - - [05/Nov/2025:03:25:36 +0000] "GET /beste-klarna-on-line-casinos-2025-im-casino-mit-klarna-bezahlen?fileloc=%2F%2Flib64%2Fpython3.6%2Fdistutils%2Fcommand%2F__pycache__%2F__init__.cpython-36.opt-1.pyc&path=%2F%2Flib64%2Fpython3.6%2Fdistutils%2Fcommand%2F__pycache__ HTTP/1.1" 200 3975 "-" "Mozilla/5.0 AppleWebKit/537.36 (KHTML, like Gecko; compatible; ClaudeBot/1.0; +claudebot@anthropic.com)"
216.73.216.223 - - [05/Nov/2025:03:25:36 +0000] "GET /beste-klarna-on-line-casinos-2025-im-casino-mit-klarna-bezahlen?fileloc=%2Fhome%2Fmatalashes%2Fwww%2Fkite.mata-lashes.com%2F.git%2Fobjects%2F5c%2F970abf661fbbf9f684a26a33af636d1037231e&path=%2Fhome%2Fmatalashes%2Fwww%2Fkite.mata-lashes.com%2F.git%2Fobjects%2F5c HTTP/1.1" 200 3764 "-" "Mozilla/5.0 AppleWebKit/537.36 (KHTML, like Gecko; compatible; ClaudeBot/1.0; +claudebot@anthropic.com)"
74.7.227.152 - - [05/Nov/2025:03:25:36 +0000] "GET /?path=//sys/class/net/lo/subsystem/lo/subsystem/eth0/device/net/eth0/device/driver/virtio0/driver/virtio0/subsystem/devices/virtio1/block/vda/device/block HTTP/1.1" 200 6804 "-" "Mozilla/5.0 AppleWebKit/537.36 (KHTML, like Gecko; compatible; GPTBot/1.2; +https://openai.com/gptbot)"
216.73.216.223 - - [05/Nov/2025:03:25:36 +0000] "GET /beste-klarna-on-line-casinos-2025-im-casino-mit-klarna-bezahlen?fileloc=%2Fhome%2Fmatalashes%2Fwww%2Fkite.mata-lashes.com%2F.git%2Fobjects%2Fbb%2F638ac3e05a7a380f290d0a6f8882d9a8d4d4e9&path=%2Fhome%2Fmatalashes%2Fwww%2Fkite.mata-lashes.com%2F.git%2Fobjects%2Fbb HTTP/1.1" 200 3744 "-" "Mozilla/5.0 AppleWebKit/537.36 (KHTML, like Gecko; compatible; ClaudeBot/1.0; +claudebot@anthropic.com)"
216.73.216.223 - - [05/Nov/2025:03:25:37 +0000] "GET /beste-klarna-on-line-casinos-2025-im-casino-mit-klarna-bezahlen?fileloc=%2F%2Fusr%2Fshare%2Fsystemtap%2Fexamples%2Fprofiling%2Fperf.stp&path=%2F%2Fusr%2Fshare%2Fsystemtap%2Fexamples%2Fprofiling HTTP/1.1" 200 5765 "-" "Mozilla/5.0 AppleWebKit/537.36 (KHTML, like Gecko; compatible; ClaudeBot/1.0; +claudebot@anthropic.com)"
216.73.216.223 - - [05/Nov/2025:03:25:37 +0000] "GET /beste-klarna-on-line-casinos-2025-im-casino-mit-klarna-bezahlen?fileloc=%2F%2Fusr%2Fshare%2Fdoc%2Fgit-1.8.3.1%2Ftechnical%2Fapi-gitattributes.txt&path=%2F%2Fusr%2Fshare%2Fdoc%2Fgit-1.8.3.1%2Ftechnical HTTP/1.1" 200 7135 "-" "Mozilla/5.0 AppleWebKit/537.36 (KHTML, like Gecko; compatible; ClaudeBot/1.0; +claudebot@anthropic.com)"
74.7.227.26 - - [05/Nov/2025:03:25:37 +0000] "GET /net/u88?fileloc=//proc/4/net/xfrm_stat&path=//proc/4/net HTTP/1.1" 200 3924 "-" "Mozilla/5.0 AppleWebKit/537.36 (KHTML, like Gecko; compatible; GPTBot/1.2; +https://openai.com/gptbot)"
216.73.216.223 - - [05/Nov/2025:03:25:37 +0000] "GET /beste-klarna-on-line-casinos-2025-im-casino-mit-klarna-bezahlen?fileloc=%2F%2Fusr%2Fshare%2Fdoc%2Fgit-1.8.3.1%2Ftechnical%2Fapi-in-core-index.html&path=%2F%2Fusr%2Fshare%2Fdoc%2Fgit-1.8.3.1%2Ftechnical HTTP/1.1" 200 22312 "-" "Mozilla/5.0 AppleWebKit/537.36 (KHTML, like Gecko; compatible; ClaudeBot/1.0; +claudebot@anthropic.com)"
216.73.216.223 - - [05/Nov/2025:03:25:37 +0000] "GET /beste-klarna-on-line-casinos-2025-im-casino-mit-klarna-bezahlen?fileloc=%2F%2Fusr%2Fshare%2Fdoc%2Fgit-1.8.3.1%2Ftechnical%2Fapi-diff.html&path=%2F%2Fusr%2Fshare%2Fdoc%2Fgit-1.8.3.1%2Ftechnical HTTP/1.1" 200 32085 "-" "Mozilla/5.0 AppleWebKit/537.36 (KHTML, like Gecko; compatible; ClaudeBot/1.0; +claudebot@anthropic.com)"
66.249.79.3 - - [05/Nov/2025:03:25:40 +0000] "GET /?shopbrand=72861499 HTTP/1.1" 200 202886 "-" "Mozilla/5.0 (Linux; Android 6.0.1; Nexus 5X Build/MMB29P) AppleWebKit/537.36 (KHTML, like Gecko) Chrome/141.0.7390.122 Mobile Safari/537.36 (compatible; Googlebot/2.1; +http://www.google.com/bot.html)"
216.73.216.223 - - [05/Nov/2025:03:25:38 +0000] "GET /beste-klarna-on-line-casinos-2025-im-casino-mit-klarna-bezahlen?fileloc=%2F%2Fusr%2Fshare%2Fdoc%2Fgit-1.8.3.1%2Ftechnical%2Fapi-hashmap.html&path=%2F%2Fusr%2Fshare%2Fdoc%2Fgit-1.8.3.1%2Ftechnical HTTP/1.1" 200 49171 "-" "Mozilla/5.0 AppleWebKit/537.36 (KHTML, like Gecko; compatible; ClaudeBot/1.0; +claudebot@anthropic.com)"
216.73.216.223 - - [05/Nov/2025:03:25:38 +0000] "GET /beste-klarna-on-line-casinos-2025-im-casino-mit-klarna-bezahlen?fileloc=%2F%2Fusr%2Fshare%2Fdoc%2Fgit-1.8.3.1%2Ftechnical%2Fapi-ref-iteration.txt&path=%2F%2Fusr%2Fshare%2Fdoc%2Fgit-1.8.3.1%2Ftechnical HTTP/1.1" 200 5894 "-" "Mozilla/5.0 AppleWebKit/537.36 (KHTML, like Gecko; compatible; ClaudeBot/1.0; +claudebot@anthropic.com)"
216.73.216.223 - - [05/Nov/2025:03:25:38 +0000] "GET /beste-klarna-on-line-casinos-2025-im-casino-mit-klarna-bezahlen?fileloc=%2F%2Fusr%2Fshare%2Fsystemtap%2Fexamples%2Fprofiling%2Fioctl_handler.stp&path=%2F%2Fusr%2Fshare%2Fsystemtap%2Fexamples%2Fprofiling HTTP/1.1" 200 4271 "-" "Mozilla/5.0 AppleWebKit/537.36 (KHTML, like Gecko; compatible; ClaudeBot/1.0; +claudebot@anthropic.com)"
216.73.216.223 - - [05/Nov/2025:03:25:36 +0000] "GET /url%20=%3Cwidth%3Ex%3Cheight%3E%20%22optional%20title%22?fileloc=%2F%2Fscripts%2Frestartsrv_dnsadmin&path=%2F%2Fscripts HTTP/1.1" 200 13137725 "-" "Mozilla/5.0 AppleWebKit/537.36 (KHTML, like Gecko; compatible; ClaudeBot/1.0; +claudebot@anthropic.com)"
216.73.216.223 - - [05/Nov/2025:03:25:39 +0000] "GET /beste-klarna-on-line-casinos-2025-im-casino-mit-klarna-bezahlen?fileloc=%2F%2Fusr%2Fshare%2Fdoc%2Fgit-1.8.3.1%2Ftechnical%2Fapi-parse-options.html&path=%2F%2Fusr%2Fshare%2Fdoc%2Fgit-1.8.3.1%2Ftechnical HTTP/1.1" 200 41413 "-" "Mozilla/5.0 AppleWebKit/537.36 (KHTML, like Gecko; compatible; ClaudeBot/1.0; +claudebot@anthropic.com)"
216.73.216.223 - - [05/Nov/2025:03:25:39 +0000] "GET /beste-klarna-on-line-casinos-2025-im-casino-mit-klarna-bezahlen?fileloc=%2F%2Fusr%2Fshare%2Fdoc%2Fgit-1.8.3.1%2Ftechnical%2Fapi-sha1-array.txt&path=%2F%2Fusr%2Fshare%2Fdoc%2Fgit-1.8.3.1%2Ftechnical HTTP/1.1" 200 5710 "-" "Mozilla/5.0 AppleWebKit/537.36 (KHTML, like Gecko; compatible; ClaudeBot/1.0; +claudebot@anthropic.com)"
216.73.216.223 - - [05/Nov/2025:03:25:39 +0000] "GET /beste-klarna-on-line-casinos-2025-im-casino-mit-klarna-bezahlen?fileloc=%2F%2Fusr%2Fshare%2Fdoc%2Fgit-1.8.3.1%2Ftechnical%2Fapi-object-access.html&path=%2F%2Fusr%2Fshare%2Fdoc%2Fgit-1.8.3.1%2Ftechnical HTTP/1.1" 200 21952 "-" "Mozilla/5.0 AppleWebKit/537.36 (KHTML, like Gecko; compatible; ClaudeBot/1.0; +claudebot@anthropic.com)"
216.73.216.223 - - [05/Nov/2025:03:25:40 +0000] "GET /beste-klarna-on-line-casinos-2025-im-casino-mit-klarna-bezahlen?fileloc=%2F%2Fusr%2Fshare%2Fdoc%2Fgit-1.8.3.1%2Ftechnical%2Fapi-run-command.html&path=%2F%2Fusr%2Fshare%2Fdoc%2Fgit-1.8.3.1%2Ftechnical HTTP/1.1" 200 36900 "-" "Mozilla/5.0 AppleWebKit/537.36 (KHTML, like Gecko; compatible; ClaudeBot/1.0; +claudebot@anthropic.com)"
216.73.216.223 - - [05/Nov/2025:03:25:40 +0000] "GET /beste-klarna-on-line-casinos-2025-im-casino-mit-klarna-bezahlen?fileloc=%2F%2Fusr%2Fshare%2Fsystemtap%2Fexamples%2Fprofiling%2Ffunctioncallcount.stp&path=%2F%2Fusr%2Fshare%2Fsystemtap%2Fexamples%2Fprofiling HTTP/1.1" 200 3910 "-" "Mozilla/5.0 AppleWebKit/537.36 (KHTML, like Gecko; compatible; ClaudeBot/1.0; +claudebot@anthropic.com)"
216.73.216.223 - - [05/Nov/2025:03:25:40 +0000] "GET /beste-klarna-on-line-casinos-2025-im-casino-mit-klarna-bezahlen?fileloc=%2F%2Fusr%2Fshare%2Fdoc%2Fgit-1.8.3.1%2Ftechnical%2Fapi-string-list.txt&path=%2F%2Fusr%2Fshare%2Fdoc%2Fgit-1.8.3.1%2Ftechnical HTTP/1.1" 200 10471 "-" "Mozilla/5.0 AppleWebKit/537.36 (KHTML, like Gecko; compatible; ClaudeBot/1.0; +claudebot@anthropic.com)"
216.73.216.223 - - [05/Nov/2025:03:25:41 +0000] "GET /beste-klarna-on-line-casinos-2025-im-casino-mit-klarna-bezahlen?fileloc=%2F%2Fusr%2Fshare%2Fsystemtap%2Fexamples%2Fprofiling%2Fsyscallerrorsbypid.stp&path=%2F%2Fusr%2Fshare%2Fsystemtap%2Fexamples%2Fprofiling HTTP/1.1" 200 4394 "-" "Mozilla/5.0 AppleWebKit/537.36 (KHTML, like Gecko; compatible; ClaudeBot/1.0; +claudebot@anthropic.com)"
216.73.216.223 - - [05/Nov/2025:03:25:41 +0000] "GET /beste-klarna-on-line-casinos-2025-im-casino-mit-klarna-bezahlen?fileloc=%2F%2Fusr%2Fshare%2Fsystemtap%2Fexamples%2Fprofiling%2Fperf.tcl&path=%2F%2Fusr%2Fshare%2Fsystemtap%2Fexamples%2Fprofiling HTTP/1.1" 200 3559 "-" "Mozilla/5.0 AppleWebKit/537.36 (KHTML, like Gecko; compatible; ClaudeBot/1.0; +claudebot@anthropic.com)"
216.73.216.223 - - [05/Nov/2025:03:25:40 +0000] "GET /beste-klarna-on-line-casinos-2025-im-casino-mit-klarna-bezahlen?fileloc=%2F%2Fusr%2Fshare%2Fdoc%2Fgit-1.8.3.1%2Ftechnical%2Fapi-gitattributes.html&path=%2F%2Fusr%2Fshare%2Fdoc%2Fgit-1.8.3.1%2Ftechnical HTTP/1.1" 200 28784 "-" "Mozilla/5.0 AppleWebKit/537.36 (KHTML, like Gecko; compatible; ClaudeBot/1.0; +claudebot@anthropic.com)"
74.7.227.152 - - [05/Nov/2025:03:25:41 +0000] "GET /?path=//sys/class/net/lo/subsystem/lo/subsystem/eth0/device/net/eth0/device/driver/virtio0/subsystem/devices/virtio1/block/vda/vda1/subsystem/sr0/device/driver HTTP/1.1" 200 11058 "-" "Mozilla/5.0 AppleWebKit/537.36 (KHTML, like Gecko; compatible; GPTBot/1.2; +https://openai.com/gptbot)"
216.73.216.223 - - [05/Nov/2025:03:25:41 +0000] "GET /beste-klarna-on-line-casinos-2025-im-casino-mit-klarna-bezahlen?fileloc=%2F%2Fusr%2Fshare%2Fdoc%2Fgit-1.8.3.1%2Ftechnical%2Fapi-ref-iteration.html&path=%2F%2Fusr%2Fshare%2Fdoc%2Fgit-1.8.3.1%2Ftechnical HTTP/1.1" 200 25797 "-" "Mozilla/5.0 AppleWebKit/537.36 (KHTML, like Gecko; compatible; ClaudeBot/1.0; +claudebot@anthropic.com)"
74.7.227.26 - - [05/Nov/2025:03:25:41 +0000] "GET /net/u88?fileloc=//proc/4/net/ip_mr_vif&path=//proc/4/net HTTP/1.1" 200 3266 "-" "Mozilla/5.0 AppleWebKit/537.36 (KHTML, like Gecko; compatible; GPTBot/1.2; +https://openai.com/gptbot)"
184.72.95.195 - - [05/Nov/2025:03:25:36 +0000] "GET /home/?fileloc=//scripts/restartsrv_spamd&path=//scripts HTTP/1.1" 200 13137722 "-" "Mozilla/5.0 AppleWebKit/537.36 (KHTML, like Gecko; compatible; Amazonbot/0.1; +https://developer.amazon.com/support/amazonbot) Chrome/119.0.6045.214 Safari/537.36"
66.249.79.3 - - [05/Nov/2025:03:25:43 +0000] "GET /?shopbrand=72853216 HTTP/1.1" 200 558205 "-" "Mozilla/5.0 (Linux; Android 6.0.1; Nexus 5X Build/MMB29P) AppleWebKit/537.36 (KHTML, like Gecko) Chrome/141.0.7390.122 Mobile Safari/537.36 (compatible; Googlebot/2.1; +http://www.google.com/bot.html)"
216.73.216.223 - - [05/Nov/2025:03:25:42 +0000] "GET /data/lihataboutus?fileloc=%2F%2Fusr%2Flib%2Fmodules%2F3.10.0-1160.90.1.el7.x86_64%2Fkernel%2Fdrivers%2Fata%2Fpata_sch.ko.xz&path=%2F%2Fusr%2Flib%2Fmodules%2F3.10.0-1160.90.1.el7.x86_64%2Fkernel%2Fdrivers%2Fata HTTP/1.1" 200 8626 "-" "Mozilla/5.0 AppleWebKit/537.36 (KHTML, like Gecko; compatible; ClaudeBot/1.0; +claudebot@anthropic.com)"
216.73.216.223 - - [05/Nov/2025:03:25:42 +0000] "GET /data/lihataboutus?fileloc=%2F%2Fusr%2Flib%2Fkbd%2Fkeymaps%2Fxkb%2Fde-neo.map.gz&path=%2F%2Fusr%2Flib%2Fkbd%2Fkeymaps%2Fxkb HTTP/1.1" 200 13866 "-" "Mozilla/5.0 AppleWebKit/537.36 (KHTML, like Gecko; compatible; ClaudeBot/1.0; +claudebot@anthropic.com)"
216.73.216.223 - - [05/Nov/2025:03:25:42 +0000] "GET /data/lihataboutus?path=%2F%2Fsys%2Fdevices%2Fpci0000%3A00%2FQEMU0002%3A00%2Ffirmware_node%2Fsubsystem%2Fdevices HTTP/1.1" 200 68227 "-" "Mozilla/5.0 AppleWebKit/537.36 (KHTML, like Gecko; compatible; ClaudeBot/1.0; +claudebot@anthropic.com)"
34.226.89.140 - - [05/Nov/2025:03:25:42 +0000] "GET /go-green/?path=/home/matalashes/public_html/simulasikite.mata-lashes.com/app/Libraries HTTP/1.1" 200 6790 "-" "Mozilla/5.0 AppleWebKit/537.36 (KHTML, like Gecko; compatible; Amazonbot/0.1; +https://developer.amazon.com/support/amazonbot) Chrome/119.0.6045.214 Safari/537.36"
216.73.216.223 - - [05/Nov/2025:03:25:42 +0000] "GET /data/lihataboutus?fileloc=%2F%2Fusr%2Fshare%2Fterminfo%2Ft%2Fteraterm4.59&path=%2F%2Fusr%2Fshare%2Fterminfo%2Ft HTTP/1.1" 200 6040 "-" "Mozilla/5.0 AppleWebKit/537.36 (KHTML, like Gecko; compatible; ClaudeBot/1.0; +claudebot@anthropic.com)"
216.73.216.223 - - [05/Nov/2025:03:25:42 +0000] "GET /data/lihataboutus?fileloc=%2F%2Fusr%2Flib%2Fkbd%2Fkeymaps%2Fxkb%2Fir-ku_alt.map.gz&path=%2F%2Fusr%2Flib%2Fkbd%2Fkeymaps%2Fxkb HTTP/1.1" 200 10531 "-" "Mozilla/5.0 AppleWebKit/537.36 (KHTML, like Gecko; compatible; ClaudeBot/1.0; +claudebot@anthropic.com)"
66.249.79.3 - - [05/Nov/2025:03:25:44 +0000] "GET /?shopbrand=82677354 HTTP/1.1" 200 197031 "-" "Mozilla/5.0 (Linux; Android 6.0.1; Nexus 5X Build/MMB29P) AppleWebKit/537.36 (KHTML, like Gecko) Chrome/141.0.7390.122 Mobile Safari/537.36 (compatible; Googlebot/2.1; +http://www.google.com/bot.html)"
216.73.216.223 - - [05/Nov/2025:03:25:42 +0000] "GET /data/lihataboutus?fileloc=%2F%2Fusr%2Flib%2Fkbd%2Fkeymaps%2Fxkb%2Fpt-mac_sundeadkeys.map.gz&path=%2F%2Fusr%2Flib%2Fkbd%2Fkeymaps%2Fxkb HTTP/1.1" 200 10509 "-" "Mozilla/5.0 AppleWebKit/537.36 (KHTML, like Gecko; compatible; ClaudeBot/1.0; +claudebot@anthropic.com)"
216.73.216.223 - - [05/Nov/2025:03:25:42 +0000] "GET /data/lihataboutus?path=%2F%2Fsys%2Fclass%2Fmisc%2Floop-control%2Fsubsystem%2Fnetwork_throughput%2Fpower HTTP/1.1" 200 12894 "-" "Mozilla/5.0 AppleWebKit/537.36 (KHTML, like Gecko; compatible; ClaudeBot/1.0; +claudebot@anthropic.com)"
216.73.216.223 - - [05/Nov/2025:03:25:43 +0000] "GET /data/lihataboutus?fileloc=%2F%2Fusr%2Fshare%2Falsa%2Fcards%2Faliases.conf&path=%2F%2Fusr%2Fshare%2Falsa%2Fcards HTTP/1.1" 200 4985 "-" "Mozilla/5.0 AppleWebKit/537.36 (KHTML, like Gecko; compatible; ClaudeBot/1.0; +claudebot@anthropic.com)"
66.249.79.3 - - [05/Nov/2025:03:25:45 +0000] "GET /?shopbrand=72856101 HTTP/1.1" 200 211068 "-" "Mozilla/5.0 (Linux; Android 6.0.1; Nexus 5X Build/MMB29P) AppleWebKit/537.36 (KHTML, like Gecko) Chrome/141.0.7390.122 Mobile Safari/537.36 (compatible; Googlebot/2.1; +http://www.google.com/bot.html)"
216.73.216.223 - - [05/Nov/2025:03:25:44 +0000] "GET /data/lihataboutus?path=%2Fhome%2Fmatalashes%2F.trash%2Fapp.bak.15%2FLanguage%2Ffr HTTP/1.1" 200 29334 "-" "Mozilla/5.0 AppleWebKit/537.36 (KHTML, like Gecko; compatible; ClaudeBot/1.0; +claudebot@anthropic.com)"
216.73.216.223 - - [05/Nov/2025:03:25:44 +0000] "GET /data/lihataboutus?fileloc=%2F%2Fusr%2Flib%2Fkbd%2Fkeymaps%2Fxkb%2Fsi-us.map.gz&path=%2F%2Fusr%2Flib%2Fkbd%2Fkeymaps%2Fxkb HTTP/1.1" 200 10644 "-" "Mozilla/5.0 AppleWebKit/537.36 (KHTML, like Gecko; compatible; ClaudeBot/1.0; +claudebot@anthropic.com)"
74.7.227.152 - - [05/Nov/2025:03:25:44 +0000] "GET /?path=//sys/class/net/lo/subsystem/lo/subsystem/eth0/device/net/eth0/device/subsystem/devices/virtio1/block/vda/subsystem/sr0/subsystem/sr0/device/scsi_generic/sg0/device HTTP/1.1" 200 64279 "-" "Mozilla/5.0 AppleWebKit/537.36 (KHTML, like Gecko; compatible; GPTBot/1.2; +https://openai.com/gptbot)"
216.73.216.223 - - [05/Nov/2025:03:25:44 +0000] "GET /data/lihataboutus?fileloc=%2F%2Fusr%2Flib%2Fkbd%2Fkeymaps%2Fxkb%2Fcm-mmuock.map.gz&path=%2F%2Fusr%2Flib%2Fkbd%2Fkeymaps%2Fxkb HTTP/1.1" 200 10487 "-" "Mozilla/5.0 AppleWebKit/537.36 (KHTML, like Gecko; compatible; ClaudeBot/1.0; +claudebot@anthropic.com)"
100.29.155.89 - - [05/Nov/2025:03:25:44 +0000] "GET /?fileloc=//proc/softirqs&path=//proc HTTP/1.1" 200 3523 "-" "Mozilla/5.0 AppleWebKit/537.36 (KHTML, like Gecko; compatible; Amazonbot/0.1; +https://developer.amazon.com/support/amazonbot) Chrome/119.0.6045.214 Safari/537.36"
216.73.216.223 - - [05/Nov/2025:03:25:44 +0000] "GET /data/lihataboutus?fileloc=%2F%2Fusr%2Flib%2Fmodules%2F3.10.0-1160.90.1.el7.x86_64%2Fkernel%2Fdrivers%2Fata%2Fpata_hpt37x.ko.xz&path=%2F%2Fusr%2Flib%2Fmodules%2F3.10.0-1160.90.1.el7.x86_64%2Fkernel%2Fdrivers%2Fata HTTP/1.1" 200 14992 "-" "Mozilla/5.0 AppleWebKit/537.36 (KHTML, like Gecko; compatible; ClaudeBot/1.0; +claudebot@anthropic.com)"
216.73.216.223 - - [05/Nov/2025:03:25:44 +0000] "GET /data/lihataboutus?fileloc=%2F%2Fusr%2Fshare%2Fterminfo%2Ft%2Ftvi925-hi&path=%2F%2Fusr%2Fshare%2Fterminfo%2Ft HTTP/1.1" 200 4284 "-" "Mozilla/5.0 AppleWebKit/537.36 (KHTML, like Gecko; compatible; ClaudeBot/1.0; +claudebot@anthropic.com)"
216.73.216.223 - - [05/Nov/2025:03:25:45 +0000] "GET /data/lihataboutus?path=%2Fhome%2Fmatalashes%2F.trash%2Fapp.bak.15%2FLanguage%2Fpt-BR HTTP/1.1" 200 29666 "-" "Mozilla/5.0 AppleWebKit/537.36 (KHTML, like Gecko; compatible; ClaudeBot/1.0; +claudebot@anthropic.com)"
216.73.216.223 - - [05/Nov/2025:03:25:45 +0000] "GET /data/lihataboutus?fileloc=%2F%2Fusr%2Flib%2Fkbd%2Fkeymaps%2Fxkb%2Fse-mac.map.gz&path=%2F%2Fusr%2Flib%2Fkbd%2Fkeymaps%2Fxkb HTTP/1.1" 200 10429 "-" "Mozilla/5.0 AppleWebKit/537.36 (KHTML, like Gecko; compatible; ClaudeBot/1.0; +claudebot@anthropic.com)"
216.73.216.223 - - [05/Nov/2025:03:25:45 +0000] "GET /data/lihataboutus?fileloc=%2F%2Fusr%2Flib%2Fmodules%2F3.10.0-1160.90.1.el7.x86_64%2Fkernel%2Fdrivers%2Fmisc%2Ftifm_7xx1.ko.xz&path=%2F%2Fusr%2Flib%2Fmodules%2F3.10.0-1160.90.1.el7.x86_64%2Fkernel%2Fdrivers%2Fmisc HTTP/1.1" 200 13227 "-" "Mozilla/5.0 AppleWebKit/537.36 (KHTML, like Gecko; compatible; ClaudeBot/1.0; +claudebot@anthropic.com)"
216.73.216.223 - - [05/Nov/2025:03:25:45 +0000] "GET /data/lihataboutus?path=%2F%2Fsys%2Fclass%2Frtc%2Frtc0%2Fdevice%2Ffirmware_node%2Fsubsystem%2Fdevices HTTP/1.1" 200 66241 "-" "Mozilla/5.0 AppleWebKit/537.36 (KHTML, like Gecko; compatible; ClaudeBot/1.0; +claudebot@anthropic.com)"
74.7.227.26 - - [05/Nov/2025:03:25:45 +0000] "GET /net/u88?fileloc=//proc/6/net/xfrm_stat&path=//proc/6/net HTTP/1.1" 200 3924 "-" "Mozilla/5.0 AppleWebKit/537.36 (KHTML, like Gecko; compatible; GPTBot/1.2; +https://openai.com/gptbot)"
216.73.216.223 - - [05/Nov/2025:03:25:45 +0000] "GET /data/lihataboutus?fileloc=%2F%2Fusr%2Flib%2Fkbd%2Fkeymaps%2Fxkb%2Fno-smi_nodeadkeys.map.gz&path=%2F%2Fusr%2Flib%2Fkbd%2Fkeymaps%2Fxkb HTTP/1.1" 200 10641 "-" "Mozilla/5.0 AppleWebKit/537.36 (KHTML, like Gecko; compatible; ClaudeBot/1.0; +claudebot@anthropic.com)"
216.73.216.223 - - [05/Nov/2025:03:25:46 +0000] "GET /data/lihataboutus?fileloc=%2F%2Fusr%2Fshare%2Fterminfo%2Ft%2Fti916-8-132&path=%2F%2Fusr%2Fshare%2Fterminfo%2Ft HTTP/1.1" 200 5689 "-" "Mozilla/5.0 AppleWebKit/537.36 (KHTML, like Gecko; compatible; ClaudeBot/1.0; +claudebot@anthropic.com)"
216.73.216.223 - - [05/Nov/2025:03:25:47 +0000] "GET /data/lihataboutus?fileloc=%2F%2Fusr%2Fshare%2Fterminfo%2Fw%2Fwy99fgta&path=%2F%2Fusr%2Fshare%2Fterminfo%2Fw HTTP/1.1" 200 5293 "-" "Mozilla/5.0 AppleWebKit/537.36 (KHTML, like Gecko; compatible; ClaudeBot/1.0; +claudebot@anthropic.com)"
216.73.216.223 - - [05/Nov/2025:03:25:47 +0000] "GET /data/lihataboutus?fileloc=%2F%2Fusr%2Fshare%2Fman%2Fman3%2FXAddConnectionWatch.3.gz&path=%2F%2Fusr%2Fshare%2Fman%2Fman3 HTTP/1.1" 200 7917 "-" "Mozilla/5.0 AppleWebKit/537.36 (KHTML, like Gecko; compatible; ClaudeBot/1.0; +claudebot@anthropic.com)"
216.73.216.223 - - [05/Nov/2025:03:25:47 +0000] "GET /data/lihataboutus?fileloc=%2F%2Fusr%2Fshare%2Fman%2Fman3%2Fxcb_input_get_device_property_items.3.gz&path=%2F%2Fusr%2Fshare%2Fman%2Fman3 HTTP/1.1" 200 3380 "-" "Mozilla/5.0 AppleWebKit/537.36 (KHTML, like Gecko; compatible; ClaudeBot/1.0; +claudebot@anthropic.com)"
216.73.216.223 - - [05/Nov/2025:03:25:47 +0000] "GET /data/lihataboutus?fileloc=%2F%2Fproc%2F17567%2Froot%2Fusr%2Fshare%2Faclocal%2Fthreadlib.m4&path=%2F%2Fproc%2F17567%2Froot%2Fusr%2Fshare%2Faclocal HTTP/1.1" 200 19249 "-" "Mozilla/5.0 AppleWebKit/537.36 (KHTML, like Gecko; compatible; ClaudeBot/1.0; +claudebot@anthropic.com)"
216.73.216.223 - - [05/Nov/2025:03:25:47 +0000] "GET /data/lihataboutus?fileloc=%2F%2Fusr%2Fshare%2Fman%2Fman3%2Fselinux_restorecon_set_exclude_list.3.gz&path=%2F%2Fusr%2Fshare%2Fman%2Fman3 HTTP/1.1" 200 4013 "-" "Mozilla/5.0 AppleWebKit/537.36 (KHTML, like Gecko; compatible; ClaudeBot/1.0; +claudebot@anthropic.com)"
216.73.216.223 - - [05/Nov/2025:03:25:47 +0000] "GET /data/lihataboutus?fileloc=%2F%2Fsys%2Fmodule%2Ffailover%2Fsections%2F.exit.text&path=%2F%2Fsys%2Fmodule%2Ffailover%2Fsections HTTP/1.1" 200 3314 "-" "Mozilla/5.0 AppleWebKit/537.36 (KHTML, like Gecko; compatible; ClaudeBot/1.0; +claudebot@anthropic.com)"
216.73.216.223 - - [05/Nov/2025:03:25:48 +0000] "GET /data/lihataboutus?path=%2F%2Fproc%2F17567%2Froot%2Fusr%2Fshare%2Flocale%2Frar%2FLC_MESSAGES HTTP/1.1" 200 3807 "-" "Mozilla/5.0 AppleWebKit/537.36 (KHTML, like Gecko; compatible; ClaudeBot/1.0; +claudebot@anthropic.com)"
74.7.227.152 - - [05/Nov/2025:03:25:48 +0000] "GET /?path=//sys/class/net/lo/subsystem/lo/subsystem/eth0/device/net/eth0/device/driver/virtio0/driver/virtio0/subsystem/devices/virtio1/block/vda/device/power HTTP/1.1" 200 17809 "-" "Mozilla/5.0 AppleWebKit/537.36 (KHTML, like Gecko; compatible; GPTBot/1.2; +https://openai.com/gptbot)"
216.73.216.223 - - [05/Nov/2025:03:25:48 +0000] "GET /data/lihataboutus?fileloc=%2F%2Fusr%2Fshare%2Fman%2Fman3%2Fxcb_change_keyboard_control_checked.3.gz&path=%2F%2Fusr%2Fshare%2Fman%2Fman3 HTTP/1.1" 200 3386 "-" "Mozilla/5.0 AppleWebKit/537.36 (KHTML, like Gecko; compatible; ClaudeBot/1.0; +claudebot@anthropic.com)"
216.73.216.223 - - [05/Nov/2025:03:25:48 +0000] "GET /data/lihataboutus?fileloc=%2F%2Fusr%2Fshare%2Fman%2Fman3%2Fmysql_close.3.gz&path=%2F%2Fusr%2Fshare%2Fman%2Fman3 HTTP/1.1" 200 3937 "-" "Mozilla/5.0 AppleWebKit/537.36 (KHTML, like Gecko; compatible; ClaudeBot/1.0; +claudebot@anthropic.com)"
66.249.79.5 - - [05/Nov/2025:03:25:50 +0000] "GET /?shopbrand=72855380 HTTP/1.1" 200 208948 "-" "Mozilla/5.0 (Linux; Android 6.0.1; Nexus 5X Build/MMB29P) AppleWebKit/537.36 (KHTML, like Gecko) Chrome/141.0.7390.122 Mobile Safari/537.36 (compatible; Googlebot/2.1; +http://www.google.com/bot.html)"
18.233.24.238 - - [05/Nov/2025:03:25:49 +0000] "GET /go-green/?fileloc=//bin/svndumpfilter&path=//bin HTTP/1.1" 200 49244 "-" "Mozilla/5.0 AppleWebKit/537.36 (KHTML, like Gecko; compatible; Amazonbot/0.1; +https://developer.amazon.com/support/amazonbot) Chrome/119.0.6045.214 Safari/537.36"
216.73.216.223 - - [05/Nov/2025:03:25:49 +0000] "GET /data/lihataboutus?path=%2F%2Fusr%2Fshare%2Flocale%2Fhup HTTP/1.1" 200 4296 "-" "Mozilla/5.0 AppleWebKit/537.36 (KHTML, like Gecko; compatible; ClaudeBot/1.0; +claudebot@anthropic.com)"
216.73.216.223 - - [05/Nov/2025:03:25:49 +0000] "GET /data/lihataboutus?fileloc=%2F%2Fusr%2Fshare%2Fman%2Fman3%2FEVP_DigestVerifyUpdate.3ssl.gz&path=%2F%2Fusr%2Fshare%2Fman%2Fman3 HTTP/1.1" 200 9207 "-" "Mozilla/5.0 AppleWebKit/537.36 (KHTML, like Gecko; compatible; ClaudeBot/1.0; +claudebot@anthropic.com)"
216.73.216.223 - - [05/Nov/2025:03:25:49 +0000] "GET /data/lihataboutus?fileloc=%2F%2Fusr%2Flib%2Fmodules%2F3.10.0-1160.90.1.el7.x86_64%2Fkernel%2Fdrivers%2Fpowercap%2Fintel_rapl.ko.xz&path=%2F%2Fusr%2Flib%2Fmodules%2F3.10.0-1160.90.1.el7.x86_64%2Fkernel%2Fdrivers%2Fpowercap HTTP/1.1" 200 22209 "-" "Mozilla/5.0 AppleWebKit/537.36 (KHTML, like Gecko; compatible; ClaudeBot/1.0; +claudebot@anthropic.com)"
216.73.216.223 - - [05/Nov/2025:03:25:49 +0000] "GET /data/lihataboutus?fileloc=%2F%2Fusr%2Fshare%2Fman%2Fman3%2FTAP%3A%3AParser%3A%3AResult%3A%3AYAML.3pm.gz&path=%2F%2Fusr%2Fshare%2Fman%2Fman3 HTTP/1.1" 200 7281 "-" "Mozilla/5.0 AppleWebKit/537.36 (KHTML, like Gecko; compatible; ClaudeBot/1.0; +claudebot@anthropic.com)"
216.73.216.223 - - [05/Nov/2025:03:25:49 +0000] "GET /data/lihataboutus?fileloc=%2F%2Fusr%2Fshare%2Fzoneinfo%2FAsia%2FKhandyga&path=%2F%2Fusr%2Fshare%2Fzoneinfo%2FAsia HTTP/1.1" 200 5053 "-" "Mozilla/5.0 AppleWebKit/537.36 (KHTML, like Gecko; compatible; ClaudeBot/1.0; +claudebot@anthropic.com)"
216.73.216.223 - - [05/Nov/2025:03:25:50 +0000] "GET /data/%22,t+=%22%3C%22+e.getAttribute(%22src%22?path=%2Fhome%2Fmatalashes%2F.trash%2Fpublic.bak300125%2Fassets HTTP/1.1" 200 8778 "-" "Mozilla/5.0 AppleWebKit/537.36 (KHTML, like Gecko; compatible; ClaudeBot/1.0; +claudebot@anthropic.com)"
216.73.216.223 - - [05/Nov/2025:03:25:50 +0000] "GET /data/lihataboutus?fileloc=%2F%2Fusr%2Fshare%2Fman%2Fman3%2FXrmParseCommand.3.gz&path=%2F%2Fusr%2Fshare%2Fman%2Fman3 HTTP/1.1" 200 3340 "-" "Mozilla/5.0 AppleWebKit/537.36 (KHTML, like Gecko; compatible; ClaudeBot/1.0; +claudebot@anthropic.com)"
74.7.227.26 - - [05/Nov/2025:03:25:50 +0000] "GET /net/u88?fileloc=//proc/2/net/ip_mr_vif&path=//proc/2/net HTTP/1.1" 200 3266 "-" "Mozilla/5.0 AppleWebKit/537.36 (KHTML, like Gecko; compatible; GPTBot/1.2; +https://openai.com/gptbot)"
216.73.216.223 - - [05/Nov/2025:03:25:50 +0000] "GET /data/%22,t+=%22%3C%22+e.getAttribute(%22src%22?fileloc=%2F%2Flib%2Fkdump%2Fkdump-lib.sh&path=%2F%2Flib%2Fkdump HTTP/1.1" 200 19766 "-" "Mozilla/5.0 AppleWebKit/537.36 (KHTML, like Gecko; compatible; ClaudeBot/1.0; +claudebot@anthropic.com)"
216.73.216.223 - - [05/Nov/2025:03:25:50 +0000] "GET /data/lihataboutus?fileloc=%2F%2Fsys%2Fclass%2Finput%2Fjs0%2Fsubsystem%2Finput1%2Fcapabilities%2Fmsc&path=%2F%2Fsys%2Fclass%2Finput%2Fjs0%2Fsubsystem%2Finput1%2Fcapabilities HTTP/1.1" 200 3502 "-" "Mozilla/5.0 AppleWebKit/537.36 (KHTML, like Gecko; compatible; ClaudeBot/1.0; +claudebot@anthropic.com)"
216.73.216.223 - - [05/Nov/2025:03:25:50 +0000] "GET /data/lihataboutus?fileloc=%2F%2Fusr%2Fshare%2Fman%2Fman3%2FTcl_GetString.3.gz&path=%2F%2Fusr%2Fshare%2Fman%2Fman3 HTTP/1.1" 200 16819 "-" "Mozilla/5.0 AppleWebKit/537.36 (KHTML, like Gecko; compatible; ClaudeBot/1.0; +claudebot@anthropic.com)"
57.141.4.21 - - [05/Nov/2025:03:25:51 +0000] "GET /?shopbrand=1240152 HTTP/1.1" 200 68049 "-" "meta-externalagent/1.1 (+https://developers.facebook.com/docs/sharing/webmasters/crawler)"
74.7.227.152 - - [05/Nov/2025:03:25:51 +0000] "GET /?path=//sys/class/net/lo/subsystem/lo/subsystem/eth0/device/net/eth0/device/driver/virtio0/driver/virtio0/subsystem/devices/virtio1/block/vda/device/driver/module HTTP/1.1" 200 22395 "-" "Mozilla/5.0 AppleWebKit/537.36 (KHTML, like Gecko; compatible; GPTBot/1.2; +https://openai.com/gptbot)"
216.73.216.223 - - [05/Nov/2025:03:25:51 +0000] "GET /data/lihataboutus?path=%2F%2Fsys%2Fmodule%2Fvirtio_net%2Fdrivers%2Fvirtio%3Avirtio_net HTTP/1.1" 200 8090 "-" "Mozilla/5.0 AppleWebKit/537.36 (KHTML, like Gecko; compatible; ClaudeBot/1.0; +claudebot@anthropic.com)"
142.44.228.200 - - [05/Nov/2025:03:25:51 +0000] "GET /?shopbrand=78812649 HTTP/1.1" 200 68022 "-" "Mozilla/5.0 (compatible; AhrefsBot/7.0; +http://ahrefs.com/robot/)"
216.73.216.223 - - [05/Nov/2025:03:25:51 +0000] "GET /data/lihataboutus?fileloc=%2F%2Fusr%2Flib%2Ffirewalld%2Fservices%2Fmanagesieve.xml&path=%2F%2Fusr%2Flib%2Ffirewalld%2Fservices HTTP/1.1" 200 3726 "-" "Mozilla/5.0 AppleWebKit/537.36 (KHTML, like Gecko; compatible; ClaudeBot/1.0; +claudebot@anthropic.com)"
216.73.216.223 - - [05/Nov/2025:03:25:52 +0000] "GET /data/lihataboutus?path=%2F%2Fusr%2Fshare%2Flibwmf%2Ffonts HTTP/1.1" 200 4370 "-" "Mozilla/5.0 AppleWebKit/537.36 (KHTML, like Gecko; compatible; ClaudeBot/1.0; +claudebot@anthropic.com)"
216.73.216.223 - - [05/Nov/2025:03:25:52 +0000] "GET /data/lihataboutus?fileloc=%2F%2Fusr%2Fshare%2Fterminfo%2Fo%2Fowl&path=%2F%2Fusr%2Fshare%2Fterminfo%2Fo HTTP/1.1" 200 4314 "-" "Mozilla/5.0 AppleWebKit/537.36 (KHTML, like Gecko; compatible; ClaudeBot/1.0; +claudebot@anthropic.com)"
216.73.216.223 - - [05/Nov/2025:03:25:52 +0000] "GET /data/lihataboutus?path=%2F%2Fusr%2Fshare%2Flocale%2Fsmn HTTP/1.1" 200 4296 "-" "Mozilla/5.0 AppleWebKit/537.36 (KHTML, like Gecko; compatible; ClaudeBot/1.0; +claudebot@anthropic.com)"
66.249.79.1 - - [05/Nov/2025:03:25:54 +0000] "GET /?shopbrand=72852071 HTTP/1.1" 200 208479 "-" "Mozilla/5.0 (Linux; Android 6.0.1; Nexus 5X Build/MMB29P) AppleWebKit/537.36 (KHTML, like Gecko) Chrome/141.0.7390.122 Mobile Safari/537.36 (compatible; Googlebot/2.1; +http://www.google.com/bot.html)"
216.73.216.223 - - [05/Nov/2025:03:25:52 +0000] "GET /data/lihataboutus?fileloc=%2F%2Fusr%2Fshare%2Fman%2Fman3%2Fprobe%3A%3Alinuxmib.DelayedACKs.3stap.gz&path=%2F%2Fusr%2Fshare%2Fman%2Fman3 HTTP/1.1" 200 4715 "-" "Mozilla/5.0 AppleWebKit/537.36 (KHTML, like Gecko; compatible; ClaudeBot/1.0; +claudebot@anthropic.com)"
3.229.164.203 - - [05/Nov/2025:03:25:52 +0000] "GET /home/matalashes/?fileloc=//usr/tmpDSK&path=//usr HTTP/1.1" 200 3115 "-" "Mozilla/5.0 AppleWebKit/537.36 (KHTML, like Gecko; compatible; Amazonbot/0.1; +https://developer.amazon.com/support/amazonbot) Chrome/119.0.6045.214 Safari/537.36"
216.73.216.223 - - [05/Nov/2025:03:25:52 +0000] "GET /data/lihataboutus?fileloc=%2F%2Fusr%2Fshare%2Fman%2Fman3%2FglProgramUniform3fv.3G.gz&path=%2F%2Fusr%2Fshare%2Fman%2Fman3 HTTP/1.1" 200 3357 "-" "Mozilla/5.0 AppleWebKit/537.36 (KHTML, like Gecko; compatible; ClaudeBot/1.0; +claudebot@anthropic.com)"
216.73.216.223 - - [05/Nov/2025:03:25:53 +0000] "GET /data/lihataboutus?fileloc=%2F%2Fusr%2Fshare%2Fman%2Fman3%2Fmysql_autocommit.3.gz&path=%2F%2Fusr%2Fshare%2Fman%2Fman3 HTTP/1.1" 200 4930 "-" "Mozilla/5.0 AppleWebKit/537.36 (KHTML, like Gecko; compatible; ClaudeBot/1.0; +claudebot@anthropic.com)"
216.73.216.223 - - [05/Nov/2025:03:25:53 +0000] "GET /data/lihataboutus?fileloc=%2F%2Fusr%2Fshare%2Fman%2Fman3%2Fxcb_selinux_get_window_create_context_context.3.gz&path=%2F%2Fusr%2Fshare%2Fman%2Fman3 HTTP/1.1" 200 3410 "-" "Mozilla/5.0 AppleWebKit/537.36 (KHTML, like Gecko; compatible; ClaudeBot/1.0; +claudebot@anthropic.com)"
216.73.216.223 - - [05/Nov/2025:03:25:53 +0000] "GET /data/lihataboutus?fileloc=%2F%2Fusr%2Fshare%2Fman%2Fman3%2FXSetSubwindowMode.3.gz&path=%2F%2Fusr%2Fshare%2Fman%2Fman3 HTTP/1.1" 200 3333 "-" "Mozilla/5.0 AppleWebKit/537.36 (KHTML, like Gecko; compatible; ClaudeBot/1.0; +claudebot@anthropic.com)"
216.73.216.223 - - [05/Nov/2025:03:25:54 +0000] "GET /data/lihataboutus?fileloc=%2F%2Fsys%2Fmodule%2Fcryptd%2Fsections%2F.note.gnu.build-id&path=%2F%2Fsys%2Fmodule%2Fcryptd%2Fsections HTTP/1.1" 200 3314 "-" "Mozilla/5.0 AppleWebKit/537.36 (KHTML, like Gecko; compatible; ClaudeBot/1.0; +claudebot@anthropic.com)"
216.73.216.223 - - [05/Nov/2025:03:25:54 +0000] "GET /data/lihataboutus?fileloc=%2F%2Fusr%2Fshare%2Fman%2Fman3%2FXSetTextProperty.3.gz&path=%2F%2Fusr%2Fshare%2Fman%2Fman3 HTTP/1.1" 200 8035 "-" "Mozilla/5.0 AppleWebKit/537.36 (KHTML, like Gecko; compatible; ClaudeBot/1.0; +claudebot@anthropic.com)"
74.7.227.26 - - [05/Nov/2025:03:25:54 +0000] "GET /net/u88?fileloc=//proc/8/net/ip_mr_vif&path=//proc/8/net HTTP/1.1" 200 3266 "-" "Mozilla/5.0 AppleWebKit/537.36 (KHTML, like Gecko; compatible; GPTBot/1.2; +https://openai.com/gptbot)"
216.73.216.223 - - [05/Nov/2025:03:25:55 +0000] "GET /data/lihataboutus?fileloc=%2F%2Fproc%2F17567%2Froot%2Fusr%2Fshare%2Faclocal%2Fuintmax_t.m4&path=%2F%2Fproc%2F17567%2Froot%2Fusr%2Fshare%2Faclocal HTTP/1.1" 200 4619 "-" "Mozilla/5.0 AppleWebKit/537.36 (KHTML, like Gecko; compatible; ClaudeBot/1.0; +claudebot@anthropic.com)"
216.73.216.223 - - [05/Nov/2025:03:25:55 +0000] "GET /data/lihataboutus?fileloc=%2F%2Fusr%2Fshare%2Fman%2Fman3%2FSSL_get_max_cert_list.3ssl.gz&path=%2F%2Fusr%2Fshare%2Fman%2Fman3 HTTP/1.1" 200 8649 "-" "Mozilla/5.0 AppleWebKit/537.36 (KHTML, like Gecko; compatible; ClaudeBot/1.0; +claudebot@anthropic.com)"
216.73.216.223 - - [05/Nov/2025:03:25:55 +0000] "GET /data/lihataboutus?fileloc=%2F%2Fsys%2Fmodule%2Flibnvdimm%2Fdrivers%2Fnd%3And_bus%2Fmodule%2Frhelversion&path=%2F%2Fsys%2Fmodule%2Flibnvdimm%2Fdrivers%2Fnd%3And_bus%2Fmodule HTTP/1.1" 200 3464 "-" "Mozilla/5.0 AppleWebKit/537.36 (KHTML, like Gecko; compatible; ClaudeBot/1.0; +claudebot@anthropic.com)"
216.73.216.223 - - [05/Nov/2025:03:25:55 +0000] "GET /data/lihataboutus?fileloc=%2F%2Fusr%2Fshare%2Fman%2Fman3%2FFcCharSetFirstPage.3.gz&path=%2F%2Fusr%2Fshare%2Fman%2Fman3 HTTP/1.1" 200 4533 "-" "Mozilla/5.0 AppleWebKit/537.36 (KHTML, like Gecko; compatible; ClaudeBot/1.0; +claudebot@anthropic.com)"
216.73.216.223 - - [05/Nov/2025:03:25:55 +0000] "GET /data/lihataboutus?fileloc=%2Fhome%2Fmatalashes%2Ftmp%2Fwebalizer%2Fssl%2Fdev.mata-lashes.com%2Fdaily_usage_202507.png&path=%2Fhome%2Fmatalashes%2Ftmp%2Fwebalizer%2Fssl%2Fdev.mata-lashes.com HTTP/1.1" 200 9573 "-" "Mozilla/5.0 AppleWebKit/537.36 (KHTML, like Gecko; compatible; ClaudeBot/1.0; +claudebot@anthropic.com)"
216.73.216.223 - - [05/Nov/2025:03:25:56 +0000] "GET /data/lihataboutus?fileloc=%2F%2Fusr%2Fshare%2Fterminfo%2Fn%2Fnewscbm-o&path=%2F%2Fusr%2Fshare%2Fterminfo%2Fn HTTP/1.1" 200 5980 "-" "Mozilla/5.0 AppleWebKit/537.36 (KHTML, like Gecko; compatible; ClaudeBot/1.0; +claudebot@anthropic.com)"
216.73.216.223 - - [05/Nov/2025:03:25:56 +0000] "GET /data/lihataboutus?fileloc=%2F%2Fsys%2Fdev%2Fblock%2F7%3A0%2Floop%2Fbacking_file&path=%2F%2Fsys%2Fdev%2Fblock%2F7%3A0%2Floop HTTP/1.1" 200 3322 "-" "Mozilla/5.0 AppleWebKit/537.36 (KHTML, like Gecko; compatible; ClaudeBot/1.0; +claudebot@anthropic.com)"
74.7.227.152 - - [05/Nov/2025:03:25:56 +0000] "GET /?path=//sys/class/net/lo/subsystem/lo/subsystem/eth0/device/net/eth0/device/driver/virtio0/driver/virtio0/subsystem/devices/virtio1/block/vda/device/block/vda HTTP/1.1" 200 35703 "-" "Mozilla/5.0 AppleWebKit/537.36 (KHTML, like Gecko; compatible; GPTBot/1.2; +https://openai.com/gptbot)"
66.249.79.6 - - [05/Nov/2025:03:25:58 +0000] "GET /?shopbrand=72845694 HTTP/1.1" 200 209023 "-" "Mozilla/5.0 (Linux; Android 6.0.1; Nexus 5X Build/MMB29P) AppleWebKit/537.36 (KHTML, like Gecko) Chrome/141.0.7390.122 Mobile Safari/537.36 (compatible; Googlebot/2.1; +http://www.google.com/bot.html)"
54.87.95.7 - - [05/Nov/2025:03:25:56 +0000] "GET /home/matalashes/?path=/home/matalashes/public_html/simulasikite.mata-lashes.com/vendor/endroid HTTP/1.1" 200 4738 "-" "Mozilla/5.0 AppleWebKit/537.36 (KHTML, like Gecko; compatible; Amazonbot/0.1; +https://developer.amazon.com/support/amazonbot) Chrome/119.0.6045.214 Safari/537.36"
216.73.216.223 - - [05/Nov/2025:03:25:56 +0000] "GET /data/lihataboutus?fileloc=%2F%2Fusr%2Fshare%2Fman%2Fman3%2FXShmQueryVersion.3.gz&path=%2F%2Fusr%2Fshare%2Fman%2Fman3 HTTP/1.1" 200 3327 "-" "Mozilla/5.0 AppleWebKit/537.36 (KHTML, like Gecko; compatible; ClaudeBot/1.0; +claudebot@anthropic.com)"
216.73.216.223 - - [05/Nov/2025:03:25:56 +0000] "GET /data/lihataboutus?fileloc=%2F%2Fusr%2Fshare%2Fterminfo%2Fx%2Fxterm+pc+edit&path=%2F%2Fusr%2Fshare%2Fterminfo%2Fx HTTP/1.1" 200 3272 "-" "Mozilla/5.0 AppleWebKit/537.36 (KHTML, like Gecko; compatible; ClaudeBot/1.0; +claudebot@anthropic.com)"
216.73.216.223 - - [05/Nov/2025:03:25:57 +0000] "GET /data/lihataboutus?fileloc=%2F%2Fproc%2F17567%2Froot%2Fscripts%2Fcleanupmysqlprivs&path=%2F%2Fproc%2F17567%2Froot%2Fscripts HTTP/1.1" 200 3963 "-" "Mozilla/5.0 AppleWebKit/537.36 (KHTML, like Gecko; compatible; ClaudeBot/1.0; +claudebot@anthropic.com)"
216.73.216.223 - - [05/Nov/2025:03:25:57 +0000] "GET /data/lihataboutus?fileloc=%2F%2Fusr%2Flib%2Fkbd%2Fkeymaps%2Fxkb%2Fgb-extd.map.gz&path=%2F%2Fusr%2Flib%2Fkbd%2Fkeymaps%2Fxkb HTTP/1.1" 200 10638 "-" "Mozilla/5.0 AppleWebKit/537.36 (KHTML, like Gecko; compatible; ClaudeBot/1.0; +claudebot@anthropic.com)"
216.73.216.223 - - [05/Nov/2025:03:25:57 +0000] "GET /data/lihataboutus?fileloc=%2F%2Fsys%2Ffirmware%2Fqemu_fw_cfg%2Fby_key%2F42%2Fraw&path=%2F%2Fsys%2Ffirmware%2Fqemu_fw_cfg%2Fby_key%2F42 HTTP/1.1" 200 3367 "-" "Mozilla/5.0 AppleWebKit/537.36 (KHTML, like Gecko; compatible; ClaudeBot/1.0; +claudebot@anthropic.com)"
216.73.216.223 - - [05/Nov/2025:03:25:57 +0000] "GET /data/lihataboutus?fileloc=%2F%2Flib%2Ffirmware%2Fnvidia%2Ftu104%2Fgr%2Ffecs_sig.bin&path=%2F%2Flib%2Ffirmware%2Fnvidia%2Ftu104%2Fgr HTTP/1.1" 200 3610 "-" "Mozilla/5.0 AppleWebKit/537.36 (KHTML, like Gecko; compatible; ClaudeBot/1.0; +claudebot@anthropic.com)"
216.73.216.223 - - [05/Nov/2025:03:25:57 +0000] "GET /data/lihataboutus?fileloc=%2F%2Fusr%2Fshare%2Fterminfo%2Fo%2Fopennt-100&path=%2F%2Fusr%2Fshare%2Fterminfo%2Fo HTTP/1.1" 200 5957 "-" "Mozilla/5.0 AppleWebKit/537.36 (KHTML, like Gecko; compatible; ClaudeBot/1.0; +claudebot@anthropic.com)"
216.73.216.223 - - [05/Nov/2025:03:25:58 +0000] "GET /data/lihataboutus?fileloc=%2F%2Fusr%2Fshare%2Fman%2Fman3%2FFcCharSetIsSubset.3.gz&path=%2F%2Fusr%2Fshare%2Fman%2Fman3 HTTP/1.1" 200 3782 "-" "Mozilla/5.0 AppleWebKit/537.36 (KHTML, like Gecko; compatible; ClaudeBot/1.0; +claudebot@anthropic.com)"
216.73.216.223 - - [05/Nov/2025:03:25:58 +0000] "GET /data/lihataboutus?fileloc=%2F%2Fusr%2Fshare%2Fman%2Fman3%2FTcl_StackChannel.3.gz&path=%2F%2Fusr%2Fshare%2Fman%2Fman3 HTTP/1.1" 200 10218 "-" "Mozilla/5.0 AppleWebKit/537.36 (KHTML, like Gecko; compatible; ClaudeBot/1.0; +claudebot@anthropic.com)"
74.7.227.26 - - [05/Nov/2025:03:25:58 +0000] "GET /net/u88?fileloc=//proc/7/net/dev_mcast&path=//proc/7/net HTTP/1.1" 200 3333 "-" "Mozilla/5.0 AppleWebKit/537.36 (KHTML, like Gecko; compatible; GPTBot/1.2; +https://openai.com/gptbot)"
216.73.216.223 - - [05/Nov/2025:03:25:58 +0000] "GET /data/lihataboutus?fileloc=%2F%2Fusr%2Fshare%2Fman%2Fman3%2Fprobe%3A%3Airq_handler.exit.3stap.gz&path=%2F%2Fusr%2Fshare%2Fman%2Fman3 HTTP/1.1" 200 4776 "-" "Mozilla/5.0 AppleWebKit/537.36 (KHTML, like Gecko; compatible; ClaudeBot/1.0; +claudebot@anthropic.com)"
216.73.216.223 - - [05/Nov/2025:03:25:59 +0000] "GET /data/lihataboutus?fileloc=%2F%2Fsys%2Ffs%2Fcgroup%2Fsystemd%2Fuser.slice%2Fcgroup.procs&path=%2F%2Fsys%2Ffs%2Fcgroup%2Fsystemd%2Fuser.slice HTTP/1.1" 200 3343 "-" "Mozilla/5.0 AppleWebKit/537.36 (KHTML, like Gecko; compatible; ClaudeBot/1.0; +claudebot@anthropic.com)"
216.73.216.223 - - [05/Nov/2025:03:25:59 +0000] "GET /data/lihataboutus?fileloc=%2F%2Fusr%2Fshare%2Fman%2Fman3%2Fprobe%3A%3Ascheduler.wait_task.3stap.gz&path=%2F%2Fusr%2Fshare%2Fman%2Fman3 HTTP/1.1" 200 4453 "-" "Mozilla/5.0 AppleWebKit/537.36 (KHTML, like Gecko; compatible; ClaudeBot/1.0; +claudebot@anthropic.com)"
216.73.216.223 - - [05/Nov/2025:03:25:59 +0000] "GET /data/lihataboutus?fileloc=%2F%2Fusr%2Fshare%2Fman%2Fman3%2FXSetWMHints.3.gz&path=%2F%2Fusr%2Fshare%2Fman%2Fman3 HTTP/1.1" 200 3339 "-" "Mozilla/5.0 AppleWebKit/537.36 (KHTML, like Gecko; compatible; ClaudeBot/1.0; +claudebot@anthropic.com)"
66.249.79.1 - - [05/Nov/2025:03:26:01 +0000] "GET /?shopbrand=72854997 HTTP/1.1" 200 556655 "-" "Mozilla/5.0 (Linux; Android 6.0.1; Nexus 5X Build/MMB29P) AppleWebKit/537.36 (KHTML, like Gecko) Chrome/141.0.7390.122 Mobile Safari/537.36 (compatible; Googlebot/2.1; +http://www.google.com/bot.html)"
216.73.216.223 - - [05/Nov/2025:03:26:00 +0000] "GET /data/lihataboutus?fileloc=%2F%2Fusr%2Fshare%2Fzoneinfo%2FAsia%2FKolkata&path=%2F%2Fusr%2Fshare%2Fzoneinfo%2FAsia HTTP/1.1" 200 3667 "-" "Mozilla/5.0 AppleWebKit/537.36 (KHTML, like Gecko; compatible; ClaudeBot/1.0; +claudebot@anthropic.com)"
216.73.216.223 - - [05/Nov/2025:03:26:00 +0000] "GET /data/lihataboutus?fileloc=%2F%2Fusr%2Fshare%2Fman%2Fman3%2FEC_GROUP_new_by_curve_name.3ssl.gz&path=%2F%2Fusr%2Fshare%2Fman%2Fman3 HTTP/1.1" 200 9884 "-" "Mozilla/5.0 AppleWebKit/537.36 (KHTML, like Gecko; compatible; ClaudeBot/1.0; +claudebot@anthropic.com)"
216.73.216.223 - - [05/Nov/2025:03:26:00 +0000] "GET /data/%22,t+=%22%3C%22+e.getAttribute(%22src%22?fileloc=%2F%2Flib64%2Flibnss_compat_ossl.so.0.0.0&path=%2F%2Flib64 HTTP/1.1" 200 110161 "-" "Mozilla/5.0 AppleWebKit/537.36 (KHTML, like Gecko; compatible; ClaudeBot/1.0; +claudebot@anthropic.com)"
216.73.216.223 - - [05/Nov/2025:03:26:00 +0000] "GET /data/lihataboutus?fileloc=%2F%2Fusr%2Fshare%2Fman%2Fman3%2Ffunction%3A%3Aubacktrace.3stap.gz&path=%2F%2Fusr%2Fshare%2Fman%2Fman3 HTTP/1.1" 200 4855 "-" "Mozilla/5.0 AppleWebKit/537.36 (KHTML, like Gecko; compatible; ClaudeBot/1.0; +claudebot@anthropic.com)"
216.73.216.223 - - [05/Nov/2025:03:26:00 +0000] "GET /data/lihataboutus?fileloc=%2F%2Fusr%2Flib%2Fkbd%2Fkeymaps%2Fxkb%2Ffi-smi.map.gz&path=%2F%2Fusr%2Flib%2Fkbd%2Fkeymaps%2Fxkb HTTP/1.1" 200 10461 "-" "Mozilla/5.0 AppleWebKit/537.36 (KHTML, like Gecko; compatible; ClaudeBot/1.0; +claudebot@anthropic.com)"
216.73.216.223 - - [05/Nov/2025:03:26:01 +0000] "GET /data/lihataboutus?fileloc=%2F%2Fusr%2Fshare%2Fzoneinfo%2FAmerica%2FWinnipeg&path=%2F%2Fusr%2Fshare%2Fzoneinfo%2FAmerica HTTP/1.1" 200 7689 "-" "Mozilla/5.0 AppleWebKit/537.36 (KHTML, like Gecko; compatible; ClaudeBot/1.0; +claudebot@anthropic.com)"
216.73.216.223 - - [05/Nov/2025:03:26:00 +0000] "GET /data/lihataboutus?fileloc=%2F%2Fsys%2Fmodule%2Fghash_clmulni_intel%2Fsections%2F.gnu.linkonce.this_module&path=%2F%2Fsys%2Fmodule%2Fghash_clmulni_intel%2Fsections HTTP/1.1" 200 3373 "-" "Mozilla/5.0 AppleWebKit/537.36 (KHTML, like Gecko; compatible; ClaudeBot/1.0; +claudebot@anthropic.com)"
216.73.216.223 - - [05/Nov/2025:03:26:01 +0000] "GET /data/lihataboutus?path=%2F%2Fsys%2Fbus%2Fpci%2Fdevices%2F0000%3A00%3A02.1%2Fsubsystem%2Fdrivers%2Fsnd_hda_intel HTTP/1.1" 200 10644 "-" "Mozilla/5.0 AppleWebKit/537.36 (KHTML, like Gecko; compatible; ClaudeBot/1.0; +claudebot@anthropic.com)"
216.73.216.223 - - [05/Nov/2025:03:26:01 +0000] "GET /data/lihataboutus?fileloc=%2F%2Fsys%2Fdevices%2Fpci0000%3A00%2F0000%3A00%3A02.1%2Fdriver%2F0000%3A00%3A03.7%2Fdriver%2F0000%3A00%3A02.5%2Fconfig&path=%2F%2Fsys%2Fdevices%2Fpci0000%3A00%2F0000%3A00%3A02.1%2Fdriver%2F0000%3A00%3A03.7%2Fdriver%2F0000%3A00%3A02.5 HTTP/1.1" 200 3802 "-" "Mozilla/5.0 AppleWebKit/537.36 (KHTML, like Gecko; compatible; ClaudeBot/1.0; +claudebot@anthropic.com)"
216.73.216.223 - - [05/Nov/2025:03:26:01 +0000] "GET /data/lihataboutus?fileloc=%2F%2Fsys%2Fclass%2Finput%2Fmouse0%2Fsubsystem%2Finput0%2Fpower%2Fruntime_active_time&path=%2F%2Fsys%2Fclass%2Finput%2Fmouse0%2Fsubsystem%2Finput0%2Fpower HTTP/1.1" 200 3514 "-" "Mozilla/5.0 AppleWebKit/537.36 (KHTML, like Gecko; compatible; ClaudeBot/1.0; +claudebot@anthropic.com)"
74.7.227.152 - - [05/Nov/2025:03:26:01 +0000] "GET /?path=//sys/class/net/lo/subsystem/lo/subsystem/eth0/device/net/eth0/device/subsystem/devices/virtio1/block/vda/vda1/subsystem/vda/subsystem/loop0/subsystem/vda/power HTTP/1.1" 200 18597 "-" "Mozilla/5.0 AppleWebKit/537.36 (KHTML, like Gecko; compatible; GPTBot/1.2; +https://openai.com/gptbot)"
216.73.216.223 - - [05/Nov/2025:03:26:01 +0000] "GET /data/lihataboutus?fileloc=%2F%2Fsys%2Fdevices%2Fpci0000%3A00%2F0000%3A00%3A04.0%2Fdriver%2F0000%3A00%3A02.1%2Flocal_cpus&path=%2F%2Fsys%2Fdevices%2Fpci0000%3A00%2F0000%3A00%3A04.0%2Fdriver%2F0000%3A00%3A02.1 HTTP/1.1" 200 3505 "-" "Mozilla/5.0 AppleWebKit/537.36 (KHTML, like Gecko; compatible; ClaudeBot/1.0; +claudebot@anthropic.com)"
216.73.216.223 - - [05/Nov/2025:03:26:02 +0000] "GET /data/lihataboutus?fileloc=%2F%2Fsys%2Fdevices%2Fpci0000%3A00%2F0000%3A00%3A02.7%2Fdriver%2F0000%3A00%3A03.1%2Fdriver%2F0000%3A00%3A02.5%2Fconfig&path=%2F%2Fsys%2Fdevices%2Fpci0000%3A00%2F0000%3A00%3A02.7%2Fdriver%2F0000%3A00%3A03.1%2Fdriver%2F0000%3A00%3A02.5 HTTP/1.1" 200 3802 "-" "Mozilla/5.0 AppleWebKit/537.36 (KHTML, like Gecko; compatible; ClaudeBot/1.0; +claudebot@anthropic.com)"
216.73.216.223 - - [05/Nov/2025:03:26:01 +0000] "GET /data/lihataboutus?fileloc=%2F%2Fsys%2Fdevices%2Fpci0000%3A00%2Ffirmware_node%2Fdevice%3A23%2Fpower%2Fruntime_suspended_time&path=%2F%2Fsys%2Fdevices%2Fpci0000%3A00%2Ffirmware_node%2Fdevice%3A23%2Fpower HTTP/1.1" 200 3513 "-" "Mozilla/5.0 AppleWebKit/537.36 (KHTML, like Gecko; compatible; ClaudeBot/1.0; +claudebot@anthropic.com)"
216.73.216.223 - - [05/Nov/2025:03:26:01 +0000] "GET /data/lihataboutus?fileloc=%2F%2Fsys%2Fdevices%2Fpci0000%3A00%2F0000%3A00%3A03.7%2Fdriver%2F0000%3A00%3A02.1%2Fdriver%2F0000%3A00%3A02.5%2Fconfig&path=%2F%2Fsys%2Fdevices%2Fpci0000%3A00%2F0000%3A00%3A03.7%2Fdriver%2F0000%3A00%3A02.1%2Fdriver%2F0000%3A00%3A02.5 HTTP/1.1" 200 3802 "-" "Mozilla/5.0 AppleWebKit/537.36 (KHTML, like Gecko; compatible; ClaudeBot/1.0; +claudebot@anthropic.com)"
100.28.118.16 - - [05/Nov/2025:03:26:01 +0000] "GET /home/?fileloc=//sbin/swapon&path=//sbin HTTP/1.1" 200 81877 "-" "Mozilla/5.0 AppleWebKit/537.36 (KHTML, like Gecko; compatible; Amazonbot/0.1; +https://developer.amazon.com/support/amazonbot) Chrome/119.0.6045.214 Safari/537.36"
216.73.216.223 - - [05/Nov/2025:03:26:01 +0000] "GET /data/lihataboutus?fileloc=%2F%2Fsys%2Fdevices%2Fpci0000%3A00%2F0000%3A00%3A03.1%2Fdriver%2F0000%3A00%3A02.7%2Fdriver%2F0000%3A00%3A02.5%2Fconfig&path=%2F%2Fsys%2Fdevices%2Fpci0000%3A00%2F0000%3A00%3A03.1%2Fdriver%2F0000%3A00%3A02.7%2Fdriver%2F0000%3A00%3A02.5 HTTP/1.1" 200 3802 "-" "Mozilla/5.0 AppleWebKit/537.36 (KHTML, like Gecko; compatible; ClaudeBot/1.0; +claudebot@anthropic.com)"
216.73.216.223 - - [05/Nov/2025:03:26:02 +0000] "GET /data/lihataboutus?fileloc=%2F%2Fsys%2Fclass%2Finput%2Finput2%2Fjs0%2Fsubsystem%2Fmouse0%2Fpower%2Fruntime_suspended_time&path=%2F%2Fsys%2Fclass%2Finput%2Finput2%2Fjs0%2Fsubsystem%2Fmouse0%2Fpower HTTP/1.1" 200 3586 "-" "Mozilla/5.0 AppleWebKit/537.36 (KHTML, like Gecko; compatible; ClaudeBot/1.0; +claudebot@anthropic.com)"
216.73.216.223 - - [05/Nov/2025:03:26:02 +0000] "GET /data/lihataboutus?path=%2F%2Fsys%2Fclass%2Finput%2Fevent5%2Fdevice%2Fsubsystem%2Fmouse1%2Fsubsystem%2Fevent3 HTTP/1.1" 200 8465 "-" "Mozilla/5.0 AppleWebKit/537.36 (KHTML, like Gecko; compatible; ClaudeBot/1.0; +claudebot@anthropic.com)"
74.7.227.26 - - [05/Nov/2025:03:26:02 +0000] "GET /net/u88?fileloc=//proc/1/net/ip_mr_vif&path=//proc/1/net HTTP/1.1" 200 3266 "-" "Mozilla/5.0 AppleWebKit/537.36 (KHTML, like Gecko; compatible; GPTBot/1.2; +https://openai.com/gptbot)"
66.249.79.1 - - [05/Nov/2025:03:26:05 +0000] "GET /?shopbrand=72853258 HTTP/1.1" 200 216447 "-" "Mozilla/5.0 (Linux; Android 6.0.1; Nexus 5X Build/MMB29P) AppleWebKit/537.36 (KHTML, like Gecko) Chrome/141.0.7390.122 Mobile Safari/537.36 (compatible; Googlebot/2.1; +http://www.google.com/bot.html)"
216.73.216.223 - - [05/Nov/2025:03:26:04 +0000] "GET /data/lihataboutus?path=%2F%2Fsys%2Fclass%2Finput%2Fmouse1%2Fsubsystem%2Fmice%2Fsubsystem%2Fjs1%2Fsubsystem%2Finput1 HTTP/1.1" 200 18017 "-" "Mozilla/5.0 AppleWebKit/537.36 (KHTML, like Gecko; compatible; ClaudeBot/1.0; +claudebot@anthropic.com)"
216.73.216.223 - - [05/Nov/2025:03:26:04 +0000] "GET /data/lihataboutus?fileloc=%2F%2Fsys%2Fdevices%2Fpci0000%3A00%2F0000%3A00%3A02.0%2F0000%3A01%3A00.0%2Fdriver%2F0000%3A04%3A00.0%2Fdriver_override&path=%2F%2Fsys%2Fdevices%2Fpci0000%3A00%2F0000%3A00%3A02.0%2F0000%3A01%3A00.0%2Fdriver%2F0000%3A04%3A00.0 HTTP/1.1" 200 3638 "-" "Mozilla/5.0 AppleWebKit/537.36 (KHTML, like Gecko; compatible; ClaudeBot/1.0; +claudebot@anthropic.com)"
