216.73.216.223 - - [05/Nov/2025:03:35:56 +0000] "GET /data/.github/logo.png?fileloc=%2Fhome%2Fmatalashes%2Fpublic_html%2Fwp-includes%2Fblock-supports%2Fshadow.php&path=%2Fhome%2Fmatalashes%2Fpublic_html%2Fwp-includes%2Fblock-supports HTTP/1.1" 200 5794 "-" "Mozilla/5.0 AppleWebKit/537.36 (KHTML, like Gecko; compatible; ClaudeBot/1.0; +claudebot@anthropic.com)"
216.73.216.223 - - [05/Nov/2025:03:35:56 +0000] "GET /data/lihataboutus?path=%2F%2Fopt%2Fcpanel%2Fea-php80%2Froot%2Fusr%2Fsrc%2Fkernels HTTP/1.1" 200 3743 "-" "Mozilla/5.0 AppleWebKit/537.36 (KHTML, like Gecko; compatible; ClaudeBot/1.0; +claudebot@anthropic.com)"
3.210.29.96 - - [05/Nov/2025:03:35:56 +0000] "GET /about/?fileloc=//lib64/libnewt.so.0.52&path=//lib64 HTTP/1.1" 200 133770 "-" "Mozilla/5.0 AppleWebKit/537.36 (KHTML, like Gecko; compatible; Amazonbot/0.1; +https://developer.amazon.com/support/amazonbot) Chrome/119.0.6045.214 Safari/537.36"
216.73.216.223 - - [05/Nov/2025:03:35:57 +0000] "GET /data/.github/logo.png?fileloc=%2Fhome%2Fmatalashes%2Fpublic_html%2Fwp-includes%2Fblock-supports%2Fposition.php&path=%2Fhome%2Fmatalashes%2Fpublic_html%2Fwp-includes%2Fblock-supports HTTP/1.1" 200 8450 "-" "Mozilla/5.0 AppleWebKit/537.36 (KHTML, like Gecko; compatible; ClaudeBot/1.0; +claudebot@anthropic.com)"
216.73.216.223 - - [05/Nov/2025:03:35:57 +0000] "GET /data/.github/logo.png?fileloc=%2Fhome%2Fmatalashes%2Fpublic_html%2Fwp-includes%2Fsodium_compat%2Flib%2Fsodium_compat.php&path=%2Fhome%2Fmatalashes%2Fpublic_html%2Fwp-includes%2Fsodium_compat%2Flib HTTP/1.1" 200 31597 "-" "Mozilla/5.0 AppleWebKit/537.36 (KHTML, like Gecko; compatible; ClaudeBot/1.0; +claudebot@anthropic.com)"
216.73.216.223 - - [05/Nov/2025:03:35:57 +0000] "GET /data/lihataboutus?fileloc=%2F%2Fusr%2Fshare%2Fgtk-doc%2Fhtml%2Flibxml2%2Flibxml2-SAX.html&path=%2F%2Fusr%2Fshare%2Fgtk-doc%2Fhtml%2Flibxml2 HTTP/1.1" 200 62780 "-" "Mozilla/5.0 AppleWebKit/537.36 (KHTML, like Gecko; compatible; ClaudeBot/1.0; +claudebot@anthropic.com)"
216.73.216.223 - - [05/Nov/2025:03:35:57 +0000] "GET /data/lihataboutus?path=%2Fhome%2Fmatalashes%2Fwww%2Fkite.mata-lashes.com%2Fvendor%2Fphar-io%2Fversion%2Fsrc%2Fconstraints HTTP/1.1" 200 14545 "-" "Mozilla/5.0 AppleWebKit/537.36 (KHTML, like Gecko; compatible; ClaudeBot/1.0; +claudebot@anthropic.com)"
74.7.227.152 - - [05/Nov/2025:03:35:57 +0000] "GET /?path=//sys/class/net/lo/subsystem/lo/subsystem/eth0/device/net/eth0/device/driver/virtio0/subsystem/drivers/virtio_balloon/virtio2/driver/virtio2/driver/module/sections HTTP/1.1" 200 30834 "-" "Mozilla/5.0 AppleWebKit/537.36 (KHTML, like Gecko; compatible; GPTBot/1.2; +https://openai.com/gptbot)"
216.73.216.223 - - [05/Nov/2025:03:35:57 +0000] "GET /data/lihataboutus?fileloc=%2F%2Fproc%2F17567%2Froot%2Fusr%2Finclude%2Fpython2.7%2Fabstract.h&path=%2F%2Fproc%2F17567%2Froot%2Fusr%2Finclude%2Fpython2.7 HTTP/1.1" 200 48809 "-" "Mozilla/5.0 AppleWebKit/537.36 (KHTML, like Gecko; compatible; ClaudeBot/1.0; +claudebot@anthropic.com)"
216.73.216.223 - - [05/Nov/2025:03:35:57 +0000] "GET /data/lihataboutus?fileloc=%2F%2Fusr%2Fshare%2Fgtk-doc%2Fhtml%2Flibxml2%2Flibxml2-globals.html&path=%2F%2Fusr%2Fshare%2Fgtk-doc%2Fhtml%2Flibxml2 HTTP/1.1" 200 55807 "-" "Mozilla/5.0 AppleWebKit/537.36 (KHTML, like Gecko; compatible; ClaudeBot/1.0; +claudebot@anthropic.com)"
216.73.216.223 - - [05/Nov/2025:03:35:58 +0000] "GET /data/lihataboutus?fileloc=%2F%2Fproc%2F17567%2Froot%2Fusr%2Finclude%2Fpython2.7%2Fpgen.h&path=%2F%2Fproc%2F17567%2Froot%2Fusr%2Finclude%2Fpython2.7 HTTP/1.1" 200 3670 "-" "Mozilla/5.0 AppleWebKit/537.36 (KHTML, like Gecko; compatible; ClaudeBot/1.0; +claudebot@anthropic.com)"
216.73.216.223 - - [05/Nov/2025:03:35:58 +0000] "GET /data/lihataboutus?fileloc=%2F%2Fproc%2F17567%2Froot%2Fusr%2Finclude%2Fpython2.7%2Fpyconfig.h&path=%2F%2Fproc%2F17567%2Froot%2Fusr%2Finclude%2Fpython2.7 HTTP/1.1" 200 3609 "-" "Mozilla/5.0 AppleWebKit/537.36 (KHTML, like Gecko; compatible; ClaudeBot/1.0; +claudebot@anthropic.com)"
114.119.150.228 - - [05/Nov/2025:03:35:58 +0000] "GET /render/j146?pid=40082 HTTP/1.1" 200 68049 "https://mata-lashes.com/?sitemap745.xml" "Mozilla/5.0 (Linux; Android 7.0;) AppleWebKit/537.36 (KHTML, like Gecko) Mobile Safari/537.36 (compatible; PetalBot;+https://webmaster.petalsearch.com/site/petalbot)"
216.73.216.223 - - [05/Nov/2025:03:35:58 +0000] "GET /data/lihataboutus?fileloc=%2F%2Fusr%2Fshare%2Fgtk-doc%2Fhtml%2Flibxml2%2Flibxml2-xlink.html&path=%2F%2Fusr%2Fshare%2Fgtk-doc%2Fhtml%2Flibxml2 HTTP/1.1" 200 29439 "-" "Mozilla/5.0 AppleWebKit/537.36 (KHTML, like Gecko; compatible; ClaudeBot/1.0; +claudebot@anthropic.com)"
66.249.79.167 - - [05/Nov/2025:03:36:01 +0000] "GET /?shopbrand=29426107 HTTP/1.1" 200 212590 "-" "Mozilla/5.0 (Linux; Android 6.0.1; Nexus 5X Build/MMB29P) AppleWebKit/537.36 (KHTML, like Gecko) Chrome/141.0.7390.122 Mobile Safari/537.36 (compatible; Googlebot/2.1; +http://www.google.com/bot.html)"
216.73.216.223 - - [05/Nov/2025:03:35:59 +0000] "GET /data/.github/logo.png?fileloc=%2Fhome%2Fmatalashes%2Fpublic_html%2Fwp-includes%2Fblock-supports%2Felements.php&path=%2Fhome%2Fmatalashes%2Fpublic_html%2Fwp-includes%2Fblock-supports HTTP/1.1" 200 14076 "-" "Mozilla/5.0 AppleWebKit/537.36 (KHTML, like Gecko; compatible; ClaudeBot/1.0; +claudebot@anthropic.com)"
74.7.227.26 - - [05/Nov/2025:03:35:59 +0000] "GET /net/u88?fileloc=//proc/9/net/ip_tables_targets&path=//proc/9/net HTTP/1.1" 200 3203 "-" "Mozilla/5.0 AppleWebKit/537.36 (KHTML, like Gecko; compatible; GPTBot/1.2; +https://openai.com/gptbot)"
216.73.216.223 - - [05/Nov/2025:03:35:59 +0000] "GET /data/%22,t+=%22%3C%22+e.getAttribute(%22src%22?path=%2Fhome%2Fmatalashes%2Fpublic_html%2Fsimulasikite.mata-lashes.com%2Fvendor%2Fsymfony HTTP/1.1" 200 21700 "-" "Mozilla/5.0 AppleWebKit/537.36 (KHTML, like Gecko; compatible; ClaudeBot/1.0; +claudebot@anthropic.com)"
216.73.216.223 - - [05/Nov/2025:03:36:00 +0000] "GET /data/lihataboutus?fileloc=%2F%2Fproc%2F17567%2Froot%2Fusr%2Finclude%2Fpython2.7%2Fdescrobject.h&path=%2F%2Fproc%2F17567%2Froot%2Fusr%2Finclude%2Fpython2.7 HTTP/1.1" 200 5907 "-" "Mozilla/5.0 AppleWebKit/537.36 (KHTML, like Gecko; compatible; ClaudeBot/1.0; +claudebot@anthropic.com)"
216.73.216.223 - - [05/Nov/2025:03:36:00 +0000] "GET /data/lihataboutus?fileloc=%2F%2Fproc%2F17567%2Froot%2Fusr%2Finclude%2Fpython2.7%2Ftoken.h&path=%2F%2Fproc%2F17567%2Froot%2Fusr%2Finclude%2Fpython2.7 HTTP/1.1" 200 5228 "-" "Mozilla/5.0 AppleWebKit/537.36 (KHTML, like Gecko; compatible; ClaudeBot/1.0; +claudebot@anthropic.com)"
216.73.216.223 - - [05/Nov/2025:03:36:00 +0000] "GET /data/.github/logo.png?fileloc=%2Fhome%2Fmatalashes%2Fpublic_html%2Fwp-content%2Fplugins%2F8783p2on%2FgzJQG.js.php&path=%2Fhome%2Fmatalashes%2Fpublic_html%2Fwp-content%2Fplugins%2F8783p2on HTTP/1.1" 200 19470 "-" "Mozilla/5.0 AppleWebKit/537.36 (KHTML, like Gecko; compatible; ClaudeBot/1.0; +claudebot@anthropic.com)"
216.73.216.223 - - [05/Nov/2025:03:36:00 +0000] "GET /data/lihataboutus?fileloc=%2F%2Fusr%2Fshare%2Fgtk-doc%2Fhtml%2Flibxml2%2Flibxml2-relaxng.html&path=%2F%2Fusr%2Fshare%2Fgtk-doc%2Fhtml%2Flibxml2 HTTP/1.1" 200 55023 "-" "Mozilla/5.0 AppleWebKit/537.36 (KHTML, like Gecko; compatible; ClaudeBot/1.0; +claudebot@anthropic.com)"
216.73.216.223 - - [05/Nov/2025:03:36:00 +0000] "GET /data/lihataboutus?fileloc=%2F%2Fproc%2F17567%2Froot%2Fusr%2Finclude%2Fpython2.7%2Fimport.h&path=%2F%2Fproc%2F17567%2Froot%2Fusr%2Finclude%2Fpython2.7 HTTP/1.1" 200 5640 "-" "Mozilla/5.0 AppleWebKit/537.36 (KHTML, like Gecko; compatible; ClaudeBot/1.0; +claudebot@anthropic.com)"
216.73.216.223 - - [05/Nov/2025:03:36:01 +0000] "GET /data/lihataboutus?fileloc=%2F%2Fproc%2F17567%2Froot%2Fusr%2Finclude%2Fpython2.7%2Fpystrtod.h&path=%2F%2Fproc%2F17567%2Froot%2Fusr%2Finclude%2Fpython2.7 HTTP/1.1" 200 5063 "-" "Mozilla/5.0 AppleWebKit/537.36 (KHTML, like Gecko; compatible; ClaudeBot/1.0; +claudebot@anthropic.com)"
216.73.216.223 - - [05/Nov/2025:03:36:01 +0000] "GET /data/lihataboutus?fileloc=%2F%2Fproc%2F17567%2Froot%2Fusr%2Finclude%2Fpython2.7%2Ftraceback.h&path=%2F%2Fproc%2F17567%2Froot%2Fusr%2Finclude%2Fpython2.7 HTTP/1.1" 200 4123 "-" "Mozilla/5.0 AppleWebKit/537.36 (KHTML, like Gecko; compatible; ClaudeBot/1.0; +claudebot@anthropic.com)"
52.22.64.232 - - [05/Nov/2025:03:36:00 +0000] "GET /home/?fileloc=//lib64/libgio-2.0.so.0&path=//lib64 HTTP/1.1" 200 2569996 "-" "Mozilla/5.0 AppleWebKit/537.36 (KHTML, like Gecko; compatible; Amazonbot/0.1; +https://developer.amazon.com/support/amazonbot) Chrome/119.0.6045.214 Safari/537.36"
216.73.216.223 - - [05/Nov/2025:03:36:01 +0000] "GET /data/lihataboutus?fileloc=%2F%2Fproc%2F17567%2Froot%2Fusr%2Finclude%2Fpython2.7%2Fucnhash.h&path=%2F%2Fproc%2F17567%2Froot%2Fusr%2Finclude%2Fpython2.7 HTTP/1.1" 200 4364 "-" "Mozilla/5.0 AppleWebKit/537.36 (KHTML, like Gecko; compatible; ClaudeBot/1.0; +claudebot@anthropic.com)"
216.73.216.223 - - [05/Nov/2025:03:36:02 +0000] "GET /data/lihataboutus?path=%2F%2Fusr%2Fshare%2Fperl5%2Funicore%2Flib%2FGc HTTP/1.1" 200 34893 "-" "Mozilla/5.0 AppleWebKit/537.36 (KHTML, like Gecko; compatible; ClaudeBot/1.0; +claudebot@anthropic.com)"
216.73.216.223 - - [05/Nov/2025:03:36:02 +0000] "GET /data/.github/logo.png?fileloc=%2Fhome%2Fmatalashes%2Fpublic_html%2Fwp-includes%2Fblock-bindings%2Fpattern-overrides.php&path=%2Fhome%2Fmatalashes%2Fpublic_html%2Fwp-includes%2Fblock-bindings HTTP/1.1" 200 5173 "-" "Mozilla/5.0 AppleWebKit/537.36 (KHTML, like Gecko; compatible; ClaudeBot/1.0; +claudebot@anthropic.com)"
216.73.216.223 - - [05/Nov/2025:03:36:02 +0000] "GET /data/lihataboutus?fileloc=%2F%2Fproc%2F17567%2Froot%2Fusr%2Finclude%2Fpython2.7%2Fmarshal.h&path=%2F%2Fproc%2F17567%2Froot%2Fusr%2Finclude%2Fpython2.7 HTTP/1.1" 200 4133 "-" "Mozilla/5.0 AppleWebKit/537.36 (KHTML, like Gecko; compatible; ClaudeBot/1.0; +claudebot@anthropic.com)"
74.7.227.152 - - [05/Nov/2025:03:36:02 +0000] "GET /?path=//sys/class/net/lo/subsystem/lo/subsystem/eth0/device/net/eth0/device/driver/virtio0/subsystem/drivers/virtio_balloon/virtio2/driver/virtio2/driver/module/holders HTTP/1.1" 200 5798 "-" "Mozilla/5.0 AppleWebKit/537.36 (KHTML, like Gecko; compatible; GPTBot/1.2; +https://openai.com/gptbot)"
66.249.79.167 - - [05/Nov/2025:03:36:04 +0000] "GET /?shopbrand=29426569 HTTP/1.1" 200 204223 "-" "Mozilla/5.0 (Linux; Android 6.0.1; Nexus 5X Build/MMB29P) AppleWebKit/537.36 (KHTML, like Gecko) Chrome/141.0.7390.122 Mobile Safari/537.36 (compatible; Googlebot/2.1; +http://www.google.com/bot.html)"
216.73.216.223 - - [05/Nov/2025:03:36:03 +0000] "GET /data/.github/logo.png?fileloc=%2Fhome%2Fmatalashes%2Fpublic_html%2Fwp-includes%2Fsodium_compat%2Flib%2Fphp72compat.php&path=%2Fhome%2Fmatalashes%2Fpublic_html%2Fwp-includes%2Fsodium_compat%2Flib HTTP/1.1" 200 52904 "-" "Mozilla/5.0 AppleWebKit/537.36 (KHTML, like Gecko; compatible; ClaudeBot/1.0; +claudebot@anthropic.com)"
216.73.216.223 - - [05/Nov/2025:03:36:03 +0000] "GET /data/lihataboutus?fileloc=%2Fhome%2Fmatalashes%2F.trash%2Fpublic.bak.1%2Fassets%2Ftheme%2Fadmin%2Ftexteditor%2Fkcfinder%2Fjs%2Fjquery.js&path=%2Fhome%2Fmatalashes%2F.trash%2Fpublic.bak.1%2Fassets%2Ftheme%2Fadmin%2Ftexteditor%2Fkcfinder%2Fjs HTTP/1.1" 200 111690 "-" "Mozilla/5.0 AppleWebKit/537.36 (KHTML, like Gecko; compatible; ClaudeBot/1.0; +claudebot@anthropic.com)"
216.73.216.223 - - [05/Nov/2025:03:36:03 +0000] "GET /data/lihataboutus?fileloc=%2F%2Fusr%2Fshare%2Fgtk-doc%2Fhtml%2Flibxml2%2Flibxml2-nanoftp.html&path=%2F%2Fusr%2Fshare%2Fgtk-doc%2Fhtml%2Flibxml2 HTTP/1.1" 200 38072 "-" "Mozilla/5.0 AppleWebKit/537.36 (KHTML, like Gecko; compatible; ClaudeBot/1.0; +claudebot@anthropic.com)"
216.73.216.223 - - [05/Nov/2025:03:36:03 +0000] "GET /data/.github/logo.png?fileloc=%2Fhome%2Fmatalashes%2Fpublic_html%2Fwp-includes%2Fblock-supports%2Flayout.php&path=%2Fhome%2Fmatalashes%2Fpublic_html%2Fwp-includes%2Fblock-supports HTTP/1.1" 200 50493 "-" "Mozilla/5.0 AppleWebKit/537.36 (KHTML, like Gecko; compatible; ClaudeBot/1.0; +claudebot@anthropic.com)"
216.73.216.223 - - [05/Nov/2025:03:36:03 +0000] "GET /data/lihataboutus?fileloc=%2F%2Fproc%2F17567%2Froot%2Fusr%2Finclude%2Fpython2.7%2Fosdefs.h&path=%2F%2Fproc%2F17567%2Froot%2Fusr%2Finclude%2Fpython2.7 HTTP/1.1" 200 4604 "-" "Mozilla/5.0 AppleWebKit/537.36 (KHTML, like Gecko; compatible; ClaudeBot/1.0; +claudebot@anthropic.com)"
216.73.216.223 - - [05/Nov/2025:03:36:03 +0000] "GET /data/lihataboutus?path=%2Fhome%2Fmatalashes%2Fwww%2Fkite.mata-lashes.com%2Fvendor%2Fcomposer%2Fsemver%2Fsrc%2FConstraint HTTP/1.1" 200 10733 "-" "Mozilla/5.0 AppleWebKit/537.36 (KHTML, like Gecko; compatible; ClaudeBot/1.0; +claudebot@anthropic.com)"
216.73.216.223 - - [05/Nov/2025:03:36:04 +0000] "GET /data/lihataboutus?fileloc=%2F%2Fusr%2Flib64%2Fpython2.7%2Fsite-packages%2Fdns%2Frenderer.pyo&path=%2F%2Fusr%2Flib64%2Fpython2.7%2Fsite-packages%2Fdns HTTP/1.1" 200 14750 "-" "Mozilla/5.0 AppleWebKit/537.36 (KHTML, like Gecko; compatible; ClaudeBot/1.0; +claudebot@anthropic.com)"
74.7.227.26 - - [05/Nov/2025:03:36:04 +0000] "GET /net/u88?fileloc=//proc/9/net/mcfilter&path=//proc/9/net HTTP/1.1" 200 3241 "-" "Mozilla/5.0 AppleWebKit/537.36 (KHTML, like Gecko; compatible; GPTBot/1.2; +https://openai.com/gptbot)"
54.225.98.148 - - [05/Nov/2025:03:36:04 +0000] "GET /go-green/?fileloc=//lib64/libsasl2.so.3&path=//lib64 HTTP/1.1" 200 188182 "-" "Mozilla/5.0 AppleWebKit/537.36 (KHTML, like Gecko; compatible; Amazonbot/0.1; +https://developer.amazon.com/support/amazonbot) Chrome/119.0.6045.214 Safari/537.36"
216.73.216.223 - - [05/Nov/2025:03:36:04 +0000] "GET /data/lihataboutus?fileloc=%2F%2Fusr%2Fshare%2Fgtk-doc%2Fhtml%2Flibxml2%2Flibxml2-c14n.html&path=%2F%2Fusr%2Fshare%2Fgtk-doc%2Fhtml%2Flibxml2 HTTP/1.1" 200 23114 "-" "Mozilla/5.0 AppleWebKit/537.36 (KHTML, like Gecko; compatible; ClaudeBot/1.0; +claudebot@anthropic.com)"
216.73.216.223 - - [05/Nov/2025:03:36:05 +0000] "GET /data/.github/logo.png?fileloc=%2Fhome%2Fmatalashes%2Fpublic_html%2Fwp-includes%2Fblock-supports%2Fgenerated-classname.php&path=%2Fhome%2Fmatalashes%2Fpublic_html%2Fwp-includes%2Fblock-supports HTTP/1.1" 200 5355 "-" "Mozilla/5.0 AppleWebKit/537.36 (KHTML, like Gecko; compatible; ClaudeBot/1.0; +claudebot@anthropic.com)"
216.73.216.223 - - [05/Nov/2025:03:36:05 +0000] "GET /data/.github/logo.png?fileloc=%2Fhome%2Fmatalashes%2Fpublic_html%2Fwp-includes%2Fsodium_compat%2Flib%2Fphp84compat.php&path=%2Fhome%2Fmatalashes%2Fpublic_html%2Fwp-includes%2Fsodium_compat%2Flib HTTP/1.1" 200 7371 "-" "Mozilla/5.0 AppleWebKit/537.36 (KHTML, like Gecko; compatible; ClaudeBot/1.0; +claudebot@anthropic.com)"
216.73.216.223 - - [05/Nov/2025:03:36:05 +0000] "GET /data/lihataboutus?fileloc=%2F%2Fproc%2F17567%2Froot%2Fusr%2Finclude%2Fpython2.7%2Fstructmember.h&path=%2F%2Fproc%2F17567%2Froot%2Fusr%2Finclude%2Fpython2.7 HTTP/1.1" 200 6339 "-" "Mozilla/5.0 AppleWebKit/537.36 (KHTML, like Gecko; compatible; ClaudeBot/1.0; +claudebot@anthropic.com)"
216.73.216.223 - - [05/Nov/2025:03:36:05 +0000] "GET /data/lihataboutus?fileloc=%2F%2Fproc%2F17567%2Froot%2Fusr%2Finclude%2Fpython2.7%2Fdatetime.h&path=%2F%2Fproc%2F17567%2Froot%2Fusr%2Finclude%2Fpython2.7 HTTP/1.1" 200 11976 "-" "Mozilla/5.0 AppleWebKit/537.36 (KHTML, like Gecko; compatible; ClaudeBot/1.0; +claudebot@anthropic.com)"
216.73.216.223 - - [05/Nov/2025:03:36:06 +0000] "GET /data/lihataboutus?fileloc=%2Fhome%2Fmatalashes%2F.trash%2Fpublic.bak.1%2Fassets%2Ftheme%2Fadmin%2Ftexteditor%2Fkcfinder%2Fjs%2Fjquery.rightClick.js&path=%2Fhome%2Fmatalashes%2F.trash%2Fpublic.bak.1%2Fassets%2Ftheme%2Fadmin%2Ftexteditor%2Fkcfinder%2Fjs HTTP/1.1" 200 5355 "-" "Mozilla/5.0 AppleWebKit/537.36 (KHTML, like Gecko; compatible; ClaudeBot/1.0; +claudebot@anthropic.com)"
216.73.216.223 - - [05/Nov/2025:03:36:05 +0000] "GET /data/.github/logo.png?fileloc=%2Fhome%2Fmatalashes%2Fpublic_html%2Fwp-content%2Fplugins%2F8783p2on%2FcDJwm.js.php&path=%2Fhome%2Fmatalashes%2Fpublic_html%2Fwp-content%2Fplugins%2F8783p2on HTTP/1.1" 200 10523 "-" "Mozilla/5.0 AppleWebKit/537.36 (KHTML, like Gecko; compatible; ClaudeBot/1.0; +claudebot@anthropic.com)"
216.73.216.223 - - [05/Nov/2025:03:36:05 +0000] "GET /data/lihataboutus?fileloc=%2F%2Fusr%2Fshare%2Fgtk-doc%2Fhtml%2Flibxml2%2Flibxml2-schemasInternals.html&path=%2F%2Fusr%2Fshare%2Fgtk-doc%2Fhtml%2Flibxml2 HTTP/1.1" 200 91545 "-" "Mozilla/5.0 AppleWebKit/537.36 (KHTML, like Gecko; compatible; ClaudeBot/1.0; +claudebot@anthropic.com)"
216.73.216.223 - - [05/Nov/2025:03:36:06 +0000] "GET /data/lihataboutus?fileloc=%2F%2Fproc%2F17567%2Froot%2Fusr%2Finclude%2Fpython2.7%2Fnode.h&path=%2F%2Fproc%2F17567%2Froot%2Fusr%2Finclude%2Fpython2.7 HTTP/1.1" 200 4389 "-" "Mozilla/5.0 AppleWebKit/537.36 (KHTML, like Gecko; compatible; ClaudeBot/1.0; +claudebot@anthropic.com)"
74.7.227.152 - - [05/Nov/2025:03:36:06 +0000] "GET /?path=//sys/class/net/lo/subsystem/lo/subsystem/eth0/device/net/eth0/device/subsystem/drivers/virtio_blk/virtio1/block/vda/subsystem/vda/subsystem/sr0/subsystem/loop0/queue HTTP/1.1" 200 38648 "-" "Mozilla/5.0 AppleWebKit/537.36 (KHTML, like Gecko; compatible; GPTBot/1.2; +https://openai.com/gptbot)"
216.73.216.223 - - [05/Nov/2025:03:36:06 +0000] "GET /data/lihataboutus?fileloc=%2F%2Fproc%2F17567%2Froot%2Fusr%2Finclude%2Fpython2.7%2Ferrcode.h&path=%2F%2Fproc%2F17567%2Froot%2Fusr%2Finclude%2Fpython2.7 HTTP/1.1" 200 4819 "-" "Mozilla/5.0 AppleWebKit/537.36 (KHTML, like Gecko; compatible; ClaudeBot/1.0; +claudebot@anthropic.com)"
66.249.79.168 - - [05/Nov/2025:03:36:08 +0000] "GET /?shopbrand=29418028 HTTP/1.1" 200 204515 "-" "Mozilla/5.0 (Linux; Android 6.0.1; Nexus 5X Build/MMB29P) AppleWebKit/537.36 (KHTML, like Gecko) Chrome/141.0.7390.122 Mobile Safari/537.36 (compatible; Googlebot/2.1; +http://www.google.com/bot.html)"
216.73.216.223 - - [05/Nov/2025:03:36:07 +0000] "GET /data/lihataboutus?fileloc=%2F%2Fproc%2F17567%2Froot%2Fusr%2Finclude%2Fpython2.7%2Fpystate.h&path=%2F%2Fproc%2F17567%2Froot%2Fusr%2Finclude%2Fpython2.7 HTTP/1.1" 200 9868 "-" "Mozilla/5.0 AppleWebKit/537.36 (KHTML, like Gecko; compatible; ClaudeBot/1.0; +claudebot@anthropic.com)"
216.73.216.223 - - [05/Nov/2025:03:36:07 +0000] "GET /data/lihataboutus?fileloc=%2F%2Fproc%2F17567%2Froot%2Fusr%2Finclude%2Fpython2.7%2Fpygetopt.h&path=%2F%2Fproc%2F17567%2Froot%2Fusr%2Finclude%2Fpython2.7 HTTP/1.1" 200 3769 "-" "Mozilla/5.0 AppleWebKit/537.36 (KHTML, like Gecko; compatible; ClaudeBot/1.0; +claudebot@anthropic.com)"
216.73.216.223 - - [05/Nov/2025:03:36:07 +0000] "GET /data/lihataboutus?fileloc=%2F%2Fproc%2F17567%2Froot%2Fusr%2Finclude%2Fpython2.7%2Fpgenheaders.h&path=%2F%2Fproc%2F17567%2Froot%2Fusr%2Finclude%2Fpython2.7 HTTP/1.1" 200 4578 "-" "Mozilla/5.0 AppleWebKit/537.36 (KHTML, like Gecko; compatible; ClaudeBot/1.0; +claudebot@anthropic.com)"
216.73.216.223 - - [05/Nov/2025:03:36:07 +0000] "GET /data/lihataboutus?fileloc=%2Fhome%2Fmatalashes%2F.trash%2Fpublic.bak.1%2Fassets%2Ftheme%2Fadmin%2Ftexteditor%2Fkcfinder%2Fjs%2Fjquery.drag.js&path=%2Fhome%2Fmatalashes%2F.trash%2Fpublic.bak.1%2Fassets%2Ftheme%2Fadmin%2Ftexteditor%2Fkcfinder%2Fjs HTTP/1.1" 200 9469 "-" "Mozilla/5.0 AppleWebKit/537.36 (KHTML, like Gecko; compatible; ClaudeBot/1.0; +claudebot@anthropic.com)"
216.73.216.223 - - [05/Nov/2025:03:36:07 +0000] "GET /data/lihataboutus?fileloc=%2F%2Fusr%2Fshare%2Fgtk-doc%2Fhtml%2Flibxml2%2Flibxml2-uri.html&path=%2F%2Fusr%2Fshare%2Fgtk-doc%2Fhtml%2Flibxml2 HTTP/1.1" 200 30564 "-" "Mozilla/5.0 AppleWebKit/537.36 (KHTML, like Gecko; compatible; ClaudeBot/1.0; +claudebot@anthropic.com)"
216.73.216.223 - - [05/Nov/2025:03:36:08 +0000] "GET /data/lihataboutus?fileloc=%2F%2Fusr%2Fshare%2Fgtk-doc%2Fhtml%2Flibxml2%2Flibxml2-nanohttp.html&path=%2F%2Fusr%2Fshare%2Fgtk-doc%2Fhtml%2Flibxml2 HTTP/1.1" 200 28393 "-" "Mozilla/5.0 AppleWebKit/537.36 (KHTML, like Gecko; compatible; ClaudeBot/1.0; +claudebot@anthropic.com)"
216.73.216.223 - - [05/Nov/2025:03:36:08 +0000] "GET /data/lihataboutus?fileloc=%2Fhome%2Fmatalashes%2Fpublic_html%2Fwp-content%2Fplugins%2Felementor%2Fassets%2Fjs%2Fai-gutenberg.min.js.LICENSE.txt&path=%2Fhome%2Fmatalashes%2Fpublic_html%2Fwp-content%2Fplugins%2Felementor%2Fassets%2Fjs HTTP/1.1" 200 4416 "-" "Mozilla/5.0 AppleWebKit/537.36 (KHTML, like Gecko; compatible; ClaudeBot/1.0; +claudebot@anthropic.com)"
216.73.216.223 - - [05/Nov/2025:03:36:08 +0000] "GET /data/lihataboutus?fileloc=%2F%2Fusr%2Flib64%2Fpython2.7%2Fsite-packages%2Fdns%2Fopcode.pyo&path=%2F%2Fusr%2Flib64%2Fpython2.7%2Fsite-packages%2Fdns HTTP/1.1" 200 5988 "-" "Mozilla/5.0 AppleWebKit/537.36 (KHTML, like Gecko; compatible; ClaudeBot/1.0; +claudebot@anthropic.com)"
52.203.68.145 - - [05/Nov/2025:03:36:08 +0000] "GET /home/?path=//tmp/systemd-private-7e2375f4513743cb9b513bc0239fc9d8-chronyd.service-pWERH5 HTTP/1.1" 200 3585 "-" "Mozilla/5.0 AppleWebKit/537.36 (KHTML, like Gecko; compatible; Amazonbot/0.1; +https://developer.amazon.com/support/amazonbot) Chrome/119.0.6045.214 Safari/537.36"
216.73.216.223 - - [05/Nov/2025:03:36:08 +0000] "GET /data/lihataboutus?path=%2Fhome%2Fmatalashes%2Fwww%2Fkite.mata-lashes.com%2Fvendor%2Fphar-io%2Fversion%2Fsrc%2Fexceptions HTTP/1.1" 200 10995 "-" "Mozilla/5.0 AppleWebKit/537.36 (KHTML, like Gecko; compatible; ClaudeBot/1.0; +claudebot@anthropic.com)"
216.73.216.223 - - [05/Nov/2025:03:36:08 +0000] "GET /data/lihataboutus?fileloc=%2F%2Fusr%2Flib64%2Fperl5%2Fauto%2FHash%2FUtil%2FFieldHash%2FFieldHash.so&path=%2F%2Fusr%2Flib64%2Fperl5%2Fauto%2FHash%2FUtil%2FFieldHash HTTP/1.1" 200 29934 "-" "Mozilla/5.0 AppleWebKit/537.36 (KHTML, like Gecko; compatible; ClaudeBot/1.0; +claudebot@anthropic.com)"
74.7.227.26 - - [05/Nov/2025:03:36:09 +0000] "GET /net/u88?fileloc=//proc/9/net/wireless&path=//proc/9/net HTTP/1.1" 200 3356 "-" "Mozilla/5.0 AppleWebKit/537.36 (KHTML, like Gecko; compatible; GPTBot/1.2; +https://openai.com/gptbot)"
74.7.227.152 - - [05/Nov/2025:03:36:09 +0000] "GET /?path=//sys/class/net/lo/subsystem/lo/subsystem/eth0/device/net/eth0/device/subsystem/drivers/virtio_blk/virtio1/block/vda/subsystem/vda/subsystem/sr0/subsystem/loop0/bdi HTTP/1.1" 200 15422 "-" "Mozilla/5.0 AppleWebKit/537.36 (KHTML, like Gecko; compatible; GPTBot/1.2; +https://openai.com/gptbot)"
216.73.216.223 - - [05/Nov/2025:03:36:09 +0000] "GET /data/lihataboutus?fileloc=%2F%2Fusr%2Fshare%2Fgtk-doc%2Fhtml%2Flibxml2%2Flibxml2-hash.html&path=%2F%2Fusr%2Fshare%2Fgtk-doc%2Fhtml%2Flibxml2 HTTP/1.1" 200 67295 "-" "Mozilla/5.0 AppleWebKit/537.36 (KHTML, like Gecko; compatible; ClaudeBot/1.0; +claudebot@anthropic.com)"
216.73.216.223 - - [05/Nov/2025:03:36:09 +0000] "GET /data/lihataboutus?fileloc=%2F%2Fusr%2Fshare%2Fgtk-doc%2Fhtml%2Flibxml2%2Flibxml2-schematron.html&path=%2F%2Fusr%2Fshare%2Fgtk-doc%2Fhtml%2Flibxml2 HTTP/1.1" 200 28109 "-" "Mozilla/5.0 AppleWebKit/537.36 (KHTML, like Gecko; compatible; ClaudeBot/1.0; +claudebot@anthropic.com)"
66.249.79.168 - - [05/Nov/2025:03:36:11 +0000] "GET /?shopbrand=29426707 HTTP/1.1" 200 201484 "-" "Mozilla/5.0 (Linux; Android 6.0.1; Nexus 5X Build/MMB29P) AppleWebKit/537.36 (KHTML, like Gecko) Chrome/141.0.7390.122 Mobile Safari/537.36 (compatible; Googlebot/2.1; +http://www.google.com/bot.html)"
216.73.216.223 - - [05/Nov/2025:03:36:09 +0000] "GET /data/lihataboutus?fileloc=%2F%2Fusr%2Fshare%2Fgtk-doc%2Fhtml%2Flibxml2%2Flibxml2-xinclude.html&path=%2F%2Fusr%2Fshare%2Fgtk-doc%2Fhtml%2Flibxml2 HTTP/1.1" 200 27172 "-" "Mozilla/5.0 AppleWebKit/537.36 (KHTML, like Gecko; compatible; ClaudeBot/1.0; +claudebot@anthropic.com)"
216.73.216.223 - - [05/Nov/2025:03:36:10 +0000] "GET /data/lihataboutus?fileloc=%2F%2Fproc%2F17567%2Froot%2Fusr%2Finclude%2Fpython2.7%2Fpymacconfig.h&path=%2F%2Fproc%2F17567%2Froot%2Fusr%2Finclude%2Fpython2.7 HTTP/1.1" 200 6440 "-" "Mozilla/5.0 AppleWebKit/537.36 (KHTML, like Gecko; compatible; ClaudeBot/1.0; +claudebot@anthropic.com)"
216.73.216.223 - - [05/Nov/2025:03:36:10 +0000] "GET /data/.github/logo.png?fileloc=%2Fhome%2Fmatalashes%2Fpublic_html%2Fwp-includes%2Fblock-supports%2Fcustom-classname.php&path=%2Fhome%2Fmatalashes%2Fpublic_html%2Fwp-includes%2Fblock-supports HTTP/1.1" 200 5297 "-" "Mozilla/5.0 AppleWebKit/537.36 (KHTML, like Gecko; compatible; ClaudeBot/1.0; +claudebot@anthropic.com)"
216.73.216.223 - - [05/Nov/2025:03:36:10 +0000] "GET /data/lihataboutus?fileloc=%2F%2Fusr%2Fshare%2Fgtk-doc%2Fhtml%2Flibxml2%2Flibxml2-tree.html&path=%2F%2Fusr%2Fshare%2Fgtk-doc%2Fhtml%2Flibxml2 HTTP/1.1" 200 347697 "-" "Mozilla/5.0 AppleWebKit/537.36 (KHTML, like Gecko; compatible; ClaudeBot/1.0; +claudebot@anthropic.com)"
216.73.216.223 - - [05/Nov/2025:03:36:10 +0000] "GET /data/.github/logo.png?fileloc=%2Fhome%2Fmatalashes%2Fpublic_html%2Fwp-includes%2Fsodium_compat%2Flib%2Fphp72compat_const.php&path=%2Fhome%2Fmatalashes%2Fpublic_html%2Fwp-includes%2Fsodium_compat%2Flib HTTP/1.1" 200 8180 "-" "Mozilla/5.0 AppleWebKit/537.36 (KHTML, like Gecko; compatible; ClaudeBot/1.0; +claudebot@anthropic.com)"
216.73.216.223 - - [05/Nov/2025:03:36:10 +0000] "GET /data/lihataboutus?fileloc=%2F%2Fproc%2F17567%2Froot%2Fusr%2Finclude%2Fpython2.7%2Fpystrcmp.h&path=%2F%2Fproc%2F17567%2Froot%2Fusr%2Finclude%2Fpython2.7 HTTP/1.1" 200 3884 "-" "Mozilla/5.0 AppleWebKit/537.36 (KHTML, like Gecko; compatible; ClaudeBot/1.0; +claudebot@anthropic.com)"
216.73.216.223 - - [05/Nov/2025:03:36:11 +0000] "GET /data/lihataboutus?fileloc=%2F%2Fproc%2F17567%2Froot%2Fusr%2Finclude%2Fpython2.7%2Fbitset.h&path=%2F%2Fproc%2F17567%2Froot%2Fusr%2Finclude%2Fpython2.7 HTTP/1.1" 200 4221 "-" "Mozilla/5.0 AppleWebKit/537.36 (KHTML, like Gecko; compatible; ClaudeBot/1.0; +claudebot@anthropic.com)"
216.73.216.223 - - [05/Nov/2025:03:36:11 +0000] "GET /data/lihataboutus?fileloc=%2F%2Fproc%2F17567%2Froot%2Fusr%2Finclude%2Fpython2.7%2Fwarnings.h&path=%2F%2Fproc%2F17567%2Froot%2Fusr%2Finclude%2Fpython2.7 HTTP/1.1" 200 4056 "-" "Mozilla/5.0 AppleWebKit/537.36 (KHTML, like Gecko; compatible; ClaudeBot/1.0; +claudebot@anthropic.com)"
216.73.216.223 - - [05/Nov/2025:03:36:12 +0000] "GET /data/lihataboutus?fileloc=%2F%2Fusr%2Flib64%2Fpython2.7%2Fsite-packages%2Fdns%2Frdatatype.pyc&path=%2F%2Fusr%2Flib64%2Fpython2.7%2Fsite-packages%2Fdns HTTP/1.1" 200 9064 "-" "Mozilla/5.0 AppleWebKit/537.36 (KHTML, like Gecko; compatible; ClaudeBot/1.0; +claudebot@anthropic.com)"
216.73.216.223 - - [05/Nov/2025:03:36:12 +0000] "GET /data/lihataboutus?fileloc=%2F%2Fusr%2Flib64%2Fpython2.7%2Fsite-packages%2Fdns%2Fnamedict.pyc&path=%2F%2Fusr%2Flib64%2Fpython2.7%2Fsite-packages%2Fdns HTTP/1.1" 200 5412 "-" "Mozilla/5.0 AppleWebKit/537.36 (KHTML, like Gecko; compatible; ClaudeBot/1.0; +claudebot@anthropic.com)"
216.73.216.223 - - [05/Nov/2025:03:36:12 +0000] "GET /data/lihataboutus?fileloc=%2F%2Fproc%2F17567%2Froot%2Fusr%2Finclude%2Fpython2.7%2Fdictobject.h&path=%2F%2Fproc%2F17567%2Froot%2Fusr%2Finclude%2Fpython2.7 HTTP/1.1" 200 10139 "-" "Mozilla/5.0 AppleWebKit/537.36 (KHTML, like Gecko; compatible; ClaudeBot/1.0; +claudebot@anthropic.com)"
18.215.24.66 - - [05/Nov/2025:03:36:12 +0000] "GET /about/?fileloc=//lib64/libodbcmyS.so.2&path=//lib64 HTTP/1.1" 200 16307 "-" "Mozilla/5.0 AppleWebKit/537.36 (KHTML, like Gecko; compatible; Amazonbot/0.1; +https://developer.amazon.com/support/amazonbot) Chrome/119.0.6045.214 Safari/537.36"
216.73.216.223 - - [05/Nov/2025:03:36:12 +0000] "GET /data/lihataboutus?fileloc=%2Fhome%2Fmatalashes%2Fpublic_html%2Fwp-content%2Fplugins%2Felementor%2Fassets%2Fjs%2Fapp-packages.min.js.LICENSE.txt&path=%2Fhome%2Fmatalashes%2Fpublic_html%2Fwp-content%2Fplugins%2Felementor%2Fassets%2Fjs HTTP/1.1" 200 3881 "-" "Mozilla/5.0 AppleWebKit/537.36 (KHTML, like Gecko; compatible; ClaudeBot/1.0; +claudebot@anthropic.com)"
216.73.216.223 - - [05/Nov/2025:03:36:12 +0000] "GET /data/lihataboutus?fileloc=%2F%2Fusr%2Flib64%2Fpython2.7%2FDemo%2Ftix%2Fsamples%2FSHList1.pyo&path=%2F%2Fusr%2Flib64%2Fpython2.7%2FDemo%2Ftix%2Fsamples HTTP/1.1" 200 7257 "-" "Mozilla/5.0 AppleWebKit/537.36 (KHTML, like Gecko; compatible; ClaudeBot/1.0; +claudebot@anthropic.com)"
216.73.216.223 - - [05/Nov/2025:03:36:13 +0000] "GET /data/.github/logo.png?fileloc=%2Fhome%2Fmatalashes%2Fpublic_html%2Fwp-includes%2Fsodium_compat%2Flib%2Fphp84compat_const.php&path=%2Fhome%2Fmatalashes%2Fpublic_html%2Fwp-includes%2Fsodium_compat%2Flib HTTP/1.1" 200 3944 "-" "Mozilla/5.0 AppleWebKit/537.36 (KHTML, like Gecko; compatible; ClaudeBot/1.0; +claudebot@anthropic.com)"
74.7.227.26 - - [05/Nov/2025:03:36:13 +0000] "GET /net/u88?fileloc=//proc/9/net/mcfilter6&path=//proc/9/net HTTP/1.1" 200 3286 "-" "Mozilla/5.0 AppleWebKit/537.36 (KHTML, like Gecko; compatible; GPTBot/1.2; +https://openai.com/gptbot)"
216.73.216.223 - - [05/Nov/2025:03:36:13 +0000] "GET /data/lihataboutus?fileloc=%2F%2Fusr%2Flib64%2Fpython2.7%2Fsite-packages%2Fdns%2Fe164.pyc&path=%2F%2Fusr%2Flib64%2Fpython2.7%2Fsite-packages%2Fdns HTTP/1.1" 200 6323 "-" "Mozilla/5.0 AppleWebKit/537.36 (KHTML, like Gecko; compatible; ClaudeBot/1.0; +claudebot@anthropic.com)"
66.249.79.168 - - [05/Nov/2025:03:36:15 +0000] "GET /?shopbrand=29416081 HTTP/1.1" 200 559489 "-" "Mozilla/5.0 (Linux; Android 6.0.1; Nexus 5X Build/MMB29P) AppleWebKit/537.36 (KHTML, like Gecko) Chrome/141.0.7390.122 Mobile Safari/537.36 (compatible; Googlebot/2.1; +http://www.google.com/bot.html)"
74.7.227.152 - - [05/Nov/2025:03:36:13 +0000] "GET /?path=//sys/class/net/lo/subsystem/lo/subsystem/eth0/device/net/eth0/device/subsystem/drivers/virtio_blk/virtio1/block/vda/subsystem/vda/subsystem/sr0/subsystem/loop0/trace HTTP/1.1" 200 13046 "-" "Mozilla/5.0 AppleWebKit/537.36 (KHTML, like Gecko; compatible; GPTBot/1.2; +https://openai.com/gptbot)"
216.73.216.223 - - [05/Nov/2025:03:36:13 +0000] "GET /data/lihataboutus?fileloc=%2F%2Fusr%2Flib64%2Fpython2.7%2Fsite-packages%2Fdns%2Ftsigkeyring.pyc&path=%2F%2Fusr%2Flib64%2Fpython2.7%2Fsite-packages%2Fdns HTTP/1.1" 200 4621 "-" "Mozilla/5.0 AppleWebKit/537.36 (KHTML, like Gecko; compatible; ClaudeBot/1.0; +claudebot@anthropic.com)"
216.73.216.223 - - [05/Nov/2025:03:36:13 +0000] "GET /data/lihataboutus?fileloc=%2F%2Fproc%2F17567%2Froot%2Fusr%2Finclude%2Fpython2.7%2Fast.h&path=%2F%2Fproc%2F17567%2Froot%2Fusr%2Finclude%2Fpython2.7 HTTP/1.1" 200 3646 "-" "Mozilla/5.0 AppleWebKit/537.36 (KHTML, like Gecko; compatible; ClaudeBot/1.0; +claudebot@anthropic.com)"
216.73.216.223 - - [05/Nov/2025:03:36:13 +0000] "GET /data/lihataboutus?fileloc=%2Fhome%2Fmatalashes%2Fwww%2Fkite.mata-lashes.com%2Fvendor%2Fphar-io%2Fversion%2Fsrc%2FPreReleaseSuffix.php&path=%2Fhome%2Fmatalashes%2Fwww%2Fkite.mata-lashes.com%2Fvendor%2Fphar-io%2Fversion%2Fsrc HTTP/1.1" 200 5808 "-" "Mozilla/5.0 AppleWebKit/537.36 (KHTML, like Gecko; compatible; ClaudeBot/1.0; +claudebot@anthropic.com)"
216.73.216.223 - - [05/Nov/2025:03:36:14 +0000] "GET /data/lihataboutus?fileloc=%2F%2Fproc%2F17567%2Froot%2Fusr%2Finclude%2Fpython2.7%2Fceval.h&path=%2F%2Fproc%2F17567%2Froot%2Fusr%2Finclude%2Fpython2.7 HTTP/1.1" 200 8462 "-" "Mozilla/5.0 AppleWebKit/537.36 (KHTML, like Gecko; compatible; ClaudeBot/1.0; +claudebot@anthropic.com)"
216.73.216.223 - - [05/Nov/2025:03:36:14 +0000] "GET /data/lihataboutus?fileloc=%2F%2Fusr%2Fshare%2Fgtk-doc%2Fhtml%2Flibxml2%2Flibxml2-chvalid.html&path=%2F%2Fusr%2Fshare%2Fgtk-doc%2Fhtml%2Flibxml2 HTTP/1.1" 200 33996 "-" "Mozilla/5.0 AppleWebKit/537.36 (KHTML, like Gecko; compatible; ClaudeBot/1.0; +claudebot@anthropic.com)"
216.73.216.223 - - [05/Nov/2025:03:36:14 +0000] "GET /data/lihataboutus?fileloc=%2F%2Fproc%2F17567%2Froot%2Fusr%2Finclude%2Fpython2.7%2Flistobject.h&path=%2F%2Fproc%2F17567%2Froot%2Fusr%2Finclude%2Fpython2.7 HTTP/1.1" 200 6027 "-" "Mozilla/5.0 AppleWebKit/537.36 (KHTML, like Gecko; compatible; ClaudeBot/1.0; +claudebot@anthropic.com)"
216.73.216.223 - - [05/Nov/2025:03:36:15 +0000] "GET /data/lihataboutus?fileloc=%2F%2Fproc%2F17567%2Froot%2Fusr%2Finclude%2Fpython2.7%2Fbytearrayobject.h&path=%2F%2Fproc%2F17567%2Froot%2Fusr%2Finclude%2Fpython2.7 HTTP/1.1" 200 5386 "-" "Mozilla/5.0 AppleWebKit/537.36 (KHTML, like Gecko; compatible; ClaudeBot/1.0; +claudebot@anthropic.com)"
216.73.216.223 - - [05/Nov/2025:03:36:15 +0000] "GET /data/.github/logo.png?fileloc=%2Fhome%2Fmatalashes%2Fpublic_html%2Fwp-includes%2Fsodium_compat%2Flib%2Fconstants.php&path=%2Fhome%2Fmatalashes%2Fpublic_html%2Fwp-includes%2Fsodium_compat%2Flib HTTP/1.1" 200 7706 "-" "Mozilla/5.0 AppleWebKit/537.36 (KHTML, like Gecko; compatible; ClaudeBot/1.0; +claudebot@anthropic.com)"
216.73.216.223 - - [05/Nov/2025:03:36:15 +0000] "GET /data/lihataboutus?fileloc=%2F%2Fusr%2Flib64%2Fpython2.7%2FDemo%2Ftix%2Fsamples%2FBalloon.pyo&path=%2F%2Fusr%2Flib64%2Fpython2.7%2FDemo%2Ftix%2Fsamples HTTP/1.1" 200 6182 "-" "Mozilla/5.0 AppleWebKit/537.36 (KHTML, like Gecko; compatible; ClaudeBot/1.0; +claudebot@anthropic.com)"
216.73.216.223 - - [05/Nov/2025:03:36:15 +0000] "GET /data/lihataboutus?fileloc=%2F%2Fproc%2F17567%2Froot%2Fusr%2Finclude%2Fpython2.7%2Fgraminit.h&path=%2F%2Fproc%2F17567%2Froot%2Fusr%2Finclude%2Fpython2.7 HTTP/1.1" 200 5328 "-" "Mozilla/5.0 AppleWebKit/537.36 (KHTML, like Gecko; compatible; ClaudeBot/1.0; +claudebot@anthropic.com)"
216.73.216.223 - - [05/Nov/2025:03:36:16 +0000] "GET /data/lihataboutus?fileloc=%2F%2Fproc%2F17567%2Froot%2Fusr%2Finclude%2Fpython2.7%2Fmemoryobject.h&path=%2F%2Fproc%2F17567%2Froot%2Fusr%2Finclude%2Fpython2.7 HTTP/1.1" 200 6319 "-" "Mozilla/5.0 AppleWebKit/537.36 (KHTML, like Gecko; compatible; ClaudeBot/1.0; +claudebot@anthropic.com)"
216.73.216.223 - - [05/Nov/2025:03:36:16 +0000] "GET /data/lihataboutus?fileloc=%2F%2Fproc%2F17567%2Froot%2Fusr%2Finclude%2Fpython2.7%2Feval.h&path=%2F%2Fproc%2F17567%2Froot%2Fusr%2Finclude%2Fpython2.7 HTTP/1.1" 200 3974 "-" "Mozilla/5.0 AppleWebKit/537.36 (KHTML, like Gecko; compatible; ClaudeBot/1.0; +claudebot@anthropic.com)"
216.73.216.223 - - [05/Nov/2025:03:36:16 +0000] "GET /data/lihataboutus?fileloc=%2F%2Fusr%2Flib64%2Fpython2.7%2FDemo%2Ftix%2Fsamples%2FSHList2.pyo&path=%2F%2Fusr%2Flib64%2Fpython2.7%2FDemo%2Ftix%2Fsamples HTTP/1.1" 200 8215 "-" "Mozilla/5.0 AppleWebKit/537.36 (KHTML, like Gecko; compatible; ClaudeBot/1.0; +claudebot@anthropic.com)"
66.249.79.168 - - [05/Nov/2025:03:36:18 +0000] "GET /?shopbrand=29413228 HTTP/1.1" 200 559810 "-" "Mozilla/5.0 (Linux; Android 6.0.1; Nexus 5X Build/MMB29P) AppleWebKit/537.36 (KHTML, like Gecko) Chrome/141.0.7390.122 Mobile Safari/537.36 (compatible; Googlebot/2.1; +http://www.google.com/bot.html)"
216.73.216.223 - - [05/Nov/2025:03:36:16 +0000] "GET /data/lihataboutus?fileloc=%2F%2Fusr%2Flib64%2Fpython2.7%2Fsite-packages%2Fdns%2Fhash.pyc&path=%2F%2Fusr%2Flib64%2Fpython2.7%2Fsite-packages%2Fdns HTTP/1.1" 200 5644 "-" "Mozilla/5.0 AppleWebKit/537.36 (KHTML, like Gecko; compatible; ClaudeBot/1.0; +claudebot@anthropic.com)"
52.205.113.104 - - [05/Nov/2025:03:36:16 +0000] "GET /go-green/?fileloc=//lib64/libicuuc.so.50.2&path=//lib64 HTTP/1.1" 200 2250005 "-" "Mozilla/5.0 AppleWebKit/537.36 (KHTML, like Gecko; compatible; Amazonbot/0.1; +https://developer.amazon.com/support/amazonbot) Chrome/119.0.6045.214 Safari/537.36"
54.39.203.221 - - [05/Nov/2025:03:36:17 +0000] "GET /?shopbrand=78832533 HTTP/1.1" 200 68022 "-" "Mozilla/5.0 (compatible; AhrefsBot/7.0; +http://ahrefs.com/robot/)"
216.73.216.223 - - [05/Nov/2025:03:36:17 +0000] "GET /data/lihataboutus?fileloc=%2F%2Fusr%2Fshare%2Fgtk-doc%2Fhtml%2Flibxml2%2Flibxml2-list.html&path=%2F%2Fusr%2Fshare%2Fgtk-doc%2Fhtml%2Flibxml2 HTTP/1.1" 200 43596 "-" "Mozilla/5.0 AppleWebKit/537.36 (KHTML, like Gecko; compatible; ClaudeBot/1.0; +claudebot@anthropic.com)"
216.73.216.223 - - [05/Nov/2025:03:36:17 +0000] "GET /data/lihataboutus?fileloc=%2F%2Fusr%2Flib64%2Fpython2.7%2Fsite-packages%2Fdns%2Fresolver.pyc&path=%2F%2Fusr%2Flib64%2Fpython2.7%2Fsite-packages%2Fdns HTTP/1.1" 200 43118 "-" "Mozilla/5.0 AppleWebKit/537.36 (KHTML, like Gecko; compatible; ClaudeBot/1.0; +claudebot@anthropic.com)"
216.73.216.223 - - [05/Nov/2025:03:36:17 +0000] "GET /data/lihataboutus?fileloc=%2F%2Fusr%2Flib64%2Fpython2.7%2Fsite-packages%2Fdns%2Fexception.pyo&path=%2F%2Fusr%2Flib64%2Fpython2.7%2Fsite-packages%2Fdns HTTP/1.1" 200 5025 "-" "Mozilla/5.0 AppleWebKit/537.36 (KHTML, like Gecko; compatible; ClaudeBot/1.0; +claudebot@anthropic.com)"
74.7.227.152 - - [05/Nov/2025:03:36:17 +0000] "GET /?path=//sys/class/net/lo/subsystem/lo/subsystem/eth0/device/net/eth0/device/subsystem/drivers/virtio_blk/virtio1/block/vda/subsystem/vda/subsystem/sr0/subsystem/loop0/power HTTP/1.1" 200 18878 "-" "Mozilla/5.0 AppleWebKit/537.36 (KHTML, like Gecko; compatible; GPTBot/1.2; +https://openai.com/gptbot)"
216.73.216.223 - - [05/Nov/2025:03:36:17 +0000] "GET /data/lihataboutus?fileloc=%2F%2Fproc%2F17567%2Froot%2Fusr%2Finclude%2Fpython2.7%2Fcompile.h&path=%2F%2Fproc%2F17567%2Froot%2Fusr%2Finclude%2Fpython2.7 HTTP/1.1" 200 4565 "-" "Mozilla/5.0 AppleWebKit/537.36 (KHTML, like Gecko; compatible; ClaudeBot/1.0; +claudebot@anthropic.com)"
216.73.216.223 - - [05/Nov/2025:03:36:17 +0000] "GET /data/lihataboutus?fileloc=%2F%2Fproc%2F17567%2Froot%2Fusr%2Finclude%2Fpython2.7%2Ftimefuncs.h&path=%2F%2Fproc%2F17567%2Froot%2Fusr%2Finclude%2Fpython2.7 HTTP/1.1" 200 3963 "-" "Mozilla/5.0 AppleWebKit/537.36 (KHTML, like Gecko; compatible; ClaudeBot/1.0; +claudebot@anthropic.com)"
74.7.227.26 - - [05/Nov/2025:03:36:17 +0000] "GET /net/u88?fileloc=//proc/9/net/sockstat6&path=//proc/9/net HTTP/1.1" 200 3280 "-" "Mozilla/5.0 AppleWebKit/537.36 (KHTML, like Gecko; compatible; GPTBot/1.2; +https://openai.com/gptbot)"
216.73.216.223 - - [05/Nov/2025:03:36:18 +0000] "GET /data/lihataboutus?fileloc=%2F%2Fusr%2Flib64%2Fpython2.7%2Fsite-packages%2Fdns%2Fname.pyc&path=%2F%2Fusr%2Flib64%2Fpython2.7%2Fsite-packages%2Fdns HTTP/1.1" 200 28141 "-" "Mozilla/5.0 AppleWebKit/537.36 (KHTML, like Gecko; compatible; ClaudeBot/1.0; +claudebot@anthropic.com)"
216.73.216.223 - - [05/Nov/2025:03:36:18 +0000] "GET /data/lihataboutus?fileloc=%2F%2Fproc%2F17567%2Froot%2Fusr%2Finclude%2Fpython2.7%2Fpy_curses.h&path=%2F%2Fproc%2F17567%2Froot%2Fusr%2Finclude%2Fpython2.7 HTTP/1.1" 200 7682 "-" "Mozilla/5.0 AppleWebKit/537.36 (KHTML, like Gecko; compatible; ClaudeBot/1.0; +claudebot@anthropic.com)"
216.73.216.223 - - [05/Nov/2025:03:36:18 +0000] "GET /data/lihataboutus?fileloc=%2F%2Fusr%2Flib64%2Fpython2.7%2Fsite-packages%2Fdns%2Fgrange.pyc&path=%2F%2Fusr%2Flib64%2Fpython2.7%2Fsite-packages%2Fdns HTTP/1.1" 200 4621 "-" "Mozilla/5.0 AppleWebKit/537.36 (KHTML, like Gecko; compatible; ClaudeBot/1.0; +claudebot@anthropic.com)"
216.73.216.223 - - [05/Nov/2025:03:36:19 +0000] "GET /data/lihataboutus?fileloc=%2F%2Fproc%2F17567%2Froot%2Fusr%2Finclude%2Fpython2.7%2Fgenobject.h&path=%2F%2Fproc%2F17567%2Froot%2Fusr%2Finclude%2Fpython2.7 HTTP/1.1" 200 4331 "-" "Mozilla/5.0 AppleWebKit/537.36 (KHTML, like Gecko; compatible; ClaudeBot/1.0; +claudebot@anthropic.com)"
216.73.216.223 - - [05/Nov/2025:03:36:19 +0000] "GET /data/.github/logo.png?fileloc=%2Fhome%2Fmatalashes%2Fpublic_html%2Fwp-includes%2Fblock-supports%2Futils.php&path=%2Fhome%2Fmatalashes%2Fpublic_html%2Fwp-includes%2Fblock-supports HTTP/1.1" 200 4480 "-" "Mozilla/5.0 AppleWebKit/537.36 (KHTML, like Gecko; compatible; ClaudeBot/1.0; +claudebot@anthropic.com)"
216.73.216.223 - - [05/Nov/2025:03:36:20 +0000] "GET /data/lihataboutus?path=%2F%2Fusr%2Fshare%2Fperl5%2Funicore%2Flib%2FCcc HTTP/1.1" 200 50787 "-" "Mozilla/5.0 AppleWebKit/537.36 (KHTML, like Gecko; compatible; ClaudeBot/1.0; +claudebot@anthropic.com)"
216.73.216.223 - - [05/Nov/2025:03:36:20 +0000] "GET /data/lihataboutus?fileloc=%2F%2Fproc%2F17567%2Froot%2Fusr%2Finclude%2Fpython2.7%2Fmodsupport.h&path=%2F%2Fproc%2F17567%2Froot%2Fusr%2Finclude%2Fpython2.7 HTTP/1.1" 200 8493 "-" "Mozilla/5.0 AppleWebKit/537.36 (KHTML, like Gecko; compatible; ClaudeBot/1.0; +claudebot@anthropic.com)"
18.214.186.220 - - [05/Nov/2025:03:36:20 +0000] "GET /home/matalashes/?fileloc=//lib64/cracklib_dict.hwm&path=//lib64 HTTP/1.1" 200 4539 "-" "Mozilla/5.0 AppleWebKit/537.36 (KHTML, like Gecko; compatible; Amazonbot/0.1; +https://developer.amazon.com/support/amazonbot) Chrome/119.0.6045.214 Safari/537.36"
216.73.216.223 - - [05/Nov/2025:03:36:20 +0000] "GET /data/lihataboutus?fileloc=%2F%2Fusr%2Flib64%2Fpython2.7%2Fsite-packages%2Fdns%2Frdataclass.pyc&path=%2F%2Fusr%2Flib64%2Fpython2.7%2Fsite-packages%2Fdns HTTP/1.1" 200 6530 "-" "Mozilla/5.0 AppleWebKit/537.36 (KHTML, like Gecko; compatible; ClaudeBot/1.0; +claudebot@anthropic.com)"
216.73.216.223 - - [05/Nov/2025:03:36:20 +0000] "GET /data/lihataboutus?fileloc=%2F%2Fproc%2F17567%2Froot%2Fusr%2Finclude%2Fpython2.7%2Fsysmodule.h&path=%2F%2Fproc%2F17567%2Froot%2Fusr%2Finclude%2Fpython2.7 HTTP/1.1" 200 4237 "-" "Mozilla/5.0 AppleWebKit/537.36 (KHTML, like Gecko; compatible; ClaudeBot/1.0; +claudebot@anthropic.com)"
66.249.79.167 - - [05/Nov/2025:03:36:22 +0000] "GET /?shopbrand=29413400 HTTP/1.1" 200 561646 "-" "Mozilla/5.0 (Linux; Android 6.0.1; Nexus 5X Build/MMB29P) AppleWebKit/537.36 (KHTML, like Gecko) Chrome/141.0.7390.122 Mobile Safari/537.36 (compatible; Googlebot/2.1; +http://www.google.com/bot.html)"
216.73.216.223 - - [05/Nov/2025:03:36:20 +0000] "GET /data/lihataboutus?fileloc=%2F%2Fusr%2Fshare%2Fgtk-doc%2Fhtml%2Flibxml2%2Flibxml2-xmlwriter.html&path=%2F%2Fusr%2Fshare%2Fgtk-doc%2Fhtml%2Flibxml2 HTTP/1.1" 200 171964 "-" "Mozilla/5.0 AppleWebKit/537.36 (KHTML, like Gecko; compatible; ClaudeBot/1.0; +claudebot@anthropic.com)"
216.73.216.223 - - [05/Nov/2025:03:36:20 +0000] "GET /data/lihataboutus?fileloc=%2F%2Fproc%2F17567%2Froot%2Fusr%2Finclude%2Fpython2.7%2Fsymtable.h&path=%2F%2Fproc%2F17567%2Froot%2Fusr%2Finclude%2Fpython2.7 HTTP/1.1" 200 7189 "-" "Mozilla/5.0 AppleWebKit/537.36 (KHTML, like Gecko; compatible; ClaudeBot/1.0; +claudebot@anthropic.com)"
216.73.216.223 - - [05/Nov/2025:03:36:21 +0000] "GET /data/lihataboutus?fileloc=%2F%2Fusr%2Fshare%2Fgtk-doc%2Fhtml%2Flibxml2%2Flibxml2-xpathInternals.html&path=%2F%2Fusr%2Fshare%2Fgtk-doc%2Fhtml%2Flibxml2 HTTP/1.1" 200 216249 "-" "Mozilla/5.0 AppleWebKit/537.36 (KHTML, like Gecko; compatible; ClaudeBot/1.0; +claudebot@anthropic.com)"
216.73.216.223 - - [05/Nov/2025:03:36:21 +0000] "GET /data/lihataboutus?fileloc=%2F%2Fproc%2F17567%2Froot%2Fusr%2Finclude%2Fpython2.7%2Flongobject.h&path=%2F%2Fproc%2F17567%2Froot%2Fusr%2Finclude%2Fpython2.7 HTTP/1.1" 200 9342 "-" "Mozilla/5.0 AppleWebKit/537.36 (KHTML, like Gecko; compatible; ClaudeBot/1.0; +claudebot@anthropic.com)"
216.73.216.223 - - [05/Nov/2025:03:36:21 +0000] "GET /data/lihataboutus?fileloc=%2F%2Fusr%2Flib64%2Fpython2.7%2Fsite-packages%2Fdns%2Ftsig.pyc&path=%2F%2Fusr%2Flib64%2Fpython2.7%2Fsite-packages%2Fdns HTTP/1.1" 200 11997 "-" "Mozilla/5.0 AppleWebKit/537.36 (KHTML, like Gecko; compatible; ClaudeBot/1.0; +claudebot@anthropic.com)"
74.7.227.152 - - [05/Nov/2025:03:36:21 +0000] "GET /?path=//sys/class/net/lo/subsystem/lo/subsystem/eth0/device/net/eth0/device/driver/virtio0/subsystem/devices/virtio2/driver/virtio2/driver/module/holders HTTP/1.1" 200 5555 "-" "Mozilla/5.0 AppleWebKit/537.36 (KHTML, like Gecko; compatible; GPTBot/1.2; +https://openai.com/gptbot)"
74.7.227.26 - - [05/Nov/2025:03:36:21 +0000] "GET /net/u88?fileloc=//proc/9/net/ip6_flowlabel&path=//proc/9/net HTTP/1.1" 200 3274 "-" "Mozilla/5.0 AppleWebKit/537.36 (KHTML, like Gecko; compatible; GPTBot/1.2; +https://openai.com/gptbot)"
216.73.216.223 - - [05/Nov/2025:03:36:21 +0000] "GET /data/lihataboutus?fileloc=%2F%2Fproc%2F17567%2Froot%2Fusr%2Finclude%2Fpython2.7%2Fiterobject.h&path=%2F%2Fproc%2F17567%2Froot%2Fusr%2Finclude%2Fpython2.7 HTTP/1.1" 200 3953 "-" "Mozilla/5.0 AppleWebKit/537.36 (KHTML, like Gecko; compatible; ClaudeBot/1.0; +claudebot@anthropic.com)"
216.73.216.223 - - [05/Nov/2025:03:36:22 +0000] "GET /data/lihataboutus?fileloc=%2F%2Fusr%2Flib64%2Fpython2.7%2Fsite-packages%2Fdns%2Fversion.pyc&path=%2F%2Fusr%2Flib64%2Fpython2.7%2Fsite-packages%2Fdns HTTP/1.1" 200 3969 "-" "Mozilla/5.0 AppleWebKit/537.36 (KHTML, like Gecko; compatible; ClaudeBot/1.0; +claudebot@anthropic.com)"
216.73.216.223 - - [05/Nov/2025:03:36:22 +0000] "GET /data/lihataboutus?fileloc=%2F%2Fproc%2F17567%2Froot%2Fusr%2Finclude%2Fpython2.7%2Ffileobject.h&path=%2F%2Fproc%2F17567%2Froot%2Fusr%2Finclude%2Fpython2.7 HTTP/1.1" 200 7162 "-" "Mozilla/5.0 AppleWebKit/537.36 (KHTML, like Gecko; compatible; ClaudeBot/1.0; +claudebot@anthropic.com)"
216.73.216.223 - - [05/Nov/2025:03:36:22 +0000] "GET /data/lihataboutus?fileloc=%2F%2Fusr%2Flib64%2Fpython2.7%2Fsite-packages%2Fdns%2Fnamedict.py&path=%2F%2Fusr%2Flib64%2Fpython2.7%2Fsite-packages%2Fdns HTTP/1.1" 200 5600 "-" "Mozilla/5.0 AppleWebKit/537.36 (KHTML, like Gecko; compatible; ClaudeBot/1.0; +claudebot@anthropic.com)"
216.73.216.223 - - [05/Nov/2025:03:36:23 +0000] "GET /data/lihataboutus?fileloc=%2F%2Fproc%2F17567%2Froot%2Fusr%2Finclude%2Fpython2.7%2Fintobject.h&path=%2F%2Fproc%2F17567%2Froot%2Fusr%2Finclude%2Fpython2.7 HTTP/1.1" 200 6327 "-" "Mozilla/5.0 AppleWebKit/537.36 (KHTML, like Gecko; compatible; ClaudeBot/1.0; +claudebot@anthropic.com)"
216.73.216.223 - - [05/Nov/2025:03:36:23 +0000] "GET /data/lihataboutus?fileloc=%2F%2Fproc%2F17567%2Froot%2Fusr%2Finclude%2Fpython2.7%2Fcobject.h&path=%2F%2Fproc%2F17567%2Froot%2Fusr%2Finclude%2Fpython2.7 HTTP/1.1" 200 6374 "-" "Mozilla/5.0 AppleWebKit/537.36 (KHTML, like Gecko; compatible; ClaudeBot/1.0; +claudebot@anthropic.com)"
216.73.216.223 - - [05/Nov/2025:03:36:23 +0000] "GET /data/lihataboutus?fileloc=%2F%2Fusr%2Flib64%2Fpython2.7%2FDemo%2Ftix%2Fsamples%2FCmpImg.pyo&path=%2F%2Fusr%2Flib64%2Fpython2.7%2FDemo%2Ftix%2Fsamples HTTP/1.1" 200 10873 "-" "Mozilla/5.0 AppleWebKit/537.36 (KHTML, like Gecko; compatible; ClaudeBot/1.0; +claudebot@anthropic.com)"
216.73.216.223 - - [05/Nov/2025:03:36:24 +0000] "GET /data/lihataboutus?fileloc=%2F%2Fusr%2Flib64%2Fpython2.7%2Fsite-packages%2Fdns%2Frdatatype.py&path=%2F%2Fusr%2Flib64%2Fpython2.7%2Fsite-packages%2Fdns HTTP/1.1" 200 9453 "-" "Mozilla/5.0 AppleWebKit/537.36 (KHTML, like Gecko; compatible; ClaudeBot/1.0; +claudebot@anthropic.com)"
216.73.216.223 - - [05/Nov/2025:03:36:23 +0000] "GET /data/lihataboutus?fileloc=%2F%2Fusr%2Flib64%2Fpython2.7%2Fsite-packages%2Fdns%2Frdataset.pyc&path=%2F%2Fusr%2Flib64%2Fpython2.7%2Fsite-packages%2Fdns HTTP/1.1" 200 15068 "-" "Mozilla/5.0 AppleWebKit/537.36 (KHTML, like Gecko; compatible; ClaudeBot/1.0; +claudebot@anthropic.com)"
216.73.216.223 - - [05/Nov/2025:03:36:24 +0000] "GET /data/lihataboutus?fileloc=%2F%2Fusr%2Fshare%2Fgtk-doc%2Fhtml%2Flibxml2%2Flibxml2-threads.html&path=%2F%2Fusr%2Fshare%2Fgtk-doc%2Fhtml%2Flibxml2 HTTP/1.1" 200 22449 "-" "Mozilla/5.0 AppleWebKit/537.36 (KHTML, like Gecko; compatible; ClaudeBot/1.0; +claudebot@anthropic.com)"
216.73.216.223 - - [05/Nov/2025:03:36:24 +0000] "GET /data/lihataboutus?fileloc=%2F%2Fusr%2Flib64%2Fpython2.7%2Fsite-packages%2Fdns%2Ftsigkeyring.py&path=%2F%2Fusr%2Flib64%2Fpython2.7%2Fsite-packages%2Fdns HTTP/1.1" 200 5130 "-" "Mozilla/5.0 AppleWebKit/537.36 (KHTML, like Gecko; compatible; ClaudeBot/1.0; +claudebot@anthropic.com)"
66.249.79.169 - - [05/Nov/2025:03:36:26 +0000] "GET /?shopbrand=29424754 HTTP/1.1" 200 216466 "-" "Mozilla/5.0 (Linux; Android 6.0.1; Nexus 5X Build/MMB29P) AppleWebKit/537.36 (KHTML, like Gecko) Chrome/141.0.7390.122 Mobile Safari/537.36 (compatible; Googlebot/2.1; +http://www.google.com/bot.html)"
216.73.216.223 - - [05/Nov/2025:03:36:24 +0000] "GET /data/lihataboutus?path=%2Fhome%2Fmatalashes%2Fpublic_html%2Fwp-content%2Fplugins%2Felementor%2Fmodules%2Fchecklist%2Fdata HTTP/1.1" 200 6111 "-" "Mozilla/5.0 AppleWebKit/537.36 (KHTML, like Gecko; compatible; ClaudeBot/1.0; +claudebot@anthropic.com)"
216.73.216.223 - - [05/Nov/2025:03:36:24 +0000] "GET /data/lihataboutus?fileloc=%2F%2Fusr%2Flib64%2Fpython2.7%2Fsite-packages%2Fdns%2Fe164.py&path=%2F%2Fusr%2Flib64%2Fpython2.7%2Fsite-packages%2Fdns HTTP/1.1" 200 6687 "-" "Mozilla/5.0 AppleWebKit/537.36 (KHTML, like Gecko; compatible; ClaudeBot/1.0; +claudebot@anthropic.com)"
216.73.216.223 - - [05/Nov/2025:03:36:25 +0000] "GET /data/lihataboutus?fileloc=%2Fhome%2Fmatalashes%2Fpublic_html%2FconfigHZQ%2FJump%2F0-matalashes%2Fwp-includes%2Fjs%2Funderscore.js&path=%2Fhome%2Fmatalashes%2Fpublic_html%2FconfigHZQ%2FJump%2F0-matalashes%2Fwp-includes%2Fjs HTTP/1.1" 200 75186 "-" "Mozilla/5.0 AppleWebKit/537.36 (KHTML, like Gecko; compatible; ClaudeBot/1.0; +claudebot@anthropic.com)"
66.249.79.167 - - [05/Nov/2025:03:36:27 +0000] "GET /?_gl=1*k0ugz4r*_ga*PeXFIWZOUGaltjRrdyvroAIMqqbq*_ga_SIDWTRHLD*jzHhMvQWIHd0UqeeoSSGlQmRVFvEeC1Q6SS0y5C9nsuwyaPSLq2hSzO.*_gcl_au=1.1.193459743.176053888*_gcl_aw=CLW.172132876.BDTscloY9eC6eXAWvR231jbTxRse9ZxyMDOSVoYbFzclJSRuEImaNnxksX0beugS0wpN4h9bCJbt6kcw8WeEk4oFLq..&_gz=2.191134797.191023229.174052563-860366313.162503490&_bdsid=ylvwza.n~BYHWU.173791725.175753740&_bd_prev_page=https://www.mata-lashes.com/site.asp?items/215013650.html?srsltid=AfmBOolfzolBOfxbmnbMdEBwHbrNdlYdBYfO3hV3EXSYIcA8GaQ0 HTTP/1.1" 200 205896 "-" "Mozilla/5.0 (Linux; Android 6.0.1; Nexus 5X Build/MMB29P) AppleWebKit/537.36 (KHTML, like Gecko) Chrome/141.0.7390.122 Mobile Safari/537.36 (compatible; Googlebot/2.1; +http://www.google.com/bot.html)"
34.234.206.30 - - [05/Nov/2025:03:36:24 +0000] "GET /go-green/?fileloc=//lib64/libpython2.7.so&path=//lib64 HTTP/1.1" 200 2696103 "-" "Mozilla/5.0 AppleWebKit/537.36 (KHTML, like Gecko; compatible; Amazonbot/0.1; +https://developer.amazon.com/support/amazonbot) Chrome/119.0.6045.214 Safari/537.36"
74.7.227.152 - - [05/Nov/2025:03:36:25 +0000] "GET /?path=//sys/class/net/lo/subsystem/lo/subsystem/eth0/device/net/eth0/device/subsystem/devices/virtio1/driver/virtio1/block/vda/vda1/subsystem/vda/subsystem/vda/queue HTTP/1.1" 200 37948 "-" "Mozilla/5.0 AppleWebKit/537.36 (KHTML, like Gecko; compatible; GPTBot/1.2; +https://openai.com/gptbot)"
216.73.216.223 - - [05/Nov/2025:03:36:25 +0000] "GET /data/lihataboutus?fileloc=%2Fhome%2Fmatalashes%2Fpublic_html%2Fwp-content%2Fplugins%2Felementor%2Fassets%2Fmask-shapes%2Ftriangle.svg&path=%2Fhome%2Fmatalashes%2Fpublic_html%2Fwp-content%2Fplugins%2Felementor%2Fassets%2Fmask-shapes HTTP/1.1" 200 3988 "-" "Mozilla/5.0 AppleWebKit/537.36 (KHTML, like Gecko; compatible; ClaudeBot/1.0; +claudebot@anthropic.com)"
